[INFO] fetching crate test-with-derive 0.17.2...
[INFO] testing test-with-derive-0.17.2 against 1.100.0-beta.1+cargoflags=--release for beta-release-1.100-2
[INFO] extracting crate test-with-derive 0.17.2 into /workspace/builds/worker-5-tc2/source
[INFO] started tweaking crates.io crate test-with-derive 0.17.2
[INFO] finished tweaking crates.io crate test-with-derive 0.17.2
[INFO] tweaked toml for crates.io crate test-with-derive 0.17.2 written to /workspace/builds/worker-5-tc2/source/Cargo.toml
[INFO] validating manifest of crates.io crate test-with-derive 0.17.2 on toolchain 1.100.0-beta.1
[INFO] running `Command { std: CARGO_HOME="/workspace/cargo-home" RUSTUP_HOME="/workspace/rustup-home" "/workspace/cargo-home/bin/cargo" "+1.100.0-beta.1" "metadata" "--manifest-path" "Cargo.toml" "--no-deps", kill_on_drop: false }`
[INFO] crate crates.io crate test-with-derive 0.17.2 already has a lockfile, it will not be regenerated
[INFO] running `Command { std: CARGO_HOME="/workspace/cargo-home" RUSTUP_HOME="/workspace/rustup-home" "/workspace/cargo-home/bin/cargo" "+1.100.0-beta.1" "fetch" "--manifest-path" "Cargo.toml", kill_on_drop: false }`
[INFO] running `Command { std: "docker" "create" "-v" "/var/lib/crater-agent-workspace/builds/worker-5-tc2/source:/opt/rustwide/workdir:ro,Z" "-v" "/var/lib/crater-agent-workspace/builds/worker-5-tc2/target:/opt/rustwide/target:rw,Z" "-v" "/var/lib/crater-agent-workspace/cargo-home:/opt/rustwide/cargo-home:ro,Z" "-v" "/var/lib/crater-agent-workspace/rustup-home:/opt/rustwide/rustup-home:ro,Z" "-m" "1610612736" "--network" "none" "ghcr.io/rust-lang/crates-build-env/linux@sha256:77db811e55d90add9212f6832c23229e3de5f1c1f9905e8cb07319ea15df73ac" "sleep" "infinity", kill_on_drop: false }`
[INFO] [stdout] 93d43f27ece63e48028fbbda4fee8c26543d5a174bb0510f1c1e3f7dcce0ad45
[INFO] running `Command { std: "docker" "start" "93d43f27ece63e48028fbbda4fee8c26543d5a174bb0510f1c1e3f7dcce0ad45", kill_on_drop: false }`
[INFO] running `Command { std: "docker" "inspect" "93d43f27ece63e48028fbbda4fee8c26543d5a174bb0510f1c1e3f7dcce0ad45", kill_on_drop: false }`
[INFO] running `Command { std: "docker" "exec" "-e" "SOURCE_DIR=/opt/rustwide/workdir" "-e" "CARGO_HOME=/opt/rustwide/cargo-home" "-e" "RUSTUP_HOME=/opt/rustwide/rustup-home" "-e" "CARGO_TARGET_DIR=/opt/rustwide/target" "-w" "/opt/rustwide/workdir" "--user" "0:0" "93d43f27ece63e48028fbbda4fee8c26543d5a174bb0510f1c1e3f7dcce0ad45" "/opt/rustwide/cargo-home/bin/cargo" "+1.100.0-beta.1" "metadata" "--no-deps" "--format-version=1", kill_on_drop: false }`
[INFO] running `Command { std: "docker" "inspect" "93d43f27ece63e48028fbbda4fee8c26543d5a174bb0510f1c1e3f7dcce0ad45", kill_on_drop: false }`
[INFO] running `Command { std: "docker" "exec" "-e" "SOURCE_DIR=/opt/rustwide/workdir" "-e" "CARGO_HOME=/opt/rustwide/cargo-home" "-e" "RUSTUP_HOME=/opt/rustwide/rustup-home" "-e" "CARGO_TARGET_DIR=/opt/rustwide/target" "-e" "CARGO_INCREMENTAL=0" "-e" "RUST_BACKTRACE=full" "-e" "RUSTFLAGS=--cap-lints=warn" "-e" "RUSTDOCFLAGS=--cap-lints=warn" "-w" "/opt/rustwide/workdir" "--user" "0:0" "93d43f27ece63e48028fbbda4fee8c26543d5a174bb0510f1c1e3f7dcce0ad45" "/opt/rustwide/cargo-home/bin/cargo" "+1.100.0-beta.1" "build" "--frozen" "--message-format=json" "--release", kill_on_drop: false }`
[INFO] [stderr]    Compiling futures-core v0.3.33
[INFO] [stderr]    Compiling futures-sink v0.3.33
[INFO] [stderr]    Compiling tokio v1.53.1
[INFO] [stderr]    Compiling smallvec v1.15.2
[INFO] [stderr]    Compiling http v1.4.2
[INFO] [stderr]    Compiling futures-task v0.3.33
[INFO] [stderr]    Compiling aws-lc-sys v0.43.0
[INFO] [stderr]    Compiling futures-io v0.3.33
[INFO] [stderr]    Compiling zerocopy v0.8.55
[INFO] [stderr]    Compiling tracing v0.1.44
[INFO] [stderr]    Compiling num-traits v0.2.19
[INFO] [stderr]    Compiling getrandom v0.3.4
[INFO] [stderr]    Compiling syn v3.0.6
[INFO] [stderr]    Compiling zerofrom v0.1.8
[INFO] [stderr]    Compiling rust_decimal v1.42.1
[INFO] [stderr]    Compiling rustls-native-certs v0.8.4
[INFO] [stderr]    Compiling thiserror v2.0.19
[INFO] [stderr]    Compiling futures-channel v0.3.33
[INFO] [stderr]    Compiling sync_wrapper v1.0.2
[INFO] [stderr]    Compiling yoke v0.8.3
[INFO] [stderr]    Compiling aho-corasick v1.1.4
[INFO] [stderr]    Compiling encoding_rs v0.8.35
[INFO] [stderr]    Compiling futures-util v0.3.33
[INFO] [stderr]    Compiling utf8-width v0.1.9
[INFO] [stderr]    Compiling rand_core v0.9.5
[INFO] [stderr]    Compiling uzers v0.12.2
[INFO] [stderr]    Compiling zerovec v0.11.6
[INFO] [stderr]    Compiling zerotrie v0.2.4
[INFO] [stderr]    Compiling sysinfo v0.39.6
[INFO] [stderr]    Compiling num_cpus v1.17.0
[INFO] [stderr]    Compiling which v8.0.6
[INFO] [stderr]    Compiling http-body v1.1.0
[INFO] [stderr]    Compiling http-body-util v0.1.4
[INFO] [stderr]    Compiling tinystr v0.8.3
[INFO] [stderr]    Compiling potential_utf v0.1.5
[INFO] [stderr]    Compiling icu_collections v2.2.0
[INFO] [stderr]    Compiling chrono v0.4.45
[INFO] [stderr]    Compiling icu_locale_core v2.2.0
[INFO] [stderr]    Compiling regex-automata v0.4.16
[INFO] [stderr]    Compiling byte-unit v5.2.6
[INFO] [stderr]    Compiling icu_provider v2.2.0
[INFO] [stderr]    Compiling icu_normalizer v2.2.0
[INFO] [stderr]    Compiling icu_properties v2.2.0
[INFO] [stderr]    Compiling idna_adapter v1.2.2
[INFO] [stderr]    Compiling idna v1.1.0
[INFO] [stderr]    Compiling thiserror-impl v2.0.19
[INFO] [stderr]    Compiling ppv-lite86 v0.2.21
[INFO] [stderr]    Compiling url v2.5.8
[INFO] [stderr]    Compiling rand_chacha v0.9.0
[INFO] [stderr]    Compiling regex v1.13.1
[INFO] [stderr]    Compiling rand v0.9.5
[INFO] [stderr]    Compiling ping v0.10.0
[INFO] [stderr]    Compiling tokio-util v0.7.19
[INFO] [stderr]    Compiling tower v0.5.3
[INFO] [stderr]    Compiling h2 v0.4.15
[INFO] [stderr]    Compiling tower-http v0.6.11
[INFO] [stderr]    Compiling hyper v1.11.0
[INFO] [stderr]    Compiling aws-lc-rs v1.17.3
[INFO] [stderr]    Compiling rustls v0.23.42
[INFO] [stderr]    Compiling hyper-util v0.1.20
[INFO] [stderr]    Compiling rustls-webpki v0.103.13
[INFO] [stderr]    Compiling tokio-rustls v0.26.4
[INFO] [stderr]    Compiling rustls-platform-verifier v0.7.0
[INFO] [stderr]    Compiling hyper-rustls v0.27.9
[INFO] [stderr]    Compiling reqwest v0.13.5
[INFO] [stderr]    Compiling test-with-derive v0.17.2 (/opt/rustwide/workdir)
[INFO] [stderr]     Finished `release` profile [optimized] target(s) in 56.87s
[INFO] running `Command { std: "docker" "inspect" "93d43f27ece63e48028fbbda4fee8c26543d5a174bb0510f1c1e3f7dcce0ad45", kill_on_drop: false }`
[INFO] running `Command { std: "docker" "exec" "-e" "SOURCE_DIR=/opt/rustwide/workdir" "-e" "CARGO_HOME=/opt/rustwide/cargo-home" "-e" "RUSTUP_HOME=/opt/rustwide/rustup-home" "-e" "CARGO_TARGET_DIR=/opt/rustwide/target" "-e" "CARGO_INCREMENTAL=0" "-e" "RUST_BACKTRACE=full" "-e" "RUSTFLAGS=--cap-lints=warn" "-e" "RUSTDOCFLAGS=--cap-lints=warn" "-w" "/opt/rustwide/workdir" "--user" "0:0" "93d43f27ece63e48028fbbda4fee8c26543d5a174bb0510f1c1e3f7dcce0ad45" "/opt/rustwide/cargo-home/bin/cargo" "+1.100.0-beta.1" "test" "--frozen" "--no-run" "--message-format=json" "--release", kill_on_drop: false }`
[INFO] [stderr]    Compiling test-with-derive v0.17.2 (/opt/rustwide/workdir)
[INFO] [stderr]     Finished `release` profile [optimized] target(s) in 1.69s
[INFO] running `Command { std: "docker" "inspect" "93d43f27ece63e48028fbbda4fee8c26543d5a174bb0510f1c1e3f7dcce0ad45", kill_on_drop: false }`
[INFO] running `Command { std: "docker" "exec" "-e" "SOURCE_DIR=/opt/rustwide/workdir" "-e" "CARGO_HOME=/opt/rustwide/cargo-home" "-e" "RUSTUP_HOME=/opt/rustwide/rustup-home" "-e" "CARGO_TARGET_DIR=/opt/rustwide/target" "-e" "CARGO_INCREMENTAL=0" "-e" "RUST_BACKTRACE=full" "-e" "RUSTFLAGS=--cap-lints=warn" "-e" "RUSTDOCFLAGS=--cap-lints=warn" "-w" "/opt/rustwide/workdir" "--user" "0:0" "93d43f27ece63e48028fbbda4fee8c26543d5a174bb0510f1c1e3f7dcce0ad45" "/opt/rustwide/cargo-home/bin/cargo" "+1.100.0-beta.1" "test" "--frozen" "--release", kill_on_drop: false }`
[INFO] [stderr]     Finished `release` profile [optimized] target(s) in 0.22s
[INFO] [stderr]      Running unittests src/lib.rs (/opt/rustwide/target/release/build/test-with-derive/8e0d2c7331fdb6b8/out/test_with_derive-8e0d2c7331fdb6b8)
[INFO] [stdout] 
[INFO] [stdout] running 15 tests
[INFO] [stdout] test env::tests::env_macro::single_env_var_should_be_set ... ok
[INFO] [stdout] test env::tests::env_macro::multiple_env_vars_should_not_be_set ... ok
[INFO] [stdout] test env::tests::no_env_macro::multiple_env_vars_and_various_are_set ... ok
[INFO] [stdout] test env::tests::env_macro::multiple_env_vars_and_various_not_set ... ok
[INFO] [stdout] test env::tests::no_env_macro::multiple_env_vars_but_one_is_set ... ok
[INFO] [stdout] test env::tests::env_macro::multiple_env_vars_but_one_is_not_set ... ok
[INFO] [stdout] test env::tests::no_env_macro::single_env_var_not_set ... ok
[INFO] [stdout] test utils::tests::sanitize_single_env_var ... ok
[INFO] [stdout] test utils::tests::sanitize_env_vars_with_whitespace ... ok
[INFO] [stdout] test utils::tests::sanitize_multiple_env_vars ... ok
[INFO] [stdout] test env::tests::env_macro::multiple_env_vars_should_be_set ... ok
[INFO] [stdout] test env::tests::env_macro::single_env_var_should_be_not_set ... ok
[INFO] [stdout] test env::tests::no_env_macro::multiple_env_vars_not_set ... ok
[INFO] [stdout] test env::tests::no_env_macro::multiple_env_vars_set ... ok
[INFO] [stdout] test env::tests::no_env_macro::single_env_var_set ... ok
[INFO] [stdout] 
[INFO] [stdout] test result: ok. 15 passed; 0 failed; 0 ignored; 0 measured; 0 filtered out; finished in 0.01s
[INFO] [stdout] 
[INFO] [stderr]    Doc-tests test_with_derive
[INFO] [stdout] 
[INFO] [stdout] running 44 tests
[INFO] [stdout] test src/lib.rs - module (line 1576) ... FAILED
[INFO] [stdout] test src/lib.rs - env (line 59) ... ok
[INFO] [stdout] test src/lib.rs - module (line 1553) ... FAILED
[INFO] [stdout] test src/lib.rs - http (line 297) ... ok
[INFO] [stdout] test src/lib.rs - mem (line 829) ... ok
[INFO] [stdout] test src/lib.rs - module (line 1620) ... FAILED
[INFO] [stdout] test src/lib.rs - path (line 230) ... ok
[INFO] [stdout] test src/lib.rs - group (line 719) ... ok
[INFO] [stdout] test src/lib.rs - lock (line 1369) ... ok
[INFO] [stdout] test src/lib.rs - icmp (line 421) ... ok
[INFO] [stdout] test src/lib.rs - runtime_cpu_core (line 1124) ... FAILED
[INFO] [stdout] test src/lib.rs - runner (line 1498) ... FAILED
[INFO] [stdout] test src/lib.rs - file (line 163) ... ok
[INFO] [stdout] test src/lib.rs - runtime_env (line 88) ... FAILED
[INFO] [stdout] test src/lib.rs - executable (line 1202) ... ok
[INFO] [stdout] test src/lib.rs - https (line 358) ... ok
[INFO] [stdout] test src/lib.rs - cpu_core (line 1093) ... ok
[INFO] [stdout] test src/lib.rs - no_env (line 111) ... ok
[INFO] [stdout] test src/lib.rs - runtime_mem (line 860) ... FAILED
[INFO] [stdout] test src/lib.rs - runtime_path (line 274) ... FAILED
[INFO] [stdout] test src/lib.rs - runtime_http (line 335) ... FAILED
[INFO] [stdout] test src/lib.rs - runtime_ignore_if (line 1284) ... FAILED
[INFO] [stdout] test src/lib.rs - runtime_https (line 396) ... FAILED
[INFO] [stdout] test src/lib.rs - runtime_swap (line 961) ... FAILED
[INFO] [stdout] test src/lib.rs - runtime_no_env (line 140) ... FAILED
[INFO] [stdout] test src/lib.rs - runtime_group (line 750) ... FAILED
[INFO] [stdout] test src/lib.rs - phy_core (line 1148) ... ok
[INFO] [stdout] test src/lib.rs - runtime_executable (line 1260) ... FAILED
[INFO] [stdout] test src/lib.rs - runtime_file (line 207) ... FAILED
[INFO] [stdout] test src/lib.rs - runtime_free_mem (line 883) ... FAILED
[INFO] [stdout] test src/lib.rs - runtime_phy_cpu_core (line 1179) ... FAILED
[INFO] [stdout] test src/lib.rs - runtime_icmp (line 460) ... FAILED
[INFO] [stdout] test src/lib.rs - runtime_available_mem (line 906) ... FAILED
[INFO] [stdout] test src/lib.rs - runtime_free_swap (line 1069) ... FAILED
[INFO] [stdout] test src/lib.rs - runtime_timezone (line 1469) ... FAILED
[INFO] [stdout] test src/lib.rs - env (line 32) ... ok
[INFO] [stdout] test src/lib.rs - runtime_tcp (line 639) ... FAILED
[INFO] [stdout] test src/lib.rs - runtime_user (line 805) ... FAILED
[INFO] [stdout] test src/lib.rs - swap (line 930) ... ok
[INFO] [stdout] test src/lib.rs - runtime_root (line 695) ... FAILED
[INFO] [stdout] test src/lib.rs - root (line 664) ... ok
[INFO] [stdout] test src/lib.rs - tcp (line 602) ... ok
[INFO] [stdout] test src/lib.rs - user (line 774) ... ok
[INFO] [stdout] test src/lib.rs - timezone (line 1417) ... ok
[INFO] [stdout] 
[INFO] [stdout] failures:
[INFO] [stdout] 
[INFO] [stdout] ---- src/lib.rs - module (line 1576) stdout ----
[INFO] [stdout] error[E0433]: cannot find module or crate `test_with` in this scope
[INFO] [stdout]     --> src/lib.rs:1582:3
[INFO] [stdout]      |
[INFO] [stdout] 1582 | #[test_with::module]
[INFO] [stdout]      |   ^^^^^^^^^ use of unresolved module or unlinked crate `test_with`
[INFO] [stdout] 
[INFO] [stdout] error[E0433]: cannot find module or crate `test_with` in this scope
[INFO] [stdout]     --> src/lib.rs:1612:7
[INFO] [stdout]      |
[INFO] [stdout] 1612 |     #[test_with::runtime_http(127.0.0.1:8000)]
[INFO] [stdout]      |       ^^^^^^^^^ use of unresolved module or unlinked crate `test_with`
[INFO] [stdout] 
[INFO] [stdout] error[E0433]: cannot find module or crate `test_with` in this scope
[INFO] [stdout]     --> src/lib.rs:1580:1
[INFO] [stdout]      |
[INFO] [stdout] 1580 | test_with::runner!(net);
[INFO] [stdout]      | ^^^^^^^^^ use of unresolved module or unlinked crate `test_with`
[INFO] [stdout] 
[INFO] [stdout] error[E0433]: cannot find module or crate `test_with` in this scope
[INFO] [stdout]     --> src/lib.rs:1596:20
[INFO] [stdout]      |
[INFO] [stdout] 1596 |                 if test_with::reqwest::blocking::get("http://127.0.0.1:8000").is_ok() {
[INFO] [stdout]      |                    ^^^^^^^^^ use of unresolved module or unlinked crate `test_with`
[INFO] [stdout]      |
[INFO] [stdout]      = help: if you wanted to use a crate named `test_with`, use `cargo add test_with` to add it to your `Cargo.toml`
[INFO] [stdout] 
[INFO] [stdout] error[E0425]: cannot find type `Child` in this scope
[INFO] [stdout]     --> src/lib.rs:1585:12
[INFO] [stdout]      |
[INFO] [stdout] 1585 |         p: Child,
[INFO] [stdout]      |            ^^^^^ not found in this scope
[INFO] [stdout]      |
[INFO] [stdout] help: consider importing this struct
[INFO] [stdout]      |
[INFO] [stdout] 1584 +     use std::process::Child;
[INFO] [stdout]      |
[INFO] [stdout] 
[INFO] [stdout] error[E0433]: cannot find type `Command` in this scope
[INFO] [stdout]     --> src/lib.rs:1590:21
[INFO] [stdout]      |
[INFO] [stdout] 1590 |             let p = Command::new("python")
[INFO] [stdout]      |                     ^^^^^^^ use of undeclared type `Command`
[INFO] [stdout]      |
[INFO] [stdout] help: consider importing this struct
[INFO] [stdout]      |
[INFO] [stdout] 1584 +     use std::process::Command;
[INFO] [stdout]      |
[INFO] [stdout] 
[INFO] [stdout] error: aborting due to 6 previous errors
[INFO] [stdout] 
[INFO] [stdout] Some errors have detailed explanations: E0425, E0433.
[INFO] [stdout] For more information about an error, try `rustc --explain E0425`.
[INFO] [stdout] Couldn't compile the test.
[INFO] [stdout] ---- src/lib.rs - module (line 1553) stdout ----
[INFO] [stdout] error[E0433]: cannot find module or crate `test_with` in this scope
[INFO] [stdout]     --> src/lib.rs:1565:4
[INFO] [stdout]      |
[INFO] [stdout] 1565 |  #[test_with::module]
[INFO] [stdout]      |    ^^^^^^^^^ use of unresolved module or unlinked crate `test_with`
[INFO] [stdout] 
[INFO] [stdout] error[E0433]: cannot find module or crate `test_with` in this scope
[INFO] [stdout]     --> src/lib.rs:1567:8
[INFO] [stdout]      |
[INFO] [stdout] 1567 |      #[test_with::runtime_env(PWD)]
[INFO] [stdout]      |        ^^^^^^^^^ use of unresolved module or unlinked crate `test_with`
[INFO] [stdout] 
[INFO] [stdout] error[E0433]: cannot find module or crate `test_with` in this scope
[INFO] [stdout]     --> src/lib.rs:1557:4
[INFO] [stdout]      |
[INFO] [stdout] 1557 |  #[test_with::module]
[INFO] [stdout]      |    ^^^^^^^^^ use of unresolved module or unlinked crate `test_with`
[INFO] [stdout] 
[INFO] [stdout] error[E0433]: cannot find module or crate `test_with` in this scope
[INFO] [stdout]     --> src/lib.rs:1559:8
[INFO] [stdout]      |
[INFO] [stdout] 1559 |      #[test_with::runtime_env(PWD)]
[INFO] [stdout]      |        ^^^^^^^^^ use of unresolved module or unlinked crate `test_with`
[INFO] [stdout] 
[INFO] [stdout] error[E0433]: cannot find module or crate `test_with` in this scope
[INFO] [stdout]     --> src/lib.rs:1556:2
[INFO] [stdout]      |
[INFO] [stdout] 1556 |  test_with::runner!(module1, module2);
[INFO] [stdout]      |  ^^^^^^^^^ use of unresolved module or unlinked crate `test_with`
[INFO] [stdout] 
[INFO] [stdout] error: aborting due to 5 previous errors
[INFO] [stdout] 
[INFO] [stdout] For more information about this error, try `rustc --explain E0433`.
[INFO] [stdout] Couldn't compile the test.
[INFO] [stdout] ---- src/lib.rs - module (line 1620) stdout ----
[INFO] [stdout] error[E0433]: cannot find module or crate `test_with` in this scope
[INFO] [stdout]     --> src/lib.rs:1654:3
[INFO] [stdout]      |
[INFO] [stdout] 1654 | #[test_with::module]
[INFO] [stdout]      |   ^^^^^^^^^ use of unresolved module or unlinked crate `test_with`
[INFO] [stdout] 
[INFO] [stdout] error[E0433]: cannot find module or crate `test_with` in this scope
[INFO] [stdout]     --> src/lib.rs:1658:7
[INFO] [stdout]      |
[INFO] [stdout] 1658 |     #[test_with::runtime_http(127.0.0.1:8000)]
[INFO] [stdout]      |       ^^^^^^^^^ use of unresolved module or unlinked crate `test_with`
[INFO] [stdout] 
[INFO] [stdout] error[E0433]: cannot find module or crate `test_with` in this scope
[INFO] [stdout]     --> src/lib.rs:1624:1
[INFO] [stdout]      |
[INFO] [stdout] 1624 | test_with::runner!(net);
[INFO] [stdout]      | ^^^^^^^^^ use of unresolved module or unlinked crate `test_with`
[INFO] [stdout] 
[INFO] [stdout] error[E0433]: cannot find module or crate `test_with` in this scope
[INFO] [stdout]     --> src/lib.rs:1638:16
[INFO] [stdout]      |
[INFO] [stdout] 1638 |             if test_with::reqwest::blocking::get("http://127.0.0.1:8000").is_ok() {
[INFO] [stdout]      |                ^^^^^^^^^ use of unresolved module or unlinked crate `test_with`
[INFO] [stdout]      |
[INFO] [stdout]      = help: if you wanted to use a crate named `test_with`, use `cargo add test_with` to add it to your `Cargo.toml`
[INFO] [stdout] 
[INFO] [stdout] error[E0425]: cannot find type `Moc` in module `super`
[INFO] [stdout]     --> src/lib.rs:1656:31
[INFO] [stdout]      |
[INFO] [stdout] 1656 |     pub type TestEnv = super::Moc;
[INFO] [stdout]      |                               ^^^ not found in `super`
[INFO] [stdout] 
[INFO] [stdout] error: aborting due to 5 previous errors
[INFO] [stdout] 
[INFO] [stdout] Some errors have detailed explanations: E0425, E0433.
[INFO] [stdout] For more information about an error, try `rustc --explain E0425`.
[INFO] [stdout] Couldn't compile the test.
[INFO] [stdout] ---- src/lib.rs - runtime_cpu_core (line 1124) stdout ----
[INFO] [stdout] error[E0433]: cannot find module or crate `test_with` in this scope
[INFO] [stdout]     --> src/lib.rs:1127:4
[INFO] [stdout]      |
[INFO] [stdout] 1127 |  #[test_with::module]
[INFO] [stdout]      |    ^^^^^^^^^ use of unresolved module or unlinked crate `test_with`
[INFO] [stdout] 
[INFO] [stdout] error[E0433]: cannot find module or crate `test_with` in this scope
[INFO] [stdout]     --> src/lib.rs:1130:8
[INFO] [stdout]      |
[INFO] [stdout] 1130 |      #[test_with::runtime_cpu_core(32)]
[INFO] [stdout]      |        ^^^^^^^^^ use of unresolved module or unlinked crate `test_with`
[INFO] [stdout] 
[INFO] [stdout] error[E0433]: cannot find module or crate `test_with` in this scope
[INFO] [stdout]     --> src/lib.rs:1126:2
[INFO] [stdout]      |
[INFO] [stdout] 1126 |  test_with::runner!(resource);
[INFO] [stdout]      |  ^^^^^^^^^ use of unresolved module or unlinked crate `test_with`
[INFO] [stdout] 
[INFO] [stdout] error: aborting due to 3 previous errors
[INFO] [stdout] 
[INFO] [stdout] For more information about this error, try `rustc --explain E0433`.
[INFO] [stdout] Couldn't compile the test.
[INFO] [stdout] ---- src/lib.rs - runner (line 1498) stdout ----
[INFO] [stdout] error[E0433]: cannot find module or crate `test_with` in this scope
[INFO] [stdout]     --> src/lib.rs:1510:4
[INFO] [stdout]      |
[INFO] [stdout] 1510 |  #[test_with::module]
[INFO] [stdout]      |    ^^^^^^^^^ use of unresolved module or unlinked crate `test_with`
[INFO] [stdout] 
[INFO] [stdout] error[E0433]: cannot find module or crate `test_with` in this scope
[INFO] [stdout]     --> src/lib.rs:1512:8
[INFO] [stdout]      |
[INFO] [stdout] 1512 |      #[test_with::runtime_env(PWD)]
[INFO] [stdout]      |        ^^^^^^^^^ use of unresolved module or unlinked crate `test_with`
[INFO] [stdout] 
[INFO] [stdout] error[E0433]: cannot find module or crate `test_with` in this scope
[INFO] [stdout]     --> src/lib.rs:1502:4
[INFO] [stdout]      |
[INFO] [stdout] 1502 |  #[test_with::module]
[INFO] [stdout]      |    ^^^^^^^^^ use of unresolved module or unlinked crate `test_with`
[INFO] [stdout] 
[INFO] [stdout] error[E0433]: cannot find module or crate `test_with` in this scope
[INFO] [stdout]     --> src/lib.rs:1504:8
[INFO] [stdout]      |
[INFO] [stdout] 1504 |      #[test_with::runtime_env(PWD)]
[INFO] [stdout]      |        ^^^^^^^^^ use of unresolved module or unlinked crate `test_with`
[INFO] [stdout] 
[INFO] [stdout] error[E0433]: cannot find module or crate `test_with` in this scope
[INFO] [stdout]     --> src/lib.rs:1501:2
[INFO] [stdout]      |
[INFO] [stdout] 1501 |  test_with::runner!(module1, module2);
[INFO] [stdout]      |  ^^^^^^^^^ use of unresolved module or unlinked crate `test_with`
[INFO] [stdout] 
[INFO] [stdout] error: aborting due to 5 previous errors
[INFO] [stdout] 
[INFO] [stdout] For more information about this error, try `rustc --explain E0433`.
[INFO] [stdout] Couldn't compile the test.
[INFO] [stdout] ---- src/lib.rs - runtime_env (line 88) stdout ----
[INFO] [stdout] error[E0433]: cannot find module or crate `test_with` in this scope
[INFO] [stdout]   --> src/lib.rs:91:4
[INFO] [stdout]    |
[INFO] [stdout] 91 |  #[test_with::module]
[INFO] [stdout]    |    ^^^^^^^^^ use of unresolved module or unlinked crate `test_with`
[INFO] [stdout] 
[INFO] [stdout] error[E0433]: cannot find module or crate `test_with` in this scope
[INFO] [stdout]   --> src/lib.rs:93:4
[INFO] [stdout]    |
[INFO] [stdout] 93 |  #[test_with::runtime_env(PWD)]
[INFO] [stdout]    |    ^^^^^^^^^ use of unresolved module or unlinked crate `test_with`
[INFO] [stdout] 
[INFO] [stdout] error[E0433]: cannot find module or crate `test_with` in this scope
[INFO] [stdout]   --> src/lib.rs:90:2
[INFO] [stdout]    |
[INFO] [stdout] 90 |  test_with::runner!(env);
[INFO] [stdout]    |  ^^^^^^^^^ use of unresolved module or unlinked crate `test_with`
[INFO] [stdout] 
[INFO] [stdout] error: aborting due to 3 previous errors
[INFO] [stdout] 
[INFO] [stdout] For more information about this error, try `rustc --explain E0433`.
[INFO] [stdout] Couldn't compile the test.
[INFO] [stdout] ---- src/lib.rs - runtime_mem (line 860) stdout ----
[INFO] [stdout] error[E0433]: cannot find module or crate `test_with` in this scope
[INFO] [stdout]    --> src/lib.rs:863:4
[INFO] [stdout]     |
[INFO] [stdout] 863 |  #[test_with::module]
[INFO] [stdout]     |    ^^^^^^^^^ use of unresolved module or unlinked crate `test_with`
[INFO] [stdout] 
[INFO] [stdout] error[E0433]: cannot find module or crate `test_with` in this scope
[INFO] [stdout]    --> src/lib.rs:866:8
[INFO] [stdout]     |
[INFO] [stdout] 866 |      #[test_with::runtime_mem(100GB)]
[INFO] [stdout]     |        ^^^^^^^^^ use of unresolved module or unlinked crate `test_with`
[INFO] [stdout] 
[INFO] [stdout] error[E0433]: cannot find module or crate `test_with` in this scope
[INFO] [stdout]    --> src/lib.rs:862:2
[INFO] [stdout]     |
[INFO] [stdout] 862 |  test_with::runner!(resource);
[INFO] [stdout]     |  ^^^^^^^^^ use of unresolved module or unlinked crate `test_with`
[INFO] [stdout] 
[INFO] [stdout] error: aborting due to 3 previous errors
[INFO] [stdout] 
[INFO] [stdout] For more information about this error, try `rustc --explain E0433`.
[INFO] [stdout] Couldn't compile the test.
[INFO] [stdout] ---- src/lib.rs - runtime_path (line 274) stdout ----
[INFO] [stdout] error[E0433]: cannot find module or crate `test_with` in this scope
[INFO] [stdout]    --> src/lib.rs:277:4
[INFO] [stdout]     |
[INFO] [stdout] 277 |  #[test_with::module]
[INFO] [stdout]     |    ^^^^^^^^^ use of unresolved module or unlinked crate `test_with`
[INFO] [stdout] 
[INFO] [stdout] error[E0433]: cannot find module or crate `test_with` in this scope
[INFO] [stdout]    --> src/lib.rs:279:8
[INFO] [stdout]     |
[INFO] [stdout] 279 |      #[test_with::runtime_path(/etc)]
[INFO] [stdout]     |        ^^^^^^^^^ use of unresolved module or unlinked crate `test_with`
[INFO] [stdout] 
[INFO] [stdout] error[E0433]: cannot find module or crate `test_with` in this scope
[INFO] [stdout]    --> src/lib.rs:276:2
[INFO] [stdout]     |
[INFO] [stdout] 276 |  test_with::runner!(path);
[INFO] [stdout]     |  ^^^^^^^^^ use of unresolved module or unlinked crate `test_with`
[INFO] [stdout] 
[INFO] [stdout] error: aborting due to 3 previous errors
[INFO] [stdout] 
[INFO] [stdout] For more information about this error, try `rustc --explain E0433`.
[INFO] [stdout] Couldn't compile the test.
[INFO] [stdout] ---- src/lib.rs - runtime_http (line 335) stdout ----
[INFO] [stdout] error[E0433]: cannot find module or crate `test_with` in this scope
[INFO] [stdout]    --> src/lib.rs:338:4
[INFO] [stdout]     |
[INFO] [stdout] 338 |  #[test_with::module]
[INFO] [stdout]     |    ^^^^^^^^^ use of unresolved module or unlinked crate `test_with`
[INFO] [stdout] 
[INFO] [stdout] error[E0433]: cannot find module or crate `test_with` in this scope
[INFO] [stdout]    --> src/lib.rs:340:8
[INFO] [stdout]     |
[INFO] [stdout] 340 |      #[test_with::runtime_http(httpbin.org)]
[INFO] [stdout]     |        ^^^^^^^^^ use of unresolved module or unlinked crate `test_with`
[INFO] [stdout] 
[INFO] [stdout] error[E0433]: cannot find module or crate `test_with` in this scope
[INFO] [stdout]    --> src/lib.rs:337:2
[INFO] [stdout]     |
[INFO] [stdout] 337 |  test_with::runner!(http);
[INFO] [stdout]     |  ^^^^^^^^^ use of unresolved module or unlinked crate `test_with`
[INFO] [stdout] 
[INFO] [stdout] error: aborting due to 3 previous errors
[INFO] [stdout] 
[INFO] [stdout] For more information about this error, try `rustc --explain E0433`.
[INFO] [stdout] Couldn't compile the test.
[INFO] [stdout] ---- src/lib.rs - runtime_ignore_if (line 1284) stdout ----
[INFO] [stdout] error[E0433]: cannot find module or crate `test_with` in this scope
[INFO] [stdout]     --> src/lib.rs:1291:3
[INFO] [stdout]      |
[INFO] [stdout] 1291 | #[test_with::module]
[INFO] [stdout]      |   ^^^^^^^^^ use of unresolved module or unlinked crate `test_with`
[INFO] [stdout] 
[INFO] [stdout] error[E0433]: cannot find module or crate `test_with` in this scope
[INFO] [stdout]     --> src/lib.rs:1293:3
[INFO] [stdout]      |
[INFO] [stdout] 1293 | #[test_with::runtime_ignore_if(something_happened)]
[INFO] [stdout]      |   ^^^^^^^^^ use of unresolved module or unlinked crate `test_with`
[INFO] [stdout] 
[INFO] [stdout] error[E0433]: cannot find module or crate `test_with` in this scope
[INFO] [stdout]     --> src/lib.rs:1285:1
[INFO] [stdout]      |
[INFO] [stdout] 1285 | test_with::runner!(custom_mod);
[INFO] [stdout]      | ^^^^^^^^^ use of unresolved module or unlinked crate `test_with`
[INFO] [stdout] 
[INFO] [stdout] error: aborting due to 3 previous errors
[INFO] [stdout] 
[INFO] [stdout] For more information about this error, try `rustc --explain E0433`.
[INFO] [stdout] Couldn't compile the test.
[INFO] [stdout] ---- src/lib.rs - runtime_https (line 396) stdout ----
[INFO] [stdout] error[E0433]: cannot find module or crate `test_with` in this scope
[INFO] [stdout]    --> src/lib.rs:399:4
[INFO] [stdout]     |
[INFO] [stdout] 399 |  #[test_with::module]
[INFO] [stdout]     |    ^^^^^^^^^ use of unresolved module or unlinked crate `test_with`
[INFO] [stdout] 
[INFO] [stdout] error[E0433]: cannot find module or crate `test_with` in this scope
[INFO] [stdout]    --> src/lib.rs:401:8
[INFO] [stdout]     |
[INFO] [stdout] 401 |      #[test_with::runtime_https(httpbin.org)]
[INFO] [stdout]     |        ^^^^^^^^^ use of unresolved module or unlinked crate `test_with`
[INFO] [stdout] 
[INFO] [stdout] error[E0433]: cannot find module or crate `test_with` in this scope
[INFO] [stdout]    --> src/lib.rs:398:2
[INFO] [stdout]     |
[INFO] [stdout] 398 |  test_with::runner!(http);
[INFO] [stdout]     |  ^^^^^^^^^ use of unresolved module or unlinked crate `test_with`
[INFO] [stdout] 
[INFO] [stdout] error: aborting due to 3 previous errors
[INFO] [stdout] 
[INFO] [stdout] For more information about this error, try `rustc --explain E0433`.
[INFO] [stdout] Couldn't compile the test.
[INFO] [stdout] ---- src/lib.rs - runtime_swap (line 961) stdout ----
[INFO] [stdout] error[E0433]: cannot find module or crate `test_with` in this scope
[INFO] [stdout]    --> src/lib.rs:964:4
[INFO] [stdout]     |
[INFO] [stdout] 964 |  #[test_with::module]
[INFO] [stdout]     |    ^^^^^^^^^ use of unresolved module or unlinked crate `test_with`
[INFO] [stdout] 
[INFO] [stdout] error[E0433]: cannot find module or crate `test_with` in this scope
[INFO] [stdout]    --> src/lib.rs:967:8
[INFO] [stdout]     |
[INFO] [stdout] 967 |      #[test_with::runtime_swap(100GB)]
[INFO] [stdout]     |        ^^^^^^^^^ use of unresolved module or unlinked crate `test_with`
[INFO] [stdout] 
[INFO] [stdout] error[E0433]: cannot find module or crate `test_with` in this scope
[INFO] [stdout]    --> src/lib.rs:963:2
[INFO] [stdout]     |
[INFO] [stdout] 963 |  test_with::runner!(resource);
[INFO] [stdout]     |  ^^^^^^^^^ use of unresolved module or unlinked crate `test_with`
[INFO] [stdout] 
[INFO] [stdout] error: aborting due to 3 previous errors
[INFO] [stdout] 
[INFO] [stdout] For more information about this error, try `rustc --explain E0433`.
[INFO] [stdout] Couldn't compile the test.
[INFO] [stdout] ---- src/lib.rs - runtime_no_env (line 140) stdout ----
[INFO] [stdout] error[E0433]: cannot find module or crate `test_with` in this scope
[INFO] [stdout]    --> src/lib.rs:143:4
[INFO] [stdout]     |
[INFO] [stdout] 143 |  #[test_with::module]
[INFO] [stdout]     |    ^^^^^^^^^ use of unresolved module or unlinked crate `test_with`
[INFO] [stdout] 
[INFO] [stdout] error[E0433]: cannot find module or crate `test_with` in this scope
[INFO] [stdout]    --> src/lib.rs:145:4
[INFO] [stdout]     |
[INFO] [stdout] 145 |  #[test_with::runtime_no_env(NOT_EXIST)]
[INFO] [stdout]     |    ^^^^^^^^^ use of unresolved module or unlinked crate `test_with`
[INFO] [stdout] 
[INFO] [stdout] error[E0433]: cannot find module or crate `test_with` in this scope
[INFO] [stdout]    --> src/lib.rs:142:2
[INFO] [stdout]     |
[INFO] [stdout] 142 |  test_with::runner!(env);
[INFO] [stdout]     |  ^^^^^^^^^ use of unresolved module or unlinked crate `test_with`
[INFO] [stdout] 
[INFO] [stdout] error: aborting due to 3 previous errors
[INFO] [stdout] 
[INFO] [stdout] For more information about this error, try `rustc --explain E0433`.
[INFO] [stdout] Couldn't compile the test.
[INFO] [stdout] ---- src/lib.rs - runtime_group (line 750) stdout ----
[INFO] [stdout] error[E0433]: cannot find module or crate `test_with` in this scope
[INFO] [stdout]    --> src/lib.rs:753:4
[INFO] [stdout]     |
[INFO] [stdout] 753 |  #[test_with::module]
[INFO] [stdout]     |    ^^^^^^^^^ use of unresolved module or unlinked crate `test_with`
[INFO] [stdout] 
[INFO] [stdout] error[E0433]: cannot find module or crate `test_with` in this scope
[INFO] [stdout]    --> src/lib.rs:756:8
[INFO] [stdout]     |
[INFO] [stdout] 756 |      #[test_with::runtime_group(avengers)]
[INFO] [stdout]     |        ^^^^^^^^^ use of unresolved module or unlinked crate `test_with`
[INFO] [stdout] 
[INFO] [stdout] error[E0433]: cannot find module or crate `test_with` in this scope
[INFO] [stdout]    --> src/lib.rs:752:2
[INFO] [stdout]     |
[INFO] [stdout] 752 |  test_with::runner!(user);
[INFO] [stdout]     |  ^^^^^^^^^ use of unresolved module or unlinked crate `test_with`
[INFO] [stdout] 
[INFO] [stdout] error: aborting due to 3 previous errors
[INFO] [stdout] 
[INFO] [stdout] For more information about this error, try `rustc --explain E0433`.
[INFO] [stdout] Couldn't compile the test.
[INFO] [stdout] ---- src/lib.rs - runtime_executable (line 1260) stdout ----
[INFO] [stdout] error[E0433]: cannot find module or crate `test_with` in this scope
[INFO] [stdout]     --> src/lib.rs:1263:4
[INFO] [stdout]      |
[INFO] [stdout] 1263 |  #[test_with::module]
[INFO] [stdout]      |    ^^^^^^^^^ use of unresolved module or unlinked crate `test_with`
[INFO] [stdout] 
[INFO] [stdout] error[E0433]: cannot find module or crate `test_with` in this scope
[INFO] [stdout]     --> src/lib.rs:1266:8
[INFO] [stdout]      |
[INFO] [stdout] 1266 |      #[test_with::runtime_executable(/bin/sh)]
[INFO] [stdout]      |        ^^^^^^^^^ use of unresolved module or unlinked crate `test_with`
[INFO] [stdout] 
[INFO] [stdout] error[E0433]: cannot find module or crate `test_with` in this scope
[INFO] [stdout]     --> src/lib.rs:1262:2
[INFO] [stdout]      |
[INFO] [stdout] 1262 |  test_with::runner!(exe);
[INFO] [stdout]      |  ^^^^^^^^^ use of unresolved module or unlinked crate `test_with`
[INFO] [stdout] 
[INFO] [stdout] error: aborting due to 3 previous errors
[INFO] [stdout] 
[INFO] [stdout] For more information about this error, try `rustc --explain E0433`.
[INFO] [stdout] Couldn't compile the test.
[INFO] [stdout] ---- src/lib.rs - runtime_file (line 207) stdout ----
[INFO] [stdout] error[E0433]: cannot find module or crate `test_with` in this scope
[INFO] [stdout]    --> src/lib.rs:210:4
[INFO] [stdout]     |
[INFO] [stdout] 210 |  #[test_with::module]
[INFO] [stdout]     |    ^^^^^^^^^ use of unresolved module or unlinked crate `test_with`
[INFO] [stdout] 
[INFO] [stdout] error[E0433]: cannot find module or crate `test_with` in this scope
[INFO] [stdout]    --> src/lib.rs:212:8
[INFO] [stdout]     |
[INFO] [stdout] 212 |      #[test_with::runtime_file(/etc/hostname)]
[INFO] [stdout]     |        ^^^^^^^^^ use of unresolved module or unlinked crate `test_with`
[INFO] [stdout] 
[INFO] [stdout] error[E0433]: cannot find module or crate `test_with` in this scope
[INFO] [stdout]    --> src/lib.rs:209:2
[INFO] [stdout]     |
[INFO] [stdout] 209 |  test_with::runner!(file);
[INFO] [stdout]     |  ^^^^^^^^^ use of unresolved module or unlinked crate `test_with`
[INFO] [stdout] 
[INFO] [stdout] error: aborting due to 3 previous errors
[INFO] [stdout] 
[INFO] [stdout] For more information about this error, try `rustc --explain E0433`.
[INFO] [stdout] Couldn't compile the test.
[INFO] [stdout] ---- src/lib.rs - runtime_free_mem (line 883) stdout ----
[INFO] [stdout] error[E0433]: cannot find module or crate `test_with` in this scope
[INFO] [stdout]    --> src/lib.rs:886:4
[INFO] [stdout]     |
[INFO] [stdout] 886 |  #[test_with::module]
[INFO] [stdout]     |    ^^^^^^^^^ use of unresolved module or unlinked crate `test_with`
[INFO] [stdout] 
[INFO] [stdout] error[E0433]: cannot find module or crate `test_with` in this scope
[INFO] [stdout]    --> src/lib.rs:889:8
[INFO] [stdout]     |
[INFO] [stdout] 889 |      #[test_with::runtime_free_mem(100GB)]
[INFO] [stdout]     |        ^^^^^^^^^ use of unresolved module or unlinked crate `test_with`
[INFO] [stdout] 
[INFO] [stdout] error[E0433]: cannot find module or crate `test_with` in this scope
[INFO] [stdout]    --> src/lib.rs:885:2
[INFO] [stdout]     |
[INFO] [stdout] 885 |  test_with::runner!(resource);
[INFO] [stdout]     |  ^^^^^^^^^ use of unresolved module or unlinked crate `test_with`
[INFO] [stdout] 
[INFO] [stdout] error: aborting due to 3 previous errors
[INFO] [stdout] 
[INFO] [stdout] For more information about this error, try `rustc --explain E0433`.
[INFO] [stdout] Couldn't compile the test.
[INFO] [stdout] ---- src/lib.rs - runtime_phy_cpu_core (line 1179) stdout ----
[INFO] [stdout] error[E0433]: cannot find module or crate `test_with` in this scope
[INFO] [stdout]     --> src/lib.rs:1182:4
[INFO] [stdout]      |
[INFO] [stdout] 1182 |  #[test_with::module]
[INFO] [stdout]      |    ^^^^^^^^^ use of unresolved module or unlinked crate `test_with`
[INFO] [stdout] 
[INFO] [stdout] error[E0433]: cannot find module or crate `test_with` in this scope
[INFO] [stdout]     --> src/lib.rs:1185:8
[INFO] [stdout]      |
[INFO] [stdout] 1185 |      #[test_with::runtime_phy_cpu_core(32)]
[INFO] [stdout]      |        ^^^^^^^^^ use of unresolved module or unlinked crate `test_with`
[INFO] [stdout] 
[INFO] [stdout] error[E0433]: cannot find module or crate `test_with` in this scope
[INFO] [stdout]     --> src/lib.rs:1181:2
[INFO] [stdout]      |
[INFO] [stdout] 1181 |  test_with::runner!(resource);
[INFO] [stdout]      |  ^^^^^^^^^ use of unresolved module or unlinked crate `test_with`
[INFO] [stdout] 
[INFO] [stdout] error: aborting due to 3 previous errors
[INFO] [stdout] 
[INFO] [stdout] For more information about this error, try `rustc --explain E0433`.
[INFO] [stdout] Couldn't compile the test.
[INFO] [stdout] ---- src/lib.rs - runtime_icmp (line 460) stdout ----
[INFO] [stdout] error[E0433]: cannot find module or crate `test_with` in this scope
[INFO] [stdout]    --> src/lib.rs:463:4
[INFO] [stdout]     |
[INFO] [stdout] 463 |  #[test_with::module]
[INFO] [stdout]     |    ^^^^^^^^^ use of unresolved module or unlinked crate `test_with`
[INFO] [stdout] 
[INFO] [stdout] error[E0433]: cannot find module or crate `test_with` in this scope
[INFO] [stdout]    --> src/lib.rs:466:8
[INFO] [stdout]     |
[INFO] [stdout] 466 |      #[test_with::runtime_icmp(193.194.195.196)]
[INFO] [stdout]     |        ^^^^^^^^^ use of unresolved module or unlinked crate `test_with`
[INFO] [stdout] 
[INFO] [stdout] error[E0433]: cannot find module or crate `test_with` in this scope
[INFO] [stdout]    --> src/lib.rs:462:2
[INFO] [stdout]     |
[INFO] [stdout] 462 |  test_with::runner!(icmp);
[INFO] [stdout]     |  ^^^^^^^^^ use of unresolved module or unlinked crate `test_with`
[INFO] [stdout] 
[INFO] [stdout] error: aborting due to 3 previous errors
[INFO] [stdout] 
[INFO] [stdout] For more information about this error, try `rustc --explain E0433`.
[INFO] [stdout] Couldn't compile the test.
[INFO] [stdout] ---- src/lib.rs - runtime_available_mem (line 906) stdout ----
[INFO] [stdout] error[E0433]: cannot find module or crate `test_with` in this scope
[INFO] [stdout]    --> src/lib.rs:909:4
[INFO] [stdout]     |
[INFO] [stdout] 909 |  #[test_with::module]
[INFO] [stdout]     |    ^^^^^^^^^ use of unresolved module or unlinked crate `test_with`
[INFO] [stdout] 
[INFO] [stdout] error[E0433]: cannot find module or crate `test_with` in this scope
[INFO] [stdout]    --> src/lib.rs:912:8
[INFO] [stdout]     |
[INFO] [stdout] 912 |      #[test_with::runtime_available_mem(100GB)]
[INFO] [stdout]     |        ^^^^^^^^^ use of unresolved module or unlinked crate `test_with`
[INFO] [stdout] 
[INFO] [stdout] error[E0433]: cannot find module or crate `test_with` in this scope
[INFO] [stdout]    --> src/lib.rs:908:2
[INFO] [stdout]     |
[INFO] [stdout] 908 |  test_with::runner!(resource);
[INFO] [stdout]     |  ^^^^^^^^^ use of unresolved module or unlinked crate `test_with`
[INFO] [stdout] 
[INFO] [stdout] error: aborting due to 3 previous errors
[INFO] [stdout] 
[INFO] [stdout] For more information about this error, try `rustc --explain E0433`.
[INFO] [stdout] Couldn't compile the test.
[INFO] [stdout] ---- src/lib.rs - runtime_free_swap (line 1069) stdout ----
[INFO] [stdout] error[E0433]: cannot find module or crate `test_with` in this scope
[INFO] [stdout]     --> src/lib.rs:1072:4
[INFO] [stdout]      |
[INFO] [stdout] 1072 |  #[test_with::module]
[INFO] [stdout]      |    ^^^^^^^^^ use of unresolved module or unlinked crate `test_with`
[INFO] [stdout] 
[INFO] [stdout] error[E0433]: cannot find module or crate `test_with` in this scope
[INFO] [stdout]     --> src/lib.rs:1075:8
[INFO] [stdout]      |
[INFO] [stdout] 1075 |      #[test_with::runtime_free_swap(100GB)]
[INFO] [stdout]      |        ^^^^^^^^^ use of unresolved module or unlinked crate `test_with`
[INFO] [stdout] 
[INFO] [stdout] error[E0433]: cannot find module or crate `test_with` in this scope
[INFO] [stdout]     --> src/lib.rs:1071:2
[INFO] [stdout]      |
[INFO] [stdout] 1071 |  test_with::runner!(resource);
[INFO] [stdout]      |  ^^^^^^^^^ use of unresolved module or unlinked crate `test_with`
[INFO] [stdout] 
[INFO] [stdout] error: aborting due to 3 previous errors
[INFO] [stdout] 
[INFO] [stdout] For more information about this error, try `rustc --explain E0433`.
[INFO] [stdout] Couldn't compile the test.
[INFO] [stdout] ---- src/lib.rs - runtime_timezone (line 1469) stdout ----
[INFO] [stdout] error[E0433]: cannot find module or crate `test_with` in this scope
[INFO] [stdout]     --> src/lib.rs:1472:4
[INFO] [stdout]      |
[INFO] [stdout] 1472 |  #[test_with::module]
[INFO] [stdout]      |    ^^^^^^^^^ use of unresolved module or unlinked crate `test_with`
[INFO] [stdout] 
[INFO] [stdout] error[E0433]: cannot find module or crate `test_with` in this scope
[INFO] [stdout]     --> src/lib.rs:1475:8
[INFO] [stdout]      |
[INFO] [stdout] 1475 |      #[test_with::runtime_timezone(0)]
[INFO] [stdout]      |        ^^^^^^^^^ use of unresolved module or unlinked crate `test_with`
[INFO] [stdout] 
[INFO] [stdout] error[E0433]: cannot find module or crate `test_with` in this scope
[INFO] [stdout]     --> src/lib.rs:1471:2
[INFO] [stdout]      |
[INFO] [stdout] 1471 |  test_with::runner!(timezone);
[INFO] [stdout]      |  ^^^^^^^^^ use of unresolved module or unlinked crate `test_with`
[INFO] [stdout] 
[INFO] [stdout] error: aborting due to 3 previous errors
[INFO] [stdout] 
[INFO] [stdout] For more information about this error, try `rustc --explain E0433`.
[INFO] [stdout] Couldn't compile the test.
[INFO] [stdout] ---- src/lib.rs - runtime_tcp (line 639) stdout ----
[INFO] [stdout] error[E0433]: cannot find module or crate `test_with` in this scope
[INFO] [stdout]    --> src/lib.rs:642:4
[INFO] [stdout]     |
[INFO] [stdout] 642 |  #[test_with::module]
[INFO] [stdout]     |    ^^^^^^^^^ use of unresolved module or unlinked crate `test_with`
[INFO] [stdout] 
[INFO] [stdout] error[E0433]: cannot find module or crate `test_with` in this scope
[INFO] [stdout]    --> src/lib.rs:645:8
[INFO] [stdout]     |
[INFO] [stdout] 645 |      #[test_with::runtime_tcp(8.8.8.8:53)]
[INFO] [stdout]     |        ^^^^^^^^^ use of unresolved module or unlinked crate `test_with`
[INFO] [stdout] 
[INFO] [stdout] error[E0433]: cannot find module or crate `test_with` in this scope
[INFO] [stdout]    --> src/lib.rs:641:2
[INFO] [stdout]     |
[INFO] [stdout] 641 |  test_with::runner!(tcp);
[INFO] [stdout]     |  ^^^^^^^^^ use of unresolved module or unlinked crate `test_with`
[INFO] [stdout] 
[INFO] [stdout] error: aborting due to 3 previous errors
[INFO] [stdout] 
[INFO] [stdout] For more information about this error, try `rustc --explain E0433`.
[INFO] [stdout] Couldn't compile the test.
[INFO] [stdout] ---- src/lib.rs - runtime_user (line 805) stdout ----
[INFO] [stdout] error[E0433]: cannot find module or crate `test_with` in this scope
[INFO] [stdout]    --> src/lib.rs:808:4
[INFO] [stdout]     |
[INFO] [stdout] 808 |  #[test_with::module]
[INFO] [stdout]     |    ^^^^^^^^^ use of unresolved module or unlinked crate `test_with`
[INFO] [stdout] 
[INFO] [stdout] error[E0433]: cannot find module or crate `test_with` in this scope
[INFO] [stdout]    --> src/lib.rs:811:8
[INFO] [stdout]     |
[INFO] [stdout] 811 |      #[test_with::runtime_user(spider)]
[INFO] [stdout]     |        ^^^^^^^^^ use of unresolved module or unlinked crate `test_with`
[INFO] [stdout] 
[INFO] [stdout] error[E0433]: cannot find module or crate `test_with` in this scope
[INFO] [stdout]    --> src/lib.rs:807:2
[INFO] [stdout]     |
[INFO] [stdout] 807 |  test_with::runner!(user);
[INFO] [stdout]     |  ^^^^^^^^^ use of unresolved module or unlinked crate `test_with`
[INFO] [stdout] 
[INFO] [stdout] error: aborting due to 3 previous errors
[INFO] [stdout] 
[INFO] [stdout] For more information about this error, try `rustc --explain E0433`.
[INFO] [stdout] Couldn't compile the test.
[INFO] [stdout] ---- src/lib.rs - runtime_root (line 695) stdout ----
[INFO] [stdout] error[E0433]: cannot find module or crate `test_with` in this scope
[INFO] [stdout]    --> src/lib.rs:698:4
[INFO] [stdout]     |
[INFO] [stdout] 698 |  #[test_with::module]
[INFO] [stdout]     |    ^^^^^^^^^ use of unresolved module or unlinked crate `test_with`
[INFO] [stdout] 
[INFO] [stdout] error[E0433]: cannot find module or crate `test_with` in this scope
[INFO] [stdout]    --> src/lib.rs:701:8
[INFO] [stdout]     |
[INFO] [stdout] 701 |      #[test_with::runtime_root()]
[INFO] [stdout]     |        ^^^^^^^^^ use of unresolved module or unlinked crate `test_with`
[INFO] [stdout] 
[INFO] [stdout] error[E0433]: cannot find module or crate `test_with` in this scope
[INFO] [stdout]    --> src/lib.rs:697:2
[INFO] [stdout]     |
[INFO] [stdout] 697 |  test_with::runner!(user);
[INFO] [stdout]     |  ^^^^^^^^^ use of unresolved module or unlinked crate `test_with`
[INFO] [stdout] 
[INFO] [stdout] error: aborting due to 3 previous errors
[INFO] [stdout] 
[INFO] [stdout] For more information about this error, try `rustc --explain E0433`.
[INFO] [stdout] Couldn't compile the test.
[INFO] [stdout] 
[INFO] [stdout] failures:
[INFO] [stdout]     src/lib.rs - module (line 1553)
[INFO] [stdout]     src/lib.rs - module (line 1576)
[INFO] [stdout]     src/lib.rs - module (line 1620)
[INFO] [stdout]     src/lib.rs - runner (line 1498)
[INFO] [stdout]     src/lib.rs - runtime_available_mem (line 906)
[INFO] [stdout]     src/lib.rs - runtime_cpu_core (line 1124)
[INFO] [stdout]     src/lib.rs - runtime_env (line 88)
[INFO] [stdout]     src/lib.rs - runtime_executable (line 1260)
[INFO] [stdout]     src/lib.rs - runtime_file (line 207)
[INFO] [stdout]     src/lib.rs - runtime_free_mem (line 883)
[INFO] [stdout]     src/lib.rs - runtime_free_swap (line 1069)
[INFO] [stdout]     src/lib.rs - runtime_group (line 750)
[INFO] [stdout]     src/lib.rs - runtime_http (line 335)
[INFO] [stdout]     src/lib.rs - runtime_https (line 396)
[INFO] [stdout]     src/lib.rs - runtime_icmp (line 460)
[INFO] [stdout]     src/lib.rs - runtime_ignore_if (line 1284)
[INFO] [stdout]     src/lib.rs - runtime_mem (line 860)
[INFO] [stdout]     src/lib.rs - runtime_no_env (line 140)
[INFO] [stdout]     src/lib.rs - runtime_path (line 274)
[INFO] [stdout]     src/lib.rs - runtime_phy_cpu_core (line 1179)
[INFO] [stdout]     src/lib.rs - runtime_root (line 695)
[INFO] [stdout]     src/lib.rs - runtime_swap (line 961)
[INFO] [stdout]     src/lib.rs - runtime_tcp (line 639)
[INFO] [stdout]     src/lib.rs - runtime_timezone (line 1469)
[INFO] [stdout]     src/lib.rs - runtime_user (line 805)
[INFO] [stdout] 
[INFO] [stdout] test result: FAILED. 19 passed; 25 failed; 0 ignored; 0 measured; 0 filtered out; finished in 1.02s
[INFO] [stdout] 
[INFO] [stderr] error: doctest failed, to rerun pass `--doc`
[INFO] running `Command { std: "docker" "inspect" "93d43f27ece63e48028fbbda4fee8c26543d5a174bb0510f1c1e3f7dcce0ad45", kill_on_drop: false }`
[INFO] running `Command { std: "docker" "rm" "-f" "93d43f27ece63e48028fbbda4fee8c26543d5a174bb0510f1c1e3f7dcce0ad45", kill_on_drop: false }`
[INFO] [stdout] 93d43f27ece63e48028fbbda4fee8c26543d5a174bb0510f1c1e3f7dcce0ad45
