[INFO] fetching crate test-that-macro 0.6.0...
[INFO] testing test-that-macro-0.6.0 against 1.100.0-beta.1+cargoflags=--release for beta-release-1.100-2
[INFO] extracting crate test-that-macro 0.6.0 into /workspace/builds/worker-7-tc2/source
[INFO] started tweaking crates.io crate test-that-macro 0.6.0
[INFO] finished tweaking crates.io crate test-that-macro 0.6.0
[INFO] tweaked toml for crates.io crate test-that-macro 0.6.0 written to /workspace/builds/worker-7-tc2/source/Cargo.toml
[INFO] validating manifest of crates.io crate test-that-macro 0.6.0 on toolchain 1.100.0-beta.1
[INFO] running `Command { std: CARGO_HOME="/workspace/cargo-home" RUSTUP_HOME="/workspace/rustup-home" "/workspace/cargo-home/bin/cargo" "+1.100.0-beta.1" "metadata" "--manifest-path" "Cargo.toml" "--no-deps", kill_on_drop: false }`
[INFO] crate crates.io crate test-that-macro 0.6.0 already has a lockfile, it will not be regenerated
[INFO] running `Command { std: CARGO_HOME="/workspace/cargo-home" RUSTUP_HOME="/workspace/rustup-home" "/workspace/cargo-home/bin/cargo" "+1.100.0-beta.1" "fetch" "--manifest-path" "Cargo.toml", kill_on_drop: false }`
[INFO] running `Command { std: "docker" "create" "-v" "/var/lib/crater-agent-workspace/builds/worker-7-tc2/source:/opt/rustwide/workdir:ro,Z" "-v" "/var/lib/crater-agent-workspace/builds/worker-7-tc2/target:/opt/rustwide/target:rw,Z" "-v" "/var/lib/crater-agent-workspace/cargo-home:/opt/rustwide/cargo-home:ro,Z" "-v" "/var/lib/crater-agent-workspace/rustup-home:/opt/rustwide/rustup-home:ro,Z" "-m" "1610612736" "--network" "none" "ghcr.io/rust-lang/crates-build-env/linux@sha256:77db811e55d90add9212f6832c23229e3de5f1c1f9905e8cb07319ea15df73ac" "sleep" "infinity", kill_on_drop: false }`
[INFO] [stdout] 29581fa3914872a0f27f0b3ce31ab96428f29e68e7682339ec2eb61f499fa1ac
[INFO] running `Command { std: "docker" "start" "29581fa3914872a0f27f0b3ce31ab96428f29e68e7682339ec2eb61f499fa1ac", kill_on_drop: false }`
[INFO] running `Command { std: "docker" "inspect" "29581fa3914872a0f27f0b3ce31ab96428f29e68e7682339ec2eb61f499fa1ac", kill_on_drop: false }`
[INFO] running `Command { std: "docker" "exec" "-e" "SOURCE_DIR=/opt/rustwide/workdir" "-e" "CARGO_HOME=/opt/rustwide/cargo-home" "-e" "RUSTUP_HOME=/opt/rustwide/rustup-home" "-e" "CARGO_TARGET_DIR=/opt/rustwide/target" "-w" "/opt/rustwide/workdir" "--user" "0:0" "29581fa3914872a0f27f0b3ce31ab96428f29e68e7682339ec2eb61f499fa1ac" "/opt/rustwide/cargo-home/bin/cargo" "+1.100.0-beta.1" "metadata" "--no-deps" "--format-version=1", kill_on_drop: false }`
[INFO] running `Command { std: "docker" "inspect" "29581fa3914872a0f27f0b3ce31ab96428f29e68e7682339ec2eb61f499fa1ac", kill_on_drop: false }`
[INFO] running `Command { std: "docker" "exec" "-e" "SOURCE_DIR=/opt/rustwide/workdir" "-e" "CARGO_HOME=/opt/rustwide/cargo-home" "-e" "RUSTUP_HOME=/opt/rustwide/rustup-home" "-e" "CARGO_TARGET_DIR=/opt/rustwide/target" "-e" "CARGO_INCREMENTAL=0" "-e" "RUST_BACKTRACE=full" "-e" "RUSTFLAGS=--cap-lints=warn" "-e" "RUSTDOCFLAGS=--cap-lints=warn" "-w" "/opt/rustwide/workdir" "--user" "0:0" "29581fa3914872a0f27f0b3ce31ab96428f29e68e7682339ec2eb61f499fa1ac" "/opt/rustwide/cargo-home/bin/cargo" "+1.100.0-beta.1" "build" "--frozen" "--message-format=json" "--release", kill_on_drop: false }`
[INFO] [stderr]    Compiling proc-macro2 v1.0.107
[INFO] [stderr]    Compiling quote v1.0.47
[INFO] [stderr]    Compiling syn v3.0.6
[INFO] [stderr]    Compiling test-that-macro v0.6.0 (/opt/rustwide/workdir)
[INFO] [stderr]     Finished `release` profile [optimized] target(s) in 8.70s
[INFO] running `Command { std: "docker" "inspect" "29581fa3914872a0f27f0b3ce31ab96428f29e68e7682339ec2eb61f499fa1ac", kill_on_drop: false }`
[INFO] running `Command { std: "docker" "exec" "-e" "SOURCE_DIR=/opt/rustwide/workdir" "-e" "CARGO_HOME=/opt/rustwide/cargo-home" "-e" "RUSTUP_HOME=/opt/rustwide/rustup-home" "-e" "CARGO_TARGET_DIR=/opt/rustwide/target" "-e" "CARGO_INCREMENTAL=0" "-e" "RUST_BACKTRACE=full" "-e" "RUSTFLAGS=--cap-lints=warn" "-e" "RUSTDOCFLAGS=--cap-lints=warn" "-w" "/opt/rustwide/workdir" "--user" "0:0" "29581fa3914872a0f27f0b3ce31ab96428f29e68e7682339ec2eb61f499fa1ac" "/opt/rustwide/cargo-home/bin/cargo" "+1.100.0-beta.1" "test" "--frozen" "--no-run" "--message-format=json" "--release", kill_on_drop: false }`
[INFO] [stderr]    Compiling test-that-macro v0.6.0 (/opt/rustwide/workdir)
[INFO] [stderr]     Finished `release` profile [optimized] target(s) in 0.44s
[INFO] running `Command { std: "docker" "inspect" "29581fa3914872a0f27f0b3ce31ab96428f29e68e7682339ec2eb61f499fa1ac", kill_on_drop: false }`
[INFO] running `Command { std: "docker" "exec" "-e" "SOURCE_DIR=/opt/rustwide/workdir" "-e" "CARGO_HOME=/opt/rustwide/cargo-home" "-e" "RUSTUP_HOME=/opt/rustwide/rustup-home" "-e" "CARGO_TARGET_DIR=/opt/rustwide/target" "-e" "CARGO_INCREMENTAL=0" "-e" "RUST_BACKTRACE=full" "-e" "RUSTFLAGS=--cap-lints=warn" "-e" "RUSTDOCFLAGS=--cap-lints=warn" "-w" "/opt/rustwide/workdir" "--user" "0:0" "29581fa3914872a0f27f0b3ce31ab96428f29e68e7682339ec2eb61f499fa1ac" "/opt/rustwide/cargo-home/bin/cargo" "+1.100.0-beta.1" "test" "--frozen" "--release", kill_on_drop: false }`
[INFO] [stderr]     Finished `release` profile [optimized] target(s) in 0.04s
[INFO] [stderr]      Running unittests src/lib.rs (/opt/rustwide/target/release/build/test-that-macro/6f0c87fad369994f/out/test_that_macro-6f0c87fad369994f)
[INFO] [stdout] 
[INFO] [stdout] running 0 tests
[INFO] [stdout] 
[INFO] [stdout] test result: ok. 0 passed; 0 failed; 0 ignored; 0 measured; 0 filtered out; finished in 0.00s
[INFO] [stdout] 
[INFO] [stderr]    Doc-tests test_that_macro
[INFO] [stdout] 
[INFO] [stdout] running 5 tests
[INFO] [stdout] test src/lib.rs - test (line 23) ... ignored
[INFO] [stdout] test src/lib.rs - test (line 77) ... ignored
[INFO] [stdout] test src/lib.rs - test (line 63) ... FAILED
[INFO] [stdout] test src/lib.rs - test (line 35) ... FAILED
[INFO] [stdout] test src/lib.rs - test (line 48) ... FAILED
[INFO] [stdout] 
[INFO] [stdout] failures:
[INFO] [stdout] 
[INFO] [stdout] ---- src/lib.rs - test (line 63) stdout ----
[INFO] [stdout] error[E0433]: cannot find module or crate `test_that` in this scope
[INFO] [stdout]   --> src/lib.rs:64:5
[INFO] [stdout]    |
[INFO] [stdout] 64 | use test_that::prelude::*;
[INFO] [stdout]    |     ^^^^^^^^^ use of unresolved module or unlinked crate `test_that`
[INFO] [stdout]    |
[INFO] [stdout]    = help: if you wanted to use a crate named `test_that`, use `cargo add test_that` to add it to your `Cargo.toml`
[INFO] [stdout] 
[INFO] [stdout] error[E0433]: cannot find module or crate `test_that` in this scope
[INFO] [stdout]   --> src/lib.rs:65:3
[INFO] [stdout]    |
[INFO] [stdout] 65 | #[test_that::test]
[INFO] [stdout]    |   ^^^^^^^^^ use of unresolved module or unlinked crate `test_that`
[INFO] [stdout] 
[INFO] [stdout] error: cannot find macro `expect_that` in this scope
[INFO] [stdout]   --> src/lib.rs:69:5
[INFO] [stdout]    |
[INFO] [stdout] 69 |     expect_that!(value, eq(0));
[INFO] [stdout]    |     ^^^^^^^^^^^
[INFO] [stdout] 
[INFO] [stdout] error: aborting due to 3 previous errors
[INFO] [stdout] 
[INFO] [stdout] For more information about this error, try `rustc --explain E0433`.
[INFO] [stdout] Couldn't compile the test.
[INFO] [stdout] ---- src/lib.rs - test (line 35) stdout ----
[INFO] [stdout] error[E0433]: cannot find module or crate `test_that` in this scope
[INFO] [stdout]   --> src/lib.rs:36:5
[INFO] [stdout]    |
[INFO] [stdout] 36 | use test_that::prelude::*;
[INFO] [stdout]    |     ^^^^^^^^^ use of unresolved module or unlinked crate `test_that`
[INFO] [stdout]    |
[INFO] [stdout]    = help: if you wanted to use a crate named `test_that`, use `cargo add test_that` to add it to your `Cargo.toml`
[INFO] [stdout] 
[INFO] [stdout] error[E0433]: cannot find module or crate `test_that` in this scope
[INFO] [stdout]   --> src/lib.rs:37:3
[INFO] [stdout]    |
[INFO] [stdout] 37 | #[test_that::test]
[INFO] [stdout]    |   ^^^^^^^^^ use of unresolved module or unlinked crate `test_that`
[INFO] [stdout] 
[INFO] [stdout] error: cannot find macro `expect_that` in this scope
[INFO] [stdout]   --> src/lib.rs:40:5
[INFO] [stdout]    |
[INFO] [stdout] 40 |     expect_that!(value, gt(0));
[INFO] [stdout]    |     ^^^^^^^^^^^
[INFO] [stdout] 
[INFO] [stdout] error: cannot find macro `verify_that` in this scope
[INFO] [stdout]   --> src/lib.rs:41:5
[INFO] [stdout]    |
[INFO] [stdout] 41 |     verify_that!(value, eq(2))
[INFO] [stdout]    |     ^^^^^^^^^^^
[INFO] [stdout] 
[INFO] [stdout] error[E0425]: cannot find type `TestResult` in this scope
[INFO] [stdout]   --> src/lib.rs:38:21
[INFO] [stdout]    |
[INFO] [stdout] 38 | fn should_work() -> TestResult<()> {
[INFO] [stdout]    |                     ^^^^^^^^^^ not found in this scope
[INFO] [stdout] 
[INFO] [stdout] error: aborting due to 5 previous errors
[INFO] [stdout] 
[INFO] [stdout] Some errors have detailed explanations: E0425, E0433.
[INFO] [stdout] For more information about an error, try `rustc --explain E0425`.
[INFO] [stdout] Couldn't compile the test.
[INFO] [stdout] ---- src/lib.rs - test (line 48) stdout ----
[INFO] [stdout] error[E0433]: cannot find module or crate `test_that` in this scope
[INFO] [stdout]   --> src/lib.rs:49:5
[INFO] [stdout]    |
[INFO] [stdout] 49 | use test_that::prelude::*;
[INFO] [stdout]    |     ^^^^^^^^^ use of unresolved module or unlinked crate `test_that`
[INFO] [stdout]    |
[INFO] [stdout]    = help: if you wanted to use a crate named `test_that`, use `cargo add test_that` to add it to your `Cargo.toml`
[INFO] [stdout] 
[INFO] [stdout] error[E0433]: cannot find module or crate `test_that` in this scope
[INFO] [stdout]   --> src/lib.rs:50:3
[INFO] [stdout]    |
[INFO] [stdout] 50 | #[test_that::test]
[INFO] [stdout]    |   ^^^^^^^^^ use of unresolved module or unlinked crate `test_that`
[INFO] [stdout] 
[INFO] [stdout] error: cannot find macro `expect_that` in this scope
[INFO] [stdout]   --> src/lib.rs:54:5
[INFO] [stdout]    |
[INFO] [stdout] 54 |     expect_that!(value, gt(0));
[INFO] [stdout]    |     ^^^^^^^^^^^
[INFO] [stdout] 
[INFO] [stdout] error: aborting due to 3 previous errors
[INFO] [stdout] 
[INFO] [stdout] For more information about this error, try `rustc --explain E0433`.
[INFO] [stdout] Couldn't compile the test.
[INFO] [stdout] 
[INFO] [stdout] failures:
[INFO] [stdout]     src/lib.rs - test (line 35)
[INFO] [stdout]     src/lib.rs - test (line 48)
[INFO] [stdout]     src/lib.rs - test (line 63)
[INFO] [stdout] 
[INFO] [stdout] test result: FAILED. 0 passed; 3 failed; 2 ignored; 0 measured; 0 filtered out; finished in 0.16s
[INFO] [stdout] 
[INFO] [stderr] error: doctest failed, to rerun pass `--doc`
[INFO] running `Command { std: "docker" "inspect" "29581fa3914872a0f27f0b3ce31ab96428f29e68e7682339ec2eb61f499fa1ac", kill_on_drop: false }`
[INFO] running `Command { std: "docker" "rm" "-f" "29581fa3914872a0f27f0b3ce31ab96428f29e68e7682339ec2eb61f499fa1ac", kill_on_drop: false }`
[INFO] [stdout] 29581fa3914872a0f27f0b3ce31ab96428f29e68e7682339ec2eb61f499fa1ac
