[INFO] fetching crate test-temp-file 0.1.2...
[INFO] testing test-temp-file-0.1.2 against 1.99.0-beta.8+cargoflags=--release for beta-release-1.100-2
[INFO] extracting crate test-temp-file 0.1.2 into /workspace/builds/worker-6-tc1/source
[INFO] started tweaking crates.io crate test-temp-file 0.1.2
[INFO] finished tweaking crates.io crate test-temp-file 0.1.2
[INFO] tweaked toml for crates.io crate test-temp-file 0.1.2 written to /workspace/builds/worker-6-tc1/source/Cargo.toml
[INFO] validating manifest of crates.io crate test-temp-file 0.1.2 on toolchain 1.99.0-beta.8
[INFO] running `Command { std: CARGO_HOME="/workspace/cargo-home" RUSTUP_HOME="/workspace/rustup-home" "/workspace/cargo-home/bin/cargo" "+1.99.0-beta.8" "metadata" "--manifest-path" "Cargo.toml" "--no-deps", kill_on_drop: false }`
[INFO] running `Command { std: CARGO_HOME="/workspace/cargo-home" RUSTUP_HOME="/workspace/rustup-home" "/workspace/cargo-home/bin/cargo" "+1.99.0-beta.8" "generate-lockfile" "--manifest-path" "Cargo.toml", kill_on_drop: false }`
[INFO] [stderr]     Updating crates.io index
[INFO] [stderr]      Locking 16 packages to highest compatible versions
[INFO] [stderr]       Adding rand v0.7.3 (available: v0.10.3)
[INFO] running `Command { std: CARGO_HOME="/workspace/cargo-home" RUSTUP_HOME="/workspace/rustup-home" "/workspace/cargo-home/bin/cargo" "+1.99.0-beta.8" "fetch" "--manifest-path" "Cargo.toml", kill_on_drop: false }`
[INFO] running `Command { std: "docker" "create" "-v" "/var/lib/crater-agent-workspace/builds/worker-6-tc1/source:/opt/rustwide/workdir:ro,Z" "-v" "/var/lib/crater-agent-workspace/builds/worker-6-tc1/target:/opt/rustwide/target:rw,Z" "-v" "/var/lib/crater-agent-workspace/cargo-home:/opt/rustwide/cargo-home:ro,Z" "-v" "/var/lib/crater-agent-workspace/rustup-home:/opt/rustwide/rustup-home:ro,Z" "-m" "1610612736" "--network" "none" "ghcr.io/rust-lang/crates-build-env/linux@sha256:77db811e55d90add9212f6832c23229e3de5f1c1f9905e8cb07319ea15df73ac" "sleep" "infinity", kill_on_drop: false }`
[INFO] [stdout] 28c56b73879e1af8e580e55edc344fd2e2d9755d2f544bd3be09edb7f37143f3
[INFO] running `Command { std: "docker" "start" "28c56b73879e1af8e580e55edc344fd2e2d9755d2f544bd3be09edb7f37143f3", kill_on_drop: false }`
[INFO] running `Command { std: "docker" "inspect" "28c56b73879e1af8e580e55edc344fd2e2d9755d2f544bd3be09edb7f37143f3", kill_on_drop: false }`
[INFO] running `Command { std: "docker" "exec" "-e" "SOURCE_DIR=/opt/rustwide/workdir" "-e" "CARGO_HOME=/opt/rustwide/cargo-home" "-e" "RUSTUP_HOME=/opt/rustwide/rustup-home" "-e" "CARGO_TARGET_DIR=/opt/rustwide/target" "-w" "/opt/rustwide/workdir" "--user" "0:0" "28c56b73879e1af8e580e55edc344fd2e2d9755d2f544bd3be09edb7f37143f3" "/opt/rustwide/cargo-home/bin/cargo" "+1.99.0-beta.8" "metadata" "--no-deps" "--format-version=1", kill_on_drop: false }`
[INFO] running `Command { std: "docker" "inspect" "28c56b73879e1af8e580e55edc344fd2e2d9755d2f544bd3be09edb7f37143f3", kill_on_drop: false }`
[INFO] running `Command { std: "docker" "exec" "-e" "SOURCE_DIR=/opt/rustwide/workdir" "-e" "CARGO_HOME=/opt/rustwide/cargo-home" "-e" "RUSTUP_HOME=/opt/rustwide/rustup-home" "-e" "CARGO_TARGET_DIR=/opt/rustwide/target" "-e" "CARGO_INCREMENTAL=0" "-e" "RUST_BACKTRACE=full" "-e" "RUSTFLAGS=--cap-lints=warn" "-e" "RUSTDOCFLAGS=--cap-lints=warn" "-w" "/opt/rustwide/workdir" "--user" "0:0" "28c56b73879e1af8e580e55edc344fd2e2d9755d2f544bd3be09edb7f37143f3" "/opt/rustwide/cargo-home/bin/cargo" "+1.99.0-beta.8" "build" "--frozen" "--message-format=json" "--release", kill_on_drop: false }`
[INFO] [stderr]    Compiling getrandom v0.1.16
[INFO] [stderr]    Compiling rand_core v0.5.1
[INFO] [stderr]    Compiling rand_chacha v0.2.2
[INFO] [stderr]    Compiling rand v0.7.3
[INFO] [stderr]    Compiling test-temp-file v0.1.2 (/opt/rustwide/workdir)
[INFO] [stdout] warning: use of deprecated associated function `core::num::<impl i32>::max_value`: replaced by the `MAX` associated constant on this type
[INFO] [stdout]   --> src/lib.rs:68:51
[INFO] [stdout]    |
[INFO] [stdout] 68 |         let random_number = rng.gen_range(0, i32::max_value());
[INFO] [stdout]    |                                                   ^^^^^^^^^
[INFO] [stdout]    |
[INFO] [stdout]    = note: `#[warn(deprecated)]` on by default
[INFO] [stdout] 
[INFO] [stdout] 
[INFO] [stdout] warning: fields `filename` and `random_number` are never read
[INFO] [stdout]   --> src/lib.rs:15:5
[INFO] [stdout]    |
[INFO] [stdout] 14 | pub struct TestTempFile {
[INFO] [stdout]    |            ------------ fields in this struct
[INFO] [stdout] 15 |     filename: String,
[INFO] [stdout]    |     ^^^^^^^^
[INFO] [stdout] 16 |     random_number: i32,
[INFO] [stdout]    |     ^^^^^^^^^^^^^
[INFO] [stdout]    |
[INFO] [stdout]    = note: `TestTempFile` has a derived impl for the trait `Debug`, but this is intentionally ignored during dead code analysis
[INFO] [stdout]    = note: `#[warn(dead_code)]` (part of `#[warn(unused)]`) on by default
[INFO] [stdout] 
[INFO] [stdout] 
[INFO] [stdout] warning: unused `Result` that must be used
[INFO] [stdout]   --> src/lib.rs:86:13
[INFO] [stdout]    |
[INFO] [stdout] 86 |             std::fs::remove_file(final_filename);
[INFO] [stdout]    |             ^^^^^^^^^^^^^^^^^^^^^^^^^^^^^^^^^^^^
[INFO] [stdout]    |
[INFO] [stdout]    = note: this `Result` may be an `Err` variant, which should be handled
[INFO] [stdout]    = note: `#[warn(unused_must_use)]` (part of `#[warn(unused)]`) on by default
[INFO] [stdout] help: use `let _ = ...` to ignore the resulting value
[INFO] [stdout]    |
[INFO] [stdout] 86 |             let _ = std::fs::remove_file(final_filename);
[INFO] [stdout]    |             +++++++
[INFO] [stdout] 
[INFO] [stdout] 
[INFO] [stderr]     Finished `release` profile [optimized] target(s) in 1.96s
[INFO] running `Command { std: "docker" "inspect" "28c56b73879e1af8e580e55edc344fd2e2d9755d2f544bd3be09edb7f37143f3", kill_on_drop: false }`
[INFO] running `Command { std: "docker" "exec" "-e" "SOURCE_DIR=/opt/rustwide/workdir" "-e" "CARGO_HOME=/opt/rustwide/cargo-home" "-e" "RUSTUP_HOME=/opt/rustwide/rustup-home" "-e" "CARGO_TARGET_DIR=/opt/rustwide/target" "-e" "CARGO_INCREMENTAL=0" "-e" "RUST_BACKTRACE=full" "-e" "RUSTFLAGS=--cap-lints=warn" "-e" "RUSTDOCFLAGS=--cap-lints=warn" "-w" "/opt/rustwide/workdir" "--user" "0:0" "28c56b73879e1af8e580e55edc344fd2e2d9755d2f544bd3be09edb7f37143f3" "/opt/rustwide/cargo-home/bin/cargo" "+1.99.0-beta.8" "test" "--frozen" "--no-run" "--message-format=json" "--release", kill_on_drop: false }`
[INFO] [stdout] warning: use of deprecated associated function `core::num::<impl i32>::max_value`: replaced by the `MAX` associated constant on this type
[INFO] [stdout]   --> src/lib.rs:68:51
[INFO] [stdout]    |
[INFO] [stdout] 68 |         let random_number = rng.gen_range(0, i32::max_value());
[INFO] [stdout]    |                                                   ^^^^^^^^^
[INFO] [stdout]    |
[INFO] [stdout]    = note: `#[warn(deprecated)]` on by default
[INFO] [stdout] 
[INFO] [stdout] 
[INFO] [stdout] warning: fields `filename` and `random_number` are never read
[INFO] [stdout]   --> src/lib.rs:15:5
[INFO] [stdout]    |
[INFO] [stdout] 14 | pub struct TestTempFile {
[INFO] [stdout]    |            ------------ fields in this struct
[INFO] [stdout] 15 |     filename: String,
[INFO] [stdout]    |     ^^^^^^^^
[INFO] [stdout] 16 |     random_number: i32,
[INFO] [stdout]    |     ^^^^^^^^^^^^^
[INFO] [stdout]    |
[INFO] [stdout]    = note: `TestTempFile` has a derived impl for the trait `Debug`, but this is intentionally ignored during dead code analysis
[INFO] [stdout]    = note: `#[warn(dead_code)]` (part of `#[warn(unused)]`) on by default
[INFO] [stdout] 
[INFO] [stdout] 
[INFO] [stdout] warning: unused `Result` that must be used
[INFO] [stdout]   --> src/lib.rs:86:13
[INFO] [stdout]    |
[INFO] [stdout] 86 |             std::fs::remove_file(final_filename);
[INFO] [stdout]    |             ^^^^^^^^^^^^^^^^^^^^^^^^^^^^^^^^^^^^
[INFO] [stdout]    |
[INFO] [stdout]    = note: this `Result` may be an `Err` variant, which should be handled
[INFO] [stdout]    = note: `#[warn(unused_must_use)]` (part of `#[warn(unused)]`) on by default
[INFO] [stdout] help: use `let _ = ...` to ignore the resulting value
[INFO] [stdout]    |
[INFO] [stdout] 86 |             let _ = std::fs::remove_file(final_filename);
[INFO] [stdout]    |             +++++++
[INFO] [stdout] 
[INFO] [stdout] 
[INFO] [stderr]    Compiling test-temp-file v0.1.2 (/opt/rustwide/workdir)
[INFO] [stdout] warning: use of deprecated associated function `core::num::<impl i32>::max_value`: replaced by the `MAX` associated constant on this type
[INFO] [stdout]   --> src/lib.rs:68:51
[INFO] [stdout]    |
[INFO] [stdout] 68 |         let random_number = rng.gen_range(0, i32::max_value());
[INFO] [stdout]    |                                                   ^^^^^^^^^
[INFO] [stdout]    |
[INFO] [stdout]    = note: `#[warn(deprecated)]` on by default
[INFO] [stdout] 
[INFO] [stdout] 
[INFO] [stdout] warning: field `random_number` is never read
[INFO] [stdout]   --> src/lib.rs:16:5
[INFO] [stdout]    |
[INFO] [stdout] 14 | pub struct TestTempFile {
[INFO] [stdout]    |            ------------ field in this struct
[INFO] [stdout] 15 |     filename: String,
[INFO] [stdout] 16 |     random_number: i32,
[INFO] [stdout]    |     ^^^^^^^^^^^^^
[INFO] [stdout]    |
[INFO] [stdout]    = note: `TestTempFile` has a derived impl for the trait `Debug`, but this is intentionally ignored during dead code analysis
[INFO] [stdout]    = note: `#[warn(dead_code)]` (part of `#[warn(unused)]`) on by default
[INFO] [stdout] 
[INFO] [stdout] 
[INFO] [stdout] warning: unused `Result` that must be used
[INFO] [stdout]   --> src/lib.rs:86:13
[INFO] [stdout]    |
[INFO] [stdout] 86 |             std::fs::remove_file(final_filename);
[INFO] [stdout]    |             ^^^^^^^^^^^^^^^^^^^^^^^^^^^^^^^^^^^^
[INFO] [stdout]    |
[INFO] [stdout]    = note: this `Result` may be an `Err` variant, which should be handled
[INFO] [stdout]    = note: `#[warn(unused_must_use)]` (part of `#[warn(unused)]`) on by default
[INFO] [stdout] help: use `let _ = ...` to ignore the resulting value
[INFO] [stdout]    |
[INFO] [stdout] 86 |             let _ = std::fs::remove_file(final_filename);
[INFO] [stdout]    |             +++++++
[INFO] [stdout] 
[INFO] [stdout] 
[INFO] [stdout] warning: panic message is not a string literal
[INFO] [stdout]    --> src/lib.rs:111:38
[INFO] [stdout]     |
[INFO] [stdout] 111 |             Err(e) => assert!(false, e)
[INFO] [stdout]     |                                      ^
[INFO] [stdout]     |
[INFO] [stdout]     = note: this usage of `assert!()` is deprecated; it will be a hard error in Rust 2021
[INFO] [stdout]     = note: for more information, see <https://doc.rust-lang.org/edition-guide/rust-2021/panic-macro-consistency.html>
[INFO] [stdout]     = note: for more information, see <https://doc.rust-lang.org/edition-guide/rust-2021/panic-macro-consistency.html>
[INFO] [stdout]     = note: `#[warn(non_fmt_panics)]` (part of `#[warn(rust_2021_compatibility)]`) on by default
[INFO] [stdout] help: add a "{}" format string to `Display` the message
[INFO] [stdout]     |
[INFO] [stdout] 111 |             Err(e) => assert!(false, "{}", e)
[INFO] [stdout]     |                                      +++++
[INFO] [stdout] 
[INFO] [stdout] 
[INFO] [stdout] warning: panic message is not a string literal
[INFO] [stdout]    --> src/lib.rs:122:38
[INFO] [stdout]     |
[INFO] [stdout] 122 |             Err(e) => assert!(false, e)
[INFO] [stdout]     |                                      ^
[INFO] [stdout]     |
[INFO] [stdout]     = note: this usage of `assert!()` is deprecated; it will be a hard error in Rust 2021
[INFO] [stdout]     = note: for more information, see <https://doc.rust-lang.org/edition-guide/rust-2021/panic-macro-consistency.html>
[INFO] [stdout]     = note: for more information, see <https://doc.rust-lang.org/edition-guide/rust-2021/panic-macro-consistency.html>
[INFO] [stdout] help: add a "{}" format string to `Display` the message
[INFO] [stdout]     |
[INFO] [stdout] 122 |             Err(e) => assert!(false, "{}", e)
[INFO] [stdout]     |                                      +++++
[INFO] [stdout] 
[INFO] [stdout] 
[INFO] [stdout] warning: unused `Result` that must be used
[INFO] [stdout]    --> src/lib.rs:127:9
[INFO] [stdout]     |
[INFO] [stdout] 127 |         t.seek(SeekFrom::Start(0));
[INFO] [stdout]     |         ^^^^^^^^^^^^^^^^^^^^^^^^^^
[INFO] [stdout]     |
[INFO] [stdout]     = note: this `Result` may be an `Err` variant, which should be handled
[INFO] [stdout] help: use `let _ = ...` to ignore the resulting value
[INFO] [stdout]     |
[INFO] [stdout] 127 |         let _ = t.seek(SeekFrom::Start(0));
[INFO] [stdout]     |         +++++++
[INFO] [stdout] 
[INFO] [stdout] 
[INFO] [stdout] warning: panic message is not a string literal
[INFO] [stdout]    --> src/lib.rs:136:38
[INFO] [stdout]     |
[INFO] [stdout] 136 |             Err(e) => assert!(false, format!("Error:{}\n{:#?}", e.to_string(), t))
[INFO] [stdout]     |                                      ^^^^^^^^^^^^^^^^^^^^^^^^^^^^^^^^^^^^^^^^^^^^
[INFO] [stdout]     |
[INFO] [stdout]     = note: this usage of `assert!()` is deprecated; it will be a hard error in Rust 2021
[INFO] [stdout]     = note: for more information, see <https://doc.rust-lang.org/edition-guide/rust-2021/panic-macro-consistency.html>
[INFO] [stdout]     = note: the `assert!()` macro supports formatting, so there's no need for the `format!()` macro here
[INFO] [stdout]     = note: for more information, see <https://doc.rust-lang.org/edition-guide/rust-2021/panic-macro-consistency.html>
[INFO] [stdout] help: remove the `format!(..)` macro call
[INFO] [stdout]     |
[INFO] [stdout] 136 -             Err(e) => assert!(false, format!("Error:{}\n{:#?}", e.to_string(), t))
[INFO] [stdout] 136 +             Err(e) => assert!(false, "Error:{}\n{:#?}", e.to_string(), t)
[INFO] [stdout]     |
[INFO] [stdout] 
[INFO] [stdout] 
[INFO] [stderr]     Finished `release` profile [optimized] target(s) in 0.43s
[INFO] running `Command { std: "docker" "inspect" "28c56b73879e1af8e580e55edc344fd2e2d9755d2f544bd3be09edb7f37143f3", kill_on_drop: false }`
[INFO] running `Command { std: "docker" "exec" "-e" "SOURCE_DIR=/opt/rustwide/workdir" "-e" "CARGO_HOME=/opt/rustwide/cargo-home" "-e" "RUSTUP_HOME=/opt/rustwide/rustup-home" "-e" "CARGO_TARGET_DIR=/opt/rustwide/target" "-e" "CARGO_INCREMENTAL=0" "-e" "RUST_BACKTRACE=full" "-e" "RUSTFLAGS=--cap-lints=warn" "-e" "RUSTDOCFLAGS=--cap-lints=warn" "-w" "/opt/rustwide/workdir" "--user" "0:0" "28c56b73879e1af8e580e55edc344fd2e2d9755d2f544bd3be09edb7f37143f3" "/opt/rustwide/cargo-home/bin/cargo" "+1.99.0-beta.8" "test" "--frozen" "--release", kill_on_drop: false }`
[INFO] [stderr] warning: use of deprecated associated function `core::num::<impl i32>::max_value`: replaced by the `MAX` associated constant on this type
[INFO] [stderr]   --> src/lib.rs:68:51
[INFO] [stderr]    |
[INFO] [stderr] 68 |         let random_number = rng.gen_range(0, i32::max_value());
[INFO] [stderr]    |                                                   ^^^^^^^^^
[INFO] [stderr]    |
[INFO] [stderr]    = note: `#[warn(deprecated)]` on by default
[INFO] [stderr] 
[INFO] [stderr] warning: fields `filename` and `random_number` are never read
[INFO] [stderr]   --> src/lib.rs:15:5
[INFO] [stderr]    |
[INFO] [stderr] 14 | pub struct TestTempFile {
[INFO] [stderr]    |            ------------ fields in this struct
[INFO] [stderr] 15 |     filename: String,
[INFO] [stderr]    |     ^^^^^^^^
[INFO] [stderr] 16 |     random_number: i32,
[INFO] [stderr]    |     ^^^^^^^^^^^^^
[INFO] [stderr]    |
[INFO] [stderr]    = note: `TestTempFile` has a derived impl for the trait `Debug`, but this is intentionally ignored during dead code analysis
[INFO] [stderr]    = note: `#[warn(dead_code)]` (part of `#[warn(unused)]`) on by default
[INFO] [stderr] 
[INFO] [stderr] warning: unused `Result` that must be used
[INFO] [stderr]   --> src/lib.rs:86:13
[INFO] [stderr]    |
[INFO] [stderr] 86 |             std::fs::remove_file(final_filename);
[INFO] [stderr]    |             ^^^^^^^^^^^^^^^^^^^^^^^^^^^^^^^^^^^^
[INFO] [stderr]    |
[INFO] [stderr]    = note: this `Result` may be an `Err` variant, which should be handled
[INFO] [stderr]    = note: `#[warn(unused_must_use)]` (part of `#[warn(unused)]`) on by default
[INFO] [stderr] help: use `let _ = ...` to ignore the resulting value
[INFO] [stderr]    |
[INFO] [stderr] 86 |             let _ = std::fs::remove_file(final_filename);
[INFO] [stderr]    |             +++++++
[INFO] [stderr] 
[INFO] [stderr] warning: `test-temp-file` (lib) generated 3 warnings
[INFO] [stderr] warning: field `random_number` is never read
[INFO] [stderr]   --> src/lib.rs:16:5
[INFO] [stderr]    |
[INFO] [stderr] 14 | pub struct TestTempFile {
[INFO] [stderr]    |            ------------ field in this struct
[INFO] [stderr] 15 |     filename: String,
[INFO] [stderr] 16 |     random_number: i32,
[INFO] [stderr]    |     ^^^^^^^^^^^^^
[INFO] [stderr]    |
[INFO] [stderr]    = note: `TestTempFile` has a derived impl for the trait `Debug`, but this is intentionally ignored during dead code analysis
[INFO] [stderr]    = note: `#[warn(dead_code)]` (part of `#[warn(unused)]`) on by default
[INFO] [stderr] 
[INFO] [stderr] warning: panic message is not a string literal
[INFO] [stderr]    --> src/lib.rs:111:38
[INFO] [stderr]     |
[INFO] [stderr] 111 |             Err(e) => assert!(false, e)
[INFO] [stderr]     |                                      ^
[INFO] [stderr]     |
[INFO] [stderr]     = note: this usage of `assert!()` is deprecated; it will be a hard error in Rust 2021
[INFO] [stderr]     = note: for more information, see <https://doc.rust-lang.org/edition-guide/rust-2021/panic-macro-consistency.html>
[INFO] [stderr]     = note: for more information, see <https://doc.rust-lang.org/edition-guide/rust-2021/panic-macro-consistency.html>
[INFO] [stderr]     = note: `#[warn(non_fmt_panics)]` (part of `#[warn(rust_2021_compatibility)]`) on by default
[INFO] [stderr] help: add a "{}" format string to `Display` the message
[INFO] [stderr]     |
[INFO] [stderr] 111 |             Err(e) => assert!(false, "{}", e)
[INFO] [stderr]     |                                      +++++
[INFO] [stderr] 
[INFO] [stderr] warning: panic message is not a string literal
[INFO] [stderr]    --> src/lib.rs:122:38
[INFO] [stderr]     |
[INFO] [stderr] 122 |             Err(e) => assert!(false, e)
[INFO] [stderr]     |                                      ^
[INFO] [stderr]     |
[INFO] [stderr]     = note: this usage of `assert!()` is deprecated; it will be a hard error in Rust 2021
[INFO] [stderr]     = note: for more information, see <https://doc.rust-lang.org/edition-guide/rust-2021/panic-macro-consistency.html>
[INFO] [stderr]     = note: for more information, see <https://doc.rust-lang.org/edition-guide/rust-2021/panic-macro-consistency.html>
[INFO] [stderr] help: add a "{}" format string to `Display` the message
[INFO] [stderr]     |
[INFO] [stderr] 122 |             Err(e) => assert!(false, "{}", e)
[INFO] [stderr]     |                                      +++++
[INFO] [stderr] 
[INFO] [stderr] warning: unused `Result` that must be used
[INFO] [stderr]    --> src/lib.rs:127:9
[INFO] [stderr]     |
[INFO] [stderr] 127 |         t.seek(SeekFrom::Start(0));
[INFO] [stderr]     |         ^^^^^^^^^^^^^^^^^^^^^^^^^^
[INFO] [stderr]     |
[INFO] [stderr]     = note: this `Result` may be an `Err` variant, which should be handled
[INFO] [stderr] help: use `let _ = ...` to ignore the resulting value
[INFO] [stderr]     |
[INFO] [stderr] 127 |         let _ = t.seek(SeekFrom::Start(0));
[INFO] [stderr]     |         +++++++
[INFO] [stderr] 
[INFO] [stderr] warning: panic message is not a string literal
[INFO] [stderr]    --> src/lib.rs:136:38
[INFO] [stderr]     |
[INFO] [stderr] 136 |             Err(e) => assert!(false, format!("Error:{}\n{:#?}", e.to_string(), t))
[INFO] [stderr]     |                                      ^^^^^^^^^^^^^^^^^^^^^^^^^^^^^^^^^^^^^^^^^^^^
[INFO] [stderr]     |
[INFO] [stderr]     = note: this usage of `assert!()` is deprecated; it will be a hard error in Rust 2021
[INFO] [stderr]     = note: for more information, see <https://doc.rust-lang.org/edition-guide/rust-2021/panic-macro-consistency.html>
[INFO] [stderr]     = note: the `assert!()` macro supports formatting, so there's no need for the `format!()` macro here
[INFO] [stderr]     = note: for more information, see <https://doc.rust-lang.org/edition-guide/rust-2021/panic-macro-consistency.html>
[INFO] [stderr] help: remove the `format!(..)` macro call
[INFO] [stderr]     |
[INFO] [stderr] 136 -             Err(e) => assert!(false, format!("Error:{}\n{:#?}", e.to_string(), t))
[INFO] [stderr] 136 +             Err(e) => assert!(false, "Error:{}\n{:#?}", e.to_string(), t)
[INFO] [stderr]     |
[INFO] [stderr] 
[INFO] [stderr] warning: `test-temp-file` (lib test) generated 7 warnings (2 duplicates) (run `cargo fix --lib -p test-temp-file --tests` to apply 3 suggestions)
[INFO] [stderr]     Finished `release` profile [optimized] target(s) in 0.03s
[INFO] [stderr]      Running unittests src/lib.rs (/opt/rustwide/target/release/deps/test_temp_file-782936a1a03dbd2f)
[INFO] [stdout] 
[INFO] [stdout] running 3 tests
[INFO] [stdout] test tests::test_write_and_read ... FAILED
[INFO] [stdout] test tests::test_write ... FAILED
[INFO] [stdout] test tests::test_constructor ... FAILED
[INFO] [stdout] 
[INFO] [stdout] failures:
[INFO] [stdout] 
[INFO] [stdout] ---- tests::test_write_and_read stdout ----
[INFO] [stdout] 
[INFO] [stdout] thread 'tests::test_write_and_read' (180) panicked at src/lib.rs:74:42:
[INFO] [stdout] called `Result::unwrap()` on an `Err` value: Os { code: 30, kind: ReadOnlyFilesystem, message: "Read-only file system" }
[INFO] [stdout] stack backtrace:
[INFO] [stdout]    0:     0x5ff6d1ccc831 - <<std[70759c8f55707aa4]::sys::backtrace::BacktraceLock>::print::DisplayBacktrace as core[df12db4294e9bfd3]::fmt::Display>::fmt
[INFO] [stdout]    1:     0x5ff6d1ce143a - core[df12db4294e9bfd3]::fmt::write
[INFO] [stdout]    2:     0x5ff6d1cd0d9c - <alloc[2182bb758b4b3781]::vec::Vec<u8> as core[df12db4294e9bfd3]::io::write::Write>::write_fmt
[INFO] [stdout]    3:     0x5ff6d1ca87c6 - std[70759c8f55707aa4]::panicking::default_hook::{closure#0}
[INFO] [stdout]    4:     0x5ff6d1cc4939 - std[70759c8f55707aa4]::panicking::default_hook
[INFO] [stdout]    5:     0x5ff6d1c5de60 - test[9d35eded1c95d3be]::test_main_inner::<test[9d35eded1c95d3be]::test_main_static::{closure#0}>::{closure#0}
[INFO] [stdout]    6:     0x5ff6d1cc4af2 - std[70759c8f55707aa4]::panicking::panic_with_hook
[INFO] [stdout]    7:     0x5ff6d1ca8872 - std[70759c8f55707aa4]::panicking::panic_handler::{closure#0}
[INFO] [stdout]    8:     0x5ff6d1ca1549 - std[70759c8f55707aa4]::sys::backtrace::__rust_end_short_backtrace::<std[70759c8f55707aa4]::panicking::panic_handler::{closure#0}, !>
[INFO] [stdout]    9:     0x5ff6d1ca946d - __rustc[8fa7c3cbc660c2b3]::rust_begin_unwind
[INFO] [stdout]   10:     0x5ff6d1ce1b6c - core[df12db4294e9bfd3]::panicking::panic_fmt
[INFO] [stdout]   11:     0x5ff6d1ce1942 - core[df12db4294e9bfd3]::result::unwrap_failed
[INFO] [stdout]   12:     0x5ff6d1c50205 - <test_temp_file[ccf413ef0f8884e]::TestTempFile>::new
[INFO] [stdout]   13:     0x5ff6d1c50e67 - <test_temp_file[ccf413ef0f8884e]::tests::test_write_and_read::{closure#0} as core[df12db4294e9bfd3]::ops::function::FnOnce<()>>::call_once
[INFO] [stdout]   14:     0x5ff6d1c5114b - test[9d35eded1c95d3be]::__rust_begin_short_backtrace::<core[df12db4294e9bfd3]::result::Result<(), alloc[2182bb758b4b3781]::string::String>, fn() -> core[df12db4294e9bfd3]::result::Result<(), alloc[2182bb758b4b3781]::string::String>>
[INFO] [stdout]   15:     0x5ff6d1c5e7b5 - test[9d35eded1c95d3be]::run_test::{closure#0}
[INFO] [stdout]   16:     0x5ff6d1c58074 - std[70759c8f55707aa4]::sys::backtrace::__rust_begin_short_backtrace::<test[9d35eded1c95d3be]::run_test::{closure#1}, ()>
[INFO] [stdout]   17:     0x5ff6d1c61912 - <std[70759c8f55707aa4]::thread::lifecycle::spawn_unchecked<test[9d35eded1c95d3be]::run_test::{closure#1}, ()>::{closure#1} as core[df12db4294e9bfd3]::ops::function::FnOnce<()>>::call_once::{shim:vtable#0}
[INFO] [stdout]   18:     0x5ff6d1ccc109 - <std[70759c8f55707aa4]::sys::thread::unix::Thread>::new::thread_start
[INFO] [stdout]   19:     0x7c96612f0dfa - <unknown>
[INFO] [stdout]   20:     0x7c96613843d4 - clone
[INFO] [stdout]   21:                0x0 - <unknown>
[INFO] [stdout] 
[INFO] [stdout] ---- tests::test_write stdout ----
[INFO] [stdout] 
[INFO] [stdout] thread 'tests::test_write' (179) panicked at src/lib.rs:74:42:
[INFO] [stdout] called `Result::unwrap()` on an `Err` value: Os { code: 30, kind: ReadOnlyFilesystem, message: "Read-only file system" }
[INFO] [stdout] stack backtrace:
[INFO] [stdout]    0:     0x5ff6d1ccc831 - <<std[70759c8f55707aa4]::sys::backtrace::BacktraceLock>::print::DisplayBacktrace as core[df12db4294e9bfd3]::fmt::Display>::fmt
[INFO] [stdout]    1:     0x5ff6d1ce143a - core[df12db4294e9bfd3]::fmt::write
[INFO] [stdout]    2:     0x5ff6d1cd0d9c - <alloc[2182bb758b4b3781]::vec::Vec<u8> as core[df12db4294e9bfd3]::io::write::Write>::write_fmt
[INFO] [stdout]    3:     0x5ff6d1ca87c6 - std[70759c8f55707aa4]::panicking::default_hook::{closure#0}
[INFO] [stdout]    4:     0x5ff6d1cc4939 - std[70759c8f55707aa4]::panicking::default_hook
[INFO] [stdout]    5:     0x5ff6d1c5de60 - test[9d35eded1c95d3be]::test_main_inner::<test[9d35eded1c95d3be]::test_main_static::{closure#0}>::{closure#0}
[INFO] [stdout]    6:     0x5ff6d1cc4af2 - std[70759c8f55707aa4]::panicking::panic_with_hook
[INFO] [stdout]    7:     0x5ff6d1ca8872 - std[70759c8f55707aa4]::panicking::panic_handler::{closure#0}
[INFO] [stdout]    8:     0x5ff6d1ca1549 - std[70759c8f55707aa4]::sys::backtrace::__rust_end_short_backtrace::<std[70759c8f55707aa4]::panicking::panic_handler::{closure#0}, !>
[INFO] [stdout]    9:     0x5ff6d1ca946d - __rustc[8fa7c3cbc660c2b3]::rust_begin_unwind
[INFO] [stdout]   10:     0x5ff6d1ce1b6c - core[df12db4294e9bfd3]::panicking::panic_fmt
[INFO] [stdout]   11:     0x5ff6d1ce1942 - core[df12db4294e9bfd3]::result::unwrap_failed
[INFO] [stdout]   12:     0x5ff6d1c50205 - <test_temp_file[ccf413ef0f8884e]::TestTempFile>::new
[INFO] [stdout]   13:     0x5ff6d1c50c99 - <test_temp_file[ccf413ef0f8884e]::tests::test_write::{closure#0} as core[df12db4294e9bfd3]::ops::function::FnOnce<()>>::call_once
[INFO] [stdout]   14:     0x5ff6d1c5114b - test[9d35eded1c95d3be]::__rust_begin_short_backtrace::<core[df12db4294e9bfd3]::result::Result<(), alloc[2182bb758b4b3781]::string::String>, fn() -> core[df12db4294e9bfd3]::result::Result<(), alloc[2182bb758b4b3781]::string::String>>
[INFO] [stdout]   15:     0x5ff6d1c5e7b5 - test[9d35eded1c95d3be]::run_test::{closure#0}
[INFO] [stdout]   16:     0x5ff6d1c58074 - std[70759c8f55707aa4]::sys::backtrace::__rust_begin_short_backtrace::<test[9d35eded1c95d3be]::run_test::{closure#1}, ()>
[INFO] [stdout]   17:     0x5ff6d1c61912 - <std[70759c8f55707aa4]::thread::lifecycle::spawn_unchecked<test[9d35eded1c95d3be]::run_test::{closure#1}, ()>::{closure#1} as core[df12db4294e9bfd3]::ops::function::FnOnce<()>>::call_once::{shim:vtable#0}
[INFO] [stdout]   18:     0x5ff6d1ccc109 - <std[70759c8f55707aa4]::sys::thread::unix::Thread>::new::thread_start
[INFO] [stdout]   19:     0x7c96612f0dfa - <unknown>
[INFO] [stdout]   20:     0x7c96613843d4 - clone
[INFO] [stdout]   21:                0x0 - <unknown>
[INFO] [stdout] 
[INFO] [stdout] ---- tests::test_constructor stdout ----
[INFO] [stdout] 
[INFO] [stdout] thread 'tests::test_constructor' (178) panicked at src/lib.rs:74:42:
[INFO] [stdout] called `Result::unwrap()` on an `Err` value: Os { code: 30, kind: ReadOnlyFilesystem, message: "Read-only file system" }
[INFO] [stdout] stack backtrace:
[INFO] [stdout]    0:     0x5ff6d1ccc831 - <<std[70759c8f55707aa4]::sys::backtrace::BacktraceLock>::print::DisplayBacktrace as core[df12db4294e9bfd3]::fmt::Display>::fmt
[INFO] [stdout]    1:     0x5ff6d1ce143a - core[df12db4294e9bfd3]::fmt::write
[INFO] [stdout]    2:     0x5ff6d1cd0d9c - <alloc[2182bb758b4b3781]::vec::Vec<u8> as core[df12db4294e9bfd3]::io::write::Write>::write_fmt
[INFO] [stdout]    3:     0x5ff6d1ca87c6 - std[70759c8f55707aa4]::panicking::default_hook::{closure#0}
[INFO] [stdout]    4:     0x5ff6d1cc4939 - std[70759c8f55707aa4]::panicking::default_hook
[INFO] [stdout]    5:     0x5ff6d1c5de60 - test[9d35eded1c95d3be]::test_main_inner::<test[9d35eded1c95d3be]::test_main_static::{closure#0}>::{closure#0}
[INFO] [stdout]    6:     0x5ff6d1cc4af2 - std[70759c8f55707aa4]::panicking::panic_with_hook
[INFO] [stdout]    7:     0x5ff6d1ca8872 - std[70759c8f55707aa4]::panicking::panic_handler::{closure#0}
[INFO] [stdout]    8:     0x5ff6d1ca1549 - std[70759c8f55707aa4]::sys::backtrace::__rust_end_short_backtrace::<std[70759c8f55707aa4]::panicking::panic_handler::{closure#0}, !>
[INFO] [stdout]    9:     0x5ff6d1ca946d - __rustc[8fa7c3cbc660c2b3]::rust_begin_unwind
[INFO] [stdout]   10:     0x5ff6d1ce1b6c - core[df12db4294e9bfd3]::panicking::panic_fmt
[INFO] [stdout]   11:     0x5ff6d1ce1942 - core[df12db4294e9bfd3]::result::unwrap_failed
[INFO] [stdout]   12:     0x5ff6d1c50205 - <test_temp_file[ccf413ef0f8884e]::TestTempFile>::new
[INFO] [stdout]   13:     0x5ff6d1c50d79 - <test_temp_file[ccf413ef0f8884e]::tests::test_constructor::{closure#0} as core[df12db4294e9bfd3]::ops::function::FnOnce<()>>::call_once
[INFO] [stdout]   14:     0x5ff6d1c5114b - test[9d35eded1c95d3be]::__rust_begin_short_backtrace::<core[df12db4294e9bfd3]::result::Result<(), alloc[2182bb758b4b3781]::string::String>, fn() -> core[df12db4294e9bfd3]::result::Result<(), alloc[2182bb758b4b3781]::string::String>>
[INFO] [stdout]   15:     0x5ff6d1c5e7b5 - test[9d35eded1c95d3be]::run_test::{closure#0}
[INFO] [stdout]   16:     0x5ff6d1c58074 - std[70759c8f55707aa4]::sys::backtrace::__rust_begin_short_backtrace::<test[9d35eded1c95d3be]::run_test::{closure#1}, ()>
[INFO] [stdout]   17:     0x5ff6d1c61912 - <std[70759c8f55707aa4]::thread::lifecycle::spawn_unchecked<test[9d35eded1c95d3be]::run_test::{closure#1}, ()>::{closure#1} as core[df12db4294e9bfd3]::ops::function::FnOnce<()>>::call_once::{shim:vtable#0}
[INFO] [stdout]   18:     0x5ff6d1ccc109 - <std[70759c8f55707aa4]::sys::thread::unix::Thread>::new::thread_start
[INFO] [stdout]   19:     0x7c96612f0dfa - <unknown>
[INFO] [stdout]   20:     0x7c96613843d4 - clone
[INFO] [stdout]   21:                0x0 - <unknown>
[INFO] [stdout] 
[INFO] [stdout] 
[INFO] [stdout] failures:
[INFO] [stdout]     tests::test_constructor
[INFO] [stdout]     tests::test_write
[INFO] [stdout]     tests::test_write_and_read
[INFO] [stdout] 
[INFO] [stdout] test result: FAILED. 0 passed; 3 failed; 0 ignored; 0 measured; 0 filtered out; finished in 0.00s
[INFO] [stdout] 
[INFO] [stderr] error: test failed, to rerun pass `--lib`
[INFO] running `Command { std: "docker" "inspect" "28c56b73879e1af8e580e55edc344fd2e2d9755d2f544bd3be09edb7f37143f3", kill_on_drop: false }`
[INFO] running `Command { std: "docker" "rm" "-f" "28c56b73879e1af8e580e55edc344fd2e2d9755d2f544bd3be09edb7f37143f3", kill_on_drop: false }`
[INFO] [stdout] 28c56b73879e1af8e580e55edc344fd2e2d9755d2f544bd3be09edb7f37143f3
