[INFO] fetching crate test-tag 0.1.6...
[INFO] testing test-tag-0.1.6 against 1.99.0-beta.8+cargoflags=--release for beta-release-1.100-2
[INFO] extracting crate test-tag 0.1.6 into /workspace/builds/worker-7-tc1/source
[INFO] started tweaking crates.io crate test-tag 0.1.6
[INFO] removed 0 missing tests
[INFO] finished tweaking crates.io crate test-tag 0.1.6
[INFO] tweaked toml for crates.io crate test-tag 0.1.6 written to /workspace/builds/worker-7-tc1/source/Cargo.toml
[INFO] validating manifest of crates.io crate test-tag 0.1.6 on toolchain 1.99.0-beta.8
[INFO] running `Command { std: CARGO_HOME="/workspace/cargo-home" RUSTUP_HOME="/workspace/rustup-home" "/workspace/cargo-home/bin/cargo" "+1.99.0-beta.8" "metadata" "--manifest-path" "Cargo.toml" "--no-deps", kill_on_drop: false }`
[INFO] crate crates.io crate test-tag 0.1.6 already has a lockfile, it will not be regenerated
[INFO] running `Command { std: CARGO_HOME="/workspace/cargo-home" RUSTUP_HOME="/workspace/rustup-home" "/workspace/cargo-home/bin/cargo" "+1.99.0-beta.8" "fetch" "--manifest-path" "Cargo.toml", kill_on_drop: false }`
[INFO] [stderr]  Downloading crates ...
[INFO] [stderr]   Downloaded trybuild v1.0.114
[INFO] [stderr]   Downloaded env_logger v0.11.8
[INFO] [stderr]   Downloaded env_filter v0.1.4
[INFO] running `Command { std: "docker" "create" "-v" "/var/lib/crater-agent-workspace/builds/worker-7-tc1/source:/opt/rustwide/workdir:ro,Z" "-v" "/var/lib/crater-agent-workspace/builds/worker-7-tc1/target:/opt/rustwide/target:rw,Z" "-v" "/var/lib/crater-agent-workspace/cargo-home:/opt/rustwide/cargo-home:ro,Z" "-v" "/var/lib/crater-agent-workspace/rustup-home:/opt/rustwide/rustup-home:ro,Z" "-m" "1610612736" "--network" "none" "ghcr.io/rust-lang/crates-build-env/linux@sha256:77db811e55d90add9212f6832c23229e3de5f1c1f9905e8cb07319ea15df73ac" "sleep" "infinity", kill_on_drop: false }`
[INFO] [stdout] 3dd08e36cc793963b84cdc0a159ce33a09e27adc21bf752580ac041e41bc3db1
[INFO] running `Command { std: "docker" "start" "3dd08e36cc793963b84cdc0a159ce33a09e27adc21bf752580ac041e41bc3db1", kill_on_drop: false }`
[INFO] running `Command { std: "docker" "inspect" "3dd08e36cc793963b84cdc0a159ce33a09e27adc21bf752580ac041e41bc3db1", kill_on_drop: false }`
[INFO] running `Command { std: "docker" "exec" "-e" "SOURCE_DIR=/opt/rustwide/workdir" "-e" "CARGO_HOME=/opt/rustwide/cargo-home" "-e" "RUSTUP_HOME=/opt/rustwide/rustup-home" "-e" "CARGO_TARGET_DIR=/opt/rustwide/target" "-w" "/opt/rustwide/workdir" "--user" "0:0" "3dd08e36cc793963b84cdc0a159ce33a09e27adc21bf752580ac041e41bc3db1" "/opt/rustwide/cargo-home/bin/cargo" "+1.99.0-beta.8" "metadata" "--no-deps" "--format-version=1", kill_on_drop: false }`
[INFO] running `Command { std: "docker" "inspect" "3dd08e36cc793963b84cdc0a159ce33a09e27adc21bf752580ac041e41bc3db1", kill_on_drop: false }`
[INFO] running `Command { std: "docker" "exec" "-e" "SOURCE_DIR=/opt/rustwide/workdir" "-e" "CARGO_HOME=/opt/rustwide/cargo-home" "-e" "RUSTUP_HOME=/opt/rustwide/rustup-home" "-e" "CARGO_TARGET_DIR=/opt/rustwide/target" "-e" "CARGO_INCREMENTAL=0" "-e" "RUST_BACKTRACE=full" "-e" "RUSTFLAGS=--cap-lints=warn" "-e" "RUSTDOCFLAGS=--cap-lints=warn" "-w" "/opt/rustwide/workdir" "--user" "0:0" "3dd08e36cc793963b84cdc0a159ce33a09e27adc21bf752580ac041e41bc3db1" "/opt/rustwide/cargo-home/bin/cargo" "+1.99.0-beta.8" "build" "--frozen" "--message-format=json" "--release", kill_on_drop: false }`
[INFO] [stderr]    Compiling proc-macro2 v1.0.106
[INFO] [stderr]    Compiling quote v1.0.44
[INFO] [stderr]    Compiling syn v2.0.114
[INFO] [stderr]    Compiling test-tag v0.1.6 (/opt/rustwide/workdir)
[INFO] [stderr]     Finished `release` profile [optimized] target(s) in 9.34s
[INFO] running `Command { std: "docker" "inspect" "3dd08e36cc793963b84cdc0a159ce33a09e27adc21bf752580ac041e41bc3db1", kill_on_drop: false }`
[INFO] running `Command { std: "docker" "exec" "-e" "SOURCE_DIR=/opt/rustwide/workdir" "-e" "CARGO_HOME=/opt/rustwide/cargo-home" "-e" "RUSTUP_HOME=/opt/rustwide/rustup-home" "-e" "CARGO_TARGET_DIR=/opt/rustwide/target" "-e" "CARGO_INCREMENTAL=0" "-e" "RUST_BACKTRACE=full" "-e" "RUSTFLAGS=--cap-lints=warn" "-e" "RUSTDOCFLAGS=--cap-lints=warn" "-w" "/opt/rustwide/workdir" "--user" "0:0" "3dd08e36cc793963b84cdc0a159ce33a09e27adc21bf752580ac041e41bc3db1" "/opt/rustwide/cargo-home/bin/cargo" "+1.99.0-beta.8" "test" "--frozen" "--no-run" "--message-format=json" "--release", kill_on_drop: false }`
[INFO] [stderr]    Compiling zmij v1.0.17
[INFO] [stderr]    Compiling target-triple v1.0.0
[INFO] [stderr]    Compiling serde_derive v1.0.228
[INFO] [stderr]    Compiling anyhow v1.0.100
[INFO] [stderr]    Compiling test-log-macros v0.2.19
[INFO] [stderr]    Compiling tokio-macros v2.6.0
[INFO] [stderr]    Compiling utf8parse v0.2.2
[INFO] [stderr]    Compiling proc-macro2 v1.0.106
[INFO] [stderr]    Compiling anstyle-parse v0.2.7
[INFO] [stderr]    Compiling is_terminal_polyfill v1.70.2
[INFO] [stderr]    Compiling colorchoice v1.0.4
[INFO] [stderr]    Compiling unicode-ident v1.0.22
[INFO] [stderr]    Compiling anstyle-query v1.1.5
[INFO] [stderr]    Compiling anstyle v1.0.13
[INFO] [stderr]    Compiling log v0.4.29
[INFO] [stderr]    Compiling winnow v0.7.14
[INFO] [stderr]    Compiling anstream v0.6.21
[INFO] [stderr]    Compiling quote v1.0.44
[INFO] [stderr]    Compiling env_filter v0.1.4
[INFO] [stderr]    Compiling toml_parser v1.0.6+spec-1.1.0
[INFO] [stderr]    Compiling toml_datetime v0.7.5+spec-1.1.0
[INFO] [stderr]    Compiling serde_spanned v1.0.4
[INFO] [stderr]    Compiling serde_json v1.0.149
[INFO] [stderr]    Compiling itoa v1.0.17
[INFO] [stderr]    Compiling memchr v2.7.6
[INFO] [stderr]    Compiling toml_writer v1.0.6+spec-1.1.0
[INFO] [stderr]    Compiling toml v0.9.11+spec-1.1.0
[INFO] [stderr]    Compiling env_logger v0.11.8
[INFO] [stderr]    Compiling test-tag v0.1.6 (/opt/rustwide/workdir)
[INFO] [stderr]    Compiling termcolor v1.4.1
[INFO] [stderr]    Compiling glob v0.3.3
[INFO] [stderr]    Compiling pin-project-lite v0.2.16
[INFO] [stderr]    Compiling tokio v1.49.0
[INFO] [stderr]    Compiling serde v1.0.228
[INFO] [stderr]    Compiling test-log v0.2.19
[INFO] [stderr]    Compiling syn v2.0.114
[INFO] [stderr]    Compiling maplit v1.0.2
[INFO] [stderr]    Compiling trybuild v1.0.114
[INFO] [stderr]     Finished `release` profile [optimized] target(s) in 1m 24s
[INFO] running `Command { std: "docker" "inspect" "3dd08e36cc793963b84cdc0a159ce33a09e27adc21bf752580ac041e41bc3db1", kill_on_drop: false }`
[INFO] running `Command { std: "docker" "exec" "-e" "SOURCE_DIR=/opt/rustwide/workdir" "-e" "CARGO_HOME=/opt/rustwide/cargo-home" "-e" "RUSTUP_HOME=/opt/rustwide/rustup-home" "-e" "CARGO_TARGET_DIR=/opt/rustwide/target" "-e" "CARGO_INCREMENTAL=0" "-e" "RUST_BACKTRACE=full" "-e" "RUSTFLAGS=--cap-lints=warn" "-e" "RUSTDOCFLAGS=--cap-lints=warn" "-w" "/opt/rustwide/workdir" "--user" "0:0" "3dd08e36cc793963b84cdc0a159ce33a09e27adc21bf752580ac041e41bc3db1" "/opt/rustwide/cargo-home/bin/cargo" "+1.99.0-beta.8" "test" "--frozen" "--release", kill_on_drop: false }`
[INFO] [stderr]     Finished `release` profile [optimized] target(s) in 0.13s
[INFO] [stderr]      Running unittests src/lib.rs (/opt/rustwide/target/release/deps/test_tag-6809974c21cf07f9)
[INFO] [stdout] 
[INFO] [stdout] running 1 test
[INFO] [stdout] test tests::test_tag_attr_recognition ... ok
[INFO] [stdout] 
[INFO] [stdout] test result: ok. 1 passed; 0 failed; 0 ignored; 0 measured; 0 filtered out; finished in 0.00s
[INFO] [stdout] 
[INFO] [stderr]      Running tests/failures.rs (/opt/rustwide/target/release/deps/failures-ec920e9212bb0df2)
[INFO] [stdout] 
[INFO] [stdout] running 1 test
[INFO] [stderr]    Compiling proc-macro2 v1.0.106
[INFO] [stderr]    Compiling quote v1.0.44
[INFO] [stderr]    Compiling unicode-ident v1.0.22
[INFO] [stderr]    Compiling serde_core v1.0.228
[INFO] [stderr]     Checking utf8parse v0.2.2
[INFO] [stderr]     Checking anstyle-parse v0.2.7
[INFO] [stderr]     Checking anstyle v1.0.13
[INFO] [stderr]     Checking anstyle-query v1.1.5
[INFO] [stderr]    Compiling zmij v1.0.17
[INFO] [stderr]     Checking is_terminal_polyfill v1.70.2
[INFO] [stderr]     Checking log v0.4.29
[INFO] [stderr]     Checking colorchoice v1.0.4
[INFO] [stderr]     Checking env_filter v0.1.4
[INFO] [stderr]     Checking anstream v0.6.21
[INFO] [stderr]    Compiling serde v1.0.228
[INFO] [stderr]    Compiling serde_json v1.0.149
[INFO] [stderr]    Compiling anyhow v1.0.100
[INFO] [stderr]     Checking memchr v2.7.6
[INFO] [stderr]     Checking env_logger v0.11.8
[INFO] [stderr]     Checking pin-project-lite v0.2.16
[INFO] [stderr]     Checking itoa v1.0.17
[INFO] [stderr]     Checking maplit v1.0.2
[INFO] [stderr]     Checking syn v2.0.114
[INFO] [stderr]    Compiling tokio-macros v2.6.0
[INFO] [stderr]    Compiling serde_derive v1.0.228
[INFO] [stderr]    Compiling test-log-macros v0.2.19
[INFO] [stderr]    Compiling test-tag v0.1.6 (/opt/rustwide/workdir)
[INFO] [stderr]     Checking test-log v0.2.19
[INFO] [stderr]     Checking tokio v1.49.0
[INFO] [stderr]     Checking test-tag-tests v0.0.0 (/opt/rustwide/target/tests/trybuild/test-tag)
[INFO] [stderr]     Finished `dev` profile [unoptimized + debuginfo] target(s) in 24.28s
[INFO] [stderr] 
[INFO] [stderr] 
[INFO] [stderr] test tests/fail/invalid-tags.rs ... ok
[INFO] [stderr] test tests/fail/missing-tag-1.rs ... ok
[INFO] [stderr] test tests/fail/missing-tag-2.rs ... mismatch
[INFO] [stderr] 
[INFO] [stderr] EXPECTED:
[INFO] [stderr] ┈┈┈┈┈┈┈┈┈┈┈┈┈┈┈┈┈┈┈┈┈┈┈┈┈┈┈┈┈┈┈┈┈┈┈┈┈┈┈┈┈┈┈┈┈┈┈┈┈┈┈┈┈┈┈┈┈┈┈┈
[INFO] [stderr] error: expected identifier
[INFO] [stderr]  --> tests/fail/missing-tag-2.rs:6:3
[INFO] [stderr]   |
[INFO] [stderr] 6 | #[test_tag::tag]
[INFO] [stderr]   |   ^^^^^^^^^^^^^
[INFO] [stderr] 
[INFO] [stderr] error[E0601]: `main` function not found in crate `$CRATE`
[INFO] [stderr]  --> tests/fail/missing-tag-2.rs:8:21
[INFO] [stderr]   |
[INFO] [stderr] 8 | fn cant_compile() {}
[INFO] [stderr]   |                     ^ consider adding a `main` function to `$DIR/tests/fail/missing-tag-2.rs`
[INFO] [stderr] ┈┈┈┈┈┈┈┈┈┈┈┈┈┈┈┈┈┈┈┈┈┈┈┈┈┈┈┈┈┈┈┈┈┈┈┈┈┈┈┈┈┈┈┈┈┈┈┈┈┈┈┈┈┈┈┈┈┈┈┈
[INFO] [stderr] 
[INFO] [stderr] ACTUAL OUTPUT:
[INFO] [stderr] ┈┈┈┈┈┈┈┈┈┈┈┈┈┈┈┈┈┈┈┈┈┈┈┈┈┈┈┈┈┈┈┈┈┈┈┈┈┈┈┈┈┈┈┈┈┈┈┈┈┈┈┈┈┈┈┈┈┈┈┈
[INFO] [stderr] error: expected identifier
[INFO] [stderr]  --> tests/fail/missing-tag-2.rs:6:3
[INFO] [stderr]   |
[INFO] [stderr] 6 | #[test_tag::tag]
[INFO] [stderr]   |   ^^^^^^^^
[INFO] [stderr] 
[INFO] [stderr] error[E0601]: `main` function not found in crate `$CRATE`
[INFO] [stderr]  --> tests/fail/missing-tag-2.rs:8:21
[INFO] [stderr]   |
[INFO] [stderr] 8 | fn cant_compile() {}
[INFO] [stderr]   |                     ^ consider adding a `main` function to `$DIR/tests/fail/missing-tag-2.rs`
[INFO] [stderr] ┈┈┈┈┈┈┈┈┈┈┈┈┈┈┈┈┈┈┈┈┈┈┈┈┈┈┈┈┈┈┈┈┈┈┈┈┈┈┈┈┈┈┈┈┈┈┈┈┈┈┈┈┈┈┈┈┈┈┈┈
[INFO] [stderr] note: If the actual output is the correct output you can bless it by rerunning
[INFO] [stderr]       your test with the environment variable TRYBUILD=overwrite
[INFO] [stderr] 
[INFO] [stderr] test tests/fail/unsupported-tag-syntax-1.rs ... ok
[INFO] [stderr] test tests/fail/unsupported-tag-syntax-2.rs ... ok
[INFO] [stderr] 
[INFO] [stderr] 
[INFO] [stdout] test failures ... FAILED
[INFO] [stdout] 
[INFO] [stdout] failures:
[INFO] [stdout] 
[INFO] [stdout] ---- failures stdout ----
[INFO] [stdout] 
[INFO] [stdout] thread 'failures' (1118) panicked at /opt/rustwide/cargo-home/registry/src/index.crates.io-1949cf8c6b5b557f/trybuild-1.0.114/src/run.rs:102:13:
[INFO] [stdout] 1 of 5 tests failed
[INFO] [stdout] stack backtrace:
[INFO] [stdout]    0:     0x60efdcf03ab1 - <<std[70759c8f55707aa4]::sys::backtrace::BacktraceLock>::print::DisplayBacktrace as core[df12db4294e9bfd3]::fmt::Display>::fmt
[INFO] [stdout]    1:     0x60efdcf1a13a - core[df12db4294e9bfd3]::fmt::write
[INFO] [stdout]    2:     0x60efdcf0857c - <alloc[2182bb758b4b3781]::vec::Vec<u8> as core[df12db4294e9bfd3]::io::write::Write>::write_fmt
[INFO] [stdout]    3:     0x60efdcedcf96 - std[70759c8f55707aa4]::panicking::default_hook::{closure#0}
[INFO] [stdout]    4:     0x60efdcefb129 - std[70759c8f55707aa4]::panicking::default_hook
[INFO] [stdout]    5:     0x60efdcdec950 - test[9d35eded1c95d3be]::test_main_inner::<test[9d35eded1c95d3be]::test_main_static::{closure#0}>::{closure#0}
[INFO] [stdout]    6:     0x60efdcefb2e2 - std[70759c8f55707aa4]::panicking::panic_with_hook
[INFO] [stdout]    7:     0x60efdcedd042 - std[70759c8f55707aa4]::panicking::panic_handler::{closure#0}
[INFO] [stdout]    8:     0x60efdced5909 - std[70759c8f55707aa4]::sys::backtrace::__rust_end_short_backtrace::<std[70759c8f55707aa4]::panicking::panic_handler::{closure#0}, !>
[INFO] [stdout]    9:     0x60efdceddc3d - __rustc[8fa7c3cbc660c2b3]::rust_begin_unwind
[INFO] [stdout]   10:     0x60efdcf1a8ac - core[df12db4294e9bfd3]::panicking::panic_fmt
[INFO] [stdout]   11:     0x60efdce26dab - <trybuild[34850e0d72fc38d9]::Runner>::run
[INFO] [stdout]   12:     0x60efdce2a040 - <trybuild[34850e0d72fc38d9]::TestCases as core[df12db4294e9bfd3]::ops::drop::Drop>::drop
[INFO] [stdout]   13:     0x60efdcddf9c8 - failures[c9a1fbdaa079f0e1]::failures
[INFO] [stdout]   14:     0x60efdcddfbc9 - <failures[c9a1fbdaa079f0e1]::failures::{closure#0} as core[df12db4294e9bfd3]::ops::function::FnOnce<()>>::call_once
[INFO] [stdout]   15:     0x60efdcddfc3b - test[9d35eded1c95d3be]::__rust_begin_short_backtrace::<core[df12db4294e9bfd3]::result::Result<(), alloc[2182bb758b4b3781]::string::String>, fn() -> core[df12db4294e9bfd3]::result::Result<(), alloc[2182bb758b4b3781]::string::String>>
[INFO] [stdout]   16:     0x60efdcded2a5 - test[9d35eded1c95d3be]::run_test::{closure#0}
[INFO] [stdout]   17:     0x60efdcde6b64 - std[70759c8f55707aa4]::sys::backtrace::__rust_begin_short_backtrace::<test[9d35eded1c95d3be]::run_test::{closure#1}, ()>
[INFO] [stdout]   18:     0x60efdcdf0402 - <std[70759c8f55707aa4]::thread::lifecycle::spawn_unchecked<test[9d35eded1c95d3be]::run_test::{closure#1}, ()>::{closure#1} as core[df12db4294e9bfd3]::ops::function::FnOnce<()>>::call_once::{shim:vtable#0}
[INFO] [stdout]   19:     0x60efdcf02d69 - <std[70759c8f55707aa4]::sys::thread::unix::Thread>::new::thread_start
[INFO] [stdout]   20:     0x7e57aa2b0dfa - <unknown>
[INFO] [stdout]   21:     0x7e57aa3443d4 - clone
[INFO] [stdout]   22:                0x0 - <unknown>
[INFO] [stdout] 
[INFO] [stdout] 
[INFO] [stdout] failures:
[INFO] [stdout]     failures
[INFO] [stdout] 
[INFO] [stdout] test result: FAILED. 0 passed; 1 failed; 0 ignored; 0 measured; 0 filtered out; finished in 25.20s
[INFO] [stdout] 
[INFO] [stderr] error: test failed, to rerun pass `--test failures`
[INFO] running `Command { std: "docker" "inspect" "3dd08e36cc793963b84cdc0a159ce33a09e27adc21bf752580ac041e41bc3db1", kill_on_drop: false }`
[INFO] running `Command { std: "docker" "rm" "-f" "3dd08e36cc793963b84cdc0a159ce33a09e27adc21bf752580ac041e41bc3db1", kill_on_drop: false }`
[INFO] [stdout] 3dd08e36cc793963b84cdc0a159ce33a09e27adc21bf752580ac041e41bc3db1
