[INFO] fetching crate test-r-core 12.0.0...
[INFO] testing test-r-core-12.0.0 against 1.100.0-beta.1+cargoflags=--release for beta-release-1.100-2
[INFO] extracting crate test-r-core 12.0.0 into /workspace/builds/worker-3-tc2/source
[INFO] started tweaking crates.io crate test-r-core 12.0.0
[INFO] finished tweaking crates.io crate test-r-core 12.0.0
[INFO] tweaked toml for crates.io crate test-r-core 12.0.0 written to /workspace/builds/worker-3-tc2/source/Cargo.toml
[INFO] validating manifest of crates.io crate test-r-core 12.0.0 on toolchain 1.100.0-beta.1
[INFO] running `Command { std: CARGO_HOME="/workspace/cargo-home" RUSTUP_HOME="/workspace/rustup-home" "/workspace/cargo-home/bin/cargo" "+1.100.0-beta.1" "metadata" "--manifest-path" "Cargo.toml" "--no-deps", kill_on_drop: false }`
[INFO] crate crates.io crate test-r-core 12.0.0 already has a lockfile, it will not be regenerated
[INFO] running `Command { std: CARGO_HOME="/workspace/cargo-home" RUSTUP_HOME="/workspace/rustup-home" "/workspace/cargo-home/bin/cargo" "+1.100.0-beta.1" "fetch" "--manifest-path" "Cargo.toml", kill_on_drop: false }`
[INFO] [stderr] warning: `package.homepage` is redundant with `package.repository`
[INFO] [stderr]   --> Cargo.toml:85:12
[INFO] [stderr]    |
[INFO] [stderr] 85 | homepage = "https://github.com/vigoo/test-r"
[INFO] [stderr]    |            ^^^^^^^^^^^^^^^^^^^^^^^^^^^^^^^^^
[INFO] [stderr] ...
[INFO] [stderr] 89 | repository = "https://github.com/vigoo/test-r"
[INFO] [stderr]    |              ---------------------------------
[INFO] [stderr]    |
[INFO] [stderr]    = note: `cargo::redundant_homepage` is set to `warn` by default
[INFO] [stderr] help: consider removing `package.homepage`
[INFO] [stderr] warning: `test-r-core` (manifest) generated 1 warning
[INFO] running `Command { std: "docker" "create" "-v" "/var/lib/crater-agent-workspace/builds/worker-3-tc2/source:/opt/rustwide/workdir:ro,Z" "-v" "/var/lib/crater-agent-workspace/builds/worker-3-tc2/target:/opt/rustwide/target:rw,Z" "-v" "/var/lib/crater-agent-workspace/cargo-home:/opt/rustwide/cargo-home:ro,Z" "-v" "/var/lib/crater-agent-workspace/rustup-home:/opt/rustwide/rustup-home:ro,Z" "-m" "1610612736" "--network" "none" "ghcr.io/rust-lang/crates-build-env/linux@sha256:77db811e55d90add9212f6832c23229e3de5f1c1f9905e8cb07319ea15df73ac" "sleep" "infinity", kill_on_drop: false }`
[INFO] [stdout] 39c040689087fe8543be63a1029cbc68a0258525a98ffbec0bd9241e6d310124
[INFO] running `Command { std: "docker" "start" "39c040689087fe8543be63a1029cbc68a0258525a98ffbec0bd9241e6d310124", kill_on_drop: false }`
[INFO] running `Command { std: "docker" "inspect" "39c040689087fe8543be63a1029cbc68a0258525a98ffbec0bd9241e6d310124", kill_on_drop: false }`
[INFO] running `Command { std: "docker" "exec" "-e" "SOURCE_DIR=/opt/rustwide/workdir" "-e" "CARGO_HOME=/opt/rustwide/cargo-home" "-e" "RUSTUP_HOME=/opt/rustwide/rustup-home" "-e" "CARGO_TARGET_DIR=/opt/rustwide/target" "-w" "/opt/rustwide/workdir" "--user" "0:0" "39c040689087fe8543be63a1029cbc68a0258525a98ffbec0bd9241e6d310124" "/opt/rustwide/cargo-home/bin/cargo" "+1.100.0-beta.1" "metadata" "--no-deps" "--format-version=1", kill_on_drop: false }`
[INFO] running `Command { std: "docker" "inspect" "39c040689087fe8543be63a1029cbc68a0258525a98ffbec0bd9241e6d310124", kill_on_drop: false }`
[INFO] running `Command { std: "docker" "exec" "-e" "SOURCE_DIR=/opt/rustwide/workdir" "-e" "CARGO_HOME=/opt/rustwide/cargo-home" "-e" "RUSTUP_HOME=/opt/rustwide/rustup-home" "-e" "CARGO_TARGET_DIR=/opt/rustwide/target" "-e" "CARGO_INCREMENTAL=0" "-e" "RUST_BACKTRACE=full" "-e" "RUSTFLAGS=--cap-lints=warn" "-e" "RUSTDOCFLAGS=--cap-lints=warn" "-w" "/opt/rustwide/workdir" "--user" "0:0" "39c040689087fe8543be63a1029cbc68a0258525a98ffbec0bd9241e6d310124" "/opt/rustwide/cargo-home/bin/cargo" "+1.100.0-beta.1" "build" "--frozen" "--message-format=json" "--release", kill_on_drop: false }`
[INFO] [stderr] warning: `package.homepage` is redundant with `package.repository`
[INFO] [stderr]   --> Cargo.toml:85:12
[INFO] [stderr]    |
[INFO] [stderr] 85 | homepage = "https://github.com/vigoo/test-r"
[INFO] [stderr]    |            ^^^^^^^^^^^^^^^^^^^^^^^^^^^^^^^^^
[INFO] [stderr] ...
[INFO] [stderr] 89 | repository = "https://github.com/vigoo/test-r"
[INFO] [stderr]    |              ---------------------------------
[INFO] [stderr]    |
[INFO] [stderr]    = note: `cargo::redundant_homepage` is set to `warn` by default
[INFO] [stderr] help: consider removing `package.homepage`
[INFO] [stderr] warning: `test-r-core` (manifest) generated 1 warning
[INFO] [stderr]    Compiling libc v0.2.190
[INFO] [stderr]    Compiling num-traits v0.2.19
[INFO] [stderr]    Compiling bigdecimal v0.4.11
[INFO] [stderr]    Compiling chrono-tz v0.10.4
[INFO] [stderr]    Compiling siphasher v1.0.4
[INFO] [stderr]    Compiling crc32fast v1.5.2
[INFO] [stderr]    Compiling iana-time-zone v0.1.65
[INFO] [stderr]    Compiling syn v3.0.9
[INFO] [stderr]    Compiling num-integer v0.1.47
[INFO] [stderr]    Compiling libm v0.2.16
[INFO] [stderr]    Compiling foldhash v0.2.0
[INFO] [stderr]    Compiling futures-channel v0.3.34
[INFO] [stderr]    Compiling serde_json v1.0.154
[INFO] [stderr]    Compiling chrono v0.4.45
[INFO] [stderr]    Compiling castaway v0.2.4
[INFO] [stderr]    Compiling nonempty-collections v1.4.0
[INFO] [stderr]    Compiling phf_shared v0.12.1
[INFO] [stderr]    Compiling hashbrown v0.16.1
[INFO] [stderr]    Compiling flate2 v1.1.10
[INFO] [stderr]    Compiling lazy_static v1.5.1
[INFO] [stderr]    Compiling bytes v1.12.1
[INFO] [stderr]    Compiling num-bigint v0.4.8
[INFO] [stderr]    Compiling phf v0.12.1
[INFO] [stderr]    Compiling anstyle-query v1.1.1
[INFO] [stderr]    Compiling uuid v1.28.0
[INFO] [stderr]    Compiling anstream v0.6.15
[INFO] [stderr]    Compiling smallvec v1.16.3
[INFO] [stderr]    Compiling clap_lex v1.1.1
[INFO] [stderr]    Compiling lock_api v0.4.14
[INFO] [stderr]    Compiling clap_derive v4.5.55
[INFO] [stderr]    Compiling semver v1.0.28
[INFO] [stderr]    Compiling doctest-file v1.1.1
[INFO] [stderr]    Compiling clap_builder v4.5.60
[INFO] [stderr]    Compiling anstyle-wincon v3.0.4
[INFO] [stderr]    Compiling quick-xml v0.41.0
[INFO] [stderr]    Compiling topological-sort v0.2.2
[INFO] [stderr]    Compiling escape8259 v0.5.4
[INFO] [stderr]    Compiling getrandom v0.4.3
[INFO] [stderr]    Compiling errno v0.3.14
[INFO] [stderr]    Compiling socket2 v0.6.5
[INFO] [stderr]    Compiling mio v1.2.4
[INFO] [stderr]    Compiling parking_lot_core v0.9.12
[INFO] [stderr]    Compiling signal-hook-registry v1.4.8
[INFO] [stderr]    Compiling rand v0.10.3
[INFO] [stderr]    Compiling parking_lot v0.12.5
[INFO] [stderr]    Compiling clap v4.5.60
[INFO] [stderr]    Compiling futures-macro v0.3.34
[INFO] [stderr]    Compiling tokio-macros v2.7.2
[INFO] [stderr]    Compiling serde_derive v1.0.229
[INFO] [stderr]    Compiling tokio v1.53.2
[INFO] [stderr]    Compiling futures-util v0.3.34
[INFO] [stderr]    Compiling serde v1.0.229
[INFO] [stderr]    Compiling ctrf-rs v0.1.0
[INFO] [stderr]    Compiling desert_core v0.2.2
[INFO] [stderr]    Compiling futures-executor v0.3.34
[INFO] [stderr]    Compiling futures v0.3.34
[INFO] [stderr]    Compiling interprocess v2.4.5
[INFO] [stderr]    Compiling desert_macro v0.1.11
[INFO] [stderr]    Compiling desert_rust v0.1.11
[INFO] [stderr]    Compiling test-r-core v12.0.0 (/opt/rustwide/workdir)
[INFO] [stderr] warning: unused dependency `anstyle-wincon`
[INFO] [stderr]   --> Cargo.toml:10:15
[INFO] [stderr]    |
[INFO] [stderr] 10 | [dependencies.anstyle-wincon]
[INFO] [stderr]    |               ^^^^^^^^^^^^^^^
[INFO] [stderr]    |
[INFO] [stderr]    = note: `cargo::unused_dependencies` is set to `warn` by default
[INFO] [stderr] help: consider removing the dependency on `anstyle-wincon`
[INFO] [stderr] warning: `test-r-core` (manifest) generated 1 warning
[INFO] [stderr]     Finished `release` profile [optimized] target(s) in 1m 05s
[INFO] running `Command { std: "docker" "inspect" "39c040689087fe8543be63a1029cbc68a0258525a98ffbec0bd9241e6d310124", kill_on_drop: false }`
[INFO] running `Command { std: "docker" "exec" "-e" "SOURCE_DIR=/opt/rustwide/workdir" "-e" "CARGO_HOME=/opt/rustwide/cargo-home" "-e" "RUSTUP_HOME=/opt/rustwide/rustup-home" "-e" "CARGO_TARGET_DIR=/opt/rustwide/target" "-e" "CARGO_INCREMENTAL=0" "-e" "RUST_BACKTRACE=full" "-e" "RUSTFLAGS=--cap-lints=warn" "-e" "RUSTDOCFLAGS=--cap-lints=warn" "-w" "/opt/rustwide/workdir" "--user" "0:0" "39c040689087fe8543be63a1029cbc68a0258525a98ffbec0bd9241e6d310124" "/opt/rustwide/cargo-home/bin/cargo" "+1.100.0-beta.1" "test" "--frozen" "--no-run" "--message-format=json" "--release", kill_on_drop: false }`
[INFO] [stderr] warning: `package.homepage` is redundant with `package.repository`
[INFO] [stderr]   --> Cargo.toml:85:12
[INFO] [stderr]    |
[INFO] [stderr] 85 | homepage = "https://github.com/vigoo/test-r"
[INFO] [stderr]    |            ^^^^^^^^^^^^^^^^^^^^^^^^^^^^^^^^^
[INFO] [stderr] ...
[INFO] [stderr] 89 | repository = "https://github.com/vigoo/test-r"
[INFO] [stderr]    |              ---------------------------------
[INFO] [stderr]    |
[INFO] [stderr]    = note: `cargo::redundant_homepage` is set to `warn` by default
[INFO] [stderr] help: consider removing `package.homepage`
[INFO] [stderr] warning: `test-r-core` (manifest) generated 1 warning
[INFO] [stderr]    Compiling diff v0.1.13
[INFO] [stderr]    Compiling yansi v1.0.1
[INFO] [stderr]    Compiling pretty_assertions v1.4.1
[INFO] [stderr]    Compiling test-r-core v12.0.0 (/opt/rustwide/workdir)
[INFO] [stderr] warning: unused dependency `anstyle-wincon`
[INFO] [stderr]   --> Cargo.toml:10:15
[INFO] [stderr]    |
[INFO] [stderr] 10 | [dependencies.anstyle-wincon]
[INFO] [stderr]    |               ^^^^^^^^^^^^^^^
[INFO] [stderr]    |
[INFO] [stderr]    = note: `cargo::unused_dependencies` is set to `warn` by default
[INFO] [stderr] help: consider removing the dependency on `anstyle-wincon`
[INFO] [stderr] warning: `test-r-core` (manifest) generated 1 warning
[INFO] [stderr]     Finished `release` profile [optimized] target(s) in 15.49s
[INFO] running `Command { std: "docker" "inspect" "39c040689087fe8543be63a1029cbc68a0258525a98ffbec0bd9241e6d310124", kill_on_drop: false }`
[INFO] running `Command { std: "docker" "exec" "-e" "SOURCE_DIR=/opt/rustwide/workdir" "-e" "CARGO_HOME=/opt/rustwide/cargo-home" "-e" "RUSTUP_HOME=/opt/rustwide/rustup-home" "-e" "CARGO_TARGET_DIR=/opt/rustwide/target" "-e" "CARGO_INCREMENTAL=0" "-e" "RUST_BACKTRACE=full" "-e" "RUSTFLAGS=--cap-lints=warn" "-e" "RUSTDOCFLAGS=--cap-lints=warn" "-w" "/opt/rustwide/workdir" "--user" "0:0" "39c040689087fe8543be63a1029cbc68a0258525a98ffbec0bd9241e6d310124" "/opt/rustwide/cargo-home/bin/cargo" "+1.100.0-beta.1" "test" "--frozen" "--release", kill_on_drop: false }`
[INFO] [stderr] warning: `package.homepage` is redundant with `package.repository`
[INFO] [stderr]   --> Cargo.toml:85:12
[INFO] [stderr]    |
[INFO] [stderr] 85 | homepage = "https://github.com/vigoo/test-r"
[INFO] [stderr]    |            ^^^^^^^^^^^^^^^^^^^^^^^^^^^^^^^^^
[INFO] [stderr] ...
[INFO] [stderr] 89 | repository = "https://github.com/vigoo/test-r"
[INFO] [stderr]    |              ---------------------------------
[INFO] [stderr]    |
[INFO] [stderr]    = note: `cargo::redundant_homepage` is set to `warn` by default
[INFO] [stderr] help: consider removing `package.homepage`
[INFO] [stderr] warning: `test-r-core` (manifest) generated 1 warning
[INFO] [stderr] warning: unused dependency `anstyle-wincon`
[INFO] [stderr]   --> Cargo.toml:10:15
[INFO] [stderr]    |
[INFO] [stderr] 10 | [dependencies.anstyle-wincon]
[INFO] [stderr]    |               ^^^^^^^^^^^^^^^
[INFO] [stderr]    |
[INFO] [stderr]    = note: `cargo::unused_dependencies` is set to `warn` by default
[INFO] [stderr] help: consider removing the dependency on `anstyle-wincon`
[INFO] [stderr] warning: `test-r-core` (manifest) generated 1 warning
[INFO] [stderr]     Finished `release` profile [optimized] target(s) in 0.15s
[INFO] [stderr]      Running unittests src/lib.rs (/opt/rustwide/target/release/build/test-r-core/7f4978335e0643e6/out/test_r_core-7f4978335e0643e6)
[INFO] [stdout] 
[INFO] [stdout] running 98 tests
[INFO] [stdout] test args::tests::worker_index_absent_round_trip_stays_none ... ok
[INFO] [stdout] test args::tests::verify_cli ... ok
[INFO] [stdout] test args::tests::is_top_level_parent_when_ipc_unset ... ok
[INFO] [stdout] test execution::tests::async_hosted_rpc_dispatch_blocking_rejects_current_thread_runtime ... ok
[INFO] [stdout] test execution::tests::cloneable_value_routing_uses_qualified_id_across_modules ... ok
[INFO] [stdout] test execution::tests::cloneable_wire_collection_runs_constructor_once_and_encodes_value ... ok
[INFO] [stdout] test execution::tests::collect_parent_shared_handles_same_named_dep_shadowing_across_modules ... ok
[INFO] [stdout] test args::tests::ipc_worker_is_not_top_level_parent ... ok
[INFO] [stdout] test execution::tests::async_hosted_descriptor_collection_awaits_async_constructor ... ok
[INFO] [stdout] test args::tests::worker_index_round_trips_through_to_args_and_parse ... ok
[INFO] [stdout] test execution::tests::async_cloneable_wire_collection_awaits_async_constructor ... ok
[INFO] [stdout] test execution::tests::has_hosted_dependencies_reports_correctly ... ok
[INFO] [stdout] test execution::tests::hosted_descriptor_routing_uses_qualified_id_across_modules ... ok
[INFO] [stdout] test execution::tests::hosted_descriptor_collection_runs_owner_once_and_keeps_it_alive ... ok
[INFO] [stdout] test execution::tests::hosted_dep_with_owner_dependencies_constructs_in_parent_context ... ok
[INFO] [stdout] test execution::tests::hosted_rpc_in_process_transport_routes_to_owner_cell ... ok
[INFO] [stdout] test execution::tests::hosted_rpc_owner_cells_collected_once_and_keyed_by_qualified_id ... ok
[INFO] [stdout] test execution::tests::hosted_rpc_in_process_transport_returns_transport_error_on_unknown_dep_id ... ok
[INFO] [stdout] test execution::tests::collect_parent_shared_skips_sibling_perworker_dep_constructor ... ok
[INFO] [stdout] test execution::tests::hosted_rpc_in_process_transport_returns_dispatch_error_on_unknown_method ... ok
[INFO] [stdout] test execution::tests::no_spawn_lifecycle_runs_transitive_perworker_constructor_exactly_once ... ok
[INFO] [stdout] test execution::tests::parent_constructed_shared_values_captured_for_transitive_inputs ... ok
[INFO] [stdout] test execution::tests::hosted_no_spawn_workers_uses_worker_side_handle ... ok
[INFO] [stdout] test execution::tests::hosted_rpc_owner_dependencies_construct_in_parent_context ... ok
[INFO] [stdout] test execution::tests::hosted_owner_runs_exactly_once_even_when_collecting_multiple_times ... ok
[INFO] [stdout] test execution::tests::hosted_rpc_owner_panic_surfaces_then_poisons ... ok
[INFO] [stdout] test execution::tests::perworker_dep_not_rematerialised_when_descendant_subtree_is_locked ... ok
[INFO] [stdout] test execution::tests::exhausted_worker_retires_without_stranding_locked_sequential_test ... ok
[INFO] [stdout] test execution::tests::provide_cloneable_value_short_circuits_constructor ... ok
[INFO] [stdout] test host_capture::tests::attribute_records_to_tests_handles_overlapping_windows ... ok
[INFO] [stdout] test host_capture::tests::read_spill_file_drops_truncated_tail ... ok
[INFO] [stdout] test execution::tests::perworker_dep_not_rematerialised_when_descendant_subtree_is_locked_async ... ok
[INFO] [stdout] test execution::tests::provided_shared_value_is_a_worker_side_leaf ... ok
[INFO] [stdout] test execution::tests::prune_unused_deps_retains_companion_when_only_one_half_is_referenced ... ok
[INFO] [stdout] test execution::tests::reserving_final_test_does_not_end_ipc_worker_lifetime ... ok
[INFO] [stdout] test execution::tests::hosted_descriptor_roundtrips_to_worker_value_via_provide_cloneable_value ... ok
[INFO] [stdout] test execution::tests::hosted_rpc_in_process_transport_round_trips_large_payload_exceeding_64_kib ... ok
[INFO] [stdout] test execution::tests::async_hosted_rpc_owner_panic_surfaces_then_poisons ... ok
[INFO] [stdout] test hosted_helper_tests::make_hosted_both_codec_serializes_descriptor_bytes ... ok
[INFO] [stdout] test hosted_helper_tests::make_hosted_both_rpc_factory_builds_stub ... ok
[INFO] [stdout] test hosted_helper_tests::make_hosted_worker_reconstructor_is_async_under_tokio ... ok
[INFO] [stdout] test execution::tests::hosted_rpc_in_process_transport_multiplexes_concurrent_calls_from_threads ... ok
[INFO] [stdout] test host_capture::tests::read_spill_file_missing_returns_empty_vec ... ok
[INFO] [stdout] test hosted_helper_tests::make_hosted_codec_round_trips_descriptor_bytes ... ok
[INFO] [stdout] test internal::error_reporting_tests::panic_render_includes_location ... ok
[INFO] [stdout] test host_capture::tests::attribute_records_to_tests_inserts_host_lines_for_matching_window ... ok
[INFO] [stdout] test internal::error_reporting_tests::panic_with_assert_eq ... ok
[INFO] [stdout] test internal::error_reporting_tests::panic_with_location_info ... ok
[INFO] [stdout] test internal::error_reporting_tests::detached_thread_panic_ignored_with_policy ... ok
[INFO] [stdout] test internal::error_reporting_tests::should_panic_with_message_matching ... ok
[INFO] [stdout] test internal::error_reporting_tests::should_panic_with_wrong_message ... ok
[INFO] [stdout] test internal::error_reporting_tests::pretty_assertions_diff ... FAILED
[INFO] [stdout] test internal::error_reporting_tests::detached_thread_panic_detected ... ok
[INFO] [stdout] test execution::tests::async_hosted_rpc_in_process_transport_routes_to_async_cell ... ok
[INFO] [stdout] test internal::error_reporting_tests::anyhow_error ... ok
[INFO] [stdout] test internal::filter_tests::filter_test_substring_match ... ok
[INFO] [stdout] test internal::error_reporting_tests::std_io_error ... ok
[INFO] [stdout] test hosted_helper_tests::make_hosted_both_rpc_factory_extracts_owner_cell ... ok
[INFO] [stdout] test internal::error_reporting_tests::failure_cause_variants ... ok
[INFO] [stdout] test internal::error_reporting_tests::string_error ... ok
[INFO] [stdout] test internal::filter_tests::filter_test_exact_match ... ok
[INFO] [stdout] test internal::filter_tests::filter_test_tag_and_expression ... ok
[INFO] [stdout] test internal::filter_tests::filter_test_tag_match ... ok
[INFO] [stdout] test internal::filter_tests::filter_test_tag_mixed_and_or ... ok
[INFO] [stdout] test internal::filter_tests::include_and_skip_combined ... ok
[INFO] [stdout] test internal::error_reporting_tests::detached_task_panic_detected ... ok
[INFO] [stdout] test internal::filter_tests::filter_test_tag_or_expression ... ok
[INFO] [stdout] test internal::filter_tests::include_by_tag_or_expression ... ok
[INFO] [stdout] test host_capture::tests::read_spill_file_round_trips_records_in_order ... ok
[INFO] [stdout] test internal::filter_tests::multiple_filters_or_semantics ... ok
[INFO] [stdout] test internal::filter_tests::filter_test_tag_exact_flag_does_not_affect_tags ... ok
[INFO] [stdout] test internal::filter_tests::single_filter_substring ... ok
[INFO] [stdout] test internal::filter_tests::skip_by_tag_and_expression ... ok
[INFO] [stdout] test internal::filter_tests::skip_exact_match ... ok
[INFO] [stdout] test internal::filter_tests::skip_with_tag ... ok
[INFO] [stdout] test internal::hosted_dep_blanket_bridge_tests::blanket_impl_exposes_sync_hosted_dep_via_async_api ... ok
[INFO] [stdout] test internal::hosted_rpc_blanket_bridge_tests::blanket_impl_exposes_sync_hosted_rpc_dep_via_async_api ... ok
[INFO] [stdout] test internal::filter_tests::skip_substring_match ... ok
[INFO] [stdout] test internal::filter_tests::filter_test_tag_empty_matches_untagged ... ok
[INFO] [stdout] test internal::filter_tests::matrix_auto_tag_coexists_with_explicit_tags ... ok
[INFO] [stdout] test internal::filter_tests::matrix_dim_case_tag_selects_exactly_one_case ... ok
[INFO] [stdout] test internal::filter_tests::matrix_dim_case_tags_select_subset_per_dimension ... ok
[INFO] [stdout] test internal::filter_tests::multiple_filters_exact ... ok
[INFO] [stdout] test internal::filter_tests::no_filters_includes_all ... ok
[INFO] [stdout] test ipc::tests::read_frame_propagates_eof ... ok
[INFO] [stdout] test internal::filter_tests::skip_wins_over_include ... ok
[INFO] [stdout] test ipc::tests::worker_lifetime_and_parent_scheduler_capacity_are_distinct ... ok
[INFO] [stdout] test ipc::tests::write_then_read_round_trip_empty ... ok
[INFO] [stdout] test internal::hosted_rpc_blanket_bridge_tests::bridged_async_dispatch_round_trips_sync_owner_bytes ... ok
[INFO] [stdout] test ipc::tests::write_then_read_round_trip_large_payload_exceeds_u16 ... ok
[INFO] [stdout] test ipc::tests::write_then_read_round_trip_small ... ok
[INFO] [stdout] test hosted_helper_tests::make_hosted_both_shared_captures_descriptor_bytes ... ok
[INFO] [stdout] test worker::tests::defaults_to_zero_when_unset ... ok
[INFO] [stdout] test ipc::tests::async_round_trip_large_payload_exceeds_u16 ... ok
[INFO] [stdout] test execution::tests::async_hosted_rpc_owner_dispatches_through_async_cell ... ok
[INFO] [stdout] test execution::tests::async_hosted_rpc_dispatch_blocking_drives_async_cell ... ok
[INFO] [stdout] test hosted_helper_tests::make_hosted_both_shared_exposes_owner_arc ... ok
[INFO] [stdout] test execution::tests::async_hosted_rpc_owner_poison_blocks_concurrent_waiter ... ok
[INFO] [stdout] 
[INFO] [stdout] failures:
[INFO] [stdout] 
[INFO] [stdout] ---- internal::error_reporting_tests::pretty_assertions_diff stdout ----
[INFO] [stdout] === pretty_assertions failure message ===
[INFO] [stdout] assertion failed: `(left == right)`
[INFO] [stdout] 
[INFO] [stdout] [1mDiff[0m [31m< left[0m / [32mright >[0m :
[INFO] [stdout]  hello world
[INFO] [stdout] [31m<[0m[1;48;5;52;31mfoo[0m
[INFO] [stdout] [32m>[0m[1;48;5;22;32mbaz[0m
[INFO] [stdout]  bar
[INFO] [stdout]  
[INFO] [stdout] 
[INFO] [stdout] 
[INFO] [stdout] ===
[INFO] [stdout] === pretty_assertions rendered ===
[INFO] [stdout] assertion failed: `(left == right)`
[INFO] [stdout] 
[INFO] [stdout] [1mDiff[0m [31m< left[0m / [32mright >[0m :
[INFO] [stdout]  hello world
[INFO] [stdout] [31m<[0m[1;48;5;52;31mfoo[0m
[INFO] [stdout] [32m>[0m[1;48;5;22;32mbaz[0m
[INFO] [stdout]  bar
[INFO] [stdout]  
[INFO] [stdout] 
[INFO] [stdout] 
[INFO] [stdout]   at src/internal.rs:2730:13
[INFO] [stdout] 
[INFO] [stdout] Stack backtrace:
[INFO] [stdout]    0: test_r_core::panic_hook::install_panic_hook::{closure#0}::{closure#0}
[INFO] [stdout]    1: std::panicking::panic_with_hook
[INFO] [stdout]    2: std::panicking::panic_handler::{closure#0}
[INFO] [stdout]    3: std::sys::backtrace::__rust_end_short_backtrace::<std::panicking::panic_handler::{closure#0}, !>
[INFO] [stdout]    4: __rustc::rust_begin_unwind
[INFO] [stdout]    5: core::panicking::panic_fmt
[INFO] [stdout]    6: test_r_core::internal::error_reporting_tests::pretty_assertions_diff::{closure#0}
[INFO] [stdout]    7: test_r_core::internal::error_reporting_tests::simulate_runner::<test_r_core::internal::error_reporting_tests::pretty_assertions_diff::{closure#0}>
[INFO] [stdout]    8: test_r_core::internal::error_reporting_tests::pretty_assertions_diff
[INFO] [stdout]    9: <test_r_core::internal::error_reporting_tests::pretty_assertions_diff::{closure#0} as core::ops::function::FnOnce<()>>::call_once
[INFO] [stdout]   10: test::__rust_begin_short_backtrace::<core::result::Result<(), alloc::string::String>, fn() -> core::result::Result<(), alloc::string::String>>
[INFO] [stdout]   11: test::run_test::{closure#0}
[INFO] [stdout]   12: std::sys::backtrace::__rust_begin_short_backtrace::<test::run_test::{closure#1}, ()>
[INFO] [stdout]   13: <std::thread::lifecycle::spawn_unchecked<test::run_test::{closure#1}, ()>::{closure#1} as core::ops::function::FnOnce<()>>::call_once::{shim:vtable#0}
[INFO] [stdout]   14: <std::sys::thread::unix::Thread>::new::thread_start
[INFO] [stdout]   15: <unknown>
[INFO] [stdout]   16: clone
[INFO] [stdout] 
[INFO] [stdout] ===
[INFO] [stdout] 
[INFO] [stdout] thread 'internal::error_reporting_tests::pretty_assertions_diff' (1514) panicked at src/internal.rs:2756:9:
[INFO] [stdout] Expected no backtrace noise in rendered output, got: assertion failed: `(left == right)`
[INFO] [stdout] 
[INFO] [stdout] [1mDiff[0m [31m< left[0m / [32mright >[0m :
[INFO] [stdout]  hello world
[INFO] [stdout] [31m<[0m[1;48;5;52;31mfoo[0m
[INFO] [stdout] [32m>[0m[1;48;5;22;32mbaz[0m
[INFO] [stdout]  bar
[INFO] [stdout]  
[INFO] [stdout] 
[INFO] [stdout] 
[INFO] [stdout]   at src/internal.rs:2730:13
[INFO] [stdout] 
[INFO] [stdout] Stack backtrace:
[INFO] [stdout]    0: test_r_core::panic_hook::install_panic_hook::{closure#0}::{closure#0}
[INFO] [stdout]    1: std::panicking::panic_with_hook
[INFO] [stdout]    2: std::panicking::panic_handler::{closure#0}
[INFO] [stdout]    3: std::sys::backtrace::__rust_end_short_backtrace::<std::panicking::panic_handler::{closure#0}, !>
[INFO] [stdout]    4: __rustc::rust_begin_unwind
[INFO] [stdout]    5: core::panicking::panic_fmt
[INFO] [stdout]    6: test_r_core::internal::error_reporting_tests::pretty_assertions_diff::{closure#0}
[INFO] [stdout]    7: test_r_core::internal::error_reporting_tests::simulate_runner::<test_r_core::internal::error_reporting_tests::pretty_assertions_diff::{closure#0}>
[INFO] [stdout]    8: test_r_core::internal::error_reporting_tests::pretty_assertions_diff
[INFO] [stdout]    9: <test_r_core::internal::error_reporting_tests::pretty_assertions_diff::{closure#0} as core::ops::function::FnOnce<()>>::call_once
[INFO] [stdout]   10: test::__rust_begin_short_backtrace::<core::result::Result<(), alloc::string::String>, fn() -> core::result::Result<(), alloc::string::String>>
[INFO] [stdout]   11: test::run_test::{closure#0}
[INFO] [stdout]   12: std::sys::backtrace::__rust_begin_short_backtrace::<test::run_test::{closure#1}, ()>
[INFO] [stdout]   13: <std::thread::lifecycle::spawn_unchecked<test::run_test::{closure#1}, ()>::{closure#1} as core::ops::function::FnOnce<()>>::call_once::{shim:vtable#0}
[INFO] [stdout]   14: <std::sys::thread::unix::Thread>::new::thread_start
[INFO] [stdout]   15: <unknown>
[INFO] [stdout]   16: clone
[INFO] [stdout] 
[INFO] [stdout] stack backtrace:
[INFO] [stdout]    0:     0x6499697e3c61 - <<std[617be2ca0a6fd877]::sys::backtrace::BacktraceLock>::print::DisplayBacktrace as core[a373ad73a504971]::fmt::Display>::fmt
[INFO] [stdout]    1:     0x6499697f9b4a - core[a373ad73a504971]::fmt::write
[INFO] [stdout]    2:     0x6499697e944c - <alloc[2e1b2a31b91974c5]::vec::Vec<u8> as core[a373ad73a504971]::io::write::Write>::write_fmt
[INFO] [stdout]    3:     0x6499697be136 - std[617be2ca0a6fd877]::panicking::default_hook::{closure#0}
[INFO] [stdout]    4:     0x6499697dba09 - std[617be2ca0a6fd877]::panicking::default_hook
[INFO] [stdout]    5:     0x649969705720 - test[aada8e7e76ba119b]::test_main_inner::{closure#0}
[INFO] [stdout]    6:     0x6499697dbd32 - std[617be2ca0a6fd877]::panicking::panic_with_hook
[INFO] [stdout]    7:     0x6499697be1e2 - std[617be2ca0a6fd877]::panicking::panic_handler::{closure#0}
[INFO] [stdout]    8:     0x6499697b6849 - std[617be2ca0a6fd877]::sys::backtrace::__rust_end_short_backtrace::<std[617be2ca0a6fd877]::panicking::panic_handler::{closure#0}, !>
[INFO] [stdout]    9:     0x6499697beefd - __rustc[ea4f61d10b84890b]::rust_begin_unwind
[INFO] [stdout]   10:     0x6499697fa2ac - core[a373ad73a504971]::panicking::panic_fmt
[INFO] [stdout]   11:     0x64996969fa22 - test_r_core[aa185134ae0d8a84]::internal::error_reporting_tests::pretty_assertions_diff
[INFO] [stdout]   12:     0x6499696a76b9 - <test_r_core[aa185134ae0d8a84]::internal::error_reporting_tests::pretty_assertions_diff::{closure#0} as core[a373ad73a504971]::ops::function::FnOnce<()>>::call_once
[INFO] [stdout]   13:     0x6499696f8b6b - test[aada8e7e76ba119b]::__rust_begin_short_backtrace::<core[a373ad73a504971]::result::Result<(), alloc[2e1b2a31b91974c5]::string::String>, fn() -> core[a373ad73a504971]::result::Result<(), alloc[2e1b2a31b91974c5]::string::String>>
[INFO] [stdout]   14:     0x649969705d45 - test[aada8e7e76ba119b]::run_test::{closure#0}
[INFO] [stdout]   15:     0x6499696ff634 - std[617be2ca0a6fd877]::sys::backtrace::__rust_begin_short_backtrace::<test[aada8e7e76ba119b]::run_test::{closure#1}, ()>
[INFO] [stdout]   16:     0x649969708dd2 - <std[617be2ca0a6fd877]::thread::lifecycle::spawn_unchecked<test[aada8e7e76ba119b]::run_test::{closure#1}, ()>::{closure#1} as core[a373ad73a504971]::ops::function::FnOnce<()>>::call_once::{shim:vtable#0}
[INFO] [stdout]   17:     0x6499697e30ef - <std[617be2ca0a6fd877]::sys::thread::unix::Thread>::new::thread_start
[INFO] [stdout]   18:     0x7080f1544dfa - <unknown>
[INFO] [stdout]   19:     0x7080f15d83d4 - clone
[INFO] [stdout]   20:                0x0 - <unknown>
[INFO] [stdout] 
[INFO] [stdout] 
[INFO] [stdout] failures:
[INFO] [stdout]     internal::error_reporting_tests::pretty_assertions_diff
[INFO] [stdout] 
[INFO] [stdout] test result: FAILED. 97 passed; 1 failed; 0 ignored; 0 measured; 0 filtered out; finished in 0.07s
[INFO] [stdout] 
[INFO] [stderr] error: test failed, to rerun pass `--lib`
[INFO] running `Command { std: "docker" "inspect" "39c040689087fe8543be63a1029cbc68a0258525a98ffbec0bd9241e6d310124", kill_on_drop: false }`
[INFO] running `Command { std: "docker" "rm" "-f" "39c040689087fe8543be63a1029cbc68a0258525a98ffbec0bd9241e6d310124", kill_on_drop: false }`
[INFO] [stdout] 39c040689087fe8543be63a1029cbc68a0258525a98ffbec0bd9241e6d310124
