[INFO] fetching crate test-logger 0.1.0...
[INFO] testing test-logger-0.1.0 against 1.100.0-beta.1+cargoflags=--release for beta-release-1.100-2
[INFO] extracting crate test-logger 0.1.0 into /workspace/builds/worker-1-tc2/source
[INFO] started tweaking crates.io crate test-logger 0.1.0
[INFO] finished tweaking crates.io crate test-logger 0.1.0
[INFO] tweaked toml for crates.io crate test-logger 0.1.0 written to /workspace/builds/worker-1-tc2/source/Cargo.toml
[INFO] validating manifest of crates.io crate test-logger 0.1.0 on toolchain 1.100.0-beta.1
[INFO] running `Command { std: CARGO_HOME="/workspace/cargo-home" RUSTUP_HOME="/workspace/rustup-home" "/workspace/cargo-home/bin/cargo" "+1.100.0-beta.1" "metadata" "--manifest-path" "Cargo.toml" "--no-deps", kill_on_drop: false }`
[INFO] running `Command { std: CARGO_HOME="/workspace/cargo-home" RUSTUP_HOME="/workspace/rustup-home" "/workspace/cargo-home/bin/cargo" "+1.100.0-beta.1" "generate-lockfile" "--manifest-path" "Cargo.toml", kill_on_drop: false }`
[INFO] [stderr]     Updating crates.io index
[INFO] [stderr]      Locking 14 packages to highest compatible versions
[INFO] [stderr]       Adding env_logger v0.3.5 (available: v0.11.11)
[INFO] [stderr]       Adding log v0.3.9 (available: v0.4.34)
[INFO] running `Command { std: CARGO_HOME="/workspace/cargo-home" RUSTUP_HOME="/workspace/rustup-home" "/workspace/cargo-home/bin/cargo" "+1.100.0-beta.1" "fetch" "--manifest-path" "Cargo.toml", kill_on_drop: false }`
[INFO] [stderr] warning: Cargo.toml: `package.edition` is unspecified, defaulting to `2015` while the latest is `2024`
[INFO] [stderr] warning: `package.homepage` is redundant with `package.repository`
[INFO] [stderr]   --> Cargo.toml:11:12
[INFO] [stderr]    |
[INFO] [stderr] 11 | homepage = "https://github.com/psFried/test-logger"
[INFO] [stderr]    |            ^^^^^^^^^^^^^^^^^^^^^^^^^^^^^^^^^^^^^^^^
[INFO] [stderr] ...
[INFO] [stderr] 16 | repository = "https://github.com/psFried/test-logger"
[INFO] [stderr]    |              ----------------------------------------
[INFO] [stderr]    |
[INFO] [stderr]    = note: `cargo::redundant_homepage` is set to `warn` by default
[INFO] [stderr] help: consider removing `package.homepage`
[INFO] [stderr] warning: `test-logger` (manifest) generated 2 warnings
[INFO] running `Command { std: "docker" "create" "-v" "/var/lib/crater-agent-workspace/builds/worker-1-tc2/source:/opt/rustwide/workdir:ro,Z" "-v" "/var/lib/crater-agent-workspace/builds/worker-1-tc2/target:/opt/rustwide/target:rw,Z" "-v" "/var/lib/crater-agent-workspace/cargo-home:/opt/rustwide/cargo-home:ro,Z" "-v" "/var/lib/crater-agent-workspace/rustup-home:/opt/rustwide/rustup-home:ro,Z" "-m" "1610612736" "--network" "none" "ghcr.io/rust-lang/crates-build-env/linux@sha256:77db811e55d90add9212f6832c23229e3de5f1c1f9905e8cb07319ea15df73ac" "sleep" "infinity", kill_on_drop: false }`
[INFO] [stdout] e3db70978a86ca9906b25cf694dfc72f5b15719d702c17a258d28920a9dd0c6e
[INFO] running `Command { std: "docker" "start" "e3db70978a86ca9906b25cf694dfc72f5b15719d702c17a258d28920a9dd0c6e", kill_on_drop: false }`
[INFO] running `Command { std: "docker" "inspect" "e3db70978a86ca9906b25cf694dfc72f5b15719d702c17a258d28920a9dd0c6e", kill_on_drop: false }`
[INFO] running `Command { std: "docker" "exec" "-e" "SOURCE_DIR=/opt/rustwide/workdir" "-e" "CARGO_HOME=/opt/rustwide/cargo-home" "-e" "RUSTUP_HOME=/opt/rustwide/rustup-home" "-e" "CARGO_TARGET_DIR=/opt/rustwide/target" "-w" "/opt/rustwide/workdir" "--user" "0:0" "e3db70978a86ca9906b25cf694dfc72f5b15719d702c17a258d28920a9dd0c6e" "/opt/rustwide/cargo-home/bin/cargo" "+1.100.0-beta.1" "metadata" "--no-deps" "--format-version=1", kill_on_drop: false }`
[INFO] running `Command { std: "docker" "inspect" "e3db70978a86ca9906b25cf694dfc72f5b15719d702c17a258d28920a9dd0c6e", kill_on_drop: false }`
[INFO] running `Command { std: "docker" "exec" "-e" "SOURCE_DIR=/opt/rustwide/workdir" "-e" "CARGO_HOME=/opt/rustwide/cargo-home" "-e" "RUSTUP_HOME=/opt/rustwide/rustup-home" "-e" "CARGO_TARGET_DIR=/opt/rustwide/target" "-e" "CARGO_INCREMENTAL=0" "-e" "RUST_BACKTRACE=full" "-e" "RUSTFLAGS=--cap-lints=warn" "-e" "RUSTDOCFLAGS=--cap-lints=warn" "-w" "/opt/rustwide/workdir" "--user" "0:0" "e3db70978a86ca9906b25cf694dfc72f5b15719d702c17a258d28920a9dd0c6e" "/opt/rustwide/cargo-home/bin/cargo" "+1.100.0-beta.1" "build" "--frozen" "--message-format=json" "--release", kill_on_drop: false }`
[INFO] [stderr] warning: Cargo.toml: `package.edition` is unspecified, defaulting to `2015` while the latest is `2024`
[INFO] [stderr] warning: `package.homepage` is redundant with `package.repository`
[INFO] [stderr]   --> Cargo.toml:11:12
[INFO] [stderr]    |
[INFO] [stderr] 11 | homepage = "https://github.com/psFried/test-logger"
[INFO] [stderr]    |            ^^^^^^^^^^^^^^^^^^^^^^^^^^^^^^^^^^^^^^^^
[INFO] [stderr] ...
[INFO] [stderr] 16 | repository = "https://github.com/psFried/test-logger"
[INFO] [stderr]    |              ----------------------------------------
[INFO] [stderr]    |
[INFO] [stderr]    = note: `cargo::redundant_homepage` is set to `warn` by default
[INFO] [stderr] help: consider removing `package.homepage`
[INFO] [stderr] warning: `test-logger` (manifest) generated 2 warnings
[INFO] [stderr]    Compiling winapi-build v0.1.1
[INFO] [stderr]    Compiling winapi v0.2.8
[INFO] [stderr]    Compiling memchr v0.1.11
[INFO] [stderr]    Compiling utf8-ranges v0.1.3
[INFO] [stderr]    Compiling regex-syntax v0.3.9
[INFO] [stderr]    Compiling log v0.3.9
[INFO] [stderr]    Compiling kernel32-sys v0.2.2
[INFO] [stderr]    Compiling aho-corasick v0.5.3
[INFO] [stderr]    Compiling thread-id v2.0.0
[INFO] [stderr]    Compiling thread_local v0.2.7
[INFO] [stderr]    Compiling regex v0.1.80
[INFO] [stderr]    Compiling env_logger v0.3.5
[INFO] [stderr]    Compiling test-logger v0.1.0 (/opt/rustwide/workdir)
[INFO] [stdout] warning: use of deprecated constant `std::sync::ONCE_INIT`: the `Once::new()` function is now preferred
[INFO] [stdout]  --> src/lib.rs:3:23
[INFO] [stdout]   |
[INFO] [stdout] 3 | use std::sync::{Once, ONCE_INIT};
[INFO] [stdout]   |                       ^^^^^^^^^
[INFO] [stdout]   |
[INFO] [stdout]   = note: `#[warn(deprecated)]` on by default
[INFO] [stdout] 
[INFO] [stdout] 
[INFO] [stdout] warning: use of deprecated constant `std::sync::ONCE_INIT`: the `Once::new()` function is now preferred
[INFO] [stdout]  --> src/lib.rs:5:28
[INFO] [stdout]   |
[INFO] [stdout] 5 | static LOGGER_INIT: Once = ONCE_INIT;
[INFO] [stdout]   |                            ^^^^^^^^^
[INFO] [stdout]   |
[INFO] [stdout] help: replace the use of the deprecated constant
[INFO] [stdout]   |
[INFO] [stdout] 5 - static LOGGER_INIT: Once = ONCE_INIT;
[INFO] [stdout] 5 + static LOGGER_INIT: Once = Once::new();
[INFO] [stdout]   |
[INFO] [stdout] 
[INFO] [stdout] 
[INFO] [stderr]     Finished `release` profile [optimized] target(s) in 7.30s
[INFO] running `Command { std: "docker" "inspect" "e3db70978a86ca9906b25cf694dfc72f5b15719d702c17a258d28920a9dd0c6e", kill_on_drop: false }`
[INFO] running `Command { std: "docker" "exec" "-e" "SOURCE_DIR=/opt/rustwide/workdir" "-e" "CARGO_HOME=/opt/rustwide/cargo-home" "-e" "RUSTUP_HOME=/opt/rustwide/rustup-home" "-e" "CARGO_TARGET_DIR=/opt/rustwide/target" "-e" "CARGO_INCREMENTAL=0" "-e" "RUST_BACKTRACE=full" "-e" "RUSTFLAGS=--cap-lints=warn" "-e" "RUSTDOCFLAGS=--cap-lints=warn" "-w" "/opt/rustwide/workdir" "--user" "0:0" "e3db70978a86ca9906b25cf694dfc72f5b15719d702c17a258d28920a9dd0c6e" "/opt/rustwide/cargo-home/bin/cargo" "+1.100.0-beta.1" "test" "--frozen" "--no-run" "--message-format=json" "--release", kill_on_drop: false }`
[INFO] [stderr] warning: Cargo.toml: `package.edition` is unspecified, defaulting to `2015` while the latest is `2024`
[INFO] [stderr] warning: `package.homepage` is redundant with `package.repository`
[INFO] [stderr]   --> Cargo.toml:11:12
[INFO] [stderr]    |
[INFO] [stderr] 11 | homepage = "https://github.com/psFried/test-logger"
[INFO] [stderr]    |            ^^^^^^^^^^^^^^^^^^^^^^^^^^^^^^^^^^^^^^^^
[INFO] [stderr] ...
[INFO] [stderr] 16 | repository = "https://github.com/psFried/test-logger"
[INFO] [stderr]    |              ----------------------------------------
[INFO] [stderr]    |
[INFO] [stderr]    = note: `cargo::redundant_homepage` is set to `warn` by default
[INFO] [stderr] help: consider removing `package.homepage`
[INFO] [stderr] warning: `test-logger` (manifest) generated 2 warnings
[INFO] [stdout] warning: use of deprecated constant `std::sync::ONCE_INIT`: the `Once::new()` function is now preferred
[INFO] [stdout]  --> src/lib.rs:3:23
[INFO] [stdout]   |
[INFO] [stdout] 3 | use std::sync::{Once, ONCE_INIT};
[INFO] [stdout]   |                       ^^^^^^^^^
[INFO] [stdout]   |
[INFO] [stdout]   = note: `#[warn(deprecated)]` on by default
[INFO] [stdout] 
[INFO] [stdout] 
[INFO] [stdout] warning: use of deprecated constant `std::sync::ONCE_INIT`: the `Once::new()` function is now preferred
[INFO] [stdout]  --> src/lib.rs:5:28
[INFO] [stdout]   |
[INFO] [stdout] 5 | static LOGGER_INIT: Once = ONCE_INIT;
[INFO] [stdout]   |                            ^^^^^^^^^
[INFO] [stdout]   |
[INFO] [stdout] help: replace the use of the deprecated constant
[INFO] [stdout]   |
[INFO] [stdout] 5 - static LOGGER_INIT: Once = ONCE_INIT;
[INFO] [stdout] 5 + static LOGGER_INIT: Once = Once::new();
[INFO] [stdout]   |
[INFO] [stdout] 
[INFO] [stdout] 
[INFO] [stderr]    Compiling test-logger v0.1.0 (/opt/rustwide/workdir)
[INFO] [stdout] warning: use of deprecated constant `std::sync::ONCE_INIT`: the `Once::new()` function is now preferred
[INFO] [stdout]  --> src/lib.rs:3:23
[INFO] [stdout]   |
[INFO] [stdout] 3 | use std::sync::{Once, ONCE_INIT};
[INFO] [stdout]   |                       ^^^^^^^^^
[INFO] [stdout]   |
[INFO] [stdout]   = note: `#[warn(deprecated)]` on by default
[INFO] [stdout] 
[INFO] [stdout] 
[INFO] [stdout] warning: use of deprecated constant `std::sync::ONCE_INIT`: the `Once::new()` function is now preferred
[INFO] [stdout]  --> src/lib.rs:5:28
[INFO] [stdout]   |
[INFO] [stdout] 5 | static LOGGER_INIT: Once = ONCE_INIT;
[INFO] [stdout]   |                            ^^^^^^^^^
[INFO] [stdout]   |
[INFO] [stdout] help: replace the use of the deprecated constant
[INFO] [stdout]   |
[INFO] [stdout] 5 - static LOGGER_INIT: Once = ONCE_INIT;
[INFO] [stdout] 5 + static LOGGER_INIT: Once = Once::new();
[INFO] [stdout]   |
[INFO] [stdout] 
[INFO] [stdout] 
[INFO] [stderr]     Finished `release` profile [optimized] target(s) in 0.39s
[INFO] running `Command { std: "docker" "inspect" "e3db70978a86ca9906b25cf694dfc72f5b15719d702c17a258d28920a9dd0c6e", kill_on_drop: false }`
[INFO] running `Command { std: "docker" "exec" "-e" "SOURCE_DIR=/opt/rustwide/workdir" "-e" "CARGO_HOME=/opt/rustwide/cargo-home" "-e" "RUSTUP_HOME=/opt/rustwide/rustup-home" "-e" "CARGO_TARGET_DIR=/opt/rustwide/target" "-e" "CARGO_INCREMENTAL=0" "-e" "RUST_BACKTRACE=full" "-e" "RUSTFLAGS=--cap-lints=warn" "-e" "RUSTDOCFLAGS=--cap-lints=warn" "-w" "/opt/rustwide/workdir" "--user" "0:0" "e3db70978a86ca9906b25cf694dfc72f5b15719d702c17a258d28920a9dd0c6e" "/opt/rustwide/cargo-home/bin/cargo" "+1.100.0-beta.1" "test" "--frozen" "--release", kill_on_drop: false }`
[INFO] [stderr] warning: Cargo.toml: `package.edition` is unspecified, defaulting to `2015` while the latest is `2024`
[INFO] [stderr] warning: `package.homepage` is redundant with `package.repository`
[INFO] [stderr]   --> Cargo.toml:11:12
[INFO] [stderr]    |
[INFO] [stderr] 11 | homepage = "https://github.com/psFried/test-logger"
[INFO] [stderr]    |            ^^^^^^^^^^^^^^^^^^^^^^^^^^^^^^^^^^^^^^^^
[INFO] [stderr] ...
[INFO] [stderr] 16 | repository = "https://github.com/psFried/test-logger"
[INFO] [stderr]    |              ----------------------------------------
[INFO] [stderr]    |
[INFO] [stderr]    = note: `cargo::redundant_homepage` is set to `warn` by default
[INFO] [stderr] help: consider removing `package.homepage`
[INFO] [stderr] warning: `test-logger` (manifest) generated 2 warnings
[INFO] [stderr] warning: use of deprecated constant `std::sync::ONCE_INIT`: the `Once::new()` function is now preferred
[INFO] [stderr]  --> src/lib.rs:3:23
[INFO] [stderr]   |
[INFO] [stderr] 3 | use std::sync::{Once, ONCE_INIT};
[INFO] [stderr]   |                       ^^^^^^^^^
[INFO] [stderr]   |
[INFO] [stderr]   = note: `#[warn(deprecated)]` on by default
[INFO] [stderr] 
[INFO] [stderr] warning: use of deprecated constant `std::sync::ONCE_INIT`: the `Once::new()` function is now preferred
[INFO] [stderr]  --> src/lib.rs:5:28
[INFO] [stderr]   |
[INFO] [stderr] 5 | static LOGGER_INIT: Once = ONCE_INIT;
[INFO] [stderr]   |                            ^^^^^^^^^
[INFO] [stderr]   |
[INFO] [stderr] help: replace the use of the deprecated constant
[INFO] [stderr]   |
[INFO] [stderr] 5 - static LOGGER_INIT: Once = ONCE_INIT;
[INFO] [stderr] 5 + static LOGGER_INIT: Once = Once::new();
[INFO] [stderr]   |
[INFO] [stderr] 
[INFO] [stderr] warning: `test-logger` (lib) generated 2 warnings (run `cargo fix --lib -p test-logger` to apply 1 suggestion)
[INFO] [stderr] warning: `test-logger` (lib test) generated 2 warnings (2 duplicates)
[INFO] [stderr]     Finished `release` profile [optimized] target(s) in 0.03s
[INFO] [stderr]      Running unittests src/lib.rs (/opt/rustwide/target/release/build/test-logger/3119eca322d80e03/out/test_logger-3119eca322d80e03)
[INFO] [stdout] 
[INFO] [stderr]      Running tests/should_fail.rs (/opt/rustwide/target/release/build/test-logger/aefaa91ab4f5f2b3/out/should_fail-aefaa91ab4f5f2b3)
[INFO] [stdout] running 0 tests
[INFO] [stdout] 
[INFO] [stdout] test result: ok. 0 passed; 0 failed; 0 ignored; 0 measured; 0 filtered out; finished in 0.00s
[INFO] [stdout] 
[INFO] [stdout] 
[INFO] [stdout] running 1 test
[INFO] [stderr] ERROR:should_fail: This output will be be printed by default if the test fails
[INFO] [stdout] test failing_test_has_log_output_printed_if_log_level_is_high_enough ... FAILED
[INFO] [stdout] 
[INFO] [stdout] failures:
[INFO] [stdout] 
[INFO] [stdout] ---- failing_test_has_log_output_printed_if_log_level_is_high_enough stdout ----
[INFO] [stdout] 
[INFO] [stdout] thread 'failing_test_has_log_output_printed_if_log_level_is_high_enough' (384) panicked at tests/should_fail.rs:14:5:
[INFO] [stdout] assertion `left == right` failed
[INFO] [stdout]   left: 100
[INFO] [stdout]  right: 99
[INFO] [stdout] stack backtrace:
[INFO] [stdout]    0:     0x5d54cbc9e3e1 - <<std[617be2ca0a6fd877]::sys::backtrace::BacktraceLock>::print::DisplayBacktrace as core[a373ad73a504971]::fmt::Display>::fmt
[INFO] [stdout]    1:     0x5d54cbcb28ba - core[a373ad73a504971]::fmt::write
[INFO] [stdout]    2:     0x5d54cbca25fc - <alloc[2e1b2a31b91974c5]::vec::Vec<u8> as core[a373ad73a504971]::io::write::Write>::write_fmt
[INFO] [stdout]    3:     0x5d54cbc7a846 - std[617be2ca0a6fd877]::panicking::default_hook::{closure#0}
[INFO] [stdout]    4:     0x5d54cbc96a79 - std[617be2ca0a6fd877]::panicking::default_hook
[INFO] [stdout]    5:     0x5d54cbbf2100 - test[aada8e7e76ba119b]::test_main_inner::{closure#0}
[INFO] [stdout]    6:     0x5d54cbc96c32 - std[617be2ca0a6fd877]::panicking::panic_with_hook
[INFO] [stdout]    7:     0x5d54cbc7a8f2 - std[617be2ca0a6fd877]::panicking::panic_handler::{closure#0}
[INFO] [stdout]    8:     0x5d54cbc73609 - std[617be2ca0a6fd877]::sys::backtrace::__rust_end_short_backtrace::<std[617be2ca0a6fd877]::panicking::panic_handler::{closure#0}, !>
[INFO] [stdout]    9:     0x5d54cbc7b4fd - __rustc[ea4f61d10b84890b]::rust_begin_unwind
[INFO] [stdout]   10:     0x5d54cbcb306c - core[a373ad73a504971]::panicking::panic_fmt
[INFO] [stdout]   11:     0x5d54cbcb2f83 - core[a373ad73a504971]::panicking::assert_failed_inner
[INFO] [stdout]   12:     0x5d54cbc731da - core[a373ad73a504971]::panicking::assert_failed::<u32, u32>
[INFO] [stdout]   13:     0x5d54cbbe54e1 - should_fail[34a59ab16c90f7d4]::failing_test_has_log_output_printed_if_log_level_is_high_enough
[INFO] [stdout]   14:     0x5d54cbbe54ee - <should_fail[34a59ab16c90f7d4]::failing_test_has_log_output_printed_if_log_level_is_high_enough::{closure#0} as core[a373ad73a504971]::ops::function::FnOnce<()>>::call_once
[INFO] [stdout]   15:     0x5d54cbbe554b - test[aada8e7e76ba119b]::__rust_begin_short_backtrace::<core[a373ad73a504971]::result::Result<(), alloc[2e1b2a31b91974c5]::string::String>, fn() -> core[a373ad73a504971]::result::Result<(), alloc[2e1b2a31b91974c5]::string::String>>
[INFO] [stdout]   16:     0x5d54cbbf2725 - test[aada8e7e76ba119b]::run_test::{closure#0}
[INFO] [stdout]   17:     0x5d54cbbec014 - std[617be2ca0a6fd877]::sys::backtrace::__rust_begin_short_backtrace::<test[aada8e7e76ba119b]::run_test::{closure#1}, ()>
[INFO] [stdout]   18:     0x5d54cbbf57b2 - <std[617be2ca0a6fd877]::thread::lifecycle::spawn_unchecked<test[aada8e7e76ba119b]::run_test::{closure#1}, ()>::{closure#1} as core[a373ad73a504971]::ops::function::FnOnce<()>>::call_once::{shim:vtable#0}
[INFO] [stdout]   19:     0x5d54cbc9dc3f - <std[617be2ca0a6fd877]::sys::thread::unix::Thread>::new::thread_start
[INFO] [stdout]   20:     0x7bcee9fb5dfa - <unknown>
[INFO] [stdout]   21:     0x7bceea0493d4 - clone
[INFO] [stdout]   22:                0x0 - <unknown>
[INFO] [stdout] 
[INFO] [stdout] 
[INFO] [stdout] failures:
[INFO] [stdout]     failing_test_has_log_output_printed_if_log_level_is_high_enough
[INFO] [stdout] 
[INFO] [stdout] test result: FAILED. 0 passed; 1 failed; 0 ignored; 0 measured; 0 filtered out; finished in 0.00s
[INFO] [stdout] 
[INFO] [stderr] error: test failed, to rerun pass `--test should_fail`
[INFO] running `Command { std: "docker" "inspect" "e3db70978a86ca9906b25cf694dfc72f5b15719d702c17a258d28920a9dd0c6e", kill_on_drop: false }`
[INFO] running `Command { std: "docker" "rm" "-f" "e3db70978a86ca9906b25cf694dfc72f5b15719d702c17a258d28920a9dd0c6e", kill_on_drop: false }`
[INFO] [stdout] e3db70978a86ca9906b25cf694dfc72f5b15719d702c17a258d28920a9dd0c6e
