[INFO] fetching crate test-foo-bar-ml-kem 0.0.9...
[INFO] testing test-foo-bar-ml-kem-0.0.9 against 1.99.0-beta.8+cargoflags=--release for beta-release-1.100-2
[INFO] extracting crate test-foo-bar-ml-kem 0.0.9 into /workspace/builds/worker-3-tc1/source
[INFO] started tweaking crates.io crate test-foo-bar-ml-kem 0.0.9
[INFO] removed 0 missing examples
[INFO] finished tweaking crates.io crate test-foo-bar-ml-kem 0.0.9
[INFO] tweaked toml for crates.io crate test-foo-bar-ml-kem 0.0.9 written to /workspace/builds/worker-3-tc1/source/Cargo.toml
[INFO] validating manifest of crates.io crate test-foo-bar-ml-kem 0.0.9 on toolchain 1.99.0-beta.8
[INFO] running `Command { std: CARGO_HOME="/workspace/cargo-home" RUSTUP_HOME="/workspace/rustup-home" "/workspace/cargo-home/bin/cargo" "+1.99.0-beta.8" "metadata" "--manifest-path" "Cargo.toml" "--no-deps", kill_on_drop: false }`
[INFO] crate crates.io crate test-foo-bar-ml-kem 0.0.9 already has a lockfile, it will not be regenerated
[INFO] running `Command { std: CARGO_HOME="/workspace/cargo-home" RUSTUP_HOME="/workspace/rustup-home" "/workspace/cargo-home/bin/cargo" "+1.99.0-beta.8" "fetch" "--manifest-path" "Cargo.toml", kill_on_drop: false }`
[INFO] [stderr]     Updating crates.io index
[INFO] [stderr]  Downloading crates ...
[INFO] [stderr]   Downloaded test-foo-bar-secrets v0.0.5
[INFO] [stderr]   Downloaded hax-lib-macros v0.3.6
[INFO] [stderr]   Downloaded hax-lib-macros-types v0.3.6
[INFO] [stderr]   Downloaded test-foo-bar-traits v0.0.7
[INFO] [stderr]   Downloaded test-foo-bar-platform v0.0.4
[INFO] [stderr]   Downloaded test-foo-bar-intrinsics v0.0.8
[INFO] [stderr]   Downloaded test-foo-bar-core-models v0.0.7
[INFO] [stderr]   Downloaded hax-lib v0.3.6
[INFO] [stderr]   Downloaded test-foo-bar-sha3 v0.0.10
[INFO] running `Command { std: "docker" "create" "-v" "/var/lib/crater-agent-workspace/builds/worker-3-tc1/source:/opt/rustwide/workdir:ro,Z" "-v" "/var/lib/crater-agent-workspace/builds/worker-3-tc1/target:/opt/rustwide/target:rw,Z" "-v" "/var/lib/crater-agent-workspace/cargo-home:/opt/rustwide/cargo-home:ro,Z" "-v" "/var/lib/crater-agent-workspace/rustup-home:/opt/rustwide/rustup-home:ro,Z" "-m" "1610612736" "--network" "none" "ghcr.io/rust-lang/crates-build-env/linux@sha256:77db811e55d90add9212f6832c23229e3de5f1c1f9905e8cb07319ea15df73ac" "sleep" "infinity", kill_on_drop: false }`
[INFO] [stdout] 66e96cdd3557372fd02405298b6a6beb4d76caf2c0981081aee25bb3f52a81ca
[INFO] running `Command { std: "docker" "start" "66e96cdd3557372fd02405298b6a6beb4d76caf2c0981081aee25bb3f52a81ca", kill_on_drop: false }`
[INFO] running `Command { std: "docker" "inspect" "66e96cdd3557372fd02405298b6a6beb4d76caf2c0981081aee25bb3f52a81ca", kill_on_drop: false }`
[INFO] running `Command { std: "docker" "exec" "-e" "SOURCE_DIR=/opt/rustwide/workdir" "-e" "CARGO_HOME=/opt/rustwide/cargo-home" "-e" "RUSTUP_HOME=/opt/rustwide/rustup-home" "-e" "CARGO_TARGET_DIR=/opt/rustwide/target" "-w" "/opt/rustwide/workdir" "--user" "0:0" "66e96cdd3557372fd02405298b6a6beb4d76caf2c0981081aee25bb3f52a81ca" "/opt/rustwide/cargo-home/bin/cargo" "+1.99.0-beta.8" "metadata" "--no-deps" "--format-version=1", kill_on_drop: false }`
[INFO] running `Command { std: "docker" "inspect" "66e96cdd3557372fd02405298b6a6beb4d76caf2c0981081aee25bb3f52a81ca", kill_on_drop: false }`
[INFO] running `Command { std: "docker" "exec" "-e" "SOURCE_DIR=/opt/rustwide/workdir" "-e" "CARGO_HOME=/opt/rustwide/cargo-home" "-e" "RUSTUP_HOME=/opt/rustwide/rustup-home" "-e" "CARGO_TARGET_DIR=/opt/rustwide/target" "-e" "CARGO_INCREMENTAL=0" "-e" "RUST_BACKTRACE=full" "-e" "RUSTFLAGS=--cap-lints=warn" "-e" "RUSTDOCFLAGS=--cap-lints=warn" "-w" "/opt/rustwide/workdir" "--user" "0:0" "66e96cdd3557372fd02405298b6a6beb4d76caf2c0981081aee25bb3f52a81ca" "/opt/rustwide/cargo-home/bin/cargo" "+1.99.0-beta.8" "build" "--frozen" "--message-format=json" "--release", kill_on_drop: false }`
[INFO] [stderr]    Compiling hax-lib v0.3.6
[INFO] [stderr]    Compiling test-foo-bar-intrinsics v0.0.8
[INFO] [stderr]    Compiling test-foo-bar-sha3 v0.0.10
[INFO] [stderr]    Compiling test-foo-bar-ml-kem v0.0.9 (/opt/rustwide/workdir)
[INFO] [stderr]    Compiling rand v0.10.1
[INFO] [stderr]    Compiling test-foo-bar-platform v0.0.4
[INFO] [stderr]    Compiling hax-lib-macros v0.3.6
[INFO] [stderr]    Compiling tls_codec_derive v0.4.2
[INFO] [stderr]    Compiling zeroize v1.9.0
[INFO] [stderr]    Compiling test-foo-bar-secrets v0.0.5
[INFO] [stderr]    Compiling tls_codec v0.4.2
[INFO] [stderr]    Compiling test-foo-bar-traits v0.0.7
[INFO] [stderr]     Finished `release` profile [optimized] target(s) in 43.82s
[INFO] running `Command { std: "docker" "inspect" "66e96cdd3557372fd02405298b6a6beb4d76caf2c0981081aee25bb3f52a81ca", kill_on_drop: false }`
[INFO] running `Command { std: "docker" "exec" "-e" "SOURCE_DIR=/opt/rustwide/workdir" "-e" "CARGO_HOME=/opt/rustwide/cargo-home" "-e" "RUSTUP_HOME=/opt/rustwide/rustup-home" "-e" "CARGO_TARGET_DIR=/opt/rustwide/target" "-e" "CARGO_INCREMENTAL=0" "-e" "RUST_BACKTRACE=full" "-e" "RUSTFLAGS=--cap-lints=warn" "-e" "RUSTDOCFLAGS=--cap-lints=warn" "-w" "/opt/rustwide/workdir" "--user" "0:0" "66e96cdd3557372fd02405298b6a6beb4d76caf2c0981081aee25bb3f52a81ca" "/opt/rustwide/cargo-home/bin/cargo" "+1.99.0-beta.8" "test" "--frozen" "--no-run" "--message-format=json" "--release", kill_on_drop: false }`
[INFO] [stderr]    Compiling getrandom v0.4.2
[INFO] [stderr]    Compiling zerocopy v0.8.48
[INFO] [stderr]    Compiling cc v1.2.62
[INFO] [stderr]    Compiling either v1.16.0
[INFO] [stderr]    Compiling serde_json v1.0.150
[INFO] [stderr]    Compiling regex-automata v0.4.14
[INFO] [stderr]    Compiling zerocopy-derive v0.8.48
[INFO] [stderr]    Compiling clap_builder v4.6.0
[INFO] [stderr]    Compiling page_size v0.6.0
[INFO] [stderr]    Compiling hex v0.4.3
[INFO] [stderr]    Compiling itertools v0.13.0
[INFO] [stderr]    Compiling rayon v1.12.0
[INFO] [stderr]    Compiling rand v0.10.1
[INFO] [stderr]    Compiling tinytemplate v1.2.1
[INFO] [stderr]    Compiling alloca v0.4.0
[INFO] [stderr]    Compiling test-foo-bar-traits v0.0.7
[INFO] [stderr]    Compiling test-foo-bar-sha3 v0.0.10
[INFO] [stderr]    Compiling test-foo-bar-ml-kem v0.0.9 (/opt/rustwide/workdir)
[INFO] [stderr]    Compiling clap v4.6.1
[INFO] [stderr]    Compiling regex v1.12.3
[INFO] [stderr]    Compiling criterion-plot v0.8.2
[INFO] [stderr]    Compiling half v2.7.1
[INFO] [stderr]    Compiling ciborium-ll v0.2.2
[INFO] [stderr]    Compiling ciborium v0.2.2
[INFO] [stderr]    Compiling criterion v0.8.2
[INFO] [stderr]     Finished `release` profile [optimized] target(s) in 1m 45s
[INFO] running `Command { std: "docker" "inspect" "66e96cdd3557372fd02405298b6a6beb4d76caf2c0981081aee25bb3f52a81ca", kill_on_drop: false }`
[INFO] running `Command { std: "docker" "exec" "-e" "SOURCE_DIR=/opt/rustwide/workdir" "-e" "CARGO_HOME=/opt/rustwide/cargo-home" "-e" "RUSTUP_HOME=/opt/rustwide/rustup-home" "-e" "CARGO_TARGET_DIR=/opt/rustwide/target" "-e" "CARGO_INCREMENTAL=0" "-e" "RUST_BACKTRACE=full" "-e" "RUSTFLAGS=--cap-lints=warn" "-e" "RUSTDOCFLAGS=--cap-lints=warn" "-w" "/opt/rustwide/workdir" "--user" "0:0" "66e96cdd3557372fd02405298b6a6beb4d76caf2c0981081aee25bb3f52a81ca" "/opt/rustwide/cargo-home/bin/cargo" "+1.99.0-beta.8" "test" "--frozen" "--release", kill_on_drop: false }`
[INFO] [stderr]     Finished `release` profile [optimized] target(s) in 0.18s
[INFO] [stderr]      Running unittests src/lib.rs (/opt/rustwide/target/release/deps/test_foo_bar_ml_kem-efb33a3d5993fb9b)
[INFO] [stdout] 
[INFO] [stdout] running 7 tests
[INFO] [stdout] test polynomial::tests::encoding_avx2 ... ok
[INFO] [stdout] test mlkem512::simple_kem_test ... ok
[INFO] [stdout] test polynomial::tests::encoding_interop_portable_avx2 ... ok
[INFO] [stdout] test polynomial::tests::encoding_portable ... ok
[INFO] [stdout] test mlkem768::simple_kem_test ... ok
[INFO] [stdout] test mlkem768::tests::pk_validation ... ok
[INFO] [stdout] test mlkem1024::simple_kem_test ... ok
[INFO] [stdout] 
[INFO] [stdout] test result: ok. 7 passed; 0 failed; 0 ignored; 0 measured; 0 filtered out; finished in 0.01s
[INFO] [stdout] 
[INFO] [stderr]    Doc-tests test_foo_bar_ml_kem
[INFO] [stdout] 
[INFO] [stdout] running 1 test
[INFO] [stdout] test src/lib.rs - (line 38) ... FAILED
[INFO] [stdout] 
[INFO] [stdout] failures:
[INFO] [stdout] 
[INFO] [stdout] ---- src/lib.rs - (line 38) stdout ----
[INFO] [stdout] error[E0432]: unresolved import `libcrux_ml_kem`
[INFO] [stdout]   --> src/lib.rs:54:10
[INFO] [stdout]    |
[INFO] [stdout] 54 |      use libcrux_ml_kem::*;
[INFO] [stdout]    |          ^^^^^^^^^^^^^^ use of unresolved module or unlinked crate `libcrux_ml_kem`
[INFO] [stdout]    |
[INFO] [stdout]    = help: if you wanted to use a crate named `libcrux_ml_kem`, use `cargo add libcrux_ml_kem` to add it to your `Cargo.toml`
[INFO] [stdout] 
[INFO] [stdout] error: aborting due to 1 previous error
[INFO] [stdout] 
[INFO] [stdout] For more information about this error, try `rustc --explain E0432`.
[INFO] [stdout] Couldn't compile the test.
[INFO] [stdout] 
[INFO] [stdout] failures:
[INFO] [stdout]     src/lib.rs - (line 38)
[INFO] [stdout] 
[INFO] [stdout] test result: FAILED. 0 passed; 1 failed; 0 ignored; 0 measured; 0 filtered out; finished in 0.24s
[INFO] [stdout] 
[INFO] [stderr] error: doctest failed, to rerun pass `--doc`
[INFO] running `Command { std: "docker" "inspect" "66e96cdd3557372fd02405298b6a6beb4d76caf2c0981081aee25bb3f52a81ca", kill_on_drop: false }`
[INFO] running `Command { std: "docker" "rm" "-f" "66e96cdd3557372fd02405298b6a6beb4d76caf2c0981081aee25bb3f52a81ca", kill_on_drop: false }`
[INFO] [stdout] 66e96cdd3557372fd02405298b6a6beb4d76caf2c0981081aee25bb3f52a81ca
