[INFO] fetching crate test-foo-bar-chacha20poly1305 0.0.9...
[INFO] testing test-foo-bar-chacha20poly1305-0.0.9 against 1.100.0-beta.1+cargoflags=--release for beta-release-1.100-2
[INFO] extracting crate test-foo-bar-chacha20poly1305 0.0.9 into /workspace/builds/worker-5-tc2/source
[INFO] started tweaking crates.io crate test-foo-bar-chacha20poly1305 0.0.9
[INFO] removed 0 missing tests
[INFO] finished tweaking crates.io crate test-foo-bar-chacha20poly1305 0.0.9
[INFO] tweaked toml for crates.io crate test-foo-bar-chacha20poly1305 0.0.9 written to /workspace/builds/worker-5-tc2/source/Cargo.toml
[INFO] validating manifest of crates.io crate test-foo-bar-chacha20poly1305 0.0.9 on toolchain 1.100.0-beta.1
[INFO] running `Command { std: CARGO_HOME="/workspace/cargo-home" RUSTUP_HOME="/workspace/rustup-home" "/workspace/cargo-home/bin/cargo" "+1.100.0-beta.1" "metadata" "--manifest-path" "Cargo.toml" "--no-deps", kill_on_drop: false }`
[INFO] crate crates.io crate test-foo-bar-chacha20poly1305 0.0.9 already has a lockfile, it will not be regenerated
[INFO] running `Command { std: CARGO_HOME="/workspace/cargo-home" RUSTUP_HOME="/workspace/rustup-home" "/workspace/cargo-home/bin/cargo" "+1.100.0-beta.1" "fetch" "--manifest-path" "Cargo.toml", kill_on_drop: false }`
[INFO] [stderr] warning: `package.homepage` is redundant with `package.repository`
[INFO] [stderr]   --> Cargo.toml:52:12
[INFO] [stderr]    |
[INFO] [stderr] 52 | homepage = "https://github.com/cryspen/libcrux"
[INFO] [stderr]    |            ^^^^^^^^^^^^^^^^^^^^^^^^^^^^^^^^^^^^
[INFO] [stderr] ...
[INFO] [stderr] 56 | repository = "https://github.com/cryspen/libcrux"
[INFO] [stderr]    |              ------------------------------------
[INFO] [stderr]    |
[INFO] [stderr]    = note: `cargo::redundant_homepage` is set to `warn` by default
[INFO] [stderr] help: consider removing `package.homepage`
[INFO] [stderr] warning: `test-foo-bar-chacha20poly1305` (manifest) generated 1 warning
[INFO] running `Command { std: "docker" "create" "-v" "/var/lib/crater-agent-workspace/builds/worker-5-tc2/source:/opt/rustwide/workdir:ro,Z" "-v" "/var/lib/crater-agent-workspace/builds/worker-5-tc2/target:/opt/rustwide/target:rw,Z" "-v" "/var/lib/crater-agent-workspace/cargo-home:/opt/rustwide/cargo-home:ro,Z" "-v" "/var/lib/crater-agent-workspace/rustup-home:/opt/rustwide/rustup-home:ro,Z" "-m" "1610612736" "--network" "none" "ghcr.io/rust-lang/crates-build-env/linux@sha256:77db811e55d90add9212f6832c23229e3de5f1c1f9905e8cb07319ea15df73ac" "sleep" "infinity", kill_on_drop: false }`
[INFO] [stdout] d68c221a2a467ecff1eb4ba17083a572ec99785a8d9c3ad4d45a57321761a961
[INFO] running `Command { std: "docker" "start" "d68c221a2a467ecff1eb4ba17083a572ec99785a8d9c3ad4d45a57321761a961", kill_on_drop: false }`
[INFO] running `Command { std: "docker" "inspect" "d68c221a2a467ecff1eb4ba17083a572ec99785a8d9c3ad4d45a57321761a961", kill_on_drop: false }`
[INFO] running `Command { std: "docker" "exec" "-e" "SOURCE_DIR=/opt/rustwide/workdir" "-e" "CARGO_HOME=/opt/rustwide/cargo-home" "-e" "RUSTUP_HOME=/opt/rustwide/rustup-home" "-e" "CARGO_TARGET_DIR=/opt/rustwide/target" "-w" "/opt/rustwide/workdir" "--user" "0:0" "d68c221a2a467ecff1eb4ba17083a572ec99785a8d9c3ad4d45a57321761a961" "/opt/rustwide/cargo-home/bin/cargo" "+1.100.0-beta.1" "metadata" "--no-deps" "--format-version=1", kill_on_drop: false }`
[INFO] running `Command { std: "docker" "inspect" "d68c221a2a467ecff1eb4ba17083a572ec99785a8d9c3ad4d45a57321761a961", kill_on_drop: false }`
[INFO] running `Command { std: "docker" "exec" "-e" "SOURCE_DIR=/opt/rustwide/workdir" "-e" "CARGO_HOME=/opt/rustwide/cargo-home" "-e" "RUSTUP_HOME=/opt/rustwide/rustup-home" "-e" "CARGO_TARGET_DIR=/opt/rustwide/target" "-e" "CARGO_INCREMENTAL=0" "-e" "RUST_BACKTRACE=full" "-e" "RUSTFLAGS=--cap-lints=warn" "-e" "RUSTDOCFLAGS=--cap-lints=warn" "-w" "/opt/rustwide/workdir" "--user" "0:0" "d68c221a2a467ecff1eb4ba17083a572ec99785a8d9c3ad4d45a57321761a961" "/opt/rustwide/cargo-home/bin/cargo" "+1.100.0-beta.1" "build" "--frozen" "--message-format=json" "--release", kill_on_drop: false }`
[INFO] [stderr] warning: `package.homepage` is redundant with `package.repository`
[INFO] [stderr]   --> Cargo.toml:52:12
[INFO] [stderr]    |
[INFO] [stderr] 52 | homepage = "https://github.com/cryspen/libcrux"
[INFO] [stderr]    |            ^^^^^^^^^^^^^^^^^^^^^^^^^^^^^^^^^^^^
[INFO] [stderr] ...
[INFO] [stderr] 56 | repository = "https://github.com/cryspen/libcrux"
[INFO] [stderr]    |              ------------------------------------
[INFO] [stderr]    |
[INFO] [stderr]    = note: `cargo::redundant_homepage` is set to `warn` by default
[INFO] [stderr] help: consider removing `package.homepage`
[INFO] [stderr] warning: `test-foo-bar-chacha20poly1305` (manifest) generated 1 warning
[INFO] [stderr]    Compiling hax-lib v0.3.6
[INFO] [stderr]    Compiling rand v0.10.1
[INFO] [stderr]    Compiling syn v2.0.117
[INFO] [stderr]    Compiling hax-lib-macros v0.3.6
[INFO] [stderr]    Compiling test-foo-bar-macros v0.0.4
[INFO] [stderr]    Compiling test-foo-bar-hacl-rs v0.0.6
[INFO] [stderr]    Compiling test-foo-bar-secrets v0.0.5
[INFO] [stderr]    Compiling test-foo-bar-traits v0.0.7
[INFO] [stderr]    Compiling test-foo-bar-poly1305 v0.0.7
[INFO] [stderr]    Compiling test-foo-bar-chacha20poly1305 v0.0.9 (/opt/rustwide/workdir)
[INFO] [stderr]     Finished `release` profile [optimized] target(s) in 16.05s
[INFO] running `Command { std: "docker" "inspect" "d68c221a2a467ecff1eb4ba17083a572ec99785a8d9c3ad4d45a57321761a961", kill_on_drop: false }`
[INFO] running `Command { std: "docker" "exec" "-e" "SOURCE_DIR=/opt/rustwide/workdir" "-e" "CARGO_HOME=/opt/rustwide/cargo-home" "-e" "RUSTUP_HOME=/opt/rustwide/rustup-home" "-e" "CARGO_TARGET_DIR=/opt/rustwide/target" "-e" "CARGO_INCREMENTAL=0" "-e" "RUST_BACKTRACE=full" "-e" "RUSTFLAGS=--cap-lints=warn" "-e" "RUSTDOCFLAGS=--cap-lints=warn" "-w" "/opt/rustwide/workdir" "--user" "0:0" "d68c221a2a467ecff1eb4ba17083a572ec99785a8d9c3ad4d45a57321761a961" "/opt/rustwide/cargo-home/bin/cargo" "+1.100.0-beta.1" "test" "--frozen" "--no-run" "--message-format=json" "--release", kill_on_drop: false }`
[INFO] [stderr] warning: `package.homepage` is redundant with `package.repository`
[INFO] [stderr]   --> Cargo.toml:52:12
[INFO] [stderr]    |
[INFO] [stderr] 52 | homepage = "https://github.com/cryspen/libcrux"
[INFO] [stderr]    |            ^^^^^^^^^^^^^^^^^^^^^^^^^^^^^^^^^^^^
[INFO] [stderr] ...
[INFO] [stderr] 56 | repository = "https://github.com/cryspen/libcrux"
[INFO] [stderr]    |              ------------------------------------
[INFO] [stderr]    |
[INFO] [stderr]    = note: `cargo::redundant_homepage` is set to `warn` by default
[INFO] [stderr] help: consider removing `package.homepage`
[INFO] [stderr] warning: `test-foo-bar-chacha20poly1305` (manifest) generated 1 warning
[INFO] [stderr]    Compiling getrandom v0.4.2
[INFO] [stderr]    Compiling serde_derive v1.0.228
[INFO] [stderr]    Compiling rand v0.10.1
[INFO] [stderr]    Compiling test-foo-bar-traits v0.0.7
[INFO] [stderr]    Compiling test-foo-bar-chacha20poly1305 v0.0.9 (/opt/rustwide/workdir)
[INFO] [stderr]    Compiling serde v1.0.228
[INFO] [stderr]    Compiling hex v0.4.3
[INFO] [stderr]     Finished `release` profile [optimized] target(s) in 6.54s
[INFO] running `Command { std: "docker" "inspect" "d68c221a2a467ecff1eb4ba17083a572ec99785a8d9c3ad4d45a57321761a961", kill_on_drop: false }`
[INFO] running `Command { std: "docker" "exec" "-e" "SOURCE_DIR=/opt/rustwide/workdir" "-e" "CARGO_HOME=/opt/rustwide/cargo-home" "-e" "RUSTUP_HOME=/opt/rustwide/rustup-home" "-e" "CARGO_TARGET_DIR=/opt/rustwide/target" "-e" "CARGO_INCREMENTAL=0" "-e" "RUST_BACKTRACE=full" "-e" "RUSTFLAGS=--cap-lints=warn" "-e" "RUSTDOCFLAGS=--cap-lints=warn" "-w" "/opt/rustwide/workdir" "--user" "0:0" "d68c221a2a467ecff1eb4ba17083a572ec99785a8d9c3ad4d45a57321761a961" "/opt/rustwide/cargo-home/bin/cargo" "+1.100.0-beta.1" "test" "--frozen" "--release", kill_on_drop: false }`
[INFO] [stderr] warning: `package.homepage` is redundant with `package.repository`
[INFO] [stderr]   --> Cargo.toml:52:12
[INFO] [stderr]    |
[INFO] [stderr] 52 | homepage = "https://github.com/cryspen/libcrux"
[INFO] [stderr]    |            ^^^^^^^^^^^^^^^^^^^^^^^^^^^^^^^^^^^^
[INFO] [stderr] ...
[INFO] [stderr] 56 | repository = "https://github.com/cryspen/libcrux"
[INFO] [stderr]    |              ------------------------------------
[INFO] [stderr]    |
[INFO] [stderr]    = note: `cargo::redundant_homepage` is set to `warn` by default
[INFO] [stderr] help: consider removing `package.homepage`
[INFO] [stderr] warning: `test-foo-bar-chacha20poly1305` (manifest) generated 1 warning
[INFO] [stderr]     Finished `release` profile [optimized] target(s) in 0.06s
[INFO] [stderr]      Running unittests src/lib.rs (/opt/rustwide/target/release/build/test-foo-bar-chacha20poly1305/ac0abf06299852d0/out/test_foo_bar_chacha20poly1305-ac0abf06299852d0)
[INFO] [stdout] 
[INFO] [stdout] running 6 tests
[INFO] [stdout] test xchacha20_poly1305::tests::state ... ok
[INFO] [stdout] test impl_aead_trait::tests::test_key_centric_refs ... ok
[INFO] [stdout] test impl_aead_trait::impl_xchachapoly::simple_aead_test ... ok
[INFO] [stdout] test impl_aead_trait::impl_chachapoly::simple_aead_test ... ok
[INFO] [stdout] test xchacha20_poly1305::tests::encrypt ... ok
[INFO] [stderr]      Running tests/chachapoly.rs (/opt/rustwide/target/release/build/test-foo-bar-chacha20poly1305/0c862e200d8bc05c/out/chachapoly-0c862e200d8bc05c)
[INFO] [stdout] test impl_aead_trait::tests::test_key_centric_owned ... ok
[INFO] [stdout] 
[INFO] [stdout] test result: ok. 6 passed; 0 failed; 0 ignored; 0 measured; 0 filtered out; finished in 0.01s
[INFO] [stdout] 
[INFO] [stdout] 
[INFO] [stdout] running 5 tests
[INFO] [stdout] test chachapoly_test_invalid_buffer_lengths ... ok
[INFO] [stdout] test chachapoly_self_test_rand ... ok
[INFO] [stdout] test chachapoly_self_test ... ok
[INFO] [stdout] test wycheproof ... FAILED
[INFO] [stdout] test wycheproof_xchacha ... FAILED
[INFO] [stdout] 
[INFO] [stdout] failures:
[INFO] [stdout] 
[INFO] [stdout] ---- wycheproof stdout ----
[INFO] [stdout] 
[INFO] [stdout] thread 'wycheproof' (464) panicked at tests/chachapoly.rs:17:23:
[INFO] [stdout] Couldn't open file ../tests/wycheproof/chacha20_poly1305_test.json.
[INFO] [stdout] stack backtrace:
[INFO] [stdout]    0:     0x619b5725de01 - <<std[617be2ca0a6fd877]::sys::backtrace::BacktraceLock>::print::DisplayBacktrace as core[a373ad73a504971]::fmt::Display>::fmt
[INFO] [stdout]    1:     0x619b57271f3a - core[a373ad73a504971]::fmt::write
[INFO] [stdout]    2:     0x619b5726201c - <alloc[2e1b2a31b91974c5]::vec::Vec<u8> as core[a373ad73a504971]::io::write::Write>::write_fmt
[INFO] [stdout]    3:     0x619b5723a266 - std[617be2ca0a6fd877]::panicking::default_hook::{closure#0}
[INFO] [stdout]    4:     0x619b57256499 - std[617be2ca0a6fd877]::panicking::default_hook
[INFO] [stdout]    5:     0x619b571f0950 - test[aada8e7e76ba119b]::test_main_inner::{closure#0}
[INFO] [stdout]    6:     0x619b57256652 - std[617be2ca0a6fd877]::panicking::panic_with_hook
[INFO] [stdout]    7:     0x619b5723a312 - std[617be2ca0a6fd877]::panicking::panic_handler::{closure#0}
[INFO] [stdout]    8:     0x619b57233029 - std[617be2ca0a6fd877]::sys::backtrace::__rust_end_short_backtrace::<std[617be2ca0a6fd877]::panicking::panic_handler::{closure#0}, !>
[INFO] [stdout]    9:     0x619b5723af1d - __rustc[ea4f61d10b84890b]::rust_begin_unwind
[INFO] [stdout]   10:     0x619b5727266c - core[a373ad73a504971]::panicking::panic_fmt
[INFO] [stdout]   11:     0x619b571d8a78 - <chachapoly[9a7ba7703f451bb8]::AeadTestVector as chachapoly[9a7ba7703f451bb8]::ReadFromFile>::from_file::<chachapoly[9a7ba7703f451bb8]::AeadTestVector>
[INFO] [stdout]   12:     0x619b571d9ae2 - <chachapoly[9a7ba7703f451bb8]::wycheproof::{closure#0} as core[a373ad73a504971]::ops::function::FnOnce<()>>::call_once
[INFO] [stdout]   13:     0x619b571e3d9b - test[aada8e7e76ba119b]::__rust_begin_short_backtrace::<core[a373ad73a504971]::result::Result<(), alloc[2e1b2a31b91974c5]::string::String>, fn() -> core[a373ad73a504971]::result::Result<(), alloc[2e1b2a31b91974c5]::string::String>>
[INFO] [stdout]   14:     0x619b571f0f75 - test[aada8e7e76ba119b]::run_test::{closure#0}
[INFO] [stdout]   15:     0x619b571ea864 - std[617be2ca0a6fd877]::sys::backtrace::__rust_begin_short_backtrace::<test[aada8e7e76ba119b]::run_test::{closure#1}, ()>
[INFO] [stdout]   16:     0x619b571f4002 - <std[617be2ca0a6fd877]::thread::lifecycle::spawn_unchecked<test[aada8e7e76ba119b]::run_test::{closure#1}, ()>::{closure#1} as core[a373ad73a504971]::ops::function::FnOnce<()>>::call_once::{shim:vtable#0}
[INFO] [stdout]   17:     0x619b5725d65f - <std[617be2ca0a6fd877]::sys::thread::unix::Thread>::new::thread_start
[INFO] [stdout]   18:     0x77db8981cdfa - <unknown>
[INFO] [stdout]   19:     0x77db898b03d4 - clone
[INFO] [stdout]   20:                0x0 - <unknown>
[INFO] [stdout] 
[INFO] [stdout] ---- wycheproof_xchacha stdout ----
[INFO] [stdout] 
[INFO] [stdout] thread 'wycheproof_xchacha' (465) panicked at tests/chachapoly.rs:17:23:
[INFO] [stdout] Couldn't open file ../tests/wycheproof/xchacha20_poly1305_test.json.
[INFO] [stdout] stack backtrace:
[INFO] [stdout]    0:     0x619b5725de01 - <<std[617be2ca0a6fd877]::sys::backtrace::BacktraceLock>::print::DisplayBacktrace as core[a373ad73a504971]::fmt::Display>::fmt
[INFO] [stdout]    1:     0x619b57271f3a - core[a373ad73a504971]::fmt::write
[INFO] [stdout]    2:     0x619b5726201c - <alloc[2e1b2a31b91974c5]::vec::Vec<u8> as core[a373ad73a504971]::io::write::Write>::write_fmt
[INFO] [stdout]    3:     0x619b5723a266 - std[617be2ca0a6fd877]::panicking::default_hook::{closure#0}
[INFO] [stdout]    4:     0x619b57256499 - std[617be2ca0a6fd877]::panicking::default_hook
[INFO] [stdout]    5:     0x619b571f0950 - test[aada8e7e76ba119b]::test_main_inner::{closure#0}
[INFO] [stdout]    6:     0x619b57256652 - std[617be2ca0a6fd877]::panicking::panic_with_hook
[INFO] [stdout]    7:     0x619b5723a312 - std[617be2ca0a6fd877]::panicking::panic_handler::{closure#0}
[INFO] [stdout]    8:     0x619b57233029 - std[617be2ca0a6fd877]::sys::backtrace::__rust_end_short_backtrace::<std[617be2ca0a6fd877]::panicking::panic_handler::{closure#0}, !>
[INFO] [stdout]    9:     0x619b5723af1d - __rustc[ea4f61d10b84890b]::rust_begin_unwind
[INFO] [stdout]   10:     0x619b5727266c - core[a373ad73a504971]::panicking::panic_fmt
[INFO] [stdout]   11:     0x619b571d8a78 - <chachapoly[9a7ba7703f451bb8]::AeadTestVector as chachapoly[9a7ba7703f451bb8]::ReadFromFile>::from_file::<chachapoly[9a7ba7703f451bb8]::AeadTestVector>
[INFO] [stdout]   12:     0x619b571da44d - <chachapoly[9a7ba7703f451bb8]::wycheproof_xchacha::{closure#0} as core[a373ad73a504971]::ops::function::FnOnce<()>>::call_once
[INFO] [stdout]   13:     0x619b571e3d9b - test[aada8e7e76ba119b]::__rust_begin_short_backtrace::<core[a373ad73a504971]::result::Result<(), alloc[2e1b2a31b91974c5]::string::String>, fn() -> core[a373ad73a504971]::result::Result<(), alloc[2e1b2a31b91974c5]::string::String>>
[INFO] [stdout]   14:     0x619b571f0f75 - test[aada8e7e76ba119b]::run_test::{closure#0}
[INFO] [stdout]   15:     0x619b571ea864 - std[617be2ca0a6fd877]::sys::backtrace::__rust_begin_short_backtrace::<test[aada8e7e76ba119b]::run_test::{closure#1}, ()>
[INFO] [stdout]   16:     0x619b571f4002 - <std[617be2ca0a6fd877]::thread::lifecycle::spawn_unchecked<test[aada8e7e76ba119b]::run_test::{closure#1}, ()>::{closure#1} as core[a373ad73a504971]::ops::function::FnOnce<()>>::call_once::{shim:vtable#0}
[INFO] [stdout]   17:     0x619b5725d65f - <std[617be2ca0a6fd877]::sys::thread::unix::Thread>::new::thread_start
[INFO] [stdout]   18:     0x77db8981cdfa - <unknown>
[INFO] [stdout]   19:     0x77db898b03d4 - clone
[INFO] [stdout]   20:                0x0 - <unknown>
[INFO] [stdout] 
[INFO] [stdout] 
[INFO] [stdout] failures:
[INFO] [stdout]     wycheproof
[INFO] [stdout]     wycheproof_xchacha
[INFO] [stdout] 
[INFO] [stdout] test result: FAILED. 3 passed; 2 failed; 0 ignored; 0 measured; 0 filtered out; finished in 0.00s
[INFO] [stdout] 
[INFO] [stderr] error: test failed, to rerun pass `--test chachapoly`
[INFO] running `Command { std: "docker" "inspect" "d68c221a2a467ecff1eb4ba17083a572ec99785a8d9c3ad4d45a57321761a961", kill_on_drop: false }`
[INFO] running `Command { std: "docker" "rm" "-f" "d68c221a2a467ecff1eb4ba17083a572ec99785a8d9c3ad4d45a57321761a961", kill_on_drop: false }`
[INFO] [stdout] d68c221a2a467ecff1eb4ba17083a572ec99785a8d9c3ad4d45a57321761a961
