[INFO] fetching crate test-binary 3.0.2...
[INFO] testing test-binary-3.0.2 against 1.100.0-beta.1+cargoflags=--release for beta-release-1.100-2
[INFO] extracting crate test-binary 3.0.2 into /workspace/builds/worker-4-tc2/source
[INFO] started tweaking crates.io crate test-binary 3.0.2
[INFO] removed 0 missing tests
[INFO] finished tweaking crates.io crate test-binary 3.0.2
[INFO] tweaked toml for crates.io crate test-binary 3.0.2 written to /workspace/builds/worker-4-tc2/source/Cargo.toml
[INFO] validating manifest of crates.io crate test-binary 3.0.2 on toolchain 1.100.0-beta.1
[INFO] running `Command { std: CARGO_HOME="/workspace/cargo-home" RUSTUP_HOME="/workspace/rustup-home" "/workspace/cargo-home/bin/cargo" "+1.100.0-beta.1" "metadata" "--manifest-path" "Cargo.toml" "--no-deps", kill_on_drop: false }`
[INFO] running `Command { std: CARGO_HOME="/workspace/cargo-home" RUSTUP_HOME="/workspace/rustup-home" "/workspace/cargo-home/bin/cargo" "+1.100.0-beta.1" "generate-lockfile" "--manifest-path" "Cargo.toml", kill_on_drop: false }`
[INFO] [stderr]     Updating crates.io index
[INFO] [stderr]      Locking 22 packages to highest compatible versions
[INFO] [stderr]       Adding cargo_metadata v0.15.4 (available: v0.23.1)
[INFO] [stderr]       Adding thiserror v1.0.69 (available: v2.0.21)
[INFO] running `Command { std: CARGO_HOME="/workspace/cargo-home" RUSTUP_HOME="/workspace/rustup-home" "/workspace/cargo-home/bin/cargo" "+1.100.0-beta.1" "fetch" "--manifest-path" "Cargo.toml", kill_on_drop: false }`
[INFO] [stderr] warning: `package.homepage` is redundant with `package.repository`
[INFO] [stderr]   --> Cargo.toml:28:12
[INFO] [stderr]    |
[INFO] [stderr] 28 | homepage = "https://gitlab.com/rust-test-binary/test-binary/"
[INFO] [stderr]    |            ^^^^^^^^^^^^^^^^^^^^^^^^^^^^^^^^^^^^^^^^^^^^^^^^^^
[INFO] [stderr] ...
[INFO] [stderr] 33 | repository = "https://gitlab.com/rust-test-binary/test-binary/"
[INFO] [stderr]    |              --------------------------------------------------
[INFO] [stderr]    |
[INFO] [stderr]    = note: `cargo::redundant_homepage` is set to `warn` by default
[INFO] [stderr] help: consider removing `package.homepage`
[INFO] [stderr] warning: `test-binary` (manifest) generated 1 warning
[INFO] running `Command { std: "docker" "create" "-v" "/var/lib/crater-agent-workspace/builds/worker-4-tc2/source:/opt/rustwide/workdir:ro,Z" "-v" "/var/lib/crater-agent-workspace/builds/worker-4-tc2/target:/opt/rustwide/target:rw,Z" "-v" "/var/lib/crater-agent-workspace/cargo-home:/opt/rustwide/cargo-home:ro,Z" "-v" "/var/lib/crater-agent-workspace/rustup-home:/opt/rustwide/rustup-home:ro,Z" "-m" "1610612736" "--network" "none" "ghcr.io/rust-lang/crates-build-env/linux@sha256:77db811e55d90add9212f6832c23229e3de5f1c1f9905e8cb07319ea15df73ac" "sleep" "infinity", kill_on_drop: false }`
[INFO] [stdout] a1556167bec69a0c4420ce0ceef433261d6f89ae62c2f02418d327e2ecb40d36
[INFO] running `Command { std: "docker" "start" "a1556167bec69a0c4420ce0ceef433261d6f89ae62c2f02418d327e2ecb40d36", kill_on_drop: false }`
[INFO] running `Command { std: "docker" "inspect" "a1556167bec69a0c4420ce0ceef433261d6f89ae62c2f02418d327e2ecb40d36", kill_on_drop: false }`
[INFO] running `Command { std: "docker" "exec" "-e" "SOURCE_DIR=/opt/rustwide/workdir" "-e" "CARGO_HOME=/opt/rustwide/cargo-home" "-e" "RUSTUP_HOME=/opt/rustwide/rustup-home" "-e" "CARGO_TARGET_DIR=/opt/rustwide/target" "-w" "/opt/rustwide/workdir" "--user" "0:0" "a1556167bec69a0c4420ce0ceef433261d6f89ae62c2f02418d327e2ecb40d36" "/opt/rustwide/cargo-home/bin/cargo" "+1.100.0-beta.1" "metadata" "--no-deps" "--format-version=1", kill_on_drop: false }`
[INFO] running `Command { std: "docker" "inspect" "a1556167bec69a0c4420ce0ceef433261d6f89ae62c2f02418d327e2ecb40d36", kill_on_drop: false }`
[INFO] running `Command { std: "docker" "exec" "-e" "SOURCE_DIR=/opt/rustwide/workdir" "-e" "CARGO_HOME=/opt/rustwide/cargo-home" "-e" "RUSTUP_HOME=/opt/rustwide/rustup-home" "-e" "CARGO_TARGET_DIR=/opt/rustwide/target" "-e" "CARGO_INCREMENTAL=0" "-e" "RUST_BACKTRACE=full" "-e" "RUSTFLAGS=--cap-lints=warn" "-e" "RUSTDOCFLAGS=--cap-lints=warn" "-w" "/opt/rustwide/workdir" "--user" "0:0" "a1556167bec69a0c4420ce0ceef433261d6f89ae62c2f02418d327e2ecb40d36" "/opt/rustwide/cargo-home/bin/cargo" "+1.100.0-beta.1" "build" "--frozen" "--message-format=json" "--release", kill_on_drop: false }`
[INFO] [stderr] warning: `package.homepage` is redundant with `package.repository`
[INFO] [stderr]   --> Cargo.toml:28:12
[INFO] [stderr]    |
[INFO] [stderr] 28 | homepage = "https://gitlab.com/rust-test-binary/test-binary/"
[INFO] [stderr]    |            ^^^^^^^^^^^^^^^^^^^^^^^^^^^^^^^^^^^^^^^^^^^^^^^^^^
[INFO] [stderr] ...
[INFO] [stderr] 33 | repository = "https://gitlab.com/rust-test-binary/test-binary/"
[INFO] [stderr]    |              --------------------------------------------------
[INFO] [stderr]    |
[INFO] [stderr]    = note: `cargo::redundant_homepage` is set to `warn` by default
[INFO] [stderr] help: consider removing `package.homepage`
[INFO] [stderr] warning: `test-binary` (manifest) generated 1 warning
[INFO] [stderr]    Compiling camino v1.2.6
[INFO] [stderr]    Compiling serde_json v1.0.154
[INFO] [stderr]    Compiling syn v2.0.119
[INFO] [stderr]    Compiling semver v1.0.28
[INFO] [stderr]    Compiling serde v1.0.229
[INFO] [stderr]    Compiling cargo-platform v0.1.9
[INFO] [stderr]    Compiling thiserror-impl v1.0.69
[INFO] [stderr]    Compiling thiserror v1.0.69
[INFO] [stderr]    Compiling cargo_metadata v0.15.4
[INFO] [stderr]    Compiling test-binary v3.0.2 (/opt/rustwide/workdir)
[INFO] [stderr]     Finished `release` profile [optimized] target(s) in 16.42s
[INFO] running `Command { std: "docker" "inspect" "a1556167bec69a0c4420ce0ceef433261d6f89ae62c2f02418d327e2ecb40d36", kill_on_drop: false }`
[INFO] running `Command { std: "docker" "exec" "-e" "SOURCE_DIR=/opt/rustwide/workdir" "-e" "CARGO_HOME=/opt/rustwide/cargo-home" "-e" "RUSTUP_HOME=/opt/rustwide/rustup-home" "-e" "CARGO_TARGET_DIR=/opt/rustwide/target" "-e" "CARGO_INCREMENTAL=0" "-e" "RUST_BACKTRACE=full" "-e" "RUSTFLAGS=--cap-lints=warn" "-e" "RUSTDOCFLAGS=--cap-lints=warn" "-w" "/opt/rustwide/workdir" "--user" "0:0" "a1556167bec69a0c4420ce0ceef433261d6f89ae62c2f02418d327e2ecb40d36" "/opt/rustwide/cargo-home/bin/cargo" "+1.100.0-beta.1" "test" "--frozen" "--no-run" "--message-format=json" "--release", kill_on_drop: false }`
[INFO] [stderr] warning: `package.homepage` is redundant with `package.repository`
[INFO] [stderr]   --> Cargo.toml:28:12
[INFO] [stderr]    |
[INFO] [stderr] 28 | homepage = "https://gitlab.com/rust-test-binary/test-binary/"
[INFO] [stderr]    |            ^^^^^^^^^^^^^^^^^^^^^^^^^^^^^^^^^^^^^^^^^^^^^^^^^^
[INFO] [stderr] ...
[INFO] [stderr] 33 | repository = "https://gitlab.com/rust-test-binary/test-binary/"
[INFO] [stderr]    |              --------------------------------------------------
[INFO] [stderr]    |
[INFO] [stderr]    = note: `cargo::redundant_homepage` is set to `warn` by default
[INFO] [stderr] help: consider removing `package.homepage`
[INFO] [stderr] warning: `test-binary` (manifest) generated 1 warning
[INFO] [stderr]    Compiling indoc v2.0.8
[INFO] [stderr]    Compiling test-binary v3.0.2 (/opt/rustwide/workdir)
[INFO] [stderr]     Finished `release` profile [optimized] target(s) in 4.92s
[INFO] running `Command { std: "docker" "inspect" "a1556167bec69a0c4420ce0ceef433261d6f89ae62c2f02418d327e2ecb40d36", kill_on_drop: false }`
[INFO] running `Command { std: "docker" "exec" "-e" "SOURCE_DIR=/opt/rustwide/workdir" "-e" "CARGO_HOME=/opt/rustwide/cargo-home" "-e" "RUSTUP_HOME=/opt/rustwide/rustup-home" "-e" "CARGO_TARGET_DIR=/opt/rustwide/target" "-e" "CARGO_INCREMENTAL=0" "-e" "RUST_BACKTRACE=full" "-e" "RUSTFLAGS=--cap-lints=warn" "-e" "RUSTDOCFLAGS=--cap-lints=warn" "-w" "/opt/rustwide/workdir" "--user" "0:0" "a1556167bec69a0c4420ce0ceef433261d6f89ae62c2f02418d327e2ecb40d36" "/opt/rustwide/cargo-home/bin/cargo" "+1.100.0-beta.1" "test" "--frozen" "--release", kill_on_drop: false }`
[INFO] [stderr] warning: `package.homepage` is redundant with `package.repository`
[INFO] [stderr]   --> Cargo.toml:28:12
[INFO] [stderr]    |
[INFO] [stderr] 28 | homepage = "https://gitlab.com/rust-test-binary/test-binary/"
[INFO] [stderr]    |            ^^^^^^^^^^^^^^^^^^^^^^^^^^^^^^^^^^^^^^^^^^^^^^^^^^
[INFO] [stderr] ...
[INFO] [stderr] 33 | repository = "https://gitlab.com/rust-test-binary/test-binary/"
[INFO] [stderr]    |              --------------------------------------------------
[INFO] [stderr]    |
[INFO] [stderr]    = note: `cargo::redundant_homepage` is set to `warn` by default
[INFO] [stderr] help: consider removing `package.homepage`
[INFO] [stderr] warning: `test-binary` (manifest) generated 1 warning
[INFO] [stderr]     Finished `release` profile [optimized] target(s) in 0.06s
[INFO] [stderr]      Running unittests src/lib.rs (/opt/rustwide/target/release/build/test-binary/4c31a215fecefaab/out/test_binary-4c31a215fecefaab)
[INFO] [stdout] 
[INFO] [stdout] running 4 tests
[INFO] [stdout] test stream::tests::build_with_no_binary ... ok
[INFO] [stdout] test stream::tests::build_finish_early ... ok
[INFO] [stdout] test stream::tests::error_with_line ... ok
[INFO] [stderr]      Running tests/env.rs (/opt/rustwide/target/release/build/test-binary/f8def96a08734bb0/out/env-f8def96a08734bb0)
[INFO] [stdout] test stream::tests::regular_error ... ok
[INFO] [stdout] 
[INFO] [stdout] test result: ok. 4 passed; 0 failed; 0 ignored; 0 measured; 0 filtered out; finished in 0.01s
[INFO] [stdout] 
[INFO] [stdout] 
[INFO] [stdout] running 1 test
[INFO] [stdout] test test_non_cargo_env ... ok
[INFO] [stderr]      Running tests/tests.rs (/opt/rustwide/target/release/build/test-binary/4fee66bf300600fc/out/tests-4fee66bf300600fc)
[INFO] [stdout] 
[INFO] [stdout] test result: ok. 1 passed; 0 failed; 0 ignored; 0 measured; 0 filtered out; finished in 0.00s
[INFO] [stdout] 
[INFO] [stdout] 
[INFO] [stdout] running 9 tests
[INFO] [stdout] test test_doesnt_exist ... ok
[INFO] [stdout] test test_multiple_calls_3 ... FAILED
[INFO] [stdout] test test_features ... FAILED
[INFO] [stdout] test test_multiple_calls_1 ... FAILED
[INFO] [stdout] test test_multiple_calls_4 ... FAILED
[INFO] [stdout] test test_multiple_calls_2 ... FAILED
[INFO] [stdout] test test_builds ... FAILED
[INFO] [stdout] test test_doesnt_build ... FAILED
[INFO] [stdout] test test_release ... FAILED
[INFO] [stderr] error: test failed, to rerun pass `--test tests`
[INFO] [stdout] 
[INFO] [stdout] failures:
[INFO] [stdout] 
[INFO] [stdout] ---- test_multiple_calls_3 stdout ----
[INFO] [stdout] 
[INFO] [stdout] thread 'test_multiple_calls_3' (407) panicked at tests/tests.rs:7:1:
[INFO] [stdout] called `Result::unwrap()` on an `Err` value: CargoFailure("error: manifest path `/opt/rustwide/workdir/testbins/multiple/Cargo.toml` does not exist\n")
[INFO] [stdout] stack backtrace:
[INFO] [stdout]    0:     0x64b97c050c51 - <<std[617be2ca0a6fd877]::sys::backtrace::BacktraceLock>::print::DisplayBacktrace as core[a373ad73a504971]::fmt::Display>::fmt
[INFO] [stdout]    1:     0x64b97c06528a - core[a373ad73a504971]::fmt::write
[INFO] [stdout]    2:     0x64b97c054e7c - <alloc[2e1b2a31b91974c5]::vec::Vec<u8> as core[a373ad73a504971]::io::write::Write>::write_fmt
[INFO] [stdout]    3:     0x64b97c02cae6 - std[617be2ca0a6fd877]::panicking::default_hook::{closure#0}
[INFO] [stdout]    4:     0x64b97c049159 - std[617be2ca0a6fd877]::panicking::default_hook
[INFO] [stdout]    5:     0x64b97bfbcc60 - test[aada8e7e76ba119b]::test_main_inner::{closure#0}
[INFO] [stdout]    6:     0x64b97c049312 - std[617be2ca0a6fd877]::panicking::panic_with_hook
[INFO] [stdout]    7:     0x64b97c02cb92 - std[617be2ca0a6fd877]::panicking::panic_handler::{closure#0}
[INFO] [stdout]    8:     0x64b97c0258a9 - std[617be2ca0a6fd877]::sys::backtrace::__rust_end_short_backtrace::<std[617be2ca0a6fd877]::panicking::panic_handler::{closure#0}, !>
[INFO] [stdout]    9:     0x64b97c02d79d - __rustc[ea4f61d10b84890b]::rust_begin_unwind
[INFO] [stdout]   10:     0x64b97c0659bc - core[a373ad73a504971]::panicking::panic_fmt
[INFO] [stdout]   11:     0x64b97c065792 - core[a373ad73a504971]::result::unwrap_failed
[INFO] [stdout]   12:     0x64b97bfb0024 - <tests[6bee8f49a1b676ad]::path_to_multiple::LAZY_PATH_TO_multiple::{closure#0} as core[a373ad73a504971]::ops::function::FnOnce<()>>::call_once
[INFO] [stdout]   13:     0x64b97bfaf58d - <once_cell[27dfcff84a4435be]::imp::OnceCell<std[617be2ca0a6fd877]::ffi::os_str::OsString>>::initialize::<<once_cell[27dfcff84a4435be]::sync::OnceCell<std[617be2ca0a6fd877]::ffi::os_str::OsString>>::get_or_init<<once_cell[27dfcff84a4435be]::sync::Lazy<std[617be2ca0a6fd877]::ffi::os_str::OsString>>::force::{closure#0}>::{closure#0}, <once_cell[27dfcff84a4435be]::sync::OnceCell<_>>::get_or_init::Void>::{closure#0}
[INFO] [stdout]   14:     0x64b97c018e4f - once_cell[27dfcff84a4435be]::imp::initialize_or_wait
[INFO] [stdout]   15:     0x64b97bfaf4ac - <once_cell[27dfcff84a4435be]::imp::OnceCell<std[617be2ca0a6fd877]::ffi::os_str::OsString>>::initialize::<<once_cell[27dfcff84a4435be]::sync::OnceCell<std[617be2ca0a6fd877]::ffi::os_str::OsString>>::get_or_init<<once_cell[27dfcff84a4435be]::sync::Lazy<std[617be2ca0a6fd877]::ffi::os_str::OsString>>::force::{closure#0}>::{closure#0}, <once_cell[27dfcff84a4435be]::sync::OnceCell<_>>::get_or_init::Void>
[INFO] [stdout]   16:     0x64b97bfaff01 - <tests[6bee8f49a1b676ad]::test_multiple_calls_1::{closure#0} as core[a373ad73a504971]::ops::function::FnOnce<()>>::call_once
[INFO] [stdout]   17:     0x64b97bfb00ab - test[aada8e7e76ba119b]::__rust_begin_short_backtrace::<core[a373ad73a504971]::result::Result<(), alloc[2e1b2a31b91974c5]::string::String>, fn() -> core[a373ad73a504971]::result::Result<(), alloc[2e1b2a31b91974c5]::string::String>>
[INFO] [stdout]   18:     0x64b97bfbd285 - test[aada8e7e76ba119b]::run_test::{closure#0}
[INFO] [stdout]   19:     0x64b97bfb6b74 - std[617be2ca0a6fd877]::sys::backtrace::__rust_begin_short_backtrace::<test[aada8e7e76ba119b]::run_test::{closure#1}, ()>
[INFO] [stdout]   20:     0x64b97bfc0312 - <std[617be2ca0a6fd877]::thread::lifecycle::spawn_unchecked<test[aada8e7e76ba119b]::run_test::{closure#1}, ()>::{closure#1} as core[a373ad73a504971]::ops::function::FnOnce<()>>::call_once::{shim:vtable#0}
[INFO] [stdout]   21:     0x64b97c05047f - <std[617be2ca0a6fd877]::sys::thread::unix::Thread>::new::thread_start
[INFO] [stdout]   22:     0x78a9db916dfa - <unknown>
[INFO] [stdout]   23:     0x78a9db9aa3d4 - clone
[INFO] [stdout]   24:                0x0 - <unknown>
[INFO] [stdout] 
[INFO] [stdout] ---- test_features stdout ----
[INFO] [stdout] 
[INFO] [stdout] thread 'test_features' (404) panicked at tests/tests.rs:88:28:
[INFO] [stdout] called `Result::unwrap()` on an `Err` value: CargoFailure("error: manifest path `/opt/rustwide/workdir/testbins/feature-test/Cargo.toml` does not exist\n")
[INFO] [stdout] stack backtrace:
[INFO] [stdout]    0:     0x64b97c050c51 - <<std[617be2ca0a6fd877]::sys::backtrace::BacktraceLock>::print::DisplayBacktrace as core[a373ad73a504971]::fmt::Display>::fmt
[INFO] [stdout]    1:     0x64b97c06528a - core[a373ad73a504971]::fmt::write
[INFO] [stdout]    2:     0x64b97c054e7c - <alloc[2e1b2a31b91974c5]::vec::Vec<u8> as core[a373ad73a504971]::io::write::Write>::write_fmt
[INFO] [stdout]    3:     0x64b97c02cae6 - std[617be2ca0a6fd877]::panicking::default_hook::{closure#0}
[INFO] [stdout]    4:     0x64b97c049159 - std[617be2ca0a6fd877]::panicking::default_hook
[INFO] [stdout]    5:     0x64b97bfbcc60 - test[aada8e7e76ba119b]::test_main_inner::{closure#0}
[INFO] [stdout]    6:     0x64b97c049312 - std[617be2ca0a6fd877]::panicking::panic_with_hook
[INFO] [stdout]    7:     0x64b97c02cb92 - std[617be2ca0a6fd877]::panicking::panic_handler::{closure#0}
[INFO] [stdout]    8:     0x64b97c0258a9 - std[617be2ca0a6fd877]::sys::backtrace::__rust_end_short_backtrace::<std[617be2ca0a6fd877]::panicking::panic_handler::{closure#0}, !>
[INFO] [stdout]    9:     0x64b97c02d79d - __rustc[ea4f61d10b84890b]::rust_begin_unwind
[INFO] [stdout]   10:     0x64b97c0659bc - core[a373ad73a504971]::panicking::panic_fmt
[INFO] [stdout]   11:     0x64b97c065792 - core[a373ad73a504971]::result::unwrap_failed
[INFO] [stdout]   12:     0x64b97bfafd22 - <tests[6bee8f49a1b676ad]::test_features::{closure#0} as core[a373ad73a504971]::ops::function::FnOnce<()>>::call_once
[INFO] [stdout]   13:     0x64b97bfb00ab - test[aada8e7e76ba119b]::__rust_begin_short_backtrace::<core[a373ad73a504971]::result::Result<(), alloc[2e1b2a31b91974c5]::string::String>, fn() -> core[a373ad73a504971]::result::Result<(), alloc[2e1b2a31b91974c5]::string::String>>
[INFO] [stdout]   14:     0x64b97bfbd285 - test[aada8e7e76ba119b]::run_test::{closure#0}
[INFO] [stdout]   15:     0x64b97bfb6b74 - std[617be2ca0a6fd877]::sys::backtrace::__rust_begin_short_backtrace::<test[aada8e7e76ba119b]::run_test::{closure#1}, ()>
[INFO] [stdout]   16:     0x64b97bfc0312 - <std[617be2ca0a6fd877]::thread::lifecycle::spawn_unchecked<test[aada8e7e76ba119b]::run_test::{closure#1}, ()>::{closure#1} as core[a373ad73a504971]::ops::function::FnOnce<()>>::call_once::{shim:vtable#0}
[INFO] [stdout]   17:     0x64b97c05047f - <std[617be2ca0a6fd877]::sys::thread::unix::Thread>::new::thread_start
[INFO] [stdout]   18:     0x78a9db916dfa - <unknown>
[INFO] [stdout]   19:     0x78a9db9aa3d4 - clone
[INFO] [stdout]   20:                0x0 - <unknown>
[INFO] [stdout] 
[INFO] [stdout] ---- test_multiple_calls_1 stdout ----
[INFO] [stdout] 
[INFO] [stdout] thread 'test_multiple_calls_1' (405) panicked at /opt/rustwide/cargo-home/registry/src/index.crates.io-1949cf8c6b5b557f/once_cell-1.21.4/src/lib.rs:1321:25:
[INFO] [stdout] Lazy instance has previously been poisoned
[INFO] [stdout] stack backtrace:
[INFO] [stdout]    0:     0x64b97c050c51 - <<std[617be2ca0a6fd877]::sys::backtrace::BacktraceLock>::print::DisplayBacktrace as core[a373ad73a504971]::fmt::Display>::fmt
[INFO] [stdout]    1:     0x64b97c06528a - core[a373ad73a504971]::fmt::write
[INFO] [stdout]    2:     0x64b97c054e7c - <alloc[2e1b2a31b91974c5]::vec::Vec<u8> as core[a373ad73a504971]::io::write::Write>::write_fmt
[INFO] [stdout]    3:     0x64b97c02cae6 - std[617be2ca0a6fd877]::panicking::default_hook::{closure#0}
[INFO] [stdout]    4:     0x64b97c049159 - std[617be2ca0a6fd877]::panicking::default_hook
[INFO] [stdout]    5:     0x64b97bfbcc60 - test[aada8e7e76ba119b]::test_main_inner::{closure#0}
[INFO] [stdout]    6:     0x64b97c049312 - std[617be2ca0a6fd877]::panicking::panic_with_hook
[INFO] [stdout]    7:     0x64b97c02cbc4 - std[617be2ca0a6fd877]::panicking::panic_handler::{closure#0}
[INFO] [stdout]    8:     0x64b97c0258a9 - std[617be2ca0a6fd877]::sys::backtrace::__rust_end_short_backtrace::<std[617be2ca0a6fd877]::panicking::panic_handler::{closure#0}, !>
[INFO] [stdout]    9:     0x64b97c02d79d - __rustc[ea4f61d10b84890b]::rust_begin_unwind
[INFO] [stdout]   10:     0x64b97c0659bc - core[a373ad73a504971]::panicking::panic_fmt
[INFO] [stdout]   11:     0x64b97bfaf5e0 - <once_cell[27dfcff84a4435be]::imp::OnceCell<std[617be2ca0a6fd877]::ffi::os_str::OsString>>::initialize::<<once_cell[27dfcff84a4435be]::sync::OnceCell<std[617be2ca0a6fd877]::ffi::os_str::OsString>>::get_or_init<<once_cell[27dfcff84a4435be]::sync::Lazy<std[617be2ca0a6fd877]::ffi::os_str::OsString>>::force::{closure#0}>::{closure#0}, <once_cell[27dfcff84a4435be]::sync::OnceCell<_>>::get_or_init::Void>::{closure#0}
[INFO] [stdout]   12:     0x64b97c018e4f - once_cell[27dfcff84a4435be]::imp::initialize_or_wait
[INFO] [stdout]   13:     0x64b97bfaf4ac - <once_cell[27dfcff84a4435be]::imp::OnceCell<std[617be2ca0a6fd877]::ffi::os_str::OsString>>::initialize::<<once_cell[27dfcff84a4435be]::sync::OnceCell<std[617be2ca0a6fd877]::ffi::os_str::OsString>>::get_or_init<<once_cell[27dfcff84a4435be]::sync::Lazy<std[617be2ca0a6fd877]::ffi::os_str::OsString>>::force::{closure#0}>::{closure#0}, <once_cell[27dfcff84a4435be]::sync::OnceCell<_>>::get_or_init::Void>
[INFO] [stdout]   14:     0x64b97bfaff01 - <tests[6bee8f49a1b676ad]::test_multiple_calls_1::{closure#0} as core[a373ad73a504971]::ops::function::FnOnce<()>>::call_once
[INFO] [stdout]   15:     0x64b97bfb00ab - test[aada8e7e76ba119b]::__rust_begin_short_backtrace::<core[a373ad73a504971]::result::Result<(), alloc[2e1b2a31b91974c5]::string::String>, fn() -> core[a373ad73a504971]::result::Result<(), alloc[2e1b2a31b91974c5]::string::String>>
[INFO] [stdout]   16:     0x64b97bfbd285 - test[aada8e7e76ba119b]::run_test::{closure#0}
[INFO] [stdout]   17:     0x64b97bfb6b74 - std[617be2ca0a6fd877]::sys::backtrace::__rust_begin_short_backtrace::<test[aada8e7e76ba119b]::run_test::{closure#1}, ()>
[INFO] [stdout]   18:     0x64b97bfc0312 - <std[617be2ca0a6fd877]::thread::lifecycle::spawn_unchecked<test[aada8e7e76ba119b]::run_test::{closure#1}, ()>::{closure#1} as core[a373ad73a504971]::ops::function::FnOnce<()>>::call_once::{shim:vtable#0}
[INFO] [stdout]   19:     0x64b97c05047f - <std[617be2ca0a6fd877]::sys::thread::unix::Thread>::new::thread_start
[INFO] [stdout]   20:     0x78a9db916dfa - <unknown>
[INFO] [stdout]   21:     0x78a9db9aa3d4 - clone
[INFO] [stdout]   22:                0x0 - <unknown>
[INFO] [stdout] 
[INFO] [stdout] ---- test_multiple_calls_4 stdout ----
[INFO] [stdout] 
[INFO] [stdout] thread 'test_multiple_calls_4' (408) panicked at /opt/rustwide/cargo-home/registry/src/index.crates.io-1949cf8c6b5b557f/once_cell-1.21.4/src/lib.rs:1321:25:
[INFO] [stdout] Lazy instance has previously been poisoned
[INFO] [stdout] stack backtrace:
[INFO] [stdout]    0:     0x64b97c050c51 - <<std[617be2ca0a6fd877]::sys::backtrace::BacktraceLock>::print::DisplayBacktrace as core[a373ad73a504971]::fmt::Display>::fmt
[INFO] [stdout]    1:     0x64b97c06528a - core[a373ad73a504971]::fmt::write
[INFO] [stdout]    2:     0x64b97c054e7c - <alloc[2e1b2a31b91974c5]::vec::Vec<u8> as core[a373ad73a504971]::io::write::Write>::write_fmt
[INFO] [stdout]    3:     0x64b97c02cae6 - std[617be2ca0a6fd877]::panicking::default_hook::{closure#0}
[INFO] [stdout]    4:     0x64b97c049159 - std[617be2ca0a6fd877]::panicking::default_hook
[INFO] [stdout]    5:     0x64b97bfbcc60 - test[aada8e7e76ba119b]::test_main_inner::{closure#0}
[INFO] [stdout]    6:     0x64b97c049312 - std[617be2ca0a6fd877]::panicking::panic_with_hook
[INFO] [stdout]    7:     0x64b97c02cbc4 - std[617be2ca0a6fd877]::panicking::panic_handler::{closure#0}
[INFO] [stdout]    8:     0x64b97c0258a9 - std[617be2ca0a6fd877]::sys::backtrace::__rust_end_short_backtrace::<std[617be2ca0a6fd877]::panicking::panic_handler::{closure#0}, !>
[INFO] [stdout]    9:     0x64b97c02d79d - __rustc[ea4f61d10b84890b]::rust_begin_unwind
[INFO] [stdout]   10:     0x64b97c0659bc - core[a373ad73a504971]::panicking::panic_fmt
[INFO] [stdout]   11:     0x64b97bfaf5e0 - <once_cell[27dfcff84a4435be]::imp::OnceCell<std[617be2ca0a6fd877]::ffi::os_str::OsString>>::initialize::<<once_cell[27dfcff84a4435be]::sync::OnceCell<std[617be2ca0a6fd877]::ffi::os_str::OsString>>::get_or_init<<once_cell[27dfcff84a4435be]::sync::Lazy<std[617be2ca0a6fd877]::ffi::os_str::OsString>>::force::{closure#0}>::{closure#0}, <once_cell[27dfcff84a4435be]::sync::OnceCell<_>>::get_or_init::Void>::{closure#0}
[INFO] [stdout]   12:     0x64b97c018e4f - once_cell[27dfcff84a4435be]::imp::initialize_or_wait
[INFO] [stdout]   13:     0x64b97bfaf4ac - <once_cell[27dfcff84a4435be]::imp::OnceCell<std[617be2ca0a6fd877]::ffi::os_str::OsString>>::initialize::<<once_cell[27dfcff84a4435be]::sync::OnceCell<std[617be2ca0a6fd877]::ffi::os_str::OsString>>::get_or_init<<once_cell[27dfcff84a4435be]::sync::Lazy<std[617be2ca0a6fd877]::ffi::os_str::OsString>>::force::{closure#0}>::{closure#0}, <once_cell[27dfcff84a4435be]::sync::OnceCell<_>>::get_or_init::Void>
[INFO] [stdout]   14:     0x64b97bfaff01 - <tests[6bee8f49a1b676ad]::test_multiple_calls_1::{closure#0} as core[a373ad73a504971]::ops::function::FnOnce<()>>::call_once
[INFO] [stdout]   15:     0x64b97bfb00ab - test[aada8e7e76ba119b]::__rust_begin_short_backtrace::<core[a373ad73a504971]::result::Result<(), alloc[2e1b2a31b91974c5]::string::String>, fn() -> core[a373ad73a504971]::result::Result<(), alloc[2e1b2a31b91974c5]::string::String>>
[INFO] [stdout]   16:     0x64b97bfbd285 - test[aada8e7e76ba119b]::run_test::{closure#0}
[INFO] [stdout]   17:     0x64b97bfb6b74 - std[617be2ca0a6fd877]::sys::backtrace::__rust_begin_short_backtrace::<test[aada8e7e76ba119b]::run_test::{closure#1}, ()>
[INFO] [stdout]   18:     0x64b97bfc0312 - <std[617be2ca0a6fd877]::thread::lifecycle::spawn_unchecked<test[aada8e7e76ba119b]::run_test::{closure#1}, ()>::{closure#1} as core[a373ad73a504971]::ops::function::FnOnce<()>>::call_once::{shim:vtable#0}
[INFO] [stdout]   19:     0x64b97c05047f - <std[617be2ca0a6fd877]::sys::thread::unix::Thread>::new::thread_start
[INFO] [stdout]   20:     0x78a9db916dfa - <unknown>
[INFO] [stdout]   21:     0x78a9db9aa3d4 - clone
[INFO] [stdout]   22:                0x0 - <unknown>
[INFO] [stdout] 
[INFO] [stdout] ---- test_multiple_calls_2 stdout ----
[INFO] [stdout] 
[INFO] [stdout] thread 'test_multiple_calls_2' (406) panicked at /opt/rustwide/cargo-home/registry/src/index.crates.io-1949cf8c6b5b557f/once_cell-1.21.4/src/lib.rs:1321:25:
[INFO] [stdout] Lazy instance has previously been poisoned
[INFO] [stdout] stack backtrace:
[INFO] [stdout]    0:     0x64b97c050c51 - <<std[617be2ca0a6fd877]::sys::backtrace::BacktraceLock>::print::DisplayBacktrace as core[a373ad73a504971]::fmt::Display>::fmt
[INFO] [stdout]    1:     0x64b97c06528a - core[a373ad73a504971]::fmt::write
[INFO] [stdout]    2:     0x64b97c054e7c - <alloc[2e1b2a31b91974c5]::vec::Vec<u8> as core[a373ad73a504971]::io::write::Write>::write_fmt
[INFO] [stdout]    3:     0x64b97c02cae6 - std[617be2ca0a6fd877]::panicking::default_hook::{closure#0}
[INFO] [stdout]    4:     0x64b97c049159 - std[617be2ca0a6fd877]::panicking::default_hook
[INFO] [stdout]    5:     0x64b97bfbcc60 - test[aada8e7e76ba119b]::test_main_inner::{closure#0}
[INFO] [stdout]    6:     0x64b97c049312 - std[617be2ca0a6fd877]::panicking::panic_with_hook
[INFO] [stdout]    7:     0x64b97c02cbc4 - std[617be2ca0a6fd877]::panicking::panic_handler::{closure#0}
[INFO] [stdout]    8:     0x64b97c0258a9 - std[617be2ca0a6fd877]::sys::backtrace::__rust_end_short_backtrace::<std[617be2ca0a6fd877]::panicking::panic_handler::{closure#0}, !>
[INFO] [stdout]    9:     0x64b97c02d79d - __rustc[ea4f61d10b84890b]::rust_begin_unwind
[INFO] [stdout]   10:     0x64b97c0659bc - core[a373ad73a504971]::panicking::panic_fmt
[INFO] [stdout]   11:     0x64b97bfaf5e0 - <once_cell[27dfcff84a4435be]::imp::OnceCell<std[617be2ca0a6fd877]::ffi::os_str::OsString>>::initialize::<<once_cell[27dfcff84a4435be]::sync::OnceCell<std[617be2ca0a6fd877]::ffi::os_str::OsString>>::get_or_init<<once_cell[27dfcff84a4435be]::sync::Lazy<std[617be2ca0a6fd877]::ffi::os_str::OsString>>::force::{closure#0}>::{closure#0}, <once_cell[27dfcff84a4435be]::sync::OnceCell<_>>::get_or_init::Void>::{closure#0}
[INFO] [stdout]   12:     0x64b97c018e4f - once_cell[27dfcff84a4435be]::imp::initialize_or_wait
[INFO] [stdout]   13:     0x64b97bfaf4ac - <once_cell[27dfcff84a4435be]::imp::OnceCell<std[617be2ca0a6fd877]::ffi::os_str::OsString>>::initialize::<<once_cell[27dfcff84a4435be]::sync::OnceCell<std[617be2ca0a6fd877]::ffi::os_str::OsString>>::get_or_init<<once_cell[27dfcff84a4435be]::sync::Lazy<std[617be2ca0a6fd877]::ffi::os_str::OsString>>::force::{closure#0}>::{closure#0}, <once_cell[27dfcff84a4435be]::sync::OnceCell<_>>::get_or_init::Void>
[INFO] [stdout]   14:     0x64b97bfaff01 - <tests[6bee8f49a1b676ad]::test_multiple_calls_1::{closure#0} as core[a373ad73a504971]::ops::function::FnOnce<()>>::call_once
[INFO] [stdout]   15:     0x64b97bfb00ab - test[aada8e7e76ba119b]::__rust_begin_short_backtrace::<core[a373ad73a504971]::result::Result<(), alloc[2e1b2a31b91974c5]::string::String>, fn() -> core[a373ad73a504971]::result::Result<(), alloc[2e1b2a31b91974c5]::string::String>>
[INFO] [stdout]   16:     0x64b97bfbd285 - test[aada8e7e76ba119b]::run_test::{closure#0}
[INFO] [stdout]   17:     0x64b97bfb6b74 - std[617be2ca0a6fd877]::sys::backtrace::__rust_begin_short_backtrace::<test[aada8e7e76ba119b]::run_test::{closure#1}, ()>
[INFO] [stdout]   18:     0x64b97bfc0312 - <std[617be2ca0a6fd877]::thread::lifecycle::spawn_unchecked<test[aada8e7e76ba119b]::run_test::{closure#1}, ()>::{closure#1} as core[a373ad73a504971]::ops::function::FnOnce<()>>::call_once::{shim:vtable#0}
[INFO] [stdout]   19:     0x64b97c05047f - <std[617be2ca0a6fd877]::sys::thread::unix::Thread>::new::thread_start
[INFO] [stdout]   20:     0x78a9db916dfa - <unknown>
[INFO] [stdout]   21:     0x78a9db9aa3d4 - clone
[INFO] [stdout]   22:                0x0 - <unknown>
[INFO] [stdout] 
[INFO] [stdout] ---- test_builds stdout ----
[INFO] [stdout] 
[INFO] [stdout] thread 'test_builds' (401) panicked at tests/tests.rs:17:28:
[INFO] [stdout] called `Result::unwrap()` on an `Err` value: CargoFailure("error: manifest path `/opt/rustwide/workdir/testbins/does-build/Cargo.toml` does not exist\n")
[INFO] [stdout] stack backtrace:
[INFO] [stdout]    0:     0x64b97c050c51 - <<std[617be2ca0a6fd877]::sys::backtrace::BacktraceLock>::print::DisplayBacktrace as core[a373ad73a504971]::fmt::Display>::fmt
[INFO] [stdout]    1:     0x64b97c06528a - core[a373ad73a504971]::fmt::write
[INFO] [stdout]    2:     0x64b97c054e7c - <alloc[2e1b2a31b91974c5]::vec::Vec<u8> as core[a373ad73a504971]::io::write::Write>::write_fmt
[INFO] [stdout]    3:     0x64b97c02cae6 - std[617be2ca0a6fd877]::panicking::default_hook::{closure#0}
[INFO] [stdout]    4:     0x64b97c049159 - std[617be2ca0a6fd877]::panicking::default_hook
[INFO] [stdout]    5:     0x64b97bfbcc60 - test[aada8e7e76ba119b]::test_main_inner::{closure#0}
[INFO] [stdout]    6:     0x64b97c049312 - std[617be2ca0a6fd877]::panicking::panic_with_hook
[INFO] [stdout]    7:     0x64b97c02cb92 - std[617be2ca0a6fd877]::panicking::panic_handler::{closure#0}
[INFO] [stdout]    8:     0x64b97c0258a9 - std[617be2ca0a6fd877]::sys::backtrace::__rust_end_short_backtrace::<std[617be2ca0a6fd877]::panicking::panic_handler::{closure#0}, !>
[INFO] [stdout]    9:     0x64b97c02d79d - __rustc[ea4f61d10b84890b]::rust_begin_unwind
[INFO] [stdout]   10:     0x64b97c0659bc - core[a373ad73a504971]::panicking::panic_fmt
[INFO] [stdout]   11:     0x64b97c065792 - core[a373ad73a504971]::result::unwrap_failed
[INFO] [stdout]   12:     0x64b97bfaf8d0 - <tests[6bee8f49a1b676ad]::test_builds::{closure#0} as core[a373ad73a504971]::ops::function::FnOnce<()>>::call_once
[INFO] [stdout]   13:     0x64b97bfb00ab - test[aada8e7e76ba119b]::__rust_begin_short_backtrace::<core[a373ad73a504971]::result::Result<(), alloc[2e1b2a31b91974c5]::string::String>, fn() -> core[a373ad73a504971]::result::Result<(), alloc[2e1b2a31b91974c5]::string::String>>
[INFO] [stdout]   14:     0x64b97bfbd285 - test[aada8e7e76ba119b]::run_test::{closure#0}
[INFO] [stdout]   15:     0x64b97bfb6b74 - std[617be2ca0a6fd877]::sys::backtrace::__rust_begin_short_backtrace::<test[aada8e7e76ba119b]::run_test::{closure#1}, ()>
[INFO] [stdout]   16:     0x64b97bfc0312 - <std[617be2ca0a6fd877]::thread::lifecycle::spawn_unchecked<test[aada8e7e76ba119b]::run_test::{closure#1}, ()>::{closure#1} as core[a373ad73a504971]::ops::function::FnOnce<()>>::call_once::{shim:vtable#0}
[INFO] [stdout]   17:     0x64b97c05047f - <std[617be2ca0a6fd877]::sys::thread::unix::Thread>::new::thread_start
[INFO] [stdout]   18:     0x78a9db916dfa - <unknown>
[INFO] [stdout]   19:     0x78a9db9aa3d4 - clone
[INFO] [stdout]   20:                0x0 - <unknown>
[INFO] [stdout] 
[INFO] [stdout] ---- test_doesnt_build stdout ----
[INFO] [stdout] 
[INFO] [stdout] thread 'test_doesnt_build' (402) panicked at tests/tests.rs:37:5:
[INFO] [stdout] assertion failed: matches!(result, Err(TestBinaryError::BuildError(_)))
[INFO] [stdout] stack backtrace:
[INFO] [stdout]    0:     0x64b97c050c51 - <<std[617be2ca0a6fd877]::sys::backtrace::BacktraceLock>::print::DisplayBacktrace as core[a373ad73a504971]::fmt::Display>::fmt
[INFO] [stdout]    1:     0x64b97c06528a - core[a373ad73a504971]::fmt::write
[INFO] [stdout]    2:     0x64b97c054e7c - <alloc[2e1b2a31b91974c5]::vec::Vec<u8> as core[a373ad73a504971]::io::write::Write>::write_fmt
[INFO] [stdout]    3:     0x64b97c02cae6 - std[617be2ca0a6fd877]::panicking::default_hook::{closure#0}
[INFO] [stdout]    4:     0x64b97c049159 - std[617be2ca0a6fd877]::panicking::default_hook
[INFO] [stdout]    5:     0x64b97bfbcc60 - test[aada8e7e76ba119b]::test_main_inner::{closure#0}
[INFO] [stdout]    6:     0x64b97c049312 - std[617be2ca0a6fd877]::panicking::panic_with_hook
[INFO] [stdout]    7:     0x64b97c02cbc4 - std[617be2ca0a6fd877]::panicking::panic_handler::{closure#0}
[INFO] [stdout]    8:     0x64b97c0258a9 - std[617be2ca0a6fd877]::sys::backtrace::__rust_end_short_backtrace::<std[617be2ca0a6fd877]::panicking::panic_handler::{closure#0}, !>
[INFO] [stdout]    9:     0x64b97c02d79d - __rustc[ea4f61d10b84890b]::rust_begin_unwind
[INFO] [stdout]   10:     0x64b97c0659bc - core[a373ad73a504971]::panicking::panic_fmt
[INFO] [stdout]   11:     0x64b97c065982 - core[a373ad73a504971]::panicking::panic
[INFO] [stdout]   12:     0x64b97bfafe13 - <tests[6bee8f49a1b676ad]::test_doesnt_build::{closure#0} as core[a373ad73a504971]::ops::function::FnOnce<()>>::call_once
[INFO] [stdout]   13:     0x64b97bfb00ab - test[aada8e7e76ba119b]::__rust_begin_short_backtrace::<core[a373ad73a504971]::result::Result<(), alloc[2e1b2a31b91974c5]::string::String>, fn() -> core[a373ad73a504971]::result::Result<(), alloc[2e1b2a31b91974c5]::string::String>>
[INFO] [stdout]   14:     0x64b97bfbd285 - test[aada8e7e76ba119b]::run_test::{closure#0}
[INFO] [stdout]   15:     0x64b97bfb6b74 - std[617be2ca0a6fd877]::sys::backtrace::__rust_begin_short_backtrace::<test[aada8e7e76ba119b]::run_test::{closure#1}, ()>
[INFO] [stdout]   16:     0x64b97bfc0312 - <std[617be2ca0a6fd877]::thread::lifecycle::spawn_unchecked<test[aada8e7e76ba119b]::run_test::{closure#1}, ()>::{closure#1} as core[a373ad73a504971]::ops::function::FnOnce<()>>::call_once::{shim:vtable#0}
[INFO] [stdout]   17:     0x64b97c05047f - <std[617be2ca0a6fd877]::sys::thread::unix::Thread>::new::thread_start
[INFO] [stdout]   18:     0x78a9db916dfa - <unknown>
[INFO] [stdout]   19:     0x78a9db9aa3d4 - clone
[INFO] [stdout]   20:                0x0 - <unknown>
[INFO] [stdout] 
[INFO] [stdout] ---- test_release stdout ----
[INFO] [stdout] 
[INFO] [stdout] thread 'test_release' (414) panicked at tests/tests.rs:30:28:
[INFO] [stdout] called `Result::unwrap()` on an `Err` value: CargoFailure("error: manifest path `/opt/rustwide/workdir/testbins/does-build/Cargo.toml` does not exist\n")
[INFO] [stdout] stack backtrace:
[INFO] [stdout]    0:     0x64b97c050c51 - <<std[617be2ca0a6fd877]::sys::backtrace::BacktraceLock>::print::DisplayBacktrace as core[a373ad73a504971]::fmt::Display>::fmt
[INFO] [stdout]    1:     0x64b97c06528a - core[a373ad73a504971]::fmt::write
[INFO] [stdout]    2:     0x64b97c054e7c - <alloc[2e1b2a31b91974c5]::vec::Vec<u8> as core[a373ad73a504971]::io::write::Write>::write_fmt
[INFO] [stdout]    3:     0x64b97c02cae6 - std[617be2ca0a6fd877]::panicking::default_hook::{closure#0}
[INFO] [stdout]    4:     0x64b97c049159 - std[617be2ca0a6fd877]::panicking::default_hook
[INFO] [stdout]    5:     0x64b97bfbcc60 - test[aada8e7e76ba119b]::test_main_inner::{closure#0}
[INFO] [stdout]    6:     0x64b97c049312 - std[617be2ca0a6fd877]::panicking::panic_with_hook
[INFO] [stdout]    7:     0x64b97c02cb92 - std[617be2ca0a6fd877]::panicking::panic_handler::{closure#0}
[INFO] [stdout]    8:     0x64b97c0258a9 - std[617be2ca0a6fd877]::sys::backtrace::__rust_end_short_backtrace::<std[617be2ca0a6fd877]::panicking::panic_handler::{closure#0}, !>
[INFO] [stdout]    9:     0x64b97c02d79d - __rustc[ea4f61d10b84890b]::rust_begin_unwind
[INFO] [stdout]   10:     0x64b97c0659bc - core[a373ad73a504971]::panicking::panic_fmt
[INFO] [stdout]   11:     0x64b97c065792 - core[a373ad73a504971]::result::unwrap_failed
[INFO] [stdout]   12:     0x64b97bfafad9 - <tests[6bee8f49a1b676ad]::test_release::{closure#0} as core[a373ad73a504971]::ops::function::FnOnce<()>>::call_once
[INFO] [stdout]   13:     0x64b97bfb00ab - test[aada8e7e76ba119b]::__rust_begin_short_backtrace::<core[a373ad73a504971]::result::Result<(), alloc[2e1b2a31b91974c5]::string::String>, fn() -> core[a373ad73a504971]::result::Result<(), alloc[2e1b2a31b91974c5]::string::String>>
[INFO] [stdout]   14:     0x64b97bfbd285 - test[aada8e7e76ba119b]::run_test::{closure#0}
[INFO] [stdout]   15:     0x64b97bfb6b74 - std[617be2ca0a6fd877]::sys::backtrace::__rust_begin_short_backtrace::<test[aada8e7e76ba119b]::run_test::{closure#1}, ()>
[INFO] [stdout]   16:     0x64b97bfc0312 - <std[617be2ca0a6fd877]::thread::lifecycle::spawn_unchecked<test[aada8e7e76ba119b]::run_test::{closure#1}, ()>::{closure#1} as core[a373ad73a504971]::ops::function::FnOnce<()>>::call_once::{shim:vtable#0}
[INFO] [stdout]   17:     0x64b97c05047f - <std[617be2ca0a6fd877]::sys::thread::unix::Thread>::new::thread_start
[INFO] [stdout]   18:     0x78a9db916dfa - <unknown>
[INFO] [stdout]   19:     0x78a9db9aa3d4 - clone
[INFO] [stdout]   20:                0x0 - <unknown>
[INFO] [stdout] 
[INFO] [stdout] 
[INFO] [stdout] failures:
[INFO] [stdout]     test_builds
[INFO] [stdout]     test_doesnt_build
[INFO] [stdout]     test_features
[INFO] [stdout]     test_multiple_calls_1
[INFO] [stdout]     test_multiple_calls_2
[INFO] [stdout]     test_multiple_calls_3
[INFO] [stdout]     test_multiple_calls_4
[INFO] [stdout]     test_release
[INFO] [stdout] 
[INFO] [stdout] test result: FAILED. 1 passed; 8 failed; 0 ignored; 0 measured; 0 filtered out; finished in 0.13s
[INFO] [stdout] 
[INFO] running `Command { std: "docker" "inspect" "a1556167bec69a0c4420ce0ceef433261d6f89ae62c2f02418d327e2ecb40d36", kill_on_drop: false }`
[INFO] running `Command { std: "docker" "rm" "-f" "a1556167bec69a0c4420ce0ceef433261d6f89ae62c2f02418d327e2ecb40d36", kill_on_drop: false }`
[INFO] [stdout] a1556167bec69a0c4420ce0ceef433261d6f89ae62c2f02418d327e2ecb40d36
