[INFO] fetching crate terraphim_task_decomposition 1.0.0...
[INFO] testing terraphim_task_decomposition-1.0.0 against 1.100.0-beta.1+cargoflags=--release for beta-release-1.100-2
[INFO] extracting crate terraphim_task_decomposition 1.0.0 into /workspace/builds/worker-3-tc2/source
[INFO] started tweaking crates.io crate terraphim_task_decomposition 1.0.0
[INFO] finished tweaking crates.io crate terraphim_task_decomposition 1.0.0
[INFO] tweaked toml for crates.io crate terraphim_task_decomposition 1.0.0 written to /workspace/builds/worker-3-tc2/source/Cargo.toml
[INFO] validating manifest of crates.io crate terraphim_task_decomposition 1.0.0 on toolchain 1.100.0-beta.1
[INFO] running `Command { std: CARGO_HOME="/workspace/cargo-home" RUSTUP_HOME="/workspace/rustup-home" "/workspace/cargo-home/bin/cargo" "+1.100.0-beta.1" "metadata" "--manifest-path" "Cargo.toml" "--no-deps", kill_on_drop: false }`
[INFO] crate crates.io crate terraphim_task_decomposition 1.0.0 already has a lockfile, it will not be regenerated
[INFO] running `Command { std: CARGO_HOME="/workspace/cargo-home" RUSTUP_HOME="/workspace/rustup-home" "/workspace/cargo-home/bin/cargo" "+1.100.0-beta.1" "fetch" "--manifest-path" "Cargo.toml", kill_on_drop: false }`
[INFO] [stderr] warning: `package.homepage` is redundant with `package.documentation`
[INFO] [stderr]   --> Cargo.toml:84:12
[INFO] [stderr]    |
[INFO] [stderr] 82 | documentation = "https://terraphim.ai"
[INFO] [stderr]    |                 ----------------------
[INFO] [stderr] 83 | edition = "2024"
[INFO] [stderr] 84 | homepage = "https://terraphim.ai"
[INFO] [stderr]    |            ^^^^^^^^^^^^^^^^^^^^^^
[INFO] [stderr]    |
[INFO] [stderr]    = note: `cargo::redundant_homepage` is set to `warn` by default
[INFO] [stderr] help: consider removing `package.homepage`
[INFO] [stderr] warning: `terraphim_task_decomposition` (manifest) generated 1 warning
[INFO] [stderr]     Blocking waiting for file lock on package cache
[INFO] running `Command { std: "docker" "create" "-v" "/var/lib/crater-agent-workspace/builds/worker-3-tc2/source:/opt/rustwide/workdir:ro,Z" "-v" "/var/lib/crater-agent-workspace/builds/worker-3-tc2/target:/opt/rustwide/target:rw,Z" "-v" "/var/lib/crater-agent-workspace/cargo-home:/opt/rustwide/cargo-home:ro,Z" "-v" "/var/lib/crater-agent-workspace/rustup-home:/opt/rustwide/rustup-home:ro,Z" "-m" "1610612736" "--network" "none" "ghcr.io/rust-lang/crates-build-env/linux@sha256:77db811e55d90add9212f6832c23229e3de5f1c1f9905e8cb07319ea15df73ac" "sleep" "infinity", kill_on_drop: false }`
[INFO] [stdout] 82e4190c2316223c9c8c58e97d3d98008015a1c0a3c89b4e13108ac54e282310
[INFO] running `Command { std: "docker" "start" "82e4190c2316223c9c8c58e97d3d98008015a1c0a3c89b4e13108ac54e282310", kill_on_drop: false }`
[INFO] running `Command { std: "docker" "inspect" "82e4190c2316223c9c8c58e97d3d98008015a1c0a3c89b4e13108ac54e282310", kill_on_drop: false }`
[INFO] running `Command { std: "docker" "exec" "-e" "SOURCE_DIR=/opt/rustwide/workdir" "-e" "CARGO_HOME=/opt/rustwide/cargo-home" "-e" "RUSTUP_HOME=/opt/rustwide/rustup-home" "-e" "CARGO_TARGET_DIR=/opt/rustwide/target" "-w" "/opt/rustwide/workdir" "--user" "0:0" "82e4190c2316223c9c8c58e97d3d98008015a1c0a3c89b4e13108ac54e282310" "/opt/rustwide/cargo-home/bin/cargo" "+1.100.0-beta.1" "metadata" "--no-deps" "--format-version=1", kill_on_drop: false }`
[INFO] running `Command { std: "docker" "inspect" "82e4190c2316223c9c8c58e97d3d98008015a1c0a3c89b4e13108ac54e282310", kill_on_drop: false }`
[INFO] running `Command { std: "docker" "exec" "-e" "SOURCE_DIR=/opt/rustwide/workdir" "-e" "CARGO_HOME=/opt/rustwide/cargo-home" "-e" "RUSTUP_HOME=/opt/rustwide/rustup-home" "-e" "CARGO_TARGET_DIR=/opt/rustwide/target" "-e" "CARGO_INCREMENTAL=0" "-e" "RUST_BACKTRACE=full" "-e" "RUSTFLAGS=--cap-lints=warn" "-e" "RUSTDOCFLAGS=--cap-lints=warn" "-w" "/opt/rustwide/workdir" "--user" "0:0" "82e4190c2316223c9c8c58e97d3d98008015a1c0a3c89b4e13108ac54e282310" "/opt/rustwide/cargo-home/bin/cargo" "+1.100.0-beta.1" "build" "--frozen" "--message-format=json" "--release", kill_on_drop: false }`
[INFO] [stderr] warning: `package.homepage` is redundant with `package.documentation`
[INFO] [stderr]   --> Cargo.toml:84:12
[INFO] [stderr]    |
[INFO] [stderr] 82 | documentation = "https://terraphim.ai"
[INFO] [stderr]    |                 ----------------------
[INFO] [stderr] 83 | edition = "2024"
[INFO] [stderr] 84 | homepage = "https://terraphim.ai"
[INFO] [stderr]    |            ^^^^^^^^^^^^^^^^^^^^^^
[INFO] [stderr]    |
[INFO] [stderr]    = note: `cargo::redundant_homepage` is set to `warn` by default
[INFO] [stderr] help: consider removing `package.homepage`
[INFO] [stderr] warning: `terraphim_task_decomposition` (manifest) generated 1 warning
[INFO] [stderr]    Compiling syn v2.0.117
[INFO] [stderr]    Compiling smallvec v1.15.1
[INFO] [stderr]    Compiling futures-core v0.3.32
[INFO] [stderr]    Compiling zerocopy v0.8.50
[INFO] [stderr]    Compiling futures-sink v0.3.32
[INFO] [stderr]    Compiling getrandom v0.3.4
[INFO] [stderr]    Compiling writeable v0.6.3
[INFO] [stderr]    Compiling litemap v0.8.2
[INFO] [stderr]    Compiling icu_properties_data v2.2.0
[INFO] [stderr]    Compiling errno v0.3.14
[INFO] [stderr]    Compiling socket2 v0.6.4
[INFO] [stderr]    Compiling cc v1.2.63
[INFO] [stderr]    Compiling mio v1.2.1
[INFO] [stderr]    Compiling memchr v2.8.1
[INFO] [stderr]    Compiling icu_normalizer_data v2.2.0
[INFO] [stderr]    Compiling http v1.4.2
[INFO] [stderr]    Compiling zeroize v1.8.2
[INFO] [stderr]    Compiling signal-hook-registry v1.4.8
[INFO] [stderr]    Compiling futures-channel v0.3.32
[INFO] [stderr]    Compiling parking_lot_core v0.9.12
[INFO] [stderr]    Compiling getrandom v0.2.17
[INFO] [stderr]    Compiling rustls-pki-types v1.14.1
[INFO] [stderr]    Compiling serde_json v1.0.150
[INFO] [stderr]    Compiling num-traits v0.2.19
[INFO] [stderr]    Compiling ahash v0.8.12
[INFO] [stderr]    Compiling rustls v0.23.40
[INFO] [stderr]    Compiling hashbrown v0.17.1
[INFO] [stderr]    Compiling typenum v1.20.1
[INFO] [stderr]    Compiling try-lock v0.2.5
[INFO] [stderr]    Compiling schemars v0.8.22
[INFO] [stderr]    Compiling want v0.3.1
[INFO] [stderr]    Compiling atomic-waker v1.1.2
[INFO] [stderr]    Compiling anyhow v1.0.102
[INFO] [stderr]    Compiling tracing v0.1.44
[INFO] [stderr]    Compiling parking_lot v0.12.5
[INFO] [stderr]    Compiling rand_core v0.9.5
[INFO] [stderr]    Compiling uuid v1.23.3
[INFO] [stderr]    Compiling sync_wrapper v1.0.2
[INFO] [stderr]    Compiling generic-array v0.14.7
[INFO] [stderr]    Compiling log v0.4.32
[INFO] [stderr]    Compiling tower-layer v0.3.3
[INFO] [stderr]    Compiling indexmap v2.14.0
[INFO] [stderr]    Compiling ipnet v2.12.0
[INFO] [stderr]    Compiling webpki-roots v1.0.7
[INFO] [stderr]    Compiling aho-corasick v1.1.4
[INFO] [stderr]    Compiling http-body v1.0.1
[INFO] [stderr]    Compiling unicode-id v0.3.6
[INFO] [stderr]    Compiling fst v0.4.7
[INFO] [stderr]    Compiling regex-syntax v0.8.10
[INFO] [stderr]    Compiling strsim v0.11.1
[INFO] [stderr]    Compiling futures-io v0.3.32
[INFO] [stderr]    Compiling http-body-util v0.1.3
[INFO] [stderr]    Compiling markdown v1.0.0
[INFO] [stderr]    Compiling same-file v1.0.6
[INFO] [stderr]    Compiling cached_proc_macro_types v0.1.1
[INFO] [stderr]    Compiling walkdir v2.5.0
[INFO] [stderr]    Compiling either v1.16.0
[INFO] [stderr]    Compiling unicode-segmentation v1.13.3
[INFO] [stderr]    Compiling itertools v0.14.0
[INFO] [stderr]    Compiling crypto-common v0.1.7
[INFO] [stderr]    Compiling block-buffer v0.10.4
[INFO] [stderr]    Compiling digest v0.10.7
[INFO] [stderr]    Compiling ring v0.17.14
[INFO] [stderr]    Compiling sha2 v0.10.9
[INFO] [stderr]    Compiling regex-automata v0.4.14
[INFO] [stderr]    Compiling synstructure v0.13.2
[INFO] [stderr]    Compiling serde_derive_internals v0.29.1
[INFO] [stderr]    Compiling darling_core v0.20.11
[INFO] [stderr]    Compiling serde_derive v1.0.228
[INFO] [stderr]    Compiling zerovec-derive v0.11.3
[INFO] [stderr]    Compiling displaydoc v0.2.6
[INFO] [stderr]    Compiling tokio-macros v2.7.0
[INFO] [stderr]    Compiling futures-macro v0.3.32
[INFO] [stderr]    Compiling thiserror-impl v1.0.69
[INFO] [stderr]    Compiling thiserror-impl v2.0.18
[INFO] [stderr]    Compiling async-trait v0.1.89
[INFO] [stderr]    Compiling zerofrom-derive v0.1.7
[INFO] [stderr]    Compiling yoke-derive v0.8.2
[INFO] [stderr]    Compiling schemars_derive v0.8.22
[INFO] [stderr]    Compiling tokio v1.52.3
[INFO] [stderr]    Compiling regex v1.12.3
[INFO] [stderr]    Compiling futures-util v0.3.32
[INFO] [stderr]    Compiling zerofrom v0.1.8
[INFO] [stderr]    Compiling thiserror v1.0.69
[INFO] [stderr]    Compiling thiserror v2.0.18
[INFO] [stderr]    Compiling yoke v0.8.3
[INFO] [stderr]    Compiling zerotrie v0.2.4
[INFO] [stderr]    Compiling ppv-lite86 v0.2.21
[INFO] [stderr]    Compiling zerovec v0.11.6
[INFO] [stderr]    Compiling rand_chacha v0.9.0
[INFO] [stderr]    Compiling darling_macro v0.20.11
[INFO] [stderr]    Compiling serde v1.0.228
[INFO] [stderr]    Compiling rand v0.9.4
[INFO] [stderr]    Compiling darling v0.20.11
[INFO] [stderr]    Compiling cached_proc_macro v0.25.0
[INFO] [stderr]    Compiling tinystr v0.8.3
[INFO] [stderr]    Compiling potential_utf v0.1.5
[INFO] [stderr]    Compiling icu_collections v2.2.0
[INFO] [stderr]    Compiling icu_locale_core v2.2.0
[INFO] [stderr]    Compiling serde_spanned v0.6.9
[INFO] [stderr]    Compiling toml_datetime v0.6.11
[INFO] [stderr]    Compiling chrono v0.4.45
[INFO] [stderr]    Compiling ulid v1.2.1
[INFO] [stderr]    Compiling serde_urlencoded v0.7.1
[INFO] [stderr]    Compiling bincode v1.3.3
[INFO] [stderr]    Compiling toml_edit v0.22.27
[INFO] [stderr]    Compiling icu_provider v2.2.0
[INFO] [stderr]    Compiling icu_properties v2.2.0
[INFO] [stderr]    Compiling icu_normalizer v2.2.0
[INFO] [stderr]    Compiling futures v0.3.32
[INFO] [stderr]    Compiling toml v0.8.23
[INFO] [stderr]    Compiling idna_adapter v1.2.2
[INFO] [stderr]    Compiling idna v1.1.0
[INFO] [stderr]    Compiling terraphim_types v1.20.3
[INFO] [stderr]    Compiling url v2.5.8
[INFO] [stderr]    Compiling hyper v1.10.1
[INFO] [stderr]    Compiling tower v0.5.3
[INFO] [stderr]    Compiling cached v0.56.0
[INFO] [stderr]    Compiling tower-http v0.6.11
[INFO] [stderr]    Compiling hyper-util v0.1.20
[INFO] [stderr]    Compiling terraphim-markdown-parser v1.20.3
[INFO] [stderr]    Compiling rustls-webpki v0.103.13
[INFO] [stderr]    Compiling tokio-rustls v0.26.4
[INFO] [stderr]    Compiling hyper-rustls v0.27.9
[INFO] [stderr]    Compiling reqwest v0.12.28
[INFO] [stderr]    Compiling terraphim_automata v1.20.3
[INFO] [stderr]    Compiling terraphim_rolegraph v1.20.3
[INFO] [stderr]    Compiling terraphim_task_decomposition v1.0.0 (/opt/rustwide/workdir)
[INFO] [stderr]     Finished `release` profile [optimized] target(s) in 2m 19s
[INFO] running `Command { std: "docker" "inspect" "82e4190c2316223c9c8c58e97d3d98008015a1c0a3c89b4e13108ac54e282310", kill_on_drop: false }`
[INFO] running `Command { std: "docker" "exec" "-e" "SOURCE_DIR=/opt/rustwide/workdir" "-e" "CARGO_HOME=/opt/rustwide/cargo-home" "-e" "RUSTUP_HOME=/opt/rustwide/rustup-home" "-e" "CARGO_TARGET_DIR=/opt/rustwide/target" "-e" "CARGO_INCREMENTAL=0" "-e" "RUST_BACKTRACE=full" "-e" "RUSTFLAGS=--cap-lints=warn" "-e" "RUSTDOCFLAGS=--cap-lints=warn" "-w" "/opt/rustwide/workdir" "--user" "0:0" "82e4190c2316223c9c8c58e97d3d98008015a1c0a3c89b4e13108ac54e282310" "/opt/rustwide/cargo-home/bin/cargo" "+1.100.0-beta.1" "test" "--frozen" "--no-run" "--message-format=json" "--release", kill_on_drop: false }`
[INFO] [stderr] warning: `package.homepage` is redundant with `package.documentation`
[INFO] [stderr]   --> Cargo.toml:84:12
[INFO] [stderr]    |
[INFO] [stderr] 82 | documentation = "https://terraphim.ai"
[INFO] [stderr]    |                 ----------------------
[INFO] [stderr] 83 | edition = "2024"
[INFO] [stderr] 84 | homepage = "https://terraphim.ai"
[INFO] [stderr]    |            ^^^^^^^^^^^^^^^^^^^^^^
[INFO] [stderr]    |
[INFO] [stderr]    = note: `cargo::redundant_homepage` is set to `warn` by default
[INFO] [stderr] help: consider removing `package.homepage`
[INFO] [stderr] warning: `terraphim_task_decomposition` (manifest) generated 1 warning
[INFO] [stderr]    Compiling log v0.4.32
[INFO] [stderr]    Compiling tokio v1.52.3
[INFO] [stderr]    Compiling bitflags v2.13.0
[INFO] [stderr]    Compiling utf8parse v0.2.2
[INFO] [stderr]    Compiling is_terminal_polyfill v1.70.2
[INFO] [stderr]    Compiling colorchoice v1.0.5
[INFO] [stderr]    Compiling anstyle v1.0.14
[INFO] [stderr]    Compiling anstyle-query v1.1.5
[INFO] [stderr]    Compiling futures-executor v0.3.32
[INFO] [stderr]    Compiling serial_test_derive v3.5.0
[INFO] [stderr]    Compiling jiff v0.2.28
[INFO] [stderr]    Compiling anstyle-parse v1.0.0
[INFO] [stderr]    Compiling terraphim_types v1.20.3
[INFO] [stderr]    Compiling env_filter v1.0.1
[INFO] [stderr]    Compiling rustix v1.1.4
[INFO] [stderr]    Compiling anstream v1.0.0
[INFO] [stderr]    Compiling serial_test v3.5.0
[INFO] [stderr]    Compiling tempfile v3.27.0
[INFO] [stderr]    Compiling terraphim-markdown-parser v1.20.3
[INFO] [stderr]    Compiling env_logger v0.11.10
[INFO] [stderr]    Compiling hyper v1.10.1
[INFO] [stderr]    Compiling tokio-rustls v0.26.4
[INFO] [stderr]    Compiling tower v0.5.3
[INFO] [stderr]    Compiling cached v0.56.0
[INFO] [stderr]    Compiling tokio-stream v0.1.18
[INFO] [stderr]    Compiling tokio-test v0.4.5
[INFO] [stderr]    Compiling tower-http v0.6.11
[INFO] [stderr]    Compiling hyper-util v0.1.20
[INFO] [stderr]    Compiling hyper-rustls v0.27.9
[INFO] [stderr]    Compiling reqwest v0.12.28
[INFO] [stderr]    Compiling terraphim_automata v1.20.3
[INFO] [stderr]    Compiling terraphim_rolegraph v1.20.3
[INFO] [stderr]    Compiling terraphim_task_decomposition v1.0.0 (/opt/rustwide/workdir)
[INFO] [stderr]     Finished `release` profile [optimized] target(s) in 1m 04s
[INFO] running `Command { std: "docker" "inspect" "82e4190c2316223c9c8c58e97d3d98008015a1c0a3c89b4e13108ac54e282310", kill_on_drop: false }`
[INFO] running `Command { std: "docker" "exec" "-e" "SOURCE_DIR=/opt/rustwide/workdir" "-e" "CARGO_HOME=/opt/rustwide/cargo-home" "-e" "RUSTUP_HOME=/opt/rustwide/rustup-home" "-e" "CARGO_TARGET_DIR=/opt/rustwide/target" "-e" "CARGO_INCREMENTAL=0" "-e" "RUST_BACKTRACE=full" "-e" "RUSTFLAGS=--cap-lints=warn" "-e" "RUSTDOCFLAGS=--cap-lints=warn" "-w" "/opt/rustwide/workdir" "--user" "0:0" "82e4190c2316223c9c8c58e97d3d98008015a1c0a3c89b4e13108ac54e282310" "/opt/rustwide/cargo-home/bin/cargo" "+1.100.0-beta.1" "test" "--frozen" "--release", kill_on_drop: false }`
[INFO] [stderr] warning: `package.homepage` is redundant with `package.documentation`
[INFO] [stderr]   --> Cargo.toml:84:12
[INFO] [stderr]    |
[INFO] [stderr] 82 | documentation = "https://terraphim.ai"
[INFO] [stderr]    |                 ----------------------
[INFO] [stderr] 83 | edition = "2024"
[INFO] [stderr] 84 | homepage = "https://terraphim.ai"
[INFO] [stderr]    |            ^^^^^^^^^^^^^^^^^^^^^^
[INFO] [stderr]    |
[INFO] [stderr]    = note: `cargo::redundant_homepage` is set to `warn` by default
[INFO] [stderr] help: consider removing `package.homepage`
[INFO] [stderr] warning: `terraphim_task_decomposition` (manifest) generated 1 warning
[INFO] [stderr]     Finished `release` profile [optimized] target(s) in 0.38s
[INFO] [stderr]      Running unittests src/lib.rs (/opt/rustwide/target/release/build/terraphim_task_decomposition/ee9619bfdb9bf5be/out/terraphim_task_decomposition-ee9619bfdb9bf5be)
[INFO] [stdout] 
[INFO] [stdout] running 40 tests
[INFO] [stdout] test error::tests::test_error_recoverability ... ok
[INFO] [stdout] test analysis::tests::test_task_comparison ... FAILED
[INFO] [stdout] test analysis::tests::test_task_analysis ... FAILED
[INFO] [stdout] test decomposition::tests::test_complexity_analysis ... FAILED
[INFO] [stdout] test analysis::tests::test_analysis_config_defaults ... ok
[INFO] [stdout] test decomposition::tests::test_task_decomposer_creation ... FAILED
[INFO] [stdout] test analysis::tests::test_task_analyzer_creation ... FAILED
[INFO] [stdout] test decomposition::tests::test_decomposition_config_defaults ... ok
[INFO] [stdout] test decomposition::tests::test_simple_task_decomposition ... FAILED
[INFO] [stdout] test error::tests::test_error_categorization ... ok
[INFO] [stdout] test knowledge_graph::tests::test_cache_key_generation ... FAILED
[INFO] [stdout] test analysis::tests::test_complexity_assessment ... FAILED
[INFO] [stdout] test knowledge_graph::tests::test_concept_similarity_calculation ... FAILED
[INFO] [stdout] test planning::tests::test_planning_config_defaults ... ok
[INFO] [stdout] test system::tests::test_system_config_defaults ... ok
[INFO] [stdout] test planning::tests::test_plan_validation ... ok
[INFO] [stdout] test planning::tests::test_create_execution_plan ... ok
[INFO] [stdout] test knowledge_graph::tests::test_connectivity_query ... FAILED
[INFO] [stdout] test knowledge_graph::tests::test_concept_query ... FAILED
[INFO] [stdout] test planning::tests::test_execution_planner_creation ... ok
[INFO] [stdout] test planning::tests::test_topological_sort ... ok
[INFO] [stdout] test system::tests::test_system_creation ... FAILED
[INFO] [stdout] test system::tests::test_workflow_execution ... FAILED
[INFO] [stdout] test knowledge_graph::tests::test_task_context_enrichment ... FAILED
[INFO] [stdout] test tasks::tests::test_task_dependency_management ... ok
[INFO] [stdout] test system::tests::test_confidence_calculation ... FAILED
[INFO] [stdout] test tasks::tests::test_success_score_calculation ... ok
[INFO] [stdout] test tasks::tests::test_task_complexity_scoring ... ok
[INFO] [stdout] test knowledge_graph::tests::test_knowledge_graph_creation ... FAILED
[INFO] [stdout] test tasks::tests::test_task_readiness_check ... ok
[INFO] [stdout] test system::tests::test_simple_task_workflow ... FAILED
[INFO] [stdout] test system::tests::test_workflow_validation ... FAILED
[INFO] [stdout] test tasks::tests::test_task_validation ... ok
[INFO] [stdout] test tasks::tests::test_task_status_updates ... ok
[INFO] [stdout] test tasks::tests::test_task_creation ... ok
[INFO] [stdout] test tasks::tests::test_task_progress_updates ... ok
[INFO] [stdout] test tests::test_basic_imports ... ok
[INFO] [stdout] test tasks::tests::test_task_complexity_decomposition_requirements ... ok
[INFO] [stdout] test tasks::tests::test_task_agent_assignment ... ok
[INFO] [stderr] error: test failed, to rerun pass `--lib`
[INFO] [stdout] test planning::tests::test_resource_requirements_defaults ... ok
[INFO] [stdout] 
[INFO] [stdout] failures:
[INFO] [stdout] 
[INFO] [stdout] ---- analysis::tests::test_task_comparison stdout ----
[INFO] [stdout] 
[INFO] [stdout] thread 'analysis::tests::test_task_comparison' (3324) panicked at src/analysis.rs:711:14:
[INFO] [stdout] called `Result::unwrap()` on an `Err` value: InvalidThesaurus("Thesaurus file not found: data/term_to_id_simple.json")
[INFO] [stdout] stack backtrace:
[INFO] [stdout]    0:     0x5e8c8ffa5b11 - <<std[617be2ca0a6fd877]::sys::backtrace::BacktraceLock>::print::DisplayBacktrace as core[a373ad73a504971]::fmt::Display>::fmt
[INFO] [stdout]    1:     0x5e8c8ffbccba - core[a373ad73a504971]::fmt::write
[INFO] [stdout]    2:     0x5e8c8ffaa43c - <alloc[2e1b2a31b91974c5]::vec::Vec<u8> as core[a373ad73a504971]::io::write::Write>::write_fmt
[INFO] [stdout]    3:     0x5e8c8ff806b6 - std[617be2ca0a6fd877]::panicking::default_hook::{closure#0}
[INFO] [stdout]    4:     0x5e8c8ff9d6a9 - std[617be2ca0a6fd877]::panicking::default_hook
[INFO] [stdout]    5:     0x5e8c8fd05530 - test[aada8e7e76ba119b]::test_main_inner::{closure#0}
[INFO] [stdout]    6:     0x5e8c8ff9d9d2 - std[617be2ca0a6fd877]::panicking::panic_with_hook
[INFO] [stdout]    7:     0x5e8c8ff80762 - std[617be2ca0a6fd877]::panicking::panic_handler::{closure#0}
[INFO] [stdout]    8:     0x5e8c8ff79209 - std[617be2ca0a6fd877]::sys::backtrace::__rust_end_short_backtrace::<std[617be2ca0a6fd877]::panicking::panic_handler::{closure#0}, !>
[INFO] [stdout]    9:     0x5e8c8ff8155d - __rustc[ea4f61d10b84890b]::rust_begin_unwind
[INFO] [stdout]   10:     0x5e8c8ffbd49c - core[a373ad73a504971]::panicking::panic_fmt
[INFO] [stdout]   11:     0x5e8c8ffbd272 - core[a373ad73a504971]::result::unwrap_failed
[INFO] [stdout]   12:     0x5e8c8fcf5f28 - terraphim_task_decomposition[8ad019bfbfa935d0]::analysis::tests::create_test_role_graph::{closure#0}
[INFO] [stdout]   13:     0x5e8c8fcf6984 - terraphim_task_decomposition[8ad019bfbfa935d0]::analysis::tests::test_task_comparison::{closure#0}
[INFO] [stdout]   14:     0x5e8c8fcba518 - <tokio[5f65e46b86ca716d]::runtime::context::scoped::Scoped<tokio[5f65e46b86ca716d]::runtime::scheduler::Context>>::set::<<tokio[5f65e46b86ca716d]::runtime::scheduler::current_thread::CoreGuard>::enter<<tokio[5f65e46b86ca716d]::runtime::scheduler::current_thread::CoreGuard>::block_on<core[a373ad73a504971]::pin::Pin<&mut core[a373ad73a504971]::pin::Pin<&mut dyn core[a373ad73a504971]::future::future::Future<Output = ()>>>>::{closure#0}, core[a373ad73a504971]::option::Option<()>>::{closure#0}, (alloc[2e1b2a31b91974c5]::boxed::Box<tokio[5f65e46b86ca716d]::runtime::scheduler::current_thread::Core>, core[a373ad73a504971]::option::Option<()>)>
[INFO] [stdout]   15:     0x5e8c8fcb9fab - <tokio[5f65e46b86ca716d]::runtime::runtime::Runtime>::block_on::<core[a373ad73a504971]::pin::Pin<&mut dyn core[a373ad73a504971]::future::future::Future<Output = ()>>>
[INFO] [stdout]   16:     0x5e8c8fcf854e - <terraphim_task_decomposition[8ad019bfbfa935d0]::analysis::tests::test_task_comparison::{closure#0} as core[a373ad73a504971]::ops::function::FnOnce<()>>::call_once
[INFO] [stdout]   17:     0x5e8c8fcf897b - test[aada8e7e76ba119b]::__rust_begin_short_backtrace::<core[a373ad73a504971]::result::Result<(), alloc[2e1b2a31b91974c5]::string::String>, fn() -> core[a373ad73a504971]::result::Result<(), alloc[2e1b2a31b91974c5]::string::String>>
[INFO] [stdout]   18:     0x5e8c8fd05b55 - test[aada8e7e76ba119b]::run_test::{closure#0}
[INFO] [stdout]   19:     0x5e8c8fcff444 - std[617be2ca0a6fd877]::sys::backtrace::__rust_begin_short_backtrace::<test[aada8e7e76ba119b]::run_test::{closure#1}, ()>
[INFO] [stdout]   20:     0x5e8c8fd08be2 - <std[617be2ca0a6fd877]::thread::lifecycle::spawn_unchecked<test[aada8e7e76ba119b]::run_test::{closure#1}, ()>::{closure#1} as core[a373ad73a504971]::ops::function::FnOnce<()>>::call_once::{shim:vtable#0}
[INFO] [stdout]   21:     0x5e8c8ffa4c5f - <std[617be2ca0a6fd877]::sys::thread::unix::Thread>::new::thread_start
[INFO] [stdout]   22:     0x72ca7fd38dfa - <unknown>
[INFO] [stdout]   23:     0x72ca7fdcc3d4 - clone
[INFO] [stdout]   24:                0x0 - <unknown>
[INFO] [stdout] 
[INFO] [stdout] ---- analysis::tests::test_task_analysis stdout ----
[INFO] [stdout] 
[INFO] [stdout] thread 'analysis::tests::test_task_analysis' (3322) panicked at src/analysis.rs:711:14:
[INFO] [stdout] called `Result::unwrap()` on an `Err` value: InvalidThesaurus("Thesaurus file not found: data/term_to_id_simple.json")
[INFO] [stdout] stack backtrace:
[INFO] [stdout]    0:     0x5e8c8ffa5b11 - <<std[617be2ca0a6fd877]::sys::backtrace::BacktraceLock>::print::DisplayBacktrace as core[a373ad73a504971]::fmt::Display>::fmt
[INFO] [stdout]    1:     0x5e8c8ffbccba - core[a373ad73a504971]::fmt::write
[INFO] [stdout]    2:     0x5e8c8ffaa43c - <alloc[2e1b2a31b91974c5]::vec::Vec<u8> as core[a373ad73a504971]::io::write::Write>::write_fmt
[INFO] [stdout]    3:     0x5e8c8ff806b6 - std[617be2ca0a6fd877]::panicking::default_hook::{closure#0}
[INFO] [stdout]    4:     0x5e8c8ff9d6a9 - std[617be2ca0a6fd877]::panicking::default_hook
[INFO] [stdout]    5:     0x5e8c8fd05530 - test[aada8e7e76ba119b]::test_main_inner::{closure#0}
[INFO] [stdout]    6:     0x5e8c8ff9d9d2 - std[617be2ca0a6fd877]::panicking::panic_with_hook
[INFO] [stdout]    7:     0x5e8c8ff80762 - std[617be2ca0a6fd877]::panicking::panic_handler::{closure#0}
[INFO] [stdout]    8:     0x5e8c8ff79209 - std[617be2ca0a6fd877]::sys::backtrace::__rust_end_short_backtrace::<std[617be2ca0a6fd877]::panicking::panic_handler::{closure#0}, !>
[INFO] [stdout]    9:     0x5e8c8ff8155d - __rustc[ea4f61d10b84890b]::rust_begin_unwind
[INFO] [stdout]   10:     0x5e8c8ffbd49c - core[a373ad73a504971]::panicking::panic_fmt
[INFO] [stdout]   11:     0x5e8c8ffbd272 - core[a373ad73a504971]::result::unwrap_failed
[INFO] [stdout]   12:     0x5e8c8fcf5f28 - terraphim_task_decomposition[8ad019bfbfa935d0]::analysis::tests::create_test_role_graph::{closure#0}
[INFO] [stdout]   13:     0x5e8c8fcf6494 - terraphim_task_decomposition[8ad019bfbfa935d0]::analysis::tests::test_task_analysis::{closure#0}
[INFO] [stdout]   14:     0x5e8c8fcba518 - <tokio[5f65e46b86ca716d]::runtime::context::scoped::Scoped<tokio[5f65e46b86ca716d]::runtime::scheduler::Context>>::set::<<tokio[5f65e46b86ca716d]::runtime::scheduler::current_thread::CoreGuard>::enter<<tokio[5f65e46b86ca716d]::runtime::scheduler::current_thread::CoreGuard>::block_on<core[a373ad73a504971]::pin::Pin<&mut core[a373ad73a504971]::pin::Pin<&mut dyn core[a373ad73a504971]::future::future::Future<Output = ()>>>>::{closure#0}, core[a373ad73a504971]::option::Option<()>>::{closure#0}, (alloc[2e1b2a31b91974c5]::boxed::Box<tokio[5f65e46b86ca716d]::runtime::scheduler::current_thread::Core>, core[a373ad73a504971]::option::Option<()>)>
[INFO] [stdout]   15:     0x5e8c8fcb9fab - <tokio[5f65e46b86ca716d]::runtime::runtime::Runtime>::block_on::<core[a373ad73a504971]::pin::Pin<&mut dyn core[a373ad73a504971]::future::future::Future<Output = ()>>>
[INFO] [stdout]   16:     0x5e8c8fcf83ee - <terraphim_task_decomposition[8ad019bfbfa935d0]::analysis::tests::test_task_analysis::{closure#0} as core[a373ad73a504971]::ops::function::FnOnce<()>>::call_once
[INFO] [stdout]   17:     0x5e8c8fcf897b - test[aada8e7e76ba119b]::__rust_begin_short_backtrace::<core[a373ad73a504971]::result::Result<(), alloc[2e1b2a31b91974c5]::string::String>, fn() -> core[a373ad73a504971]::result::Result<(), alloc[2e1b2a31b91974c5]::string::String>>
[INFO] [stdout]   18:     0x5e8c8fd05b55 - test[aada8e7e76ba119b]::run_test::{closure#0}
[INFO] [stdout]   19:     0x5e8c8fcff444 - std[617be2ca0a6fd877]::sys::backtrace::__rust_begin_short_backtrace::<test[aada8e7e76ba119b]::run_test::{closure#1}, ()>
[INFO] [stdout]   20:     0x5e8c8fd08be2 - <std[617be2ca0a6fd877]::thread::lifecycle::spawn_unchecked<test[aada8e7e76ba119b]::run_test::{closure#1}, ()>::{closure#1} as core[a373ad73a504971]::ops::function::FnOnce<()>>::call_once::{shim:vtable#0}
[INFO] [stdout]   21:     0x5e8c8ffa4c5f - <std[617be2ca0a6fd877]::sys::thread::unix::Thread>::new::thread_start
[INFO] [stdout]   22:     0x72ca7fd38dfa - <unknown>
[INFO] [stdout]   23:     0x72ca7fdcc3d4 - clone
[INFO] [stdout]   24:                0x0 - <unknown>
[INFO] [stdout] 
[INFO] [stdout] ---- decomposition::tests::test_complexity_analysis stdout ----
[INFO] [stdout] 
[INFO] [stdout] thread 'decomposition::tests::test_complexity_analysis' (3325) panicked at src/decomposition.rs:710:14:
[INFO] [stdout] called `Result::unwrap()` on an `Err` value: InvalidThesaurus("Thesaurus file not found: data/term_to_id_simple.json")
[INFO] [stdout] stack backtrace:
[INFO] [stdout]    0:     0x5e8c8ffa5b11 - <<std[617be2ca0a6fd877]::sys::backtrace::BacktraceLock>::print::DisplayBacktrace as core[a373ad73a504971]::fmt::Display>::fmt
[INFO] [stdout]    1:     0x5e8c8ffbccba - core[a373ad73a504971]::fmt::write
[INFO] [stdout]    2:     0x5e8c8ffaa43c - <alloc[2e1b2a31b91974c5]::vec::Vec<u8> as core[a373ad73a504971]::io::write::Write>::write_fmt
[INFO] [stdout]    3:     0x5e8c8ff806b6 - std[617be2ca0a6fd877]::panicking::default_hook::{closure#0}
[INFO] [stdout]    4:     0x5e8c8ff9d6a9 - std[617be2ca0a6fd877]::panicking::default_hook
[INFO] [stdout]    5:     0x5e8c8fd05530 - test[aada8e7e76ba119b]::test_main_inner::{closure#0}
[INFO] [stdout]    6:     0x5e8c8ff9d9d2 - std[617be2ca0a6fd877]::panicking::panic_with_hook
[INFO] [stdout]    7:     0x5e8c8ff80762 - std[617be2ca0a6fd877]::panicking::panic_handler::{closure#0}
[INFO] [stdout]    8:     0x5e8c8ff79209 - std[617be2ca0a6fd877]::sys::backtrace::__rust_end_short_backtrace::<std[617be2ca0a6fd877]::panicking::panic_handler::{closure#0}, !>
[INFO] [stdout]    9:     0x5e8c8ff8155d - __rustc[ea4f61d10b84890b]::rust_begin_unwind
[INFO] [stdout]   10:     0x5e8c8ffbd49c - core[a373ad73a504971]::panicking::panic_fmt
[INFO] [stdout]   11:     0x5e8c8ffbd272 - core[a373ad73a504971]::result::unwrap_failed
[INFO] [stdout]   12:     0x5e8c8fcef4c6 - terraphim_task_decomposition[8ad019bfbfa935d0]::decomposition::tests::create_test_role_graph::{closure#0}
[INFO] [stdout]   13:     0x5e8c8fcefa31 - terraphim_task_decomposition[8ad019bfbfa935d0]::decomposition::tests::test_complexity_analysis::{closure#0}
[INFO] [stdout]   14:     0x5e8c8fcba518 - <tokio[5f65e46b86ca716d]::runtime::context::scoped::Scoped<tokio[5f65e46b86ca716d]::runtime::scheduler::Context>>::set::<<tokio[5f65e46b86ca716d]::runtime::scheduler::current_thread::CoreGuard>::enter<<tokio[5f65e46b86ca716d]::runtime::scheduler::current_thread::CoreGuard>::block_on<core[a373ad73a504971]::pin::Pin<&mut core[a373ad73a504971]::pin::Pin<&mut dyn core[a373ad73a504971]::future::future::Future<Output = ()>>>>::{closure#0}, core[a373ad73a504971]::option::Option<()>>::{closure#0}, (alloc[2e1b2a31b91974c5]::boxed::Box<tokio[5f65e46b86ca716d]::runtime::scheduler::current_thread::Core>, core[a373ad73a504971]::option::Option<()>)>
[INFO] [stdout]   15:     0x5e8c8fcb9fab - <tokio[5f65e46b86ca716d]::runtime::runtime::Runtime>::block_on::<core[a373ad73a504971]::pin::Pin<&mut dyn core[a373ad73a504971]::future::future::Future<Output = ()>>>
[INFO] [stdout]   16:     0x5e8c8fcf0a0e - <terraphim_task_decomposition[8ad019bfbfa935d0]::decomposition::tests::test_complexity_analysis::{closure#0} as core[a373ad73a504971]::ops::function::FnOnce<()>>::call_once
[INFO] [stdout]   17:     0x5e8c8fcf897b - test[aada8e7e76ba119b]::__rust_begin_short_backtrace::<core[a373ad73a504971]::result::Result<(), alloc[2e1b2a31b91974c5]::string::String>, fn() -> core[a373ad73a504971]::result::Result<(), alloc[2e1b2a31b91974c5]::string::String>>
[INFO] [stdout]   18:     0x5e8c8fd05b55 - test[aada8e7e76ba119b]::run_test::{closure#0}
[INFO] [stdout]   19:     0x5e8c8fcff444 - std[617be2ca0a6fd877]::sys::backtrace::__rust_begin_short_backtrace::<test[aada8e7e76ba119b]::run_test::{closure#1}, ()>
[INFO] [stdout]   20:     0x5e8c8fd08be2 - <std[617be2ca0a6fd877]::thread::lifecycle::spawn_unchecked<test[aada8e7e76ba119b]::run_test::{closure#1}, ()>::{closure#1} as core[a373ad73a504971]::ops::function::FnOnce<()>>::call_once::{shim:vtable#0}
[INFO] [stdout]   21:     0x5e8c8ffa4c5f - <std[617be2ca0a6fd877]::sys::thread::unix::Thread>::new::thread_start
[INFO] [stdout]   22:     0x72ca7fd38dfa - <unknown>
[INFO] [stdout]   23:     0x72ca7fdcc3d4 - clone
[INFO] [stdout]   24:                0x0 - <unknown>
[INFO] [stdout] 
[INFO] [stdout] ---- decomposition::tests::test_task_decomposer_creation stdout ----
[INFO] [stdout] 
[INFO] [stdout] thread 'decomposition::tests::test_task_decomposer_creation' (3328) panicked at src/decomposition.rs:710:14:
[INFO] [stdout] called `Result::unwrap()` on an `Err` value: InvalidThesaurus("Thesaurus file not found: data/term_to_id_simple.json")
[INFO] [stdout] stack backtrace:
[INFO] [stdout]    0:     0x5e8c8ffa5b11 - <<std[617be2ca0a6fd877]::sys::backtrace::BacktraceLock>::print::DisplayBacktrace as core[a373ad73a504971]::fmt::Display>::fmt
[INFO] [stdout]    1:     0x5e8c8ffbccba - core[a373ad73a504971]::fmt::write
[INFO] [stdout]    2:     0x5e8c8ffaa43c - <alloc[2e1b2a31b91974c5]::vec::Vec<u8> as core[a373ad73a504971]::io::write::Write>::write_fmt
[INFO] [stdout]    3:     0x5e8c8ff806b6 - std[617be2ca0a6fd877]::panicking::default_hook::{closure#0}
[INFO] [stdout]    4:     0x5e8c8ff9d6a9 - std[617be2ca0a6fd877]::panicking::default_hook
[INFO] [stdout]    5:     0x5e8c8fd05530 - test[aada8e7e76ba119b]::test_main_inner::{closure#0}
[INFO] [stdout]    6:     0x5e8c8ff9d9d2 - std[617be2ca0a6fd877]::panicking::panic_with_hook
[INFO] [stdout]    7:     0x5e8c8ff80762 - std[617be2ca0a6fd877]::panicking::panic_handler::{closure#0}
[INFO] [stdout]    8:     0x5e8c8ff79209 - std[617be2ca0a6fd877]::sys::backtrace::__rust_end_short_backtrace::<std[617be2ca0a6fd877]::panicking::panic_handler::{closure#0}, !>
[INFO] [stdout]    9:     0x5e8c8ff8155d - __rustc[ea4f61d10b84890b]::rust_begin_unwind
[INFO] [stdout]   10:     0x5e8c8ffbd49c - core[a373ad73a504971]::panicking::panic_fmt
[INFO] [stdout]   11:     0x5e8c8ffbd272 - core[a373ad73a504971]::result::unwrap_failed
[INFO] [stdout]   12:     0x5e8c8fcef4c6 - terraphim_task_decomposition[8ad019bfbfa935d0]::decomposition::tests::create_test_role_graph::{closure#0}
[INFO] [stdout]   13:     0x5e8c8fcefdc4 - terraphim_task_decomposition[8ad019bfbfa935d0]::decomposition::tests::test_task_decomposer_creation::{closure#0}
[INFO] [stdout]   14:     0x5e8c8fcba518 - <tokio[5f65e46b86ca716d]::runtime::context::scoped::Scoped<tokio[5f65e46b86ca716d]::runtime::scheduler::Context>>::set::<<tokio[5f65e46b86ca716d]::runtime::scheduler::current_thread::CoreGuard>::enter<<tokio[5f65e46b86ca716d]::runtime::scheduler::current_thread::CoreGuard>::block_on<core[a373ad73a504971]::pin::Pin<&mut core[a373ad73a504971]::pin::Pin<&mut dyn core[a373ad73a504971]::future::future::Future<Output = ()>>>>::{closure#0}, core[a373ad73a504971]::option::Option<()>>::{closure#0}, (alloc[2e1b2a31b91974c5]::boxed::Box<tokio[5f65e46b86ca716d]::runtime::scheduler::current_thread::Core>, core[a373ad73a504971]::option::Option<()>)>
[INFO] [stdout]   15:     0x5e8c8fcb9fab - <tokio[5f65e46b86ca716d]::runtime::runtime::Runtime>::block_on::<core[a373ad73a504971]::pin::Pin<&mut dyn core[a373ad73a504971]::future::future::Future<Output = ()>>>
[INFO] [stdout]   16:     0x5e8c8fcf0b6e - <terraphim_task_decomposition[8ad019bfbfa935d0]::decomposition::tests::test_task_decomposer_creation::{closure#0} as core[a373ad73a504971]::ops::function::FnOnce<()>>::call_once
[INFO] [stdout]   17:     0x5e8c8fcf897b - test[aada8e7e76ba119b]::__rust_begin_short_backtrace::<core[a373ad73a504971]::result::Result<(), alloc[2e1b2a31b91974c5]::string::String>, fn() -> core[a373ad73a504971]::result::Result<(), alloc[2e1b2a31b91974c5]::string::String>>
[INFO] [stdout]   18:     0x5e8c8fd05b55 - test[aada8e7e76ba119b]::run_test::{closure#0}
[INFO] [stdout]   19:     0x5e8c8fcff444 - std[617be2ca0a6fd877]::sys::backtrace::__rust_begin_short_backtrace::<test[aada8e7e76ba119b]::run_test::{closure#1}, ()>
[INFO] [stdout]   20:     0x5e8c8fd08be2 - <std[617be2ca0a6fd877]::thread::lifecycle::spawn_unchecked<test[aada8e7e76ba119b]::run_test::{closure#1}, ()>::{closure#1} as core[a373ad73a504971]::ops::function::FnOnce<()>>::call_once::{shim:vtable#0}
[INFO] [stdout]   21:     0x5e8c8ffa4c5f - <std[617be2ca0a6fd877]::sys::thread::unix::Thread>::new::thread_start
[INFO] [stdout]   22:     0x72ca7fd38dfa - <unknown>
[INFO] [stdout]   23:     0x72ca7fdcc3d4 - clone
[INFO] [stdout]   24:                0x0 - <unknown>
[INFO] [stdout] 
[INFO] [stdout] ---- analysis::tests::test_task_analyzer_creation stdout ----
[INFO] [stdout] 
[INFO] [stdout] thread 'analysis::tests::test_task_analyzer_creation' (3323) panicked at src/analysis.rs:711:14:
[INFO] [stdout] called `Result::unwrap()` on an `Err` value: InvalidThesaurus("Thesaurus file not found: data/term_to_id_simple.json")
[INFO] [stdout] stack backtrace:
[INFO] [stdout]    0:     0x5e8c8ffa5b11 - <<std[617be2ca0a6fd877]::sys::backtrace::BacktraceLock>::print::DisplayBacktrace as core[a373ad73a504971]::fmt::Display>::fmt
[INFO] [stdout]    1:     0x5e8c8ffbccba - core[a373ad73a504971]::fmt::write
[INFO] [stdout]    2:     0x5e8c8ffaa43c - <alloc[2e1b2a31b91974c5]::vec::Vec<u8> as core[a373ad73a504971]::io::write::Write>::write_fmt
[INFO] [stdout]    3:     0x5e8c8ff806b6 - std[617be2ca0a6fd877]::panicking::default_hook::{closure#0}
[INFO] [stdout]    4:     0x5e8c8ff9d6a9 - std[617be2ca0a6fd877]::panicking::default_hook
[INFO] [stdout]    5:     0x5e8c8fd05530 - test[aada8e7e76ba119b]::test_main_inner::{closure#0}
[INFO] [stdout]    6:     0x5e8c8ff9d9d2 - std[617be2ca0a6fd877]::panicking::panic_with_hook
[INFO] [stdout]    7:     0x5e8c8ff80762 - std[617be2ca0a6fd877]::panicking::panic_handler::{closure#0}
[INFO] [stdout]    8:     0x5e8c8ff79209 - std[617be2ca0a6fd877]::sys::backtrace::__rust_end_short_backtrace::<std[617be2ca0a6fd877]::panicking::panic_handler::{closure#0}, !>
[INFO] [stdout]    9:     0x5e8c8ff8155d - __rustc[ea4f61d10b84890b]::rust_begin_unwind
[INFO] [stdout]   10:     0x5e8c8ffbd49c - core[a373ad73a504971]::panicking::panic_fmt
[INFO] [stdout]   11:     0x5e8c8ffbd272 - core[a373ad73a504971]::result::unwrap_failed
[INFO] [stdout]   12:     0x5e8c8fcf5f28 - terraphim_task_decomposition[8ad019bfbfa935d0]::analysis::tests::create_test_role_graph::{closure#0}
[INFO] [stdout]   13:     0x5e8c8fcf7024 - terraphim_task_decomposition[8ad019bfbfa935d0]::analysis::tests::test_task_analyzer_creation::{closure#0}
[INFO] [stdout]   14:     0x5e8c8fcba518 - <tokio[5f65e46b86ca716d]::runtime::context::scoped::Scoped<tokio[5f65e46b86ca716d]::runtime::scheduler::Context>>::set::<<tokio[5f65e46b86ca716d]::runtime::scheduler::current_thread::CoreGuard>::enter<<tokio[5f65e46b86ca716d]::runtime::scheduler::current_thread::CoreGuard>::block_on<core[a373ad73a504971]::pin::Pin<&mut core[a373ad73a504971]::pin::Pin<&mut dyn core[a373ad73a504971]::future::future::Future<Output = ()>>>>::{closure#0}, core[a373ad73a504971]::option::Option<()>>::{closure#0}, (alloc[2e1b2a31b91974c5]::boxed::Box<tokio[5f65e46b86ca716d]::runtime::scheduler::current_thread::Core>, core[a373ad73a504971]::option::Option<()>)>
[INFO] [stdout]   15:     0x5e8c8fcb9fab - <tokio[5f65e46b86ca716d]::runtime::runtime::Runtime>::block_on::<core[a373ad73a504971]::pin::Pin<&mut dyn core[a373ad73a504971]::future::future::Future<Output = ()>>>
[INFO] [stdout]   16:     0x5e8c8fcf884e - <terraphim_task_decomposition[8ad019bfbfa935d0]::analysis::tests::test_task_analyzer_creation::{closure#0} as core[a373ad73a504971]::ops::function::FnOnce<()>>::call_once
[INFO] [stdout]   17:     0x5e8c8fcf897b - test[aada8e7e76ba119b]::__rust_begin_short_backtrace::<core[a373ad73a504971]::result::Result<(), alloc[2e1b2a31b91974c5]::string::String>, fn() -> core[a373ad73a504971]::result::Result<(), alloc[2e1b2a31b91974c5]::string::String>>
[INFO] [stdout]   18:     0x5e8c8fd05b55 - test[aada8e7e76ba119b]::run_test::{closure#0}
[INFO] [stdout]   19:     0x5e8c8fcff444 - std[617be2ca0a6fd877]::sys::backtrace::__rust_begin_short_backtrace::<test[aada8e7e76ba119b]::run_test::{closure#1}, ()>
[INFO] [stdout]   20:     0x5e8c8fd08be2 - <std[617be2ca0a6fd877]::thread::lifecycle::spawn_unchecked<test[aada8e7e76ba119b]::run_test::{closure#1}, ()>::{closure#1} as core[a373ad73a504971]::ops::function::FnOnce<()>>::call_once::{shim:vtable#0}
[INFO] [stdout]   21:     0x5e8c8ffa4c5f - <std[617be2ca0a6fd877]::sys::thread::unix::Thread>::new::thread_start
[INFO] [stdout]   22:     0x72ca7fd38dfa - <unknown>
[INFO] [stdout]   23:     0x72ca7fdcc3d4 - clone
[INFO] [stdout]   24:                0x0 - <unknown>
[INFO] [stdout] 
[INFO] [stdout] ---- decomposition::tests::test_simple_task_decomposition stdout ----
[INFO] [stdout] 
[INFO] [stdout] thread 'decomposition::tests::test_simple_task_decomposition' (3327) panicked at src/decomposition.rs:710:14:
[INFO] [stdout] called `Result::unwrap()` on an `Err` value: InvalidThesaurus("Thesaurus file not found: data/term_to_id_simple.json")
[INFO] [stdout] stack backtrace:
[INFO] [stdout]    0:     0x5e8c8ffa5b11 - <<std[617be2ca0a6fd877]::sys::backtrace::BacktraceLock>::print::DisplayBacktrace as core[a373ad73a504971]::fmt::Display>::fmt
[INFO] [stdout]    1:     0x5e8c8ffbccba - core[a373ad73a504971]::fmt::write
[INFO] [stdout]    2:     0x5e8c8ffaa43c - <alloc[2e1b2a31b91974c5]::vec::Vec<u8> as core[a373ad73a504971]::io::write::Write>::write_fmt
[INFO] [stdout]    3:     0x5e8c8ff806b6 - std[617be2ca0a6fd877]::panicking::default_hook::{closure#0}
[INFO] [stdout]    4:     0x5e8c8ff9d6a9 - std[617be2ca0a6fd877]::panicking::default_hook
[INFO] [stdout]    5:     0x5e8c8fd05530 - test[aada8e7e76ba119b]::test_main_inner::{closure#0}
[INFO] [stdout]    6:     0x5e8c8ff9d9d2 - std[617be2ca0a6fd877]::panicking::panic_with_hook
[INFO] [stdout]    7:     0x5e8c8ff80762 - std[617be2ca0a6fd877]::panicking::panic_handler::{closure#0}
[INFO] [stdout]    8:     0x5e8c8ff79209 - std[617be2ca0a6fd877]::sys::backtrace::__rust_end_short_backtrace::<std[617be2ca0a6fd877]::panicking::panic_handler::{closure#0}, !>
[INFO] [stdout]    9:     0x5e8c8ff8155d - __rustc[ea4f61d10b84890b]::rust_begin_unwind
[INFO] [stdout]   10:     0x5e8c8ffbd49c - core[a373ad73a504971]::panicking::panic_fmt
[INFO] [stdout]   11:     0x5e8c8ffbd272 - core[a373ad73a504971]::result::unwrap_failed
[INFO] [stdout]   12:     0x5e8c8fcef4c6 - terraphim_task_decomposition[8ad019bfbfa935d0]::decomposition::tests::create_test_role_graph::{closure#0}
[INFO] [stdout]   13:     0x5e8c8fcf0124 - terraphim_task_decomposition[8ad019bfbfa935d0]::decomposition::tests::test_simple_task_decomposition::{closure#0}
[INFO] [stdout]   14:     0x5e8c8fcba518 - <tokio[5f65e46b86ca716d]::runtime::context::scoped::Scoped<tokio[5f65e46b86ca716d]::runtime::scheduler::Context>>::set::<<tokio[5f65e46b86ca716d]::runtime::scheduler::current_thread::CoreGuard>::enter<<tokio[5f65e46b86ca716d]::runtime::scheduler::current_thread::CoreGuard>::block_on<core[a373ad73a504971]::pin::Pin<&mut core[a373ad73a504971]::pin::Pin<&mut dyn core[a373ad73a504971]::future::future::Future<Output = ()>>>>::{closure#0}, core[a373ad73a504971]::option::Option<()>>::{closure#0}, (alloc[2e1b2a31b91974c5]::boxed::Box<tokio[5f65e46b86ca716d]::runtime::scheduler::current_thread::Core>, core[a373ad73a504971]::option::Option<()>)>
[INFO] [stdout]   15:     0x5e8c8fcb9fab - <tokio[5f65e46b86ca716d]::runtime::runtime::Runtime>::block_on::<core[a373ad73a504971]::pin::Pin<&mut dyn core[a373ad73a504971]::future::future::Future<Output = ()>>>
[INFO] [stdout]   16:     0x5e8c8fcf0cce - <terraphim_task_decomposition[8ad019bfbfa935d0]::decomposition::tests::test_simple_task_decomposition::{closure#0} as core[a373ad73a504971]::ops::function::FnOnce<()>>::call_once
[INFO] [stdout]   17:     0x5e8c8fcf897b - test[aada8e7e76ba119b]::__rust_begin_short_backtrace::<core[a373ad73a504971]::result::Result<(), alloc[2e1b2a31b91974c5]::string::String>, fn() -> core[a373ad73a504971]::result::Result<(), alloc[2e1b2a31b91974c5]::string::String>>
[INFO] [stdout]   18:     0x5e8c8fd05b55 - test[aada8e7e76ba119b]::run_test::{closure#0}
[INFO] [stdout]   19:     0x5e8c8fcff444 - std[617be2ca0a6fd877]::sys::backtrace::__rust_begin_short_backtrace::<test[aada8e7e76ba119b]::run_test::{closure#1}, ()>
[INFO] [stdout]   20:     0x5e8c8fd08be2 - <std[617be2ca0a6fd877]::thread::lifecycle::spawn_unchecked<test[aada8e7e76ba119b]::run_test::{closure#1}, ()>::{closure#1} as core[a373ad73a504971]::ops::function::FnOnce<()>>::call_once::{shim:vtable#0}
[INFO] [stdout]   21:     0x5e8c8ffa4c5f - <std[617be2ca0a6fd877]::sys::thread::unix::Thread>::new::thread_start
[INFO] [stdout]   22:     0x72ca7fd38dfa - <unknown>
[INFO] [stdout]   23:     0x72ca7fdcc3d4 - clone
[INFO] [stdout]   24:                0x0 - <unknown>
[INFO] [stdout] 
[INFO] [stdout] ---- knowledge_graph::tests::test_cache_key_generation stdout ----
[INFO] [stdout] 
[INFO] [stdout] thread 'knowledge_graph::tests::test_cache_key_generation' (3331) panicked at src/knowledge_graph.rs:747:14:
[INFO] [stdout] called `Result::unwrap()` on an `Err` value: InvalidThesaurus("Thesaurus file not found: data/term_to_id_simple.json")
[INFO] [stdout] stack backtrace:
[INFO] [stdout]    0:     0x5e8c8ffa5b11 - <<std[617be2ca0a6fd877]::sys::backtrace::BacktraceLock>::print::DisplayBacktrace as core[a373ad73a504971]::fmt::Display>::fmt
[INFO] [stdout]    1:     0x5e8c8ffbccba - core[a373ad73a504971]::fmt::write
[INFO] [stdout]    2:     0x5e8c8ffaa43c - <alloc[2e1b2a31b91974c5]::vec::Vec<u8> as core[a373ad73a504971]::io::write::Write>::write_fmt
[INFO] [stdout]    3:     0x5e8c8ff806b6 - std[617be2ca0a6fd877]::panicking::default_hook::{closure#0}
[INFO] [stdout]    4:     0x5e8c8ff9d6a9 - std[617be2ca0a6fd877]::panicking::default_hook
[INFO] [stdout]    5:     0x5e8c8fd05530 - test[aada8e7e76ba119b]::test_main_inner::{closure#0}
[INFO] [stdout]    6:     0x5e8c8ff9d9d2 - std[617be2ca0a6fd877]::panicking::panic_with_hook
[INFO] [stdout]    7:     0x5e8c8ff80762 - std[617be2ca0a6fd877]::panicking::panic_handler::{closure#0}
[INFO] [stdout]    8:     0x5e8c8ff79209 - std[617be2ca0a6fd877]::sys::backtrace::__rust_end_short_backtrace::<std[617be2ca0a6fd877]::panicking::panic_handler::{closure#0}, !>
[INFO] [stdout]    9:     0x5e8c8ff8155d - __rustc[ea4f61d10b84890b]::rust_begin_unwind
[INFO] [stdout]   10:     0x5e8c8ffbd49c - core[a373ad73a504971]::panicking::panic_fmt
[INFO] [stdout]   11:     0x5e8c8ffbd272 - core[a373ad73a504971]::result::unwrap_failed
[INFO] [stdout]   12:     0x5e8c8fcc3636 - terraphim_task_decomposition[8ad019bfbfa935d0]::knowledge_graph::tests::create_test_role_graph::{closure#0}
[INFO] [stdout]   13:     0x5e8c8fcc47f8 - terraphim_task_decomposition[8ad019bfbfa935d0]::knowledge_graph::tests::test_cache_key_generation::{closure#0}
[INFO] [stdout]   14:     0x5e8c8fcba518 - <tokio[5f65e46b86ca716d]::runtime::context::scoped::Scoped<tokio[5f65e46b86ca716d]::runtime::scheduler::Context>>::set::<<tokio[5f65e46b86ca716d]::runtime::scheduler::current_thread::CoreGuard>::enter<<tokio[5f65e46b86ca716d]::runtime::scheduler::current_thread::CoreGuard>::block_on<core[a373ad73a504971]::pin::Pin<&mut core[a373ad73a504971]::pin::Pin<&mut dyn core[a373ad73a504971]::future::future::Future<Output = ()>>>>::{closure#0}, core[a373ad73a504971]::option::Option<()>>::{closure#0}, (alloc[2e1b2a31b91974c5]::boxed::Box<tokio[5f65e46b86ca716d]::runtime::scheduler::current_thread::Core>, core[a373ad73a504971]::option::Option<()>)>
[INFO] [stdout]   15:     0x5e8c8fcb9fab - <tokio[5f65e46b86ca716d]::runtime::runtime::Runtime>::block_on::<core[a373ad73a504971]::pin::Pin<&mut dyn core[a373ad73a504971]::future::future::Future<Output = ()>>>
[INFO] [stdout]   16:     0x5e8c8fcc669e - <terraphim_task_decomposition[8ad019bfbfa935d0]::knowledge_graph::tests::test_cache_key_generation::{closure#0} as core[a373ad73a504971]::ops::function::FnOnce<()>>::call_once
[INFO] [stdout]   17:     0x5e8c8fcf897b - test[aada8e7e76ba119b]::__rust_begin_short_backtrace::<core[a373ad73a504971]::result::Result<(), alloc[2e1b2a31b91974c5]::string::String>, fn() -> core[a373ad73a504971]::result::Result<(), alloc[2e1b2a31b91974c5]::string::String>>
[INFO] [stdout]   18:     0x5e8c8fd05b55 - test[aada8e7e76ba119b]::run_test::{closure#0}
[INFO] [stdout]   19:     0x5e8c8fcff444 - std[617be2ca0a6fd877]::sys::backtrace::__rust_begin_short_backtrace::<test[aada8e7e76ba119b]::run_test::{closure#1}, ()>
[INFO] [stdout]   20:     0x5e8c8fd08be2 - <std[617be2ca0a6fd877]::thread::lifecycle::spawn_unchecked<test[aada8e7e76ba119b]::run_test::{closure#1}, ()>::{closure#1} as core[a373ad73a504971]::ops::function::FnOnce<()>>::call_once::{shim:vtable#0}
[INFO] [stdout]   21:     0x5e8c8ffa4c5f - <std[617be2ca0a6fd877]::sys::thread::unix::Thread>::new::thread_start
[INFO] [stdout]   22:     0x72ca7fd38dfa - <unknown>
[INFO] [stdout]   23:     0x72ca7fdcc3d4 - clone
[INFO] [stdout]   24:                0x0 - <unknown>
[INFO] [stdout] 
[INFO] [stdout] ---- analysis::tests::test_complexity_assessment stdout ----
[INFO] [stdout] 
[INFO] [stdout] thread 'analysis::tests::test_complexity_assessment' (3321) panicked at src/analysis.rs:711:14:
[INFO] [stdout] called `Result::unwrap()` on an `Err` value: InvalidThesaurus("Thesaurus file not found: data/term_to_id_simple.json")
[INFO] [stdout] stack backtrace:
[INFO] [stdout]    0:     0x5e8c8ffa5b11 - <<std[617be2ca0a6fd877]::sys::backtrace::BacktraceLock>::print::DisplayBacktrace as core[a373ad73a504971]::fmt::Display>::fmt
[INFO] [stdout]    1:     0x5e8c8ffbccba - core[a373ad73a504971]::fmt::write
[INFO] [stdout]    2:     0x5e8c8ffaa43c - <alloc[2e1b2a31b91974c5]::vec::Vec<u8> as core[a373ad73a504971]::io::write::Write>::write_fmt
[INFO] [stdout]    3:     0x5e8c8ff806b6 - std[617be2ca0a6fd877]::panicking::default_hook::{closure#0}
[INFO] [stdout]    4:     0x5e8c8ff9d6a9 - std[617be2ca0a6fd877]::panicking::default_hook
[INFO] [stdout]    5:     0x5e8c8fd05530 - test[aada8e7e76ba119b]::test_main_inner::{closure#0}
[INFO] [stdout]    6:     0x5e8c8ff9d9d2 - std[617be2ca0a6fd877]::panicking::panic_with_hook
[INFO] [stdout]    7:     0x5e8c8ff80762 - std[617be2ca0a6fd877]::panicking::panic_handler::{closure#0}
[INFO] [stdout]    8:     0x5e8c8ff79209 - std[617be2ca0a6fd877]::sys::backtrace::__rust_end_short_backtrace::<std[617be2ca0a6fd877]::panicking::panic_handler::{closure#0}, !>
[INFO] [stdout]    9:     0x5e8c8ff8155d - __rustc[ea4f61d10b84890b]::rust_begin_unwind
[INFO] [stdout]   10:     0x5e8c8ffbd49c - core[a373ad73a504971]::panicking::panic_fmt
[INFO] [stdout]   11:     0x5e8c8ffbd272 - core[a373ad73a504971]::result::unwrap_failed
[INFO] [stdout]   12:     0x5e8c8fcf5f28 - terraphim_task_decomposition[8ad019bfbfa935d0]::analysis::tests::create_test_role_graph::{closure#0}
[INFO] [stdout]   13:     0x5e8c8fcf6d6d - terraphim_task_decomposition[8ad019bfbfa935d0]::analysis::tests::test_complexity_assessment::{closure#0}
[INFO] [stdout]   14:     0x5e8c8fcba518 - <tokio[5f65e46b86ca716d]::runtime::context::scoped::Scoped<tokio[5f65e46b86ca716d]::runtime::scheduler::Context>>::set::<<tokio[5f65e46b86ca716d]::runtime::scheduler::current_thread::CoreGuard>::enter<<tokio[5f65e46b86ca716d]::runtime::scheduler::current_thread::CoreGuard>::block_on<core[a373ad73a504971]::pin::Pin<&mut core[a373ad73a504971]::pin::Pin<&mut dyn core[a373ad73a504971]::future::future::Future<Output = ()>>>>::{closure#0}, core[a373ad73a504971]::option::Option<()>>::{closure#0}, (alloc[2e1b2a31b91974c5]::boxed::Box<tokio[5f65e46b86ca716d]::runtime::scheduler::current_thread::Core>, core[a373ad73a504971]::option::Option<()>)>
[INFO] [stdout]   15:     0x5e8c8fcb9fab - <tokio[5f65e46b86ca716d]::runtime::runtime::Runtime>::block_on::<core[a373ad73a504971]::pin::Pin<&mut dyn core[a373ad73a504971]::future::future::Future<Output = ()>>>
[INFO] [stdout]   16:     0x5e8c8fcf86ae - <terraphim_task_decomposition[8ad019bfbfa935d0]::analysis::tests::test_complexity_assessment::{closure#0} as core[a373ad73a504971]::ops::function::FnOnce<()>>::call_once
[INFO] [stdout]   17:     0x5e8c8fcf897b - test[aada8e7e76ba119b]::__rust_begin_short_backtrace::<core[a373ad73a504971]::result::Result<(), alloc[2e1b2a31b91974c5]::string::String>, fn() -> core[a373ad73a504971]::result::Result<(), alloc[2e1b2a31b91974c5]::string::String>>
[INFO] [stdout]   18:     0x5e8c8fd05b55 - test[aada8e7e76ba119b]::run_test::{closure#0}
[INFO] [stdout]   19:     0x5e8c8fcff444 - std[617be2ca0a6fd877]::sys::backtrace::__rust_begin_short_backtrace::<test[aada8e7e76ba119b]::run_test::{closure#1}, ()>
[INFO] [stdout]   20:     0x5e8c8fd08be2 - <std[617be2ca0a6fd877]::thread::lifecycle::spawn_unchecked<test[aada8e7e76ba119b]::run_test::{closure#1}, ()>::{closure#1} as core[a373ad73a504971]::ops::function::FnOnce<()>>::call_once::{shim:vtable#0}
[INFO] [stdout]   21:     0x5e8c8ffa4c5f - <std[617be2ca0a6fd877]::sys::thread::unix::Thread>::new::thread_start
[INFO] [stdout]   22:     0x72ca7fd38dfa - <unknown>
[INFO] [stdout]   23:     0x72ca7fdcc3d4 - clone
[INFO] [stdout]   24:                0x0 - <unknown>
[INFO] [stdout] 
[INFO] [stdout] ---- knowledge_graph::tests::test_concept_similarity_calculation stdout ----
[INFO] [stdout] 
[INFO] [stdout] thread 'knowledge_graph::tests::test_concept_similarity_calculation' (3333) panicked at src/knowledge_graph.rs:747:14:
[INFO] [stdout] called `Result::unwrap()` on an `Err` value: InvalidThesaurus("Thesaurus file not found: data/term_to_id_simple.json")
[INFO] [stdout] stack backtrace:
[INFO] [stdout]    0:     0x5e8c8ffa5b11 - <<std[617be2ca0a6fd877]::sys::backtrace::BacktraceLock>::print::DisplayBacktrace as core[a373ad73a504971]::fmt::Display>::fmt
[INFO] [stdout]    1:     0x5e8c8ffbccba - core[a373ad73a504971]::fmt::write
[INFO] [stdout]    2:     0x5e8c8ffaa43c - <alloc[2e1b2a31b91974c5]::vec::Vec<u8> as core[a373ad73a504971]::io::write::Write>::write_fmt
[INFO] [stdout]    3:     0x5e8c8ff806b6 - std[617be2ca0a6fd877]::panicking::default_hook::{closure#0}
[INFO] [stdout]    4:     0x5e8c8ff9d6a9 - std[617be2ca0a6fd877]::panicking::default_hook
[INFO] [stdout]    5:     0x5e8c8fd05530 - test[aada8e7e76ba119b]::test_main_inner::{closure#0}
[INFO] [stdout]    6:     0x5e8c8ff9d9d2 - std[617be2ca0a6fd877]::panicking::panic_with_hook
[INFO] [stdout]    7:     0x5e8c8ff80762 - std[617be2ca0a6fd877]::panicking::panic_handler::{closure#0}
[INFO] [stdout]    8:     0x5e8c8ff79209 - std[617be2ca0a6fd877]::sys::backtrace::__rust_end_short_backtrace::<std[617be2ca0a6fd877]::panicking::panic_handler::{closure#0}, !>
[INFO] [stdout]    9:     0x5e8c8ff8155d - __rustc[ea4f61d10b84890b]::rust_begin_unwind
[INFO] [stdout]   10:     0x5e8c8ffbd49c - core[a373ad73a504971]::panicking::panic_fmt
[INFO] [stdout]   11:     0x5e8c8ffbd272 - core[a373ad73a504971]::result::unwrap_failed
[INFO] [stdout]   12:     0x5e8c8fcc3636 - terraphim_task_decomposition[8ad019bfbfa935d0]::knowledge_graph::tests::create_test_role_graph::{closure#0}
[INFO] [stdout]   13:     0x5e8c8fcc5d7f - terraphim_task_decomposition[8ad019bfbfa935d0]::knowledge_graph::tests::test_concept_similarity_calculation::{closure#0}
[INFO] [stdout]   14:     0x5e8c8fcba518 - <tokio[5f65e46b86ca716d]::runtime::context::scoped::Scoped<tokio[5f65e46b86ca716d]::runtime::scheduler::Context>>::set::<<tokio[5f65e46b86ca716d]::runtime::scheduler::current_thread::CoreGuard>::enter<<tokio[5f65e46b86ca716d]::runtime::scheduler::current_thread::CoreGuard>::block_on<core[a373ad73a504971]::pin::Pin<&mut core[a373ad73a504971]::pin::Pin<&mut dyn core[a373ad73a504971]::future::future::Future<Output = ()>>>>::{closure#0}, core[a373ad73a504971]::option::Option<()>>::{closure#0}, (alloc[2e1b2a31b91974c5]::boxed::Box<tokio[5f65e46b86ca716d]::runtime::scheduler::current_thread::Core>, core[a373ad73a504971]::option::Option<()>)>
[INFO] [stdout]   15:     0x5e8c8fcb9fab - <tokio[5f65e46b86ca716d]::runtime::runtime::Runtime>::block_on::<core[a373ad73a504971]::pin::Pin<&mut dyn core[a373ad73a504971]::future::future::Future<Output = ()>>>
[INFO] [stdout]   16:     0x5e8c8fcc6afe - <terraphim_task_decomposition[8ad019bfbfa935d0]::knowledge_graph::tests::test_concept_similarity_calculation::{closure#0} as core[a373ad73a504971]::ops::function::FnOnce<()>>::call_once
[INFO] [stdout]   17:     0x5e8c8fcf897b - test[aada8e7e76ba119b]::__rust_begin_short_backtrace::<core[a373ad73a504971]::result::Result<(), alloc[2e1b2a31b91974c5]::string::String>, fn() -> core[a373ad73a504971]::result::Result<(), alloc[2e1b2a31b91974c5]::string::String>>
[INFO] [stdout]   18:     0x5e8c8fd05b55 - test[aada8e7e76ba119b]::run_test::{closure#0}
[INFO] [stdout]   19:     0x5e8c8fcff444 - std[617be2ca0a6fd877]::sys::backtrace::__rust_begin_short_backtrace::<test[aada8e7e76ba119b]::run_test::{closure#1}, ()>
[INFO] [stdout]   20:     0x5e8c8fd08be2 - <std[617be2ca0a6fd877]::thread::lifecycle::spawn_unchecked<test[aada8e7e76ba119b]::run_test::{closure#1}, ()>::{closure#1} as core[a373ad73a504971]::ops::function::FnOnce<()>>::call_once::{shim:vtable#0}
[INFO] [stdout]   21:     0x5e8c8ffa4c5f - <std[617be2ca0a6fd877]::sys::thread::unix::Thread>::new::thread_start
[INFO] [stdout]   22:     0x72ca7fd38dfa - <unknown>
[INFO] [stdout]   23:     0x72ca7fdcc3d4 - clone
[INFO] [stdout]   24:                0x0 - <unknown>
[INFO] [stdout] 
[INFO] [stdout] ---- knowledge_graph::tests::test_connectivity_query stdout ----
[INFO] [stdout] 
[INFO] [stdout] thread 'knowledge_graph::tests::test_connectivity_query' (3334) panicked at src/knowledge_graph.rs:747:14:
[INFO] [stdout] called `Result::unwrap()` on an `Err` value: InvalidThesaurus("Thesaurus file not found: data/term_to_id_simple.json")
[INFO] [stdout] stack backtrace:
[INFO] [stdout]    0:     0x5e8c8ffa5b11 - <<std[617be2ca0a6fd877]::sys::backtrace::BacktraceLock>::print::DisplayBacktrace as core[a373ad73a504971]::fmt::Display>::fmt
[INFO] [stdout]    1:     0x5e8c8ffbccba - core[a373ad73a504971]::fmt::write
[INFO] [stdout]    2:     0x5e8c8ffaa43c - <alloc[2e1b2a31b91974c5]::vec::Vec<u8> as core[a373ad73a504971]::io::write::Write>::write_fmt
[INFO] [stdout]    3:     0x5e8c8ff806b6 - std[617be2ca0a6fd877]::panicking::default_hook::{closure#0}
[INFO] [stdout]    4:     0x5e8c8ff9d6a9 - std[617be2ca0a6fd877]::panicking::default_hook
[INFO] [stdout]    5:     0x5e8c8fd05530 - test[aada8e7e76ba119b]::test_main_inner::{closure#0}
[INFO] [stdout]    6:     0x5e8c8ff9d9d2 - std[617be2ca0a6fd877]::panicking::panic_with_hook
[INFO] [stdout]    7:     0x5e8c8ff80762 - std[617be2ca0a6fd877]::panicking::panic_handler::{closure#0}
[INFO] [stdout]    8:     0x5e8c8ff79209 - std[617be2ca0a6fd877]::sys::backtrace::__rust_end_short_backtrace::<std[617be2ca0a6fd877]::panicking::panic_handler::{closure#0}, !>
[INFO] [stdout]    9:     0x5e8c8ff8155d - __rustc[ea4f61d10b84890b]::rust_begin_unwind
[INFO] [stdout]   10:     0x5e8c8ffbd49c - core[a373ad73a504971]::panicking::panic_fmt
[INFO] [stdout]   11:     0x5e8c8ffbd272 - core[a373ad73a504971]::result::unwrap_failed
[INFO] [stdout]   12:     0x5e8c8fcc3636 - terraphim_task_decomposition[8ad019bfbfa935d0]::knowledge_graph::tests::create_test_role_graph::{closure#0}
[INFO] [stdout]   13:     0x5e8c8fcc41c7 - terraphim_task_decomposition[8ad019bfbfa935d0]::knowledge_graph::tests::test_connectivity_query::{closure#0}
[INFO] [stdout]   14:     0x5e8c8fcba518 - <tokio[5f65e46b86ca716d]::runtime::context::scoped::Scoped<tokio[5f65e46b86ca716d]::runtime::scheduler::Context>>::set::<<tokio[5f65e46b86ca716d]::runtime::scheduler::current_thread::CoreGuard>::enter<<tokio[5f65e46b86ca716d]::runtime::scheduler::current_thread::CoreGuard>::block_on<core[a373ad73a504971]::pin::Pin<&mut core[a373ad73a504971]::pin::Pin<&mut dyn core[a373ad73a504971]::future::future::Future<Output = ()>>>>::{closure#0}, core[a373ad73a504971]::option::Option<()>>::{closure#0}, (alloc[2e1b2a31b91974c5]::boxed::Box<tokio[5f65e46b86ca716d]::runtime::scheduler::current_thread::Core>, core[a373ad73a504971]::option::Option<()>)>
[INFO] [stdout]   15:     0x5e8c8fcb9fab - <tokio[5f65e46b86ca716d]::runtime::runtime::Runtime>::block_on::<core[a373ad73a504971]::pin::Pin<&mut dyn core[a373ad73a504971]::future::future::Future<Output = ()>>>
[INFO] [stdout]   16:     0x5e8c8fcc653e - <terraphim_task_decomposition[8ad019bfbfa935d0]::knowledge_graph::tests::test_connectivity_query::{closure#0} as core[a373ad73a504971]::ops::function::FnOnce<()>>::call_once
[INFO] [stdout]   17:     0x5e8c8fcf897b - test[aada8e7e76ba119b]::__rust_begin_short_backtrace::<core[a373ad73a504971]::result::Result<(), alloc[2e1b2a31b91974c5]::string::String>, fn() -> core[a373ad73a504971]::result::Result<(), alloc[2e1b2a31b91974c5]::string::String>>
[INFO] [stdout]   18:     0x5e8c8fd05b55 - test[aada8e7e76ba119b]::run_test::{closure#0}
[INFO] [stdout]   19:     0x5e8c8fcff444 - std[617be2ca0a6fd877]::sys::backtrace::__rust_begin_short_backtrace::<test[aada8e7e76ba119b]::run_test::{closure#1}, ()>
[INFO] [stdout]   20:     0x5e8c8fd08be2 - <std[617be2ca0a6fd877]::thread::lifecycle::spawn_unchecked<test[aada8e7e76ba119b]::run_test::{closure#1}, ()>::{closure#1} as core[a373ad73a504971]::ops::function::FnOnce<()>>::call_once::{shim:vtable#0}
[INFO] [stdout]   21:     0x5e8c8ffa4c5f - <std[617be2ca0a6fd877]::sys::thread::unix::Thread>::new::thread_start
[INFO] [stdout]   22:     0x72ca7fd38dfa - <unknown>
[INFO] [stdout]   23:     0x72ca7fdcc3d4 - clone
[INFO] [stdout]   24:                0x0 - <unknown>
[INFO] [stdout] 
[INFO] [stdout] ---- knowledge_graph::tests::test_concept_query stdout ----
[INFO] [stdout] 
[INFO] [stdout] thread 'knowledge_graph::tests::test_concept_query' (3332) panicked at src/knowledge_graph.rs:747:14:
[INFO] [stdout] called `Result::unwrap()` on an `Err` value: InvalidThesaurus("Thesaurus file not found: data/term_to_id_simple.json")
[INFO] [stdout] stack backtrace:
[INFO] [stdout]    0:     0x5e8c8ffa5b11 - <<std[617be2ca0a6fd877]::sys::backtrace::BacktraceLock>::print::DisplayBacktrace as core[a373ad73a504971]::fmt::Display>::fmt
[INFO] [stdout]    1:     0x5e8c8ffbccba - core[a373ad73a504971]::fmt::write
[INFO] [stdout]    2:     0x5e8c8ffaa43c - <alloc[2e1b2a31b91974c5]::vec::Vec<u8> as core[a373ad73a504971]::io::write::Write>::write_fmt
[INFO] [stdout]    3:     0x5e8c8ff806b6 - std[617be2ca0a6fd877]::panicking::default_hook::{closure#0}
[INFO] [stdout]    4:     0x5e8c8ff9d6a9 - std[617be2ca0a6fd877]::panicking::default_hook
[INFO] [stdout]    5:     0x5e8c8fd05530 - test[aada8e7e76ba119b]::test_main_inner::{closure#0}
[INFO] [stdout]    6:     0x5e8c8ff9d9d2 - std[617be2ca0a6fd877]::panicking::panic_with_hook
[INFO] [stdout]    7:     0x5e8c8ff80762 - std[617be2ca0a6fd877]::panicking::panic_handler::{closure#0}
[INFO] [stdout]    8:     0x5e8c8ff79209 - std[617be2ca0a6fd877]::sys::backtrace::__rust_end_short_backtrace::<std[617be2ca0a6fd877]::panicking::panic_handler::{closure#0}, !>
[INFO] [stdout]    9:     0x5e8c8ff8155d - __rustc[ea4f61d10b84890b]::rust_begin_unwind
[INFO] [stdout]   10:     0x5e8c8ffbd49c - core[a373ad73a504971]::panicking::panic_fmt
[INFO] [stdout]   11:     0x5e8c8ffbd272 - core[a373ad73a504971]::result::unwrap_failed
[INFO] [stdout]   12:     0x5e8c8fcc3636 - terraphim_task_decomposition[8ad019bfbfa935d0]::knowledge_graph::tests::create_test_role_graph::{closure#0}
[INFO] [stdout]   13:     0x5e8c8fcc3ba7 - terraphim_task_decomposition[8ad019bfbfa935d0]::knowledge_graph::tests::test_concept_query::{closure#0}
[INFO] [stdout]   14:     0x5e8c8fcba518 - <tokio[5f65e46b86ca716d]::runtime::context::scoped::Scoped<tokio[5f65e46b86ca716d]::runtime::scheduler::Context>>::set::<<tokio[5f65e46b86ca716d]::runtime::scheduler::current_thread::CoreGuard>::enter<<tokio[5f65e46b86ca716d]::runtime::scheduler::current_thread::CoreGuard>::block_on<core[a373ad73a504971]::pin::Pin<&mut core[a373ad73a504971]::pin::Pin<&mut dyn core[a373ad73a504971]::future::future::Future<Output = ()>>>>::{closure#0}, core[a373ad73a504971]::option::Option<()>>::{closure#0}, (alloc[2e1b2a31b91974c5]::boxed::Box<tokio[5f65e46b86ca716d]::runtime::scheduler::current_thread::Core>, core[a373ad73a504971]::option::Option<()>)>
[INFO] [stdout]   15:     0x5e8c8fcb9fab - <tokio[5f65e46b86ca716d]::runtime::runtime::Runtime>::block_on::<core[a373ad73a504971]::pin::Pin<&mut dyn core[a373ad73a504971]::future::future::Future<Output = ()>>>
[INFO] [stdout]   16:     0x5e8c8fcc63de - <terraphim_task_decomposition[8ad019bfbfa935d0]::knowledge_graph::tests::test_concept_query::{closure#0} as core[a373ad73a504971]::ops::function::FnOnce<()>>::call_once
[INFO] [stdout]   17:     0x5e8c8fcf897b - test[aada8e7e76ba119b]::__rust_begin_short_backtrace::<core[a373ad73a504971]::result::Result<(), alloc[2e1b2a31b91974c5]::string::String>, fn() -> core[a373ad73a504971]::result::Result<(), alloc[2e1b2a31b91974c5]::string::String>>
[INFO] [stdout]   18:     0x5e8c8fd05b55 - test[aada8e7e76ba119b]::run_test::{closure#0}
[INFO] [stdout]   19:     0x5e8c8fcff444 - std[617be2ca0a6fd877]::sys::backtrace::__rust_begin_short_backtrace::<test[aada8e7e76ba119b]::run_test::{closure#1}, ()>
[INFO] [stdout]   20:     0x5e8c8fd08be2 - <std[617be2ca0a6fd877]::thread::lifecycle::spawn_unchecked<test[aada8e7e76ba119b]::run_test::{closure#1}, ()>::{closure#1} as core[a373ad73a504971]::ops::function::FnOnce<()>>::call_once::{shim:vtable#0}
[INFO] [stdout]   21:     0x5e8c8ffa4c5f - <std[617be2ca0a6fd877]::sys::thread::unix::Thread>::new::thread_start
[INFO] [stdout]   22:     0x72ca7fd38dfa - <unknown>
[INFO] [stdout]   23:     0x72ca7fdcc3d4 - clone
[INFO] [stdout]   24:                0x0 - <unknown>
[INFO] [stdout] 
[INFO] [stdout] ---- system::tests::test_system_creation stdout ----
[INFO] [stdout] 
[INFO] [stdout] thread 'system::tests::test_system_creation' (3346) panicked at src/system.rs:389:14:
[INFO] [stdout] called `Result::unwrap()` on an `Err` value: InvalidThesaurus("Thesaurus file not found: data/term_to_id_simple.json")
[INFO] [stdout] stack backtrace:
[INFO] [stdout]    0:     0x5e8c8ffa5b11 - <<std[617be2ca0a6fd877]::sys::backtrace::BacktraceLock>::print::DisplayBacktrace as core[a373ad73a504971]::fmt::Display>::fmt
[INFO] [stdout]    1:     0x5e8c8ffbccba - core[a373ad73a504971]::fmt::write
[INFO] [stdout]    2:     0x5e8c8ffaa43c - <alloc[2e1b2a31b91974c5]::vec::Vec<u8> as core[a373ad73a504971]::io::write::Write>::write_fmt
[INFO] [stdout]    3:     0x5e8c8ff806b6 - std[617be2ca0a6fd877]::panicking::default_hook::{closure#0}
[INFO] [stdout]    4:     0x5e8c8ff9d6a9 - std[617be2ca0a6fd877]::panicking::default_hook
[INFO] [stdout]    5:     0x5e8c8fd05530 - test[aada8e7e76ba119b]::test_main_inner::{closure#0}
[INFO] [stdout]    6:     0x5e8c8ff9d9d2 - std[617be2ca0a6fd877]::panicking::panic_with_hook
[INFO] [stdout]    7:     0x5e8c8ff80762 - std[617be2ca0a6fd877]::panicking::panic_handler::{closure#0}
[INFO] [stdout]    8:     0x5e8c8ff79209 - std[617be2ca0a6fd877]::sys::backtrace::__rust_end_short_backtrace::<std[617be2ca0a6fd877]::panicking::panic_handler::{closure#0}, !>
[INFO] [stdout]    9:     0x5e8c8ff8155d - __rustc[ea4f61d10b84890b]::rust_begin_unwind
[INFO] [stdout]   10:     0x5e8c8ffbd49c - core[a373ad73a504971]::panicking::panic_fmt
[INFO] [stdout]   11:     0x5e8c8ffbd272 - core[a373ad73a504971]::result::unwrap_failed
[INFO] [stdout]   12:     0x5e8c8fcd8ca6 - terraphim_task_decomposition[8ad019bfbfa935d0]::system::tests::create_test_role_graph::{closure#0}
[INFO] [stdout]   13:     0x5e8c8fcd921d - terraphim_task_decomposition[8ad019bfbfa935d0]::system::tests::test_system_creation::{closure#0}
[INFO] [stdout]   14:     0x5e8c8fcba518 - <tokio[5f65e46b86ca716d]::runtime::context::scoped::Scoped<tokio[5f65e46b86ca716d]::runtime::scheduler::Context>>::set::<<tokio[5f65e46b86ca716d]::runtime::scheduler::current_thread::CoreGuard>::enter<<tokio[5f65e46b86ca716d]::runtime::scheduler::current_thread::CoreGuard>::block_on<core[a373ad73a504971]::pin::Pin<&mut core[a373ad73a504971]::pin::Pin<&mut dyn core[a373ad73a504971]::future::future::Future<Output = ()>>>>::{closure#0}, core[a373ad73a504971]::option::Option<()>>::{closure#0}, (alloc[2e1b2a31b91974c5]::boxed::Box<tokio[5f65e46b86ca716d]::runtime::scheduler::current_thread::Core>, core[a373ad73a504971]::option::Option<()>)>
[INFO] [stdout]   15:     0x5e8c8fcb9fab - <tokio[5f65e46b86ca716d]::runtime::runtime::Runtime>::block_on::<core[a373ad73a504971]::pin::Pin<&mut dyn core[a373ad73a504971]::future::future::Future<Output = ()>>>
[INFO] [stdout]   16:     0x5e8c8fcdb8ee - <terraphim_task_decomposition[8ad019bfbfa935d0]::system::tests::test_system_creation::{closure#0} as core[a373ad73a504971]::ops::function::FnOnce<()>>::call_once
[INFO] [stdout]   17:     0x5e8c8fcf897b - test[aada8e7e76ba119b]::__rust_begin_short_backtrace::<core[a373ad73a504971]::result::Result<(), alloc[2e1b2a31b91974c5]::string::String>, fn() -> core[a373ad73a504971]::result::Result<(), alloc[2e1b2a31b91974c5]::string::String>>
[INFO] [stdout]   18:     0x5e8c8fd05b55 - test[aada8e7e76ba119b]::run_test::{closure#0}
[INFO] [stdout]   19:     0x5e8c8fcff444 - std[617be2ca0a6fd877]::sys::backtrace::__rust_begin_short_backtrace::<test[aada8e7e76ba119b]::run_test::{closure#1}, ()>
[INFO] [stdout]   20:     0x5e8c8fd08be2 - <std[617be2ca0a6fd877]::thread::lifecycle::spawn_unchecked<test[aada8e7e76ba119b]::run_test::{closure#1}, ()>::{closure#1} as core[a373ad73a504971]::ops::function::FnOnce<()>>::call_once::{shim:vtable#0}
[INFO] [stdout]   21:     0x5e8c8ffa4c5f - <std[617be2ca0a6fd877]::sys::thread::unix::Thread>::new::thread_start
[INFO] [stdout]   22:     0x72ca7fd38dfa - <unknown>
[INFO] [stdout]   23:     0x72ca7fdcc3d4 - clone
[INFO] [stdout]   24:                0x0 - <unknown>
[INFO] [stdout] 
[INFO] [stdout] ---- system::tests::test_workflow_execution stdout ----
[INFO] [stdout] 
[INFO] [stdout] thread 'system::tests::test_workflow_execution' (3347) panicked at src/system.rs:389:14:
[INFO] [stdout] called `Result::unwrap()` on an `Err` value: InvalidThesaurus("Thesaurus file not found: data/term_to_id_simple.json")
[INFO] [stdout] stack backtrace:
[INFO] [stdout]    0:     0x5e8c8ffa5b11 - <<std[617be2ca0a6fd877]::sys::backtrace::BacktraceLock>::print::DisplayBacktrace as core[a373ad73a504971]::fmt::Display>::fmt
[INFO] [stdout]    1:     0x5e8c8ffbccba - core[a373ad73a504971]::fmt::write
[INFO] [stdout]    2:     0x5e8c8ffaa43c - <alloc[2e1b2a31b91974c5]::vec::Vec<u8> as core[a373ad73a504971]::io::write::Write>::write_fmt
[INFO] [stdout]    3:     0x5e8c8ff806b6 - std[617be2ca0a6fd877]::panicking::default_hook::{closure#0}
[INFO] [stdout]    4:     0x5e8c8ff9d6a9 - std[617be2ca0a6fd877]::panicking::default_hook
[INFO] [stdout]    5:     0x5e8c8fd05530 - test[aada8e7e76ba119b]::test_main_inner::{closure#0}
[INFO] [stdout]    6:     0x5e8c8ff9d9d2 - std[617be2ca0a6fd877]::panicking::panic_with_hook
[INFO] [stdout]    7:     0x5e8c8ff80762 - std[617be2ca0a6fd877]::panicking::panic_handler::{closure#0}
[INFO] [stdout]    8:     0x5e8c8ff79209 - std[617be2ca0a6fd877]::sys::backtrace::__rust_end_short_backtrace::<std[617be2ca0a6fd877]::panicking::panic_handler::{closure#0}, !>
[INFO] [stdout]    9:     0x5e8c8ff8155d - __rustc[ea4f61d10b84890b]::rust_begin_unwind
[INFO] [stdout]   10:     0x5e8c8ffbd49c - core[a373ad73a504971]::panicking::panic_fmt
[INFO] [stdout]   11:     0x5e8c8ffbd272 - core[a373ad73a504971]::result::unwrap_failed
[INFO] [stdout]   12:     0x5e8c8fcd8ca6 - terraphim_task_decomposition[8ad019bfbfa935d0]::system::tests::create_test_role_graph::{closure#0}
[INFO] [stdout]   13:     0x5e8c8fcd9486 - terraphim_task_decomposition[8ad019bfbfa935d0]::system::tests::test_workflow_execution::{closure#0}
[INFO] [stdout]   14:     0x5e8c8fcba518 - <tokio[5f65e46b86ca716d]::runtime::context::scoped::Scoped<tokio[5f65e46b86ca716d]::runtime::scheduler::Context>>::set::<<tokio[5f65e46b86ca716d]::runtime::scheduler::current_thread::CoreGuard>::enter<<tokio[5f65e46b86ca716d]::runtime::scheduler::current_thread::CoreGuard>::block_on<core[a373ad73a504971]::pin::Pin<&mut core[a373ad73a504971]::pin::Pin<&mut dyn core[a373ad73a504971]::future::future::Future<Output = ()>>>>::{closure#0}, core[a373ad73a504971]::option::Option<()>>::{closure#0}, (alloc[2e1b2a31b91974c5]::boxed::Box<tokio[5f65e46b86ca716d]::runtime::scheduler::current_thread::Core>, core[a373ad73a504971]::option::Option<()>)>
[INFO] [stdout]   15:     0x5e8c8fcb9fab - <tokio[5f65e46b86ca716d]::runtime::runtime::Runtime>::block_on::<core[a373ad73a504971]::pin::Pin<&mut dyn core[a373ad73a504971]::future::future::Future<Output = ()>>>
[INFO] [stdout]   16:     0x5e8c8fcdba8e - <terraphim_task_decomposition[8ad019bfbfa935d0]::system::tests::test_workflow_execution::{closure#0} as core[a373ad73a504971]::ops::function::FnOnce<()>>::call_once
[INFO] [stdout]   17:     0x5e8c8fcf897b - test[aada8e7e76ba119b]::__rust_begin_short_backtrace::<core[a373ad73a504971]::result::Result<(), alloc[2e1b2a31b91974c5]::string::String>, fn() -> core[a373ad73a504971]::result::Result<(), alloc[2e1b2a31b91974c5]::string::String>>
[INFO] [stdout]   18:     0x5e8c8fd05b55 - test[aada8e7e76ba119b]::run_test::{closure#0}
[INFO] [stdout]   19:     0x5e8c8fcff444 - std[617be2ca0a6fd877]::sys::backtrace::__rust_begin_short_backtrace::<test[aada8e7e76ba119b]::run_test::{closure#1}, ()>
[INFO] [stdout]   20:     0x5e8c8fd08be2 - <std[617be2ca0a6fd877]::thread::lifecycle::spawn_unchecked<test[aada8e7e76ba119b]::run_test::{closure#1}, ()>::{closure#1} as core[a373ad73a504971]::ops::function::FnOnce<()>>::call_once::{shim:vtable#0}
[INFO] [stdout]   21:     0x5e8c8ffa4c5f - <std[617be2ca0a6fd877]::sys::thread::unix::Thread>::new::thread_start
[INFO] [stdout]   22:     0x72ca7fd38dfa - <unknown>
[INFO] [stdout]   23:     0x72ca7fdcc3d4 - clone
[INFO] [stdout]   24:                0x0 - <unknown>
[INFO] [stdout] 
[INFO] [stdout] ---- knowledge_graph::tests::test_task_context_enrichment stdout ----
[INFO] [stdout] 
[INFO] [stdout] thread 'knowledge_graph::tests::test_task_context_enrichment' (3336) panicked at src/knowledge_graph.rs:747:14:
[INFO] [stdout] called `Result::unwrap()` on an `Err` value: InvalidThesaurus("Thesaurus file not found: data/term_to_id_simple.json")
[INFO] [stdout] stack backtrace:
[INFO] [stdout]    0:     0x5e8c8ffa5b11 - <<std[617be2ca0a6fd877]::sys::backtrace::BacktraceLock>::print::DisplayBacktrace as core[a373ad73a504971]::fmt::Display>::fmt
[INFO] [stdout]    1:     0x5e8c8ffbccba - core[a373ad73a504971]::fmt::write
[INFO] [stdout]    2:     0x5e8c8ffaa43c - <alloc[2e1b2a31b91974c5]::vec::Vec<u8> as core[a373ad73a504971]::io::write::Write>::write_fmt
[INFO] [stdout]    3:     0x5e8c8ff806b6 - std[617be2ca0a6fd877]::panicking::default_hook::{closure#0}
[INFO] [stdout]    4:     0x5e8c8ff9d6a9 - std[617be2ca0a6fd877]::panicking::default_hook
[INFO] [stdout]    5:     0x5e8c8fd05530 - test[aada8e7e76ba119b]::test_main_inner::{closure#0}
[INFO] [stdout]    6:     0x5e8c8ff9d9d2 - std[617be2ca0a6fd877]::panicking::panic_with_hook
[INFO] [stdout]    7:     0x5e8c8ff80762 - std[617be2ca0a6fd877]::panicking::panic_handler::{closure#0}
[INFO] [stdout]    8:     0x5e8c8ff79209 - std[617be2ca0a6fd877]::sys::backtrace::__rust_end_short_backtrace::<std[617be2ca0a6fd877]::panicking::panic_handler::{closure#0}, !>
[INFO] [stdout]    9:     0x5e8c8ff8155d - __rustc[ea4f61d10b84890b]::rust_begin_unwind
[INFO] [stdout]   10:     0x5e8c8ffbd49c - core[a373ad73a504971]::panicking::panic_fmt
[INFO] [stdout]   11:     0x5e8c8ffbd272 - core[a373ad73a504971]::result::unwrap_failed
[INFO] [stdout]   12:     0x5e8c8fcc3636 - terraphim_task_decomposition[8ad019bfbfa935d0]::knowledge_graph::tests::create_test_role_graph::{closure#0}
[INFO] [stdout]   13:     0x5e8c8fcc4e17 - terraphim_task_decomposition[8ad019bfbfa935d0]::knowledge_graph::tests::test_task_context_enrichment::{closure#0}
[INFO] [stdout]   14:     0x5e8c8fcba518 - <tokio[5f65e46b86ca716d]::runtime::context::scoped::Scoped<tokio[5f65e46b86ca716d]::runtime::scheduler::Context>>::set::<<tokio[5f65e46b86ca716d]::runtime::scheduler::current_thread::CoreGuard>::enter<<tokio[5f65e46b86ca716d]::runtime::scheduler::current_thread::CoreGuard>::block_on<core[a373ad73a504971]::pin::Pin<&mut core[a373ad73a504971]::pin::Pin<&mut dyn core[a373ad73a504971]::future::future::Future<Output = ()>>>>::{closure#0}, core[a373ad73a504971]::option::Option<()>>::{closure#0}, (alloc[2e1b2a31b91974c5]::boxed::Box<tokio[5f65e46b86ca716d]::runtime::scheduler::current_thread::Core>, core[a373ad73a504971]::option::Option<()>)>
[INFO] [stdout]   15:     0x5e8c8fcb9fab - <tokio[5f65e46b86ca716d]::runtime::runtime::Runtime>::block_on::<core[a373ad73a504971]::pin::Pin<&mut dyn core[a373ad73a504971]::future::future::Future<Output = ()>>>
[INFO] [stdout]   16:     0x5e8c8fcc683e - <terraphim_task_decomposition[8ad019bfbfa935d0]::knowledge_graph::tests::test_task_context_enrichment::{closure#0} as core[a373ad73a504971]::ops::function::FnOnce<()>>::call_once
[INFO] [stdout]   17:     0x5e8c8fcf897b - test[aada8e7e76ba119b]::__rust_begin_short_backtrace::<core[a373ad73a504971]::result::Result<(), alloc[2e1b2a31b91974c5]::string::String>, fn() -> core[a373ad73a504971]::result::Result<(), alloc[2e1b2a31b91974c5]::string::String>>
[INFO] [stdout]   18:     0x5e8c8fd05b55 - test[aada8e7e76ba119b]::run_test::{closure#0}
[INFO] [stdout]   19:     0x5e8c8fcff444 - std[617be2ca0a6fd877]::sys::backtrace::__rust_begin_short_backtrace::<test[aada8e7e76ba119b]::run_test::{closure#1}, ()>
[INFO] [stdout]   20:     0x5e8c8fd08be2 - <std[617be2ca0a6fd877]::thread::lifecycle::spawn_unchecked<test[aada8e7e76ba119b]::run_test::{closure#1}, ()>::{closure#1} as core[a373ad73a504971]::ops::function::FnOnce<()>>::call_once::{shim:vtable#0}
[INFO] [stdout]   21:     0x5e8c8ffa4c5f - <std[617be2ca0a6fd877]::sys::thread::unix::Thread>::new::thread_start
[INFO] [stdout]   22:     0x72ca7fd38dfa - <unknown>
[INFO] [stdout]   23:     0x72ca7fdcc3d4 - clone
[INFO] [stdout]   24:                0x0 - <unknown>
[INFO] [stdout] 
[INFO] [stdout] ---- system::tests::test_confidence_calculation stdout ----
[INFO] [stdout] 
[INFO] [stdout] thread 'system::tests::test_confidence_calculation' (3343) panicked at src/system.rs:389:14:
[INFO] [stdout] called `Result::unwrap()` on an `Err` value: InvalidThesaurus("Thesaurus file not found: data/term_to_id_simple.json")
[INFO] [stdout] stack backtrace:
[INFO] [stdout]    0:     0x5e8c8ffa5b11 - <<std[617be2ca0a6fd877]::sys::backtrace::BacktraceLock>::print::DisplayBacktrace as core[a373ad73a504971]::fmt::Display>::fmt
[INFO] [stdout]    1:     0x5e8c8ffbccba - core[a373ad73a504971]::fmt::write
[INFO] [stdout]    2:     0x5e8c8ffaa43c - <alloc[2e1b2a31b91974c5]::vec::Vec<u8> as core[a373ad73a504971]::io::write::Write>::write_fmt
[INFO] [stdout]    3:     0x5e8c8ff806b6 - std[617be2ca0a6fd877]::panicking::default_hook::{closure#0}
[INFO] [stdout]    4:     0x5e8c8ff9d6a9 - std[617be2ca0a6fd877]::panicking::default_hook
[INFO] [stdout]    5:     0x5e8c8fd05530 - test[aada8e7e76ba119b]::test_main_inner::{closure#0}
[INFO] [stdout]    6:     0x5e8c8ff9d9d2 - std[617be2ca0a6fd877]::panicking::panic_with_hook
[INFO] [stdout]    7:     0x5e8c8ff80762 - std[617be2ca0a6fd877]::panicking::panic_handler::{closure#0}
[INFO] [stdout]    8:     0x5e8c8ff79209 - std[617be2ca0a6fd877]::sys::backtrace::__rust_end_short_backtrace::<std[617be2ca0a6fd877]::panicking::panic_handler::{closure#0}, !>
[INFO] [stdout]    9:     0x5e8c8ff8155d - __rustc[ea4f61d10b84890b]::rust_begin_unwind
[INFO] [stdout]   10:     0x5e8c8ffbd49c - core[a373ad73a504971]::panicking::panic_fmt
[INFO] [stdout]   11:     0x5e8c8ffbd272 - core[a373ad73a504971]::result::unwrap_failed
[INFO] [stdout]   12:     0x5e8c8fcd8ca6 - terraphim_task_decomposition[8ad019bfbfa935d0]::system::tests::create_test_role_graph::{closure#0}
[INFO] [stdout]   13:     0x5e8c8fcda89b - terraphim_task_decomposition[8ad019bfbfa935d0]::system::tests::test_confidence_calculation::{closure#0}
[INFO] [stdout]   14:     0x5e8c8fcba518 - <tokio[5f65e46b86ca716d]::runtime::context::scoped::Scoped<tokio[5f65e46b86ca716d]::runtime::scheduler::Context>>::set::<<tokio[5f65e46b86ca716d]::runtime::scheduler::current_thread::CoreGuard>::enter<<tokio[5f65e46b86ca716d]::runtime::scheduler::current_thread::CoreGuard>::block_on<core[a373ad73a504971]::pin::Pin<&mut core[a373ad73a504971]::pin::Pin<&mut dyn core[a373ad73a504971]::future::future::Future<Output = ()>>>>::{closure#0}, core[a373ad73a504971]::option::Option<()>>::{closure#0}, (alloc[2e1b2a31b91974c5]::boxed::Box<tokio[5f65e46b86ca716d]::runtime::scheduler::current_thread::Core>, core[a373ad73a504971]::option::Option<()>)>
[INFO] [stdout]   15:     0x5e8c8fcb9fab - <tokio[5f65e46b86ca716d]::runtime::runtime::Runtime>::block_on::<core[a373ad73a504971]::pin::Pin<&mut dyn core[a373ad73a504971]::future::future::Future<Output = ()>>>
[INFO] [stdout]   16:     0x5e8c8fcdbeae - <terraphim_task_decomposition[8ad019bfbfa935d0]::system::tests::test_confidence_calculation::{closure#0} as core[a373ad73a504971]::ops::function::FnOnce<()>>::call_once
[INFO] [stdout]   17:     0x5e8c8fcf897b - test[aada8e7e76ba119b]::__rust_begin_short_backtrace::<core[a373ad73a504971]::result::Result<(), alloc[2e1b2a31b91974c5]::string::String>, fn() -> core[a373ad73a504971]::result::Result<(), alloc[2e1b2a31b91974c5]::string::String>>
[INFO] [stdout]   18:     0x5e8c8fd05b55 - test[aada8e7e76ba119b]::run_test::{closure#0}
[INFO] [stdout]   19:     0x5e8c8fcff444 - std[617be2ca0a6fd877]::sys::backtrace::__rust_begin_short_backtrace::<test[aada8e7e76ba119b]::run_test::{closure#1}, ()>
[INFO] [stdout]   20:     0x5e8c8fd08be2 - <std[617be2ca0a6fd877]::thread::lifecycle::spawn_unchecked<test[aada8e7e76ba119b]::run_test::{closure#1}, ()>::{closure#1} as core[a373ad73a504971]::ops::function::FnOnce<()>>::call_once::{shim:vtable#0}
[INFO] [stdout]   21:     0x5e8c8ffa4c5f - <std[617be2ca0a6fd877]::sys::thread::unix::Thread>::new::thread_start
[INFO] [stdout]   22:     0x72ca7fd38dfa - <unknown>
[INFO] [stdout]   23:     0x72ca7fdcc3d4 - clone
[INFO] [stdout]   24:                0x0 - <unknown>
[INFO] [stdout] 
[INFO] [stdout] ---- knowledge_graph::tests::test_knowledge_graph_creation stdout ----
[INFO] [stdout] 
[INFO] [stdout] thread 'knowledge_graph::tests::test_knowledge_graph_creation' (3335) panicked at src/knowledge_graph.rs:747:14:
[INFO] [stdout] called `Result::unwrap()` on an `Err` value: InvalidThesaurus("Thesaurus file not found: data/term_to_id_simple.json")
[INFO] [stdout] stack backtrace:
[INFO] [stdout]    0:     0x5e8c8ffa5b11 - <<std[617be2ca0a6fd877]::sys::backtrace::BacktraceLock>::print::DisplayBacktrace as core[a373ad73a504971]::fmt::Display>::fmt
[INFO] [stdout]    1:     0x5e8c8ffbccba - core[a373ad73a504971]::fmt::write
[INFO] [stdout]    2:     0x5e8c8ffaa43c - <alloc[2e1b2a31b91974c5]::vec::Vec<u8> as core[a373ad73a504971]::io::write::Write>::write_fmt
[INFO] [stdout]    3:     0x5e8c8ff806b6 - std[617be2ca0a6fd877]::panicking::default_hook::{closure#0}
[INFO] [stdout]    4:     0x5e8c8ff9d6a9 - std[617be2ca0a6fd877]::panicking::default_hook
[INFO] [stdout]    5:     0x5e8c8fd05530 - test[aada8e7e76ba119b]::test_main_inner::{closure#0}
[INFO] [stdout]    6:     0x5e8c8ff9d9d2 - std[617be2ca0a6fd877]::panicking::panic_with_hook
[INFO] [stdout]    7:     0x5e8c8ff80762 - std[617be2ca0a6fd877]::panicking::panic_handler::{closure#0}
[INFO] [stdout]    8:     0x5e8c8ff79209 - std[617be2ca0a6fd877]::sys::backtrace::__rust_end_short_backtrace::<std[617be2ca0a6fd877]::panicking::panic_handler::{closure#0}, !>
[INFO] [stdout]    9:     0x5e8c8ff8155d - __rustc[ea4f61d10b84890b]::rust_begin_unwind
[INFO] [stdout]   10:     0x5e8c8ffbd49c - core[a373ad73a504971]::panicking::panic_fmt
[INFO] [stdout]   11:     0x5e8c8ffbd272 - core[a373ad73a504971]::result::unwrap_failed
[INFO] [stdout]   12:     0x5e8c8fcc3636 - terraphim_task_decomposition[8ad019bfbfa935d0]::knowledge_graph::tests::create_test_role_graph::{closure#0}
[INFO] [stdout]   13:     0x5e8c8fcc5976 - terraphim_task_decomposition[8ad019bfbfa935d0]::knowledge_graph::tests::test_knowledge_graph_creation::{closure#0}
[INFO] [stdout]   14:     0x5e8c8fcba518 - <tokio[5f65e46b86ca716d]::runtime::context::scoped::Scoped<tokio[5f65e46b86ca716d]::runtime::scheduler::Context>>::set::<<tokio[5f65e46b86ca716d]::runtime::scheduler::current_thread::CoreGuard>::enter<<tokio[5f65e46b86ca716d]::runtime::scheduler::current_thread::CoreGuard>::block_on<core[a373ad73a504971]::pin::Pin<&mut core[a373ad73a504971]::pin::Pin<&mut dyn core[a373ad73a504971]::future::future::Future<Output = ()>>>>::{closure#0}, core[a373ad73a504971]::option::Option<()>>::{closure#0}, (alloc[2e1b2a31b91974c5]::boxed::Box<tokio[5f65e46b86ca716d]::runtime::scheduler::current_thread::Core>, core[a373ad73a504971]::option::Option<()>)>
[INFO] [stdout]   15:     0x5e8c8fcb9fab - <tokio[5f65e46b86ca716d]::runtime::runtime::Runtime>::block_on::<core[a373ad73a504971]::pin::Pin<&mut dyn core[a373ad73a504971]::future::future::Future<Output = ()>>>
[INFO] [stdout]   16:     0x5e8c8fcc699e - <terraphim_task_decomposition[8ad019bfbfa935d0]::knowledge_graph::tests::test_knowledge_graph_creation::{closure#0} as core[a373ad73a504971]::ops::function::FnOnce<()>>::call_once
[INFO] [stdout]   17:     0x5e8c8fcf897b - test[aada8e7e76ba119b]::__rust_begin_short_backtrace::<core[a373ad73a504971]::result::Result<(), alloc[2e1b2a31b91974c5]::string::String>, fn() -> core[a373ad73a504971]::result::Result<(), alloc[2e1b2a31b91974c5]::string::String>>
[INFO] [stdout]   18:     0x5e8c8fd05b55 - test[aada8e7e76ba119b]::run_test::{closure#0}
[INFO] [stdout]   19:     0x5e8c8fcff444 - std[617be2ca0a6fd877]::sys::backtrace::__rust_begin_short_backtrace::<test[aada8e7e76ba119b]::run_test::{closure#1}, ()>
[INFO] [stdout]   20:     0x5e8c8fd08be2 - <std[617be2ca0a6fd877]::thread::lifecycle::spawn_unchecked<test[aada8e7e76ba119b]::run_test::{closure#1}, ()>::{closure#1} as core[a373ad73a504971]::ops::function::FnOnce<()>>::call_once::{shim:vtable#0}
[INFO] [stdout]   21:     0x5e8c8ffa4c5f - <std[617be2ca0a6fd877]::sys::thread::unix::Thread>::new::thread_start
[INFO] [stdout]   22:     0x72ca7fd38dfa - <unknown>
[INFO] [stdout]   23:     0x72ca7fdcc3d4 - clone
[INFO] [stdout]   24:                0x0 - <unknown>
[INFO] [stdout] 
[INFO] [stdout] ---- system::tests::test_simple_task_workflow stdout ----
[INFO] [stdout] 
[INFO] [stdout] thread 'system::tests::test_simple_task_workflow' (3344) panicked at src/system.rs:389:14:
[INFO] [stdout] called `Result::unwrap()` on an `Err` value: InvalidThesaurus("Thesaurus file not found: data/term_to_id_simple.json")
[INFO] [stdout] stack backtrace:
[INFO] [stdout]    0:     0x5e8c8ffa5b11 - <<std[617be2ca0a6fd877]::sys::backtrace::BacktraceLock>::print::DisplayBacktrace as core[a373ad73a504971]::fmt::Display>::fmt
[INFO] [stdout]    1:     0x5e8c8ffbccba - core[a373ad73a504971]::fmt::write
[INFO] [stdout]    2:     0x5e8c8ffaa43c - <alloc[2e1b2a31b91974c5]::vec::Vec<u8> as core[a373ad73a504971]::io::write::Write>::write_fmt
[INFO] [stdout]    3:     0x5e8c8ff806b6 - std[617be2ca0a6fd877]::panicking::default_hook::{closure#0}
[INFO] [stdout]    4:     0x5e8c8ff9d6a9 - std[617be2ca0a6fd877]::panicking::default_hook
[INFO] [stdout]    5:     0x5e8c8fd05530 - test[aada8e7e76ba119b]::test_main_inner::{closure#0}
[INFO] [stdout]    6:     0x5e8c8ff9d9d2 - std[617be2ca0a6fd877]::panicking::panic_with_hook
[INFO] [stdout]    7:     0x5e8c8ff80762 - std[617be2ca0a6fd877]::panicking::panic_handler::{closure#0}
[INFO] [stdout]    8:     0x5e8c8ff79209 - std[617be2ca0a6fd877]::sys::backtrace::__rust_end_short_backtrace::<std[617be2ca0a6fd877]::panicking::panic_handler::{closure#0}, !>
[INFO] [stdout]    9:     0x5e8c8ff8155d - __rustc[ea4f61d10b84890b]::rust_begin_unwind
[INFO] [stdout]   10:     0x5e8c8ffbd49c - core[a373ad73a504971]::panicking::panic_fmt
[INFO] [stdout]   11:     0x5e8c8ffbd272 - core[a373ad73a504971]::result::unwrap_failed
[INFO] [stdout]   12:     0x5e8c8fcd8ca6 - terraphim_task_decomposition[8ad019bfbfa935d0]::system::tests::create_test_role_graph::{closure#0}
[INFO] [stdout]   13:     0x5e8c8fcda2d6 - terraphim_task_decomposition[8ad019bfbfa935d0]::system::tests::test_simple_task_workflow::{closure#0}
[INFO] [stdout]   14:     0x5e8c8fcba518 - <tokio[5f65e46b86ca716d]::runtime::context::scoped::Scoped<tokio[5f65e46b86ca716d]::runtime::scheduler::Context>>::set::<<tokio[5f65e46b86ca716d]::runtime::scheduler::current_thread::CoreGuard>::enter<<tokio[5f65e46b86ca716d]::runtime::scheduler::current_thread::CoreGuard>::block_on<core[a373ad73a504971]::pin::Pin<&mut core[a373ad73a504971]::pin::Pin<&mut dyn core[a373ad73a504971]::future::future::Future<Output = ()>>>>::{closure#0}, core[a373ad73a504971]::option::Option<()>>::{closure#0}, (alloc[2e1b2a31b91974c5]::boxed::Box<tokio[5f65e46b86ca716d]::runtime::scheduler::current_thread::Core>, core[a373ad73a504971]::option::Option<()>)>
[INFO] [stdout]   15:     0x5e8c8fcb9fab - <tokio[5f65e46b86ca716d]::runtime::runtime::Runtime>::block_on::<core[a373ad73a504971]::pin::Pin<&mut dyn core[a373ad73a504971]::future::future::Future<Output = ()>>>
[INFO] [stdout]   16:     0x5e8c8fcdbd4e - <terraphim_task_decomposition[8ad019bfbfa935d0]::system::tests::test_simple_task_workflow::{closure#0} as core[a373ad73a504971]::ops::function::FnOnce<()>>::call_once
[INFO] [stdout]   17:     0x5e8c8fcf897b - test[aada8e7e76ba119b]::__rust_begin_short_backtrace::<core[a373ad73a504971]::result::Result<(), alloc[2e1b2a31b91974c5]::string::String>, fn() -> core[a373ad73a504971]::result::Result<(), alloc[2e1b2a31b91974c5]::string::String>>
[INFO] [stdout]   18:     0x5e8c8fd05b55 - test[aada8e7e76ba119b]::run_test::{closure#0}
[INFO] [stdout]   19:     0x5e8c8fcff444 - std[617be2ca0a6fd877]::sys::backtrace::__rust_begin_short_backtrace::<test[aada8e7e76ba119b]::run_test::{closure#1}, ()>
[INFO] [stdout]   20:     0x5e8c8fd08be2 - <std[617be2ca0a6fd877]::thread::lifecycle::spawn_unchecked<test[aada8e7e76ba119b]::run_test::{closure#1}, ()>::{closure#1} as core[a373ad73a504971]::ops::function::FnOnce<()>>::call_once::{shim:vtable#0}
[INFO] [stdout]   21:     0x5e8c8ffa4c5f - <std[617be2ca0a6fd877]::sys::thread::unix::Thread>::new::thread_start
[INFO] [stdout]   22:     0x72ca7fd38dfa - <unknown>
[INFO] [stdout]   23:     0x72ca7fdcc3d4 - clone
[INFO] [stdout]   24:                0x0 - <unknown>
[INFO] [stdout] 
[INFO] [stdout] ---- system::tests::test_workflow_validation stdout ----
[INFO] [stdout] 
[INFO] [stdout] thread 'system::tests::test_workflow_validation' (3348) panicked at src/system.rs:389:14:
[INFO] [stdout] called `Result::unwrap()` on an `Err` value: InvalidThesaurus("Thesaurus file not found: data/term_to_id_simple.json")
[INFO] [stdout] stack backtrace:
[INFO] [stdout]    0:     0x5e8c8ffa5b11 - <<std[617be2ca0a6fd877]::sys::backtrace::BacktraceLock>::print::DisplayBacktrace as core[a373ad73a504971]::fmt::Display>::fmt
[INFO] [stdout]    1:     0x5e8c8ffbccba - core[a373ad73a504971]::fmt::write
[INFO] [stdout]    2:     0x5e8c8ffaa43c - <alloc[2e1b2a31b91974c5]::vec::Vec<u8> as core[a373ad73a504971]::io::write::Write>::write_fmt
[INFO] [stdout]    3:     0x5e8c8ff806b6 - std[617be2ca0a6fd877]::panicking::default_hook::{closure#0}
[INFO] [stdout]    4:     0x5e8c8ff9d6a9 - std[617be2ca0a6fd877]::panicking::default_hook
[INFO] [stdout]    5:     0x5e8c8fd05530 - test[aada8e7e76ba119b]::test_main_inner::{closure#0}
[INFO] [stdout]    6:     0x5e8c8ff9d9d2 - std[617be2ca0a6fd877]::panicking::panic_with_hook
[INFO] [stdout]    7:     0x5e8c8ff80762 - std[617be2ca0a6fd877]::panicking::panic_handler::{closure#0}
[INFO] [stdout]    8:     0x5e8c8ff79209 - std[617be2ca0a6fd877]::sys::backtrace::__rust_end_short_backtrace::<std[617be2ca0a6fd877]::panicking::panic_handler::{closure#0}, !>
[INFO] [stdout]    9:     0x5e8c8ff8155d - __rustc[ea4f61d10b84890b]::rust_begin_unwind
[INFO] [stdout]   10:     0x5e8c8ffbd49c - core[a373ad73a504971]::panicking::panic_fmt
[INFO] [stdout]   11:     0x5e8c8ffbd272 - core[a373ad73a504971]::result::unwrap_failed
[INFO] [stdout]   12:     0x5e8c8fcd8ca6 - terraphim_task_decomposition[8ad019bfbfa935d0]::system::tests::create_test_role_graph::{closure#0}
[INFO] [stdout]   13:     0x5e8c8fcd9a4c - terraphim_task_decomposition[8ad019bfbfa935d0]::system::tests::test_workflow_validation::{closure#0}
[INFO] [stdout]   14:     0x5e8c8fcba518 - <tokio[5f65e46b86ca716d]::runtime::context::scoped::Scoped<tokio[5f65e46b86ca716d]::runtime::scheduler::Context>>::set::<<tokio[5f65e46b86ca716d]::runtime::scheduler::current_thread::CoreGuard>::enter<<tokio[5f65e46b86ca716d]::runtime::scheduler::current_thread::CoreGuard>::block_on<core[a373ad73a504971]::pin::Pin<&mut core[a373ad73a504971]::pin::Pin<&mut dyn core[a373ad73a504971]::future::future::Future<Output = ()>>>>::{closure#0}, core[a373ad73a504971]::option::Option<()>>::{closure#0}, (alloc[2e1b2a31b91974c5]::boxed::Box<tokio[5f65e46b86ca716d]::runtime::scheduler::current_thread::Core>, core[a373ad73a504971]::option::Option<()>)>
[INFO] [stdout]   15:     0x5e8c8fcb9fab - <tokio[5f65e46b86ca716d]::runtime::runtime::Runtime>::block_on::<core[a373ad73a504971]::pin::Pin<&mut dyn core[a373ad73a504971]::future::future::Future<Output = ()>>>
[INFO] [stdout]   16:     0x5e8c8fcdbbee - <terraphim_task_decomposition[8ad019bfbfa935d0]::system::tests::test_workflow_validation::{closure#0} as core[a373ad73a504971]::ops::function::FnOnce<()>>::call_once
[INFO] [stdout]   17:     0x5e8c8fcf897b - test[aada8e7e76ba119b]::__rust_begin_short_backtrace::<core[a373ad73a504971]::result::Result<(), alloc[2e1b2a31b91974c5]::string::String>, fn() -> core[a373ad73a504971]::result::Result<(), alloc[2e1b2a31b91974c5]::string::String>>
[INFO] [stdout]   18:     0x5e8c8fd05b55 - test[aada8e7e76ba119b]::run_test::{closure#0}
[INFO] [stdout]   19:     0x5e8c8fcff444 - std[617be2ca0a6fd877]::sys::backtrace::__rust_begin_short_backtrace::<test[aada8e7e76ba119b]::run_test::{closure#1}, ()>
[INFO] [stdout]   20:     0x5e8c8fd08be2 - <std[617be2ca0a6fd877]::thread::lifecycle::spawn_unchecked<test[aada8e7e76ba119b]::run_test::{closure#1}, ()>::{closure#1} as core[a373ad73a504971]::ops::function::FnOnce<()>>::call_once::{shim:vtable#0}
[INFO] [stdout]   21:     0x5e8c8ffa4c5f - <std[617be2ca0a6fd877]::sys::thread::unix::Thread>::new::thread_start
[INFO] [stdout]   22:     0x72ca7fd38dfa - <unknown>
[INFO] [stdout]   23:     0x72ca7fdcc3d4 - clone
[INFO] [stdout]   24:                0x0 - <unknown>
[INFO] [stdout] 
[INFO] [stdout] 
[INFO] [stdout] failures:
[INFO] [stdout]     analysis::tests::test_complexity_assessment
[INFO] [stdout]     analysis::tests::test_task_analysis
[INFO] [stdout]     analysis::tests::test_task_analyzer_creation
[INFO] [stdout]     analysis::tests::test_task_comparison
[INFO] [stdout]     decomposition::tests::test_complexity_analysis
[INFO] [stdout]     decomposition::tests::test_simple_task_decomposition
[INFO] [stdout]     decomposition::tests::test_task_decomposer_creation
[INFO] [stdout]     knowledge_graph::tests::test_cache_key_generation
[INFO] [stdout]     knowledge_graph::tests::test_concept_query
[INFO] [stdout]     knowledge_graph::tests::test_concept_similarity_calculation
[INFO] [stdout]     knowledge_graph::tests::test_connectivity_query
[INFO] [stdout]     knowledge_graph::tests::test_knowledge_graph_creation
[INFO] [stdout]     knowledge_graph::tests::test_task_context_enrichment
[INFO] [stdout]     system::tests::test_confidence_calculation
[INFO] [stdout]     system::tests::test_simple_task_workflow
[INFO] [stdout]     system::tests::test_system_creation
[INFO] [stdout]     system::tests::test_workflow_execution
[INFO] [stdout]     system::tests::test_workflow_validation
[INFO] [stdout] 
[INFO] [stdout] test result: FAILED. 22 passed; 18 failed; 0 ignored; 0 measured; 0 filtered out; finished in 0.02s
[INFO] [stdout] 
[INFO] running `Command { std: "docker" "inspect" "82e4190c2316223c9c8c58e97d3d98008015a1c0a3c89b4e13108ac54e282310", kill_on_drop: false }`
[INFO] running `Command { std: "docker" "rm" "-f" "82e4190c2316223c9c8c58e97d3d98008015a1c0a3c89b4e13108ac54e282310", kill_on_drop: false }`
[INFO] [stdout] 82e4190c2316223c9c8c58e97d3d98008015a1c0a3c89b4e13108ac54e282310
