[INFO] fetching crate termwright-protocol 0.7.7...
[INFO] testing termwright-protocol-0.7.7 against 1.99.0-beta.8+cargoflags=--release for beta-release-1.100-2
[INFO] extracting crate termwright-protocol 0.7.7 into /workspace/builds/worker-1-tc1/source
[INFO] started tweaking crates.io crate termwright-protocol 0.7.7
[INFO] removed 0 missing tests
[INFO] finished tweaking crates.io crate termwright-protocol 0.7.7
[INFO] tweaked toml for crates.io crate termwright-protocol 0.7.7 written to /workspace/builds/worker-1-tc1/source/Cargo.toml
[INFO] validating manifest of crates.io crate termwright-protocol 0.7.7 on toolchain 1.99.0-beta.8
[INFO] running `Command { std: CARGO_HOME="/workspace/cargo-home" RUSTUP_HOME="/workspace/rustup-home" "/workspace/cargo-home/bin/cargo" "+1.99.0-beta.8" "metadata" "--manifest-path" "Cargo.toml" "--no-deps", kill_on_drop: false }`
[INFO] crate crates.io crate termwright-protocol 0.7.7 already has a lockfile, it will not be regenerated
[INFO] running `Command { std: CARGO_HOME="/workspace/cargo-home" RUSTUP_HOME="/workspace/rustup-home" "/workspace/cargo-home/bin/cargo" "+1.99.0-beta.8" "fetch" "--manifest-path" "Cargo.toml", kill_on_drop: false }`
[INFO] running `Command { std: "docker" "create" "-v" "/var/lib/crater-agent-workspace/builds/worker-1-tc1/source:/opt/rustwide/workdir:ro,Z" "-v" "/var/lib/crater-agent-workspace/builds/worker-1-tc1/target:/opt/rustwide/target:rw,Z" "-v" "/var/lib/crater-agent-workspace/cargo-home:/opt/rustwide/cargo-home:ro,Z" "-v" "/var/lib/crater-agent-workspace/rustup-home:/opt/rustwide/rustup-home:ro,Z" "-m" "1610612736" "--network" "none" "ghcr.io/rust-lang/crates-build-env/linux@sha256:77db811e55d90add9212f6832c23229e3de5f1c1f9905e8cb07319ea15df73ac" "sleep" "infinity", kill_on_drop: false }`
[INFO] [stdout] 9c35f0e02aa0f49761944f24b4429813fe1ddba49f0bb76f54d67e3be2dc5c3d
[INFO] running `Command { std: "docker" "start" "9c35f0e02aa0f49761944f24b4429813fe1ddba49f0bb76f54d67e3be2dc5c3d", kill_on_drop: false }`
[INFO] running `Command { std: "docker" "inspect" "9c35f0e02aa0f49761944f24b4429813fe1ddba49f0bb76f54d67e3be2dc5c3d", kill_on_drop: false }`
[INFO] running `Command { std: "docker" "exec" "-e" "SOURCE_DIR=/opt/rustwide/workdir" "-e" "CARGO_HOME=/opt/rustwide/cargo-home" "-e" "RUSTUP_HOME=/opt/rustwide/rustup-home" "-e" "CARGO_TARGET_DIR=/opt/rustwide/target" "-w" "/opt/rustwide/workdir" "--user" "0:0" "9c35f0e02aa0f49761944f24b4429813fe1ddba49f0bb76f54d67e3be2dc5c3d" "/opt/rustwide/cargo-home/bin/cargo" "+1.99.0-beta.8" "metadata" "--no-deps" "--format-version=1", kill_on_drop: false }`
[INFO] running `Command { std: "docker" "inspect" "9c35f0e02aa0f49761944f24b4429813fe1ddba49f0bb76f54d67e3be2dc5c3d", kill_on_drop: false }`
[INFO] running `Command { std: "docker" "exec" "-e" "SOURCE_DIR=/opt/rustwide/workdir" "-e" "CARGO_HOME=/opt/rustwide/cargo-home" "-e" "RUSTUP_HOME=/opt/rustwide/rustup-home" "-e" "CARGO_TARGET_DIR=/opt/rustwide/target" "-e" "CARGO_INCREMENTAL=0" "-e" "RUST_BACKTRACE=full" "-e" "RUSTFLAGS=--cap-lints=warn" "-e" "RUSTDOCFLAGS=--cap-lints=warn" "-w" "/opt/rustwide/workdir" "--user" "0:0" "9c35f0e02aa0f49761944f24b4429813fe1ddba49f0bb76f54d67e3be2dc5c3d" "/opt/rustwide/cargo-home/bin/cargo" "+1.99.0-beta.8" "build" "--frozen" "--message-format=json" "--release", kill_on_drop: false }`
[INFO] [stderr]    Compiling crypto-common v0.1.7
[INFO] [stderr]    Compiling serde_json v1.0.151
[INFO] [stderr]    Compiling syn v3.0.4
[INFO] [stderr]    Compiling digest v0.10.7
[INFO] [stderr]    Compiling hmac v0.12.1
[INFO] [stderr]    Compiling sha2 v0.10.9
[INFO] [stderr]    Compiling serde_derive v1.0.229
[INFO] [stderr]    Compiling serde v1.0.229
[INFO] [stderr]    Compiling termwright-protocol v0.7.7 (/opt/rustwide/workdir)
[INFO] [stderr]     Finished `release` profile [optimized] target(s) in 27.03s
[INFO] running `Command { std: "docker" "inspect" "9c35f0e02aa0f49761944f24b4429813fe1ddba49f0bb76f54d67e3be2dc5c3d", kill_on_drop: false }`
[INFO] running `Command { std: "docker" "exec" "-e" "SOURCE_DIR=/opt/rustwide/workdir" "-e" "CARGO_HOME=/opt/rustwide/cargo-home" "-e" "RUSTUP_HOME=/opt/rustwide/rustup-home" "-e" "CARGO_TARGET_DIR=/opt/rustwide/target" "-e" "CARGO_INCREMENTAL=0" "-e" "RUST_BACKTRACE=full" "-e" "RUSTFLAGS=--cap-lints=warn" "-e" "RUSTDOCFLAGS=--cap-lints=warn" "-w" "/opt/rustwide/workdir" "--user" "0:0" "9c35f0e02aa0f49761944f24b4429813fe1ddba49f0bb76f54d67e3be2dc5c3d" "/opt/rustwide/cargo-home/bin/cargo" "+1.99.0-beta.8" "test" "--frozen" "--no-run" "--message-format=json" "--release", kill_on_drop: false }`
[INFO] [stderr]    Compiling termwright-protocol v0.7.7 (/opt/rustwide/workdir)
[INFO] [stderr]     Finished `release` profile [optimized] target(s) in 34.16s
[INFO] running `Command { std: "docker" "inspect" "9c35f0e02aa0f49761944f24b4429813fe1ddba49f0bb76f54d67e3be2dc5c3d", kill_on_drop: false }`
[INFO] running `Command { std: "docker" "exec" "-e" "SOURCE_DIR=/opt/rustwide/workdir" "-e" "CARGO_HOME=/opt/rustwide/cargo-home" "-e" "RUSTUP_HOME=/opt/rustwide/rustup-home" "-e" "CARGO_TARGET_DIR=/opt/rustwide/target" "-e" "CARGO_INCREMENTAL=0" "-e" "RUST_BACKTRACE=full" "-e" "RUSTFLAGS=--cap-lints=warn" "-e" "RUSTDOCFLAGS=--cap-lints=warn" "-w" "/opt/rustwide/workdir" "--user" "0:0" "9c35f0e02aa0f49761944f24b4429813fe1ddba49f0bb76f54d67e3be2dc5c3d" "/opt/rustwide/cargo-home/bin/cargo" "+1.99.0-beta.8" "test" "--frozen" "--release", kill_on_drop: false }`
[INFO] [stderr]     Finished `release` profile [optimized] target(s) in 0.06s
[INFO] [stderr]      Running unittests src/lib.rs (/opt/rustwide/target/release/deps/termwright_protocol-8df715ef5c84c82e)
[INFO] [stdout] 
[INFO] [stdout] running 9 tests
[INFO] [stdout] test evidence::tests::composes_independent_region_and_hit_test_providers ... ok
[INFO] [stdout] test evidence::tests::focus_provider_preserves_authoritative_none ... ok
[INFO] [stdout] test evidence::tests::rejects_invalid_and_competing_capability_declarations ... ok
[INFO] [stdout] test evidence::tests::scroll_provider_publishes_bounded_application_viewport_state ... ok
[INFO] [stdout] test evidence::tests::freezes_per_session_and_fails_closed_after_loss ... ok
[INFO] [stdout] test publication_queue::tests::shutdown_drains_an_admitted_one_frame_process_before_returning ... ok
[INFO] [stdout] test publication_queue::tests::full_queue_drops_without_revision_gap_or_marker ... ok
[INFO] [stdout] test evidence::tests::action_strategy_provider_is_a_separate_closed_family ... ok
[INFO] [stderr]      Running tests/client.rs (/opt/rustwide/target/release/deps/client-98b76c066d9f8208)
[INFO] [stdout] test publication_queue::tests::worker_failure_permanently_refuses_later_markers ... ok
[INFO] [stdout] 
[INFO] [stdout] test result: ok. 9 passed; 0 failed; 0 ignored; 0 measured; 0 filtered out; finished in 0.02s
[INFO] [stdout] 
[INFO] [stdout] 
[INFO] [stdout] running 8 tests
[INFO] [stdout] test an_unreachable_endpoint_fails_soft ... ok
[INFO] [stdout] test no_client_without_a_complete_environment ... ok
[INFO] [stdout] test publish_refuses_an_invalid_snapshot ... ok
[INFO] [stdout] test revisions_increase_by_one_per_publish ... ok
[INFO] [stdout] test handshake_and_publish ... ok
[INFO] [stdout] test an_invalid_snapshot_is_not_a_write_timeout ... ok
[INFO] [stdout] test a_locally_oversized_frame_keeps_the_revision_and_recovers_with_a_full_tree ... ok
[INFO] [stdout] test a_write_to_a_stalled_driver_is_bounded ... ok
[INFO] [stderr]      Running tests/debug.rs (/opt/rustwide/target/release/deps/debug-9acb780a9154997f)
[INFO] [stdout] 
[INFO] [stdout] test result: ok. 8 passed; 0 failed; 0 ignored; 0 measured; 0 filtered out; finished in 0.27s
[INFO] [stdout] 
[INFO] [stdout] 
[INFO] [stdout] running 14 tests
[INFO] [stdout] test a_silent_client_writes_nothing ... ok
[INFO] [stdout] test a_path_in_either_variable_enables_it ... ok
[INFO] [stdout] test describe_endpoint_names_the_transport ... ok
[INFO] [stdout] test a_failed_dial_names_the_error_kind ... ok
[INFO] [stdout] test dormancy_reason_is_recorded ... ok
[INFO] [stdout] test an_unwritable_path_disables_the_log ... ok
[INFO] [stdout] test dormancy_reason_names_only_the_missing_variable ... ok
[INFO] [stdout] test the_file_variable_wins ... ok
[INFO] [stdout] test lines_carry_category_label_and_elapsed_time ... ok
[INFO] [stdout] test off_without_any_variable ... ok
[INFO] [stdout] test it_appends_rather_than_truncating ... ok
[INFO] [stdout] test a_pipe_endpoint_is_rejected_on_unix ... ok
[INFO] [stdout] test the_drivers_own_switches_do_not_name_a_file ... ok
[INFO] [stdout] test writing_after_close_is_silent ... ok
[INFO] [stdout] 
[INFO] [stdout] test result: ok. 14 passed; 0 failed; 0 ignored; 0 measured; 0 filtered out; finished in 0.01s
[INFO] [stdout] 
[INFO] [stderr]      Running tests/evidence.rs (/opt/rustwide/target/release/deps/evidence-50a8300b89d1d8c7)
[INFO] [stdout] 
[INFO] [stdout] running 3 tests
[INFO] [stdout] test input_modes_are_a_closed_application_evidence_family ... ok
[INFO] [stdout] test scroll_is_a_closed_application_evidence_family ... ok
[INFO] [stdout] test paint_is_a_closed_application_evidence_family ... ok
[INFO] [stdout] 
[INFO] [stdout] test result: ok. 3 passed; 0 failed; 0 ignored; 0 measured; 0 filtered out; finished in 0.01s
[INFO] [stdout] 
[INFO] [stderr]      Running tests/logs.rs (/opt/rustwide/target/release/deps/logs-c56dff835e3ad112)
[INFO] [stdout] 
[INFO] [stdout] running 12 tests
[INFO] [stdout] test a_non_finite_attribute_degrades_to_text_rather_than_breaking_the_record ... ok
[INFO] [stdout] test a_built_record_validates ... ok
[INFO] [stdout] test no_budget_means_no_logs ... ok
[INFO] [stdout] test a_disabled_budget_is_also_silence ... ok
[INFO] [stdout] test sequence_numbers_are_dense_when_nothing_is_dropped ... ok
[INFO] [stdout] test records_reach_the_driver_and_validate ... ok
[INFO] [stdout] test an_oversized_record_is_dropped_not_sent ... ok
[INFO] [stdout] test the_ladder_matches_the_reference ... FAILED
[INFO] [stdout] test origin_seq_is_skipped_at_the_attribute_ceiling ... ok
[INFO] [stdout] test the_adapter_owns_the_sequence_number ... ok
[INFO] [stdout] test going_over_budget_drops_locally_and_leaves_a_gap ... ok
[INFO] [stdout] test a_rate_limited_run_gaps_on_the_adapters_counter ... ok
[INFO] [stdout] 
[INFO] [stdout] failures:
[INFO] [stdout] 
[INFO] [stdout] ---- the_ladder_matches_the_reference stdout ----
[INFO] [stdout] 
[INFO] [stdout] thread 'the_ladder_matches_the_reference' (582) panicked at tests/support/mod.rs:61:33:
[INFO] [stdout] reading /opt/rustwide/workdir/../test-vectors/constants.json: No such file or directory (os error 2)
[INFO] [stdout] stack backtrace:
[INFO] [stdout]    0:     0x609ca9d63fd1 - <<std[70759c8f55707aa4]::sys::backtrace::BacktraceLock>::print::DisplayBacktrace as core[df12db4294e9bfd3]::fmt::Display>::fmt
[INFO] [stdout]    1:     0x609ca9d7927a - core[df12db4294e9bfd3]::fmt::write
[INFO] [stdout]    2:     0x609ca9d6856c - <alloc[2182bb758b4b3781]::vec::Vec<u8> as core[df12db4294e9bfd3]::io::write::Write>::write_fmt
[INFO] [stdout]    3:     0x609ca9d3f9f6 - std[70759c8f55707aa4]::panicking::default_hook::{closure#0}
[INFO] [stdout]    4:     0x609ca9d5c029 - std[70759c8f55707aa4]::panicking::default_hook
[INFO] [stdout]    5:     0x609ca9ccd040 - test[9d35eded1c95d3be]::test_main_inner::<test[9d35eded1c95d3be]::test_main_static::{closure#0}>::{closure#0}
[INFO] [stdout]    6:     0x609ca9d5c1e2 - std[70759c8f55707aa4]::panicking::panic_with_hook
[INFO] [stdout]    7:     0x609ca9d3faa2 - std[70759c8f55707aa4]::panicking::panic_handler::{closure#0}
[INFO] [stdout]    8:     0x609ca9d385e9 - std[70759c8f55707aa4]::sys::backtrace::__rust_end_short_backtrace::<std[70759c8f55707aa4]::panicking::panic_handler::{closure#0}, !>
[INFO] [stdout]    9:     0x609ca9d4069d - __rustc[8fa7c3cbc660c2b3]::rust_begin_unwind
[INFO] [stdout]   10:     0x609ca9d799ac - core[df12db4294e9bfd3]::panicking::panic_fmt
[INFO] [stdout]   11:     0x609ca9cb7b59 - logs[e328426b2c8cd124]::support::vectors::{closure#0}
[INFO] [stdout]   12:     0x609ca9cb89f6 - logs[e328426b2c8cd124]::support::vectors
[INFO] [stdout]   13:     0x609ca9caa043 - <logs[e328426b2c8cd124]::the_ladder_matches_the_reference::{closure#0} as core[df12db4294e9bfd3]::ops::function::FnOnce<()>>::call_once
[INFO] [stdout]   14:     0x609ca9cc032b - test[9d35eded1c95d3be]::__rust_begin_short_backtrace::<core[df12db4294e9bfd3]::result::Result<(), alloc[2182bb758b4b3781]::string::String>, fn() -> core[df12db4294e9bfd3]::result::Result<(), alloc[2182bb758b4b3781]::string::String>>
[INFO] [stdout]   15:     0x609ca9ccd995 - test[9d35eded1c95d3be]::run_test::{closure#0}
[INFO] [stdout]   16:     0x609ca9cc7254 - std[70759c8f55707aa4]::sys::backtrace::__rust_begin_short_backtrace::<test[9d35eded1c95d3be]::run_test::{closure#1}, ()>
[INFO] [stdout]   17:     0x609ca9cd0af2 - <std[70759c8f55707aa4]::thread::lifecycle::spawn_unchecked<test[9d35eded1c95d3be]::run_test::{closure#1}, ()>::{closure#1} as core[df12db4294e9bfd3]::ops::function::FnOnce<()>>::call_once::{shim:vtable#0}
[INFO] [stdout]   18:     0x609ca9d63539 - <std[70759c8f55707aa4]::sys::thread::unix::Thread>::new::thread_start
[INFO] [stdout]   19:     0x746f4c58adfa - <unknown>
[INFO] [stdout]   20:     0x746f4c61e3d4 - clone
[INFO] [stdout]   21:                0x0 - <unknown>
[INFO] [stdout] 
[INFO] [stdout] 
[INFO] [stdout] failures:
[INFO] [stdout]     the_ladder_matches_the_reference
[INFO] [stdout] 
[INFO] [stdout] test result: FAILED. 11 passed; 1 failed; 0 ignored; 0 measured; 0 filtered out; finished in 0.37s
[INFO] [stdout] 
[INFO] [stderr] error: test failed, to rerun pass `--test logs`
[INFO] running `Command { std: "docker" "inspect" "9c35f0e02aa0f49761944f24b4429813fe1ddba49f0bb76f54d67e3be2dc5c3d", kill_on_drop: false }`
[INFO] running `Command { std: "docker" "rm" "-f" "9c35f0e02aa0f49761944f24b4429813fe1ddba49f0bb76f54d67e3be2dc5c3d", kill_on_drop: false }`
[INFO] [stdout] 9c35f0e02aa0f49761944f24b4429813fe1ddba49f0bb76f54d67e3be2dc5c3d
