[INFO] fetching crate termwright-probe-ratatui 0.7.7...
[INFO] testing termwright-probe-ratatui-0.7.7 against 1.100.0-beta.1+cargoflags=--release for beta-release-1.100-2
[INFO] extracting crate termwright-probe-ratatui 0.7.7 into /workspace/builds/worker-4-tc2/source
[INFO] started tweaking crates.io crate termwright-probe-ratatui 0.7.7
[INFO] removed 0 missing examples
[INFO] removed 0 missing tests
[INFO] finished tweaking crates.io crate termwright-probe-ratatui 0.7.7
[INFO] tweaked toml for crates.io crate termwright-probe-ratatui 0.7.7 written to /workspace/builds/worker-4-tc2/source/Cargo.toml
[INFO] validating manifest of crates.io crate termwright-probe-ratatui 0.7.7 on toolchain 1.100.0-beta.1
[INFO] running `Command { std: CARGO_HOME="/workspace/cargo-home" RUSTUP_HOME="/workspace/rustup-home" "/workspace/cargo-home/bin/cargo" "+1.100.0-beta.1" "metadata" "--manifest-path" "Cargo.toml" "--no-deps", kill_on_drop: false }`
[INFO] crate crates.io crate termwright-probe-ratatui 0.7.7 already has a lockfile, it will not be regenerated
[INFO] running `Command { std: CARGO_HOME="/workspace/cargo-home" RUSTUP_HOME="/workspace/rustup-home" "/workspace/cargo-home/bin/cargo" "+1.100.0-beta.1" "fetch" "--manifest-path" "Cargo.toml", kill_on_drop: false }`
[INFO] running `Command { std: "docker" "create" "-v" "/var/lib/crater-agent-workspace/builds/worker-4-tc2/source:/opt/rustwide/workdir:ro,Z" "-v" "/var/lib/crater-agent-workspace/builds/worker-4-tc2/target:/opt/rustwide/target:rw,Z" "-v" "/var/lib/crater-agent-workspace/cargo-home:/opt/rustwide/cargo-home:ro,Z" "-v" "/var/lib/crater-agent-workspace/rustup-home:/opt/rustwide/rustup-home:ro,Z" "-m" "1610612736" "--network" "none" "ghcr.io/rust-lang/crates-build-env/linux@sha256:77db811e55d90add9212f6832c23229e3de5f1c1f9905e8cb07319ea15df73ac" "sleep" "infinity", kill_on_drop: false }`
[INFO] [stdout] 36b112d4ff68ea35989c5351d7f9daa321756aad5695f72a7283850e55b4e934
[INFO] running `Command { std: "docker" "start" "36b112d4ff68ea35989c5351d7f9daa321756aad5695f72a7283850e55b4e934", kill_on_drop: false }`
[INFO] running `Command { std: "docker" "inspect" "36b112d4ff68ea35989c5351d7f9daa321756aad5695f72a7283850e55b4e934", kill_on_drop: false }`
[INFO] running `Command { std: "docker" "exec" "-e" "SOURCE_DIR=/opt/rustwide/workdir" "-e" "CARGO_HOME=/opt/rustwide/cargo-home" "-e" "RUSTUP_HOME=/opt/rustwide/rustup-home" "-e" "CARGO_TARGET_DIR=/opt/rustwide/target" "-w" "/opt/rustwide/workdir" "--user" "0:0" "36b112d4ff68ea35989c5351d7f9daa321756aad5695f72a7283850e55b4e934" "/opt/rustwide/cargo-home/bin/cargo" "+1.100.0-beta.1" "metadata" "--no-deps" "--format-version=1", kill_on_drop: false }`
[INFO] running `Command { std: "docker" "inspect" "36b112d4ff68ea35989c5351d7f9daa321756aad5695f72a7283850e55b4e934", kill_on_drop: false }`
[INFO] running `Command { std: "docker" "exec" "-e" "SOURCE_DIR=/opt/rustwide/workdir" "-e" "CARGO_HOME=/opt/rustwide/cargo-home" "-e" "RUSTUP_HOME=/opt/rustwide/rustup-home" "-e" "CARGO_TARGET_DIR=/opt/rustwide/target" "-e" "CARGO_INCREMENTAL=0" "-e" "RUST_BACKTRACE=full" "-e" "RUSTFLAGS=--cap-lints=warn" "-e" "RUSTDOCFLAGS=--cap-lints=warn" "-w" "/opt/rustwide/workdir" "--user" "0:0" "36b112d4ff68ea35989c5351d7f9daa321756aad5695f72a7283850e55b4e934" "/opt/rustwide/cargo-home/bin/cargo" "+1.100.0-beta.1" "build" "--frozen" "--message-format=json" "--release", kill_on_drop: false }`
[INFO] [stderr]    Compiling serde_json v1.0.151
[INFO] [stderr]    Compiling syn v3.0.4
[INFO] [stderr]    Compiling digest v0.10.7
[INFO] [stderr]    Compiling hmac v0.12.1
[INFO] [stderr]    Compiling sha2 v0.10.9
[INFO] [stderr]    Compiling serde_derive v1.0.229
[INFO] [stderr]    Compiling serde v1.0.229
[INFO] [stderr]    Compiling termwright-protocol v0.7.7
[INFO] [stderr]    Compiling termwright-probe-ratatui v0.7.7 (/opt/rustwide/workdir)
[INFO] [stderr]     Finished `release` profile [optimized] target(s) in 19.74s
[INFO] running `Command { std: "docker" "inspect" "36b112d4ff68ea35989c5351d7f9daa321756aad5695f72a7283850e55b4e934", kill_on_drop: false }`
[INFO] running `Command { std: "docker" "exec" "-e" "SOURCE_DIR=/opt/rustwide/workdir" "-e" "CARGO_HOME=/opt/rustwide/cargo-home" "-e" "RUSTUP_HOME=/opt/rustwide/rustup-home" "-e" "CARGO_TARGET_DIR=/opt/rustwide/target" "-e" "CARGO_INCREMENTAL=0" "-e" "RUST_BACKTRACE=full" "-e" "RUSTFLAGS=--cap-lints=warn" "-e" "RUSTDOCFLAGS=--cap-lints=warn" "-w" "/opt/rustwide/workdir" "--user" "0:0" "36b112d4ff68ea35989c5351d7f9daa321756aad5695f72a7283850e55b4e934" "/opt/rustwide/cargo-home/bin/cargo" "+1.100.0-beta.1" "test" "--frozen" "--no-run" "--message-format=json" "--release", kill_on_drop: false }`
[INFO] [stderr]    Compiling termwright-probe-ratatui v0.7.7 (/opt/rustwide/workdir)
[INFO] [stderr]     Finished `release` profile [optimized] target(s) in 9.42s
[INFO] running `Command { std: "docker" "inspect" "36b112d4ff68ea35989c5351d7f9daa321756aad5695f72a7283850e55b4e934", kill_on_drop: false }`
[INFO] running `Command { std: "docker" "exec" "-e" "SOURCE_DIR=/opt/rustwide/workdir" "-e" "CARGO_HOME=/opt/rustwide/cargo-home" "-e" "RUSTUP_HOME=/opt/rustwide/rustup-home" "-e" "CARGO_TARGET_DIR=/opt/rustwide/target" "-e" "CARGO_INCREMENTAL=0" "-e" "RUST_BACKTRACE=full" "-e" "RUSTFLAGS=--cap-lints=warn" "-e" "RUSTDOCFLAGS=--cap-lints=warn" "-w" "/opt/rustwide/workdir" "--user" "0:0" "36b112d4ff68ea35989c5351d7f9daa321756aad5695f72a7283850e55b4e934" "/opt/rustwide/cargo-home/bin/cargo" "+1.100.0-beta.1" "test" "--frozen" "--release", kill_on_drop: false }`
[INFO] [stderr]     Finished `release` profile [optimized] target(s) in 0.04s
[INFO] [stderr]      Running unittests src/lib.rs (/opt/rustwide/target/release/build/termwright-probe-ratatui/c9ca8757f8250c6f/out/termwright_probe_ratatui-c9ca8757f8250c6f)
[INFO] [stdout] 
[INFO] [stdout] running 44 tests
[INFO] [stdout] test handshake_tests::the_framework_version_is_optional ... ok
[INFO] [stdout] test launch::tests::every_relevant_input_changes_the_copy_key ... ok
[INFO] [stdout] test handshake_tests::it_claims_only_what_ratatui_gives ... ok
[INFO] [stdout] test patchset::tests::built_in_diff_applier_handles_multiple_hunks ... ok
[INFO] [stdout] test patchset::tests::built_in_diff_applier_rejects_fuzzy_context ... ok
[INFO] [stdout] test launch::tests::a_cache_hit_revalidates_the_copy_contents ... ok
[INFO] [stdout] test launch::tests::a_project_without_a_lockfile_has_its_generated_lock_removed ... ok
[INFO] [stdout] test patchset::tests::the_manifest_reader_reads_our_manifest ... ok
[INFO] [stdout] test patchset::tests::metadata_reader_ignores_nested_dependency_summaries ... ok
[INFO] [stdout] test launch::tests::the_guard_puts_the_bytes_back ... ok
[INFO] [stdout] test session::tests::queue_overflow_diagnostic_names_the_budget_and_real_launch_option ... ok
[INFO] [stdout] test tests::a_render_call_carries_what_the_framework_reported ... ok
[INFO] [stdout] test tests::direct_and_frame_announced_annotations_have_one_truthful_call ... ok
[INFO] [stdout] test session::tests::a_dormant_process_publishes_nothing_and_leaks_nothing ... ok
[INFO] [stdout] test launch::tests::an_old_owner_cannot_remove_a_reclaimed_cache_lock ... ok
[INFO] [stdout] test session::tests::queue_overflow_at_the_protocol_ceiling_does_not_suggest_a_noop_increase ... ok
[INFO] [stdout] test tests::dormant_without_the_environment ... ok
[INFO] [stdout] test tests::nested_frame_contexts_suspend_and_restore_the_outer_frame ... ok
[INFO] [stdout] test patchset::tests::metadata_graph_uses_virtual_workspace_default_members ... ok
[INFO] [stdout] test patchset::tests::metadata_graph_excludes_unrelated_workspace_siblings ... ok
[INFO] [stdout] test patchset::tests::metadata_graph_uses_defaults_at_a_non_virtual_workspace_root ... ok
[INFO] [stdout] test tree::tests::a_stable_test_id_does_not_fabricate_stable_identity ... ok
[INFO] [stdout] test tree::tests::actual_annotated_call_nesting_becomes_semantic_hierarchy ... ok
[INFO] [stdout] test tree::tests::an_unrecognised_widget_keeps_its_own_type_name ... ok
[INFO] [stdout] test launch::tests::versions_are_read_out_of_cargo_metadata ... ok
[INFO] [stdout] test tree::tests::an_empty_frame_is_a_legal_tree ... ok
[INFO] [stdout] test tree::tests::a_frame_becomes_a_valid_flat_tree ... ok
[INFO] [stdout] test tree::tests::identity_does_not_survive_the_frame ... ok
[INFO] [stdout] test session::tests::concurrent_render_admission_fails_without_waiting_or_reordering_a_marker ... ok
[INFO] [stdout] test launch::tests::ambiguous_framework_versions_are_refused ... ok
[INFO] [stdout] test patchset::tests::the_patch_set_digest_includes_patch_bytes ... ok
[INFO] [stdout] test tree::tests::annotation_overrides_intent_but_not_physical_facts ... ok
[INFO] [stdout] test tree::tests::frame_preserves_what_ratatui_knows_and_refuses_hit_testing ... ok
[INFO] [stdout] test patchset::tests::generated_toml_paths_escape_windows_and_unix_edge_cases ... ok
[INFO] [stdout] test tree::tests::roles_come_from_the_type_name ... ok
[INFO] [stdout] test patchset::tests::sha256_matches_the_published_vectors ... ok
[INFO] [stdout] test tree::tests::semantic_key_is_stable_and_resolves_relationships_per_frame ... ok
[INFO] [stdout] test tree::tests::generics_are_stripped_from_the_type_name ... ok
[INFO] [stdout] test launch::tests::dropping_the_guard_restores_too ... ok
[INFO] [stdout] test tree::tests::duplicate_semantic_keys_fail_closed ... ok
[INFO] [stdout] test tree::tests::negotiated_relation_limit_is_applied_before_wire_validation ... ok
[INFO] [stdout] test tree::tests::nothing_claims_pointer_ownership ... ok
[INFO] [stdout] test tree::tests::intended_geometry_is_the_rectangle_the_widget_was_drawn_into ... ok
[INFO] [stderr]      Running tests/launch.rs (/opt/rustwide/target/release/build/termwright-probe-ratatui/5b8add944d268dc5/out/launch-5b8add944d268dc5)
[INFO] [stdout] test launch::tests::a_workspace_member_protects_the_root_lockfile ... ok
[INFO] [stdout] 
[INFO] [stdout] test result: ok. 44 passed; 0 failed; 0 ignored; 0 measured; 0 filtered out; finished in 0.04s
[INFO] [stdout] 
[INFO] [stdout] 
[INFO] [stdout] running 3 tests
[INFO] [stdout] test a_project_without_ratatui_is_refused_clearly ... ok
[INFO] [stdout] test an_instrumented_build_leaves_cargo_lock_byte_identical ... ok
[INFO] [stdout] test a_project_without_crossterm_builds_with_two_patches_and_fails_semantics_closed ... ok
[INFO] [stdout] 
[INFO] [stdout] test result: ok. 3 passed; 0 failed; 0 ignored; 0 measured; 0 filtered out; finished in 22.58s
[INFO] [stdout] 
[INFO] [stderr]      Running tests/patchset.rs (/opt/rustwide/target/release/build/termwright-probe-ratatui/d950d198e7f55a34/out/patchset-d950d198e7f55a34)
[INFO] [stdout] 
[INFO] [stdout] running 15 tests
[INFO] [stdout] test the_manifest_pins_the_version_on_disk ... ok
[INFO] [stdout] test an_annotated_custom_widget_merges_full_intent_without_physical_overrides ... FAILED
[INFO] [stdout] test crossterm_same_sink_patch_is_exact_and_has_no_probe_dependency ... ok
[INFO] [stdout] test applying_it_produces_exactly_the_pinned_result ... ok
[INFO] [stdout] test a_version_mismatch_is_refused_by_name ... ok
[INFO] [stdout] test test_backend_fails_closed_without_a_false_stdout_marker ... FAILED
[INFO] [stdout] test nested_and_multiple_terminals_preserve_order_and_restart_after_a_clean_final_drop ... FAILED
[INFO] [stdout] test the_patched_widgets_still_build_without_std ... FAILED
[INFO] [stdout] test a_vanilla_ratatui_app_reaches_the_probe ... FAILED
[INFO] [stdout] test crossterm_commits_after_frame_bytes_on_the_exact_same_writer ... FAILED
[INFO] [stdout] test concurrent_terminals_do_not_block_or_overtake_marker_order ... FAILED
[INFO] [stdout] test a_list_publishes_its_items_and_the_selected_row ... FAILED
[INFO] [stdout] test a_backend_cannot_withdraw_its_marker_sink_after_publication ... FAILED
[INFO] [stdout] test crossterm_marker_write_failure_is_fatal_without_fallback_or_retry ... FAILED
[INFO] [stdout] test the_patched_copy_still_builds_without_std ... FAILED
[INFO] [stdout] 
[INFO] [stdout] failures:
[INFO] [stdout] 
[INFO] [stdout] ---- an_annotated_custom_widget_merges_full_intent_without_physical_overrides stdout ----
[INFO] [stdout] 
[INFO] [stdout] thread 'an_annotated_custom_widget_merges_full_intent_without_physical_overrides' (599) panicked at tests/patchset.rs:1440:6:
[INFO] [stdout] prepare annotated instrumented build: Io(Os { code: 2, kind: NotFound, message: "No such file or directory" })
[INFO] [stdout] stack backtrace:
[INFO] [stdout]    0:     0x63aef702e1b1 - <<std[617be2ca0a6fd877]::sys::backtrace::BacktraceLock>::print::DisplayBacktrace as core[a373ad73a504971]::fmt::Display>::fmt
[INFO] [stdout]    1:     0x63aef7043d8a - core[a373ad73a504971]::fmt::write
[INFO] [stderr] error: test failed, to rerun pass `--test patchset`
[INFO] [stdout]    2:     0x63aef703280c - <alloc[2e1b2a31b91974c5]::vec::Vec<u8> as core[a373ad73a504971]::io::write::Write>::write_fmt
[INFO] [stdout]    3:     0x63aef7005f66 - std[617be2ca0a6fd877]::panicking::default_hook::{closure#0}
[INFO] [stdout]    4:     0x63aef7024299 - std[617be2ca0a6fd877]::panicking::default_hook
[INFO] [stdout]    5:     0x63aef6f734b0 - test[aada8e7e76ba119b]::test_main_inner::{closure#0}
[INFO] [stdout]    6:     0x63aef7024452 - std[617be2ca0a6fd877]::panicking::panic_with_hook
[INFO] [stdout]    7:     0x63aef7006012 - std[617be2ca0a6fd877]::panicking::panic_handler::{closure#0}
[INFO] [stdout]    8:     0x63aef6ffe979 - std[617be2ca0a6fd877]::sys::backtrace::__rust_end_short_backtrace::<std[617be2ca0a6fd877]::panicking::panic_handler::{closure#0}, !>
[INFO] [stdout]    9:     0x63aef7006dcd - __rustc[ea4f61d10b84890b]::rust_begin_unwind
[INFO] [stdout]   10:     0x63aef70444bc - core[a373ad73a504971]::panicking::panic_fmt
[INFO] [stdout]   11:     0x63aef7044292 - core[a373ad73a504971]::result::unwrap_failed
[INFO] [stdout]   12:     0x63aef6f47a55 - patchset[9d47440c1588d0a2]::an_annotated_custom_widget_merges_full_intent_without_physical_overrides
[INFO] [stdout]   13:     0x63aef6f55439 - <patchset[9d47440c1588d0a2]::an_annotated_custom_widget_merges_full_intent_without_physical_overrides::{closure#0} as core[a373ad73a504971]::ops::function::FnOnce<()>>::call_once
[INFO] [stdout]   14:     0x63aef6f668fb - test[aada8e7e76ba119b]::__rust_begin_short_backtrace::<core[a373ad73a504971]::result::Result<(), alloc[2e1b2a31b91974c5]::string::String>, fn() -> core[a373ad73a504971]::result::Result<(), alloc[2e1b2a31b91974c5]::string::String>>
[INFO] [stdout]   15:     0x63aef6f73ad5 - test[aada8e7e76ba119b]::run_test::{closure#0}
[INFO] [stdout]   16:     0x63aef6f6d3c4 - std[617be2ca0a6fd877]::sys::backtrace::__rust_begin_short_backtrace::<test[aada8e7e76ba119b]::run_test::{closure#1}, ()>
[INFO] [stdout]   17:     0x63aef6f76b62 - <std[617be2ca0a6fd877]::thread::lifecycle::spawn_unchecked<test[aada8e7e76ba119b]::run_test::{closure#1}, ()>::{closure#1} as core[a373ad73a504971]::ops::function::FnOnce<()>>::call_once::{shim:vtable#0}
[INFO] [stdout]   18:     0x63aef702d0cf - <std[617be2ca0a6fd877]::sys::thread::unix::Thread>::new::thread_start
[INFO] [stdout]   19:     0x7dcf92cabdfa - <unknown>
[INFO] [stdout]   20:     0x7dcf92d3f3d4 - clone
[INFO] [stdout]   21:                0x0 - <unknown>
[INFO] [stdout] 
[INFO] [stdout] ---- test_backend_fails_closed_without_a_false_stdout_marker stdout ----
[INFO] [stdout] 
[INFO] [stdout] thread 'test_backend_fails_closed_without_a_false_stdout_marker' (606) panicked at tests/patchset.rs:587:5:
[INFO] [stdout] the instrumented app failed:
[INFO] [stdout] error: failed to get `ratatui` as a dependency of package `publishing-app v0.1.0 (/tmp/tw-patchset-publish-app-594)`
[INFO] [stdout] 
[INFO] [stdout] Caused by:
[INFO] [stdout]   failed to load source for dependency `ratatui`
[INFO] [stdout] 
[INFO] [stdout] Caused by:
[INFO] [stdout]   unable to update registry `crates-io`
[INFO] [stdout] 
[INFO] [stdout] Caused by:
[INFO] [stdout]   download of config.json failed
[INFO] [stdout] 
[INFO] [stdout] Caused by:
[INFO] [stdout]   [6] Could not resolve hostname (Could not resolve host: index.crates.io)
[INFO] [stdout] 
[INFO] [stdout] stack backtrace:
[INFO] [stdout]    0:     0x63aef702e1b1 - <<std[617be2ca0a6fd877]::sys::backtrace::BacktraceLock>::print::DisplayBacktrace as core[a373ad73a504971]::fmt::Display>::fmt
[INFO] [stdout]    1:     0x63aef7043d8a - core[a373ad73a504971]::fmt::write
[INFO] [stdout]    2:     0x63aef703280c - <alloc[2e1b2a31b91974c5]::vec::Vec<u8> as core[a373ad73a504971]::io::write::Write>::write_fmt
[INFO] [stdout]    3:     0x63aef7005f66 - std[617be2ca0a6fd877]::panicking::default_hook::{closure#0}
[INFO] [stdout]    4:     0x63aef7024299 - std[617be2ca0a6fd877]::panicking::default_hook
[INFO] [stdout]    5:     0x63aef6f734b0 - test[aada8e7e76ba119b]::test_main_inner::{closure#0}
[INFO] [stdout]    6:     0x63aef7024452 - std[617be2ca0a6fd877]::panicking::panic_with_hook
[INFO] [stdout]    7:     0x63aef7006012 - std[617be2ca0a6fd877]::panicking::panic_handler::{closure#0}
[INFO] [stdout]    8:     0x63aef6ffe979 - std[617be2ca0a6fd877]::sys::backtrace::__rust_end_short_backtrace::<std[617be2ca0a6fd877]::panicking::panic_handler::{closure#0}, !>
[INFO] [stdout]    9:     0x63aef7006dcd - __rustc[ea4f61d10b84890b]::rust_begin_unwind
[INFO] [stdout]   10:     0x63aef70444bc - core[a373ad73a504971]::panicking::panic_fmt
[INFO] [stdout]   11:     0x63aef6f4ea5d - <patchset[9d47440c1588d0a2]::test_backend_fails_closed_without_a_false_stdout_marker::{closure#0} as core[a373ad73a504971]::ops::function::FnOnce<()>>::call_once
[INFO] [stdout]   12:     0x63aef6f668fb - test[aada8e7e76ba119b]::__rust_begin_short_backtrace::<core[a373ad73a504971]::result::Result<(), alloc[2e1b2a31b91974c5]::string::String>, fn() -> core[a373ad73a504971]::result::Result<(), alloc[2e1b2a31b91974c5]::string::String>>
[INFO] [stdout]   13:     0x63aef6f73ad5 - test[aada8e7e76ba119b]::run_test::{closure#0}
[INFO] [stdout]   14:     0x63aef6f6d3c4 - std[617be2ca0a6fd877]::sys::backtrace::__rust_begin_short_backtrace::<test[aada8e7e76ba119b]::run_test::{closure#1}, ()>
[INFO] [stdout]   15:     0x63aef6f76b62 - <std[617be2ca0a6fd877]::thread::lifecycle::spawn_unchecked<test[aada8e7e76ba119b]::run_test::{closure#1}, ()>::{closure#1} as core[a373ad73a504971]::ops::function::FnOnce<()>>::call_once::{shim:vtable#0}
[INFO] [stdout]   16:     0x63aef702d0cf - <std[617be2ca0a6fd877]::sys::thread::unix::Thread>::new::thread_start
[INFO] [stdout]   17:     0x7dcf92cabdfa - <unknown>
[INFO] [stdout]   18:     0x7dcf92d3f3d4 - clone
[INFO] [stdout]   19:                0x0 - <unknown>
[INFO] [stdout] 
[INFO] [stdout] ---- nested_and_multiple_terminals_preserve_order_and_restart_after_a_clean_final_drop stdout ----
[INFO] [stdout] 
[INFO] [stdout] thread 'nested_and_multiple_terminals_preserve_order_and_restart_after_a_clean_final_drop' (605) panicked at tests/patchset.rs:843:6:
[INFO] [stdout] prepare instrumented build: ManifestInvalid("cargo metadata failed in /tmp/tw-patchset-terminal-lifecycle-app-594: Updating crates.io index\nwarning: spurious network error (3 tries remaining): [6] Could not resolve hostname (Could not resolve host: index.crates.io)\nwarning: spurious network error (2 tries remaining): [6] Could not resolve hostname (Could not resolve host: index.crates.io)\nwarning: spurious network error (1 try remaining): [6] Could not resolve hostname (Could not resolve host: index.crates.io)\nwarning: spurious network error (3 tries remaining): [6] Could not resolve hostname (Could not resolve host: index.crates.io)\nwarning: spurious network error (3 tries remaining): [6] Could not resolve hostname (Could not resolve host: index.crates.io)\nwarning: spurious network error (3 tries remaining): [6] Could not resolve hostname (Could not resolve host: index.crates.io)\nwarning: spurious network error (2 tries remaining): [6] Could not resolve hostname (Could not resolve host: index.crates.io)\nwarning: spurious network error (2 tries remaining): [6] Could not resolve hostname (Could not resolve host: index.crates.io)\nwarning: spurious network error (2 tries remaining): [6] Could not resolve hostname (Could not resolve host: index.crates.io)\nwarning: spurious network error (1 try remaining): [6] Could not resolve hostname (Could not resolve host: index.crates.io)\nwarning: spurious network error (1 try remaining): [6] Could not resolve hostname (Could not resolve host: index.crates.io)\nwarning: spurious network error (1 try remaining): [6] Could not resolve hostname (Could not resolve host: index.crates.io)\nerror: failed to get `ratatui` as a dependency of package `terminal-lifecycle-app v0.1.0 (/tmp/tw-patchset-terminal-lifecycle-app-594)`\n\nCaused by:\n  failed to load source for dependency `ratatui`\n\nCaused by:\n  unable to update registry `crates-io`\n\nCaused by:\n  download of config.json failed\n\nCaused by:\n  [6] Could not resolve hostname (Could not resolve host: index.crates.io)")
[INFO] [stdout] stack backtrace:
[INFO] [stdout]    0:     0x63aef702e1b1 - <<std[617be2ca0a6fd877]::sys::backtrace::BacktraceLock>::print::DisplayBacktrace as core[a373ad73a504971]::fmt::Display>::fmt
[INFO] [stdout]    1:     0x63aef7043d8a - core[a373ad73a504971]::fmt::write
[INFO] [stdout]    2:     0x63aef703280c - <alloc[2e1b2a31b91974c5]::vec::Vec<u8> as core[a373ad73a504971]::io::write::Write>::write_fmt
[INFO] [stdout]    3:     0x63aef7005f66 - std[617be2ca0a6fd877]::panicking::default_hook::{closure#0}
[INFO] [stdout]    4:     0x63aef7024299 - std[617be2ca0a6fd877]::panicking::default_hook
[INFO] [stdout]    5:     0x63aef6f734b0 - test[aada8e7e76ba119b]::test_main_inner::{closure#0}
[INFO] [stdout]    6:     0x63aef7024452 - std[617be2ca0a6fd877]::panicking::panic_with_hook
[INFO] [stdout]    7:     0x63aef7006012 - std[617be2ca0a6fd877]::panicking::panic_handler::{closure#0}
[INFO] [stdout]    8:     0x63aef6ffe979 - std[617be2ca0a6fd877]::sys::backtrace::__rust_end_short_backtrace::<std[617be2ca0a6fd877]::panicking::panic_handler::{closure#0}, !>
[INFO] [stdout]    9:     0x63aef7006dcd - __rustc[ea4f61d10b84890b]::rust_begin_unwind
[INFO] [stdout]   10:     0x63aef70444bc - core[a373ad73a504971]::panicking::panic_fmt
[INFO] [stdout]   11:     0x63aef7044292 - core[a373ad73a504971]::result::unwrap_failed
[INFO] [stdout]   12:     0x63aef6f568f3 - <patchset[9d47440c1588d0a2]::nested_and_multiple_terminals_preserve_order_and_restart_after_a_clean_final_drop::{closure#0} as core[a373ad73a504971]::ops::function::FnOnce<()>>::call_once
[INFO] [stdout]   13:     0x63aef6f668fb - test[aada8e7e76ba119b]::__rust_begin_short_backtrace::<core[a373ad73a504971]::result::Result<(), alloc[2e1b2a31b91974c5]::string::String>, fn() -> core[a373ad73a504971]::result::Result<(), alloc[2e1b2a31b91974c5]::string::String>>
[INFO] [stdout]   14:     0x63aef6f73ad5 - test[aada8e7e76ba119b]::run_test::{closure#0}
[INFO] [stdout]   15:     0x63aef6f6d3c4 - std[617be2ca0a6fd877]::sys::backtrace::__rust_begin_short_backtrace::<test[aada8e7e76ba119b]::run_test::{closure#1}, ()>
[INFO] [stdout]   16:     0x63aef6f76b62 - <std[617be2ca0a6fd877]::thread::lifecycle::spawn_unchecked<test[aada8e7e76ba119b]::run_test::{closure#1}, ()>::{closure#1} as core[a373ad73a504971]::ops::function::FnOnce<()>>::call_once::{shim:vtable#0}
[INFO] [stdout]   17:     0x63aef702d0cf - <std[617be2ca0a6fd877]::sys::thread::unix::Thread>::new::thread_start
[INFO] [stdout]   18:     0x7dcf92cabdfa - <unknown>
[INFO] [stdout]   19:     0x7dcf92d3f3d4 - clone
[INFO] [stdout]   20:                0x0 - <unknown>
[INFO] [stdout] 
[INFO] [stdout] ---- the_patched_widgets_still_build_without_std stdout ----
[INFO] [stdout] 
[INFO] [stdout] thread 'the_patched_widgets_still_build_without_std' (610) panicked at tests/patchset.rs:311:5:
[INFO] [stdout] a no_std build of the patched widgets failed:
[INFO] [stdout] error: failed to get `bitflags` as a dependency of package `ratatui-widgets v0.3.2 (/tmp/tw-patchset-widgets-nostd-594)`
[INFO] [stdout] 
[INFO] [stdout] Caused by:
[INFO] [stdout]   failed to load source for dependency `bitflags`
[INFO] [stdout] 
[INFO] [stdout] Caused by:
[INFO] [stdout]   unable to update registry `crates-io`
[INFO] [stdout] 
[INFO] [stdout] Caused by:
[INFO] [stdout]   download of config.json failed
[INFO] [stdout] 
[INFO] [stdout] Caused by:
[INFO] [stdout]   [6] Could not resolve hostname (Could not resolve host: index.crates.io)
[INFO] [stdout] 
[INFO] [stdout] stack backtrace:
[INFO] [stdout]    0:     0x63aef702e1b1 - <<std[617be2ca0a6fd877]::sys::backtrace::BacktraceLock>::print::DisplayBacktrace as core[a373ad73a504971]::fmt::Display>::fmt
[INFO] [stdout]    1:     0x63aef7043d8a - core[a373ad73a504971]::fmt::write
[INFO] [stdout]    2:     0x63aef703280c - <alloc[2e1b2a31b91974c5]::vec::Vec<u8> as core[a373ad73a504971]::io::write::Write>::write_fmt
[INFO] [stdout]    3:     0x63aef7005f66 - std[617be2ca0a6fd877]::panicking::default_hook::{closure#0}
[INFO] [stdout]    4:     0x63aef7024299 - std[617be2ca0a6fd877]::panicking::default_hook
[INFO] [stdout]    5:     0x63aef6f734b0 - test[aada8e7e76ba119b]::test_main_inner::{closure#0}
[INFO] [stdout]    6:     0x63aef7024452 - std[617be2ca0a6fd877]::panicking::panic_with_hook
[INFO] [stdout]    7:     0x63aef7006012 - std[617be2ca0a6fd877]::panicking::panic_handler::{closure#0}
[INFO] [stdout]    8:     0x63aef6ffe979 - std[617be2ca0a6fd877]::sys::backtrace::__rust_end_short_backtrace::<std[617be2ca0a6fd877]::panicking::panic_handler::{closure#0}, !>
[INFO] [stdout]    9:     0x63aef7006dcd - __rustc[ea4f61d10b84890b]::rust_begin_unwind
[INFO] [stdout]   10:     0x63aef70444bc - core[a373ad73a504971]::panicking::panic_fmt
[INFO] [stdout]   11:     0x63aef6f4c96f - <patchset[9d47440c1588d0a2]::the_patched_widgets_still_build_without_std::{closure#0} as core[a373ad73a504971]::ops::function::FnOnce<()>>::call_once
[INFO] [stdout]   12:     0x63aef6f668fb - test[aada8e7e76ba119b]::__rust_begin_short_backtrace::<core[a373ad73a504971]::result::Result<(), alloc[2e1b2a31b91974c5]::string::String>, fn() -> core[a373ad73a504971]::result::Result<(), alloc[2e1b2a31b91974c5]::string::String>>
[INFO] [stdout]   13:     0x63aef6f73ad5 - test[aada8e7e76ba119b]::run_test::{closure#0}
[INFO] [stdout]   14:     0x63aef6f6d3c4 - std[617be2ca0a6fd877]::sys::backtrace::__rust_begin_short_backtrace::<test[aada8e7e76ba119b]::run_test::{closure#1}, ()>
[INFO] [stdout]   15:     0x63aef6f76b62 - <std[617be2ca0a6fd877]::thread::lifecycle::spawn_unchecked<test[aada8e7e76ba119b]::run_test::{closure#1}, ()>::{closure#1} as core[a373ad73a504971]::ops::function::FnOnce<()>>::call_once::{shim:vtable#0}
[INFO] [stdout]   16:     0x63aef702d0cf - <std[617be2ca0a6fd877]::sys::thread::unix::Thread>::new::thread_start
[INFO] [stdout]   17:     0x7dcf92cabdfa - <unknown>
[INFO] [stdout]   18:     0x7dcf92d3f3d4 - clone
[INFO] [stdout]   19:                0x0 - <unknown>
[INFO] [stdout] 
[INFO] [stdout] ---- a_vanilla_ratatui_app_reaches_the_probe stdout ----
[INFO] [stdout] 
[INFO] [stdout] thread 'a_vanilla_ratatui_app_reaches_the_probe' (597) panicked at tests/patchset.rs:389:5:
[INFO] [stdout] the instrumented app failed:
[INFO] [stdout] error: failed to get `ratatui` as a dependency of package `vanilla-app v0.1.0 (/tmp/tw-patchset-e2e-app-594)`
[INFO] [stdout] 
[INFO] [stdout] Caused by:
[INFO] [stdout]   failed to load source for dependency `ratatui`
[INFO] [stdout] 
[INFO] [stdout] Caused by:
[INFO] [stdout]   unable to update registry `crates-io`
[INFO] [stdout] 
[INFO] [stdout] Caused by:
[INFO] [stdout]   download of config.json failed
[INFO] [stdout] 
[INFO] [stdout] Caused by:
[INFO] [stdout]   [6] Could not resolve hostname (Could not resolve host: index.crates.io)
[INFO] [stdout] 
[INFO] [stdout] stack backtrace:
[INFO] [stdout]    0:     0x63aef702e1b1 - <<std[617be2ca0a6fd877]::sys::backtrace::BacktraceLock>::print::DisplayBacktrace as core[a373ad73a504971]::fmt::Display>::fmt
[INFO] [stdout]    1:     0x63aef7043d8a - core[a373ad73a504971]::fmt::write
[INFO] [stdout]    2:     0x63aef703280c - <alloc[2e1b2a31b91974c5]::vec::Vec<u8> as core[a373ad73a504971]::io::write::Write>::write_fmt
[INFO] [stdout]    3:     0x63aef7005f66 - std[617be2ca0a6fd877]::panicking::default_hook::{closure#0}
[INFO] [stdout]    4:     0x63aef7024299 - std[617be2ca0a6fd877]::panicking::default_hook
[INFO] [stdout]    5:     0x63aef6f734b0 - test[aada8e7e76ba119b]::test_main_inner::{closure#0}
[INFO] [stdout]    6:     0x63aef7024452 - std[617be2ca0a6fd877]::panicking::panic_with_hook
[INFO] [stdout]    7:     0x63aef7006012 - std[617be2ca0a6fd877]::panicking::panic_handler::{closure#0}
[INFO] [stdout]    8:     0x63aef6ffe979 - std[617be2ca0a6fd877]::sys::backtrace::__rust_end_short_backtrace::<std[617be2ca0a6fd877]::panicking::panic_handler::{closure#0}, !>
[INFO] [stdout]    9:     0x63aef7006dcd - __rustc[ea4f61d10b84890b]::rust_begin_unwind
[INFO] [stdout]   10:     0x63aef70444bc - core[a373ad73a504971]::panicking::panic_fmt
[INFO] [stdout]   11:     0x63aef6f4b47c - <patchset[9d47440c1588d0a2]::a_vanilla_ratatui_app_reaches_the_probe::{closure#0} as core[a373ad73a504971]::ops::function::FnOnce<()>>::call_once
[INFO] [stdout]   12:     0x63aef6f668fb - test[aada8e7e76ba119b]::__rust_begin_short_backtrace::<core[a373ad73a504971]::result::Result<(), alloc[2e1b2a31b91974c5]::string::String>, fn() -> core[a373ad73a504971]::result::Result<(), alloc[2e1b2a31b91974c5]::string::String>>
[INFO] [stdout]   13:     0x63aef6f73ad5 - test[aada8e7e76ba119b]::run_test::{closure#0}
[INFO] [stdout]   14:     0x63aef6f6d3c4 - std[617be2ca0a6fd877]::sys::backtrace::__rust_begin_short_backtrace::<test[aada8e7e76ba119b]::run_test::{closure#1}, ()>
[INFO] [stdout]   15:     0x63aef6f76b62 - <std[617be2ca0a6fd877]::thread::lifecycle::spawn_unchecked<test[aada8e7e76ba119b]::run_test::{closure#1}, ()>::{closure#1} as core[a373ad73a504971]::ops::function::FnOnce<()>>::call_once::{shim:vtable#0}
[INFO] [stdout]   16:     0x63aef702d0cf - <std[617be2ca0a6fd877]::sys::thread::unix::Thread>::new::thread_start
[INFO] [stdout]   17:     0x7dcf92cabdfa - <unknown>
[INFO] [stdout]   18:     0x7dcf92d3f3d4 - clone
[INFO] [stdout]   19:                0x0 - <unknown>
[INFO] [stdout] 
[INFO] [stdout] ---- crossterm_commits_after_frame_bytes_on_the_exact_same_writer stdout ----
[INFO] [stdout] 
[INFO] [stdout] thread 'crossterm_commits_after_frame_bytes_on_the_exact_same_writer' (602) panicked at tests/patchset.rs:692:6:
[INFO] [stdout] prepare all three pinned crates: ManifestInvalid("cargo metadata failed in /tmp/tw-patchset-same-sink-app-594: Updating crates.io index\nwarning: spurious network error (3 tries remaining): [6] Could not resolve hostname (Could not resolve host: index.crates.io)\nwarning: spurious network error (2 tries remaining): [6] Could not resolve hostname (Could not resolve host: index.crates.io)\nwarning: spurious network error (1 try remaining): [6] Could not resolve hostname (Could not resolve host: index.crates.io)\nwarning: spurious network error (3 tries remaining): [6] Could not resolve hostname (Could not resolve host: index.crates.io)\nwarning: spurious network error (3 tries remaining): [6] Could not resolve hostname (Could not resolve host: index.crates.io)\nwarning: spurious network error (3 tries remaining): [6] Could not resolve hostname (Could not resolve host: index.crates.io)\nwarning: spurious network error (2 tries remaining): [6] Could not resolve hostname (Could not resolve host: index.crates.io)\nwarning: spurious network error (2 tries remaining): [6] Could not resolve hostname (Could not resolve host: index.crates.io)\nwarning: spurious network error (2 tries remaining): [6] Could not resolve hostname (Could not resolve host: index.crates.io)\nwarning: spurious network error (1 try remaining): [6] Could not resolve hostname (Could not resolve host: index.crates.io)\nwarning: spurious network error (1 try remaining): [6] Could not resolve hostname (Could not resolve host: index.crates.io)\nwarning: spurious network error (1 try remaining): [6] Could not resolve hostname (Could not resolve host: index.crates.io)\nerror: failed to get `ratatui` as a dependency of package `same-sink-app v0.1.0 (/tmp/tw-patchset-same-sink-app-594)`\n\nCaused by:\n  failed to load source for dependency `ratatui`\n\nCaused by:\n  unable to update registry `crates-io`\n\nCaused by:\n  download of config.json failed\n\nCaused by:\n  [6] Could not resolve hostname (Could not resolve host: index.crates.io)")
[INFO] [stdout] stack backtrace:
[INFO] [stdout]    0:     0x63aef702e1b1 - <<std[617be2ca0a6fd877]::sys::backtrace::BacktraceLock>::print::DisplayBacktrace as core[a373ad73a504971]::fmt::Display>::fmt
[INFO] [stdout]    1:     0x63aef7043d8a - core[a373ad73a504971]::fmt::write
[INFO] [stdout]    2:     0x63aef703280c - <alloc[2e1b2a31b91974c5]::vec::Vec<u8> as core[a373ad73a504971]::io::write::Write>::write_fmt
[INFO] [stdout]    3:     0x63aef7005f66 - std[617be2ca0a6fd877]::panicking::default_hook::{closure#0}
[INFO] [stdout]    4:     0x63aef7024299 - std[617be2ca0a6fd877]::panicking::default_hook
[INFO] [stdout]    5:     0x63aef6f734b0 - test[aada8e7e76ba119b]::test_main_inner::{closure#0}
[INFO] [stdout]    6:     0x63aef7024452 - std[617be2ca0a6fd877]::panicking::panic_with_hook
[INFO] [stdout]    7:     0x63aef7006012 - std[617be2ca0a6fd877]::panicking::panic_handler::{closure#0}
[INFO] [stdout]    8:     0x63aef6ffe979 - std[617be2ca0a6fd877]::sys::backtrace::__rust_end_short_backtrace::<std[617be2ca0a6fd877]::panicking::panic_handler::{closure#0}, !>
[INFO] [stdout]    9:     0x63aef7006dcd - __rustc[ea4f61d10b84890b]::rust_begin_unwind
[INFO] [stdout]   10:     0x63aef70444bc - core[a373ad73a504971]::panicking::panic_fmt
[INFO] [stdout]   11:     0x63aef7044292 - core[a373ad73a504971]::result::unwrap_failed
[INFO] [stdout]   12:     0x63aef6f52f21 - <patchset[9d47440c1588d0a2]::crossterm_commits_after_frame_bytes_on_the_exact_same_writer::{closure#0} as core[a373ad73a504971]::ops::function::FnOnce<()>>::call_once
[INFO] [stdout]   13:     0x63aef6f668fb - test[aada8e7e76ba119b]::__rust_begin_short_backtrace::<core[a373ad73a504971]::result::Result<(), alloc[2e1b2a31b91974c5]::string::String>, fn() -> core[a373ad73a504971]::result::Result<(), alloc[2e1b2a31b91974c5]::string::String>>
[INFO] [stdout]   14:     0x63aef6f73ad5 - test[aada8e7e76ba119b]::run_test::{closure#0}
[INFO] [stdout]   15:     0x63aef6f6d3c4 - std[617be2ca0a6fd877]::sys::backtrace::__rust_begin_short_backtrace::<test[aada8e7e76ba119b]::run_test::{closure#1}, ()>
[INFO] [stdout]   16:     0x63aef6f76b62 - <std[617be2ca0a6fd877]::thread::lifecycle::spawn_unchecked<test[aada8e7e76ba119b]::run_test::{closure#1}, ()>::{closure#1} as core[a373ad73a504971]::ops::function::FnOnce<()>>::call_once::{shim:vtable#0}
[INFO] [stdout]   17:     0x63aef702d0cf - <std[617be2ca0a6fd877]::sys::thread::unix::Thread>::new::thread_start
[INFO] [stdout]   18:     0x7dcf92cabdfa - <unknown>
[INFO] [stdout]   19:     0x7dcf92d3f3d4 - clone
[INFO] [stdout]   20:                0x0 - <unknown>
[INFO] [stdout] 
[INFO] [stdout] ---- concurrent_terminals_do_not_block_or_overtake_marker_order stdout ----
[INFO] [stdout] 
[INFO] [stdout] thread 'concurrent_terminals_do_not_block_or_overtake_marker_order' (601) panicked at tests/patchset.rs:1041:6:
[INFO] [stdout] prepare instrumented build: ManifestInvalid("cargo metadata failed in /tmp/tw-patchset-concurrent-terminal-app-594: Updating crates.io index\nwarning: spurious network error (3 tries remaining): [6] Could not resolve hostname (Could not resolve host: index.crates.io)\nwarning: spurious network error (2 tries remaining): [6] Could not resolve hostname (Could not resolve host: index.crates.io)\nwarning: spurious network error (1 try remaining): [6] Could not resolve hostname (Could not resolve host: index.crates.io)\nwarning: spurious network error (3 tries remaining): [6] Could not resolve hostname (Could not resolve host: index.crates.io)\nwarning: spurious network error (3 tries remaining): [6] Could not resolve hostname (Could not resolve host: index.crates.io)\nwarning: spurious network error (3 tries remaining): [6] Could not resolve hostname (Could not resolve host: index.crates.io)\nwarning: spurious network error (2 tries remaining): [6] Could not resolve hostname (Could not resolve host: index.crates.io)\nwarning: spurious network error (2 tries remaining): [6] Could not resolve hostname (Could not resolve host: index.crates.io)\nwarning: spurious network error (2 tries remaining): [6] Could not resolve hostname (Could not resolve host: index.crates.io)\nwarning: spurious network error (1 try remaining): [6] Could not resolve hostname (Could not resolve host: index.crates.io)\nwarning: spurious network error (1 try remaining): [6] Could not resolve hostname (Could not resolve host: index.crates.io)\nwarning: spurious network error (1 try remaining): [6] Could not resolve hostname (Could not resolve host: index.crates.io)\nerror: failed to get `ratatui` as a dependency of package `concurrent-terminal-app v0.1.0 (/tmp/tw-patchset-concurrent-terminal-app-594)`\n\nCaused by:\n  failed to load source for dependency `ratatui`\n\nCaused by:\n  unable to update registry `crates-io`\n\nCaused by:\n  download of config.json failed\n\nCaused by:\n  [6] Could not resolve hostname (Could not resolve host: index.crates.io)")
[INFO] [stdout] stack backtrace:
[INFO] [stdout]    0:     0x63aef702e1b1 - <<std[617be2ca0a6fd877]::sys::backtrace::BacktraceLock>::print::DisplayBacktrace as core[a373ad73a504971]::fmt::Display>::fmt
[INFO] [stdout]    1:     0x63aef7043d8a - core[a373ad73a504971]::fmt::write
[INFO] [stdout]    2:     0x63aef703280c - <alloc[2e1b2a31b91974c5]::vec::Vec<u8> as core[a373ad73a504971]::io::write::Write>::write_fmt
[INFO] [stdout]    3:     0x63aef7005f66 - std[617be2ca0a6fd877]::panicking::default_hook::{closure#0}
[INFO] [stdout]    4:     0x63aef7024299 - std[617be2ca0a6fd877]::panicking::default_hook
[INFO] [stdout]    5:     0x63aef6f734b0 - test[aada8e7e76ba119b]::test_main_inner::{closure#0}
[INFO] [stdout]    6:     0x63aef7024452 - std[617be2ca0a6fd877]::panicking::panic_with_hook
[INFO] [stdout]    7:     0x63aef7006012 - std[617be2ca0a6fd877]::panicking::panic_handler::{closure#0}
[INFO] [stdout]    8:     0x63aef6ffe979 - std[617be2ca0a6fd877]::sys::backtrace::__rust_end_short_backtrace::<std[617be2ca0a6fd877]::panicking::panic_handler::{closure#0}, !>
[INFO] [stdout]    9:     0x63aef7006dcd - __rustc[ea4f61d10b84890b]::rust_begin_unwind
[INFO] [stdout]   10:     0x63aef70444bc - core[a373ad73a504971]::panicking::panic_fmt
[INFO] [stdout]   11:     0x63aef7044292 - core[a373ad73a504971]::result::unwrap_failed
[INFO] [stdout]   12:     0x63aef6f5035a - <patchset[9d47440c1588d0a2]::concurrent_terminals_do_not_block_or_overtake_marker_order::{closure#0} as core[a373ad73a504971]::ops::function::FnOnce<()>>::call_once
[INFO] [stdout]   13:     0x63aef6f668fb - test[aada8e7e76ba119b]::__rust_begin_short_backtrace::<core[a373ad73a504971]::result::Result<(), alloc[2e1b2a31b91974c5]::string::String>, fn() -> core[a373ad73a504971]::result::Result<(), alloc[2e1b2a31b91974c5]::string::String>>
[INFO] [stdout]   14:     0x63aef6f73ad5 - test[aada8e7e76ba119b]::run_test::{closure#0}
[INFO] [stdout]   15:     0x63aef6f6d3c4 - std[617be2ca0a6fd877]::sys::backtrace::__rust_begin_short_backtrace::<test[aada8e7e76ba119b]::run_test::{closure#1}, ()>
[INFO] [stdout]   16:     0x63aef6f76b62 - <std[617be2ca0a6fd877]::thread::lifecycle::spawn_unchecked<test[aada8e7e76ba119b]::run_test::{closure#1}, ()>::{closure#1} as core[a373ad73a504971]::ops::function::FnOnce<()>>::call_once::{shim:vtable#0}
[INFO] [stdout]   17:     0x63aef702d0cf - <std[617be2ca0a6fd877]::sys::thread::unix::Thread>::new::thread_start
[INFO] [stdout]   18:     0x7dcf92cabdfa - <unknown>
[INFO] [stdout]   19:     0x7dcf92d3f3d4 - clone
[INFO] [stdout]   20:                0x0 - <unknown>
[INFO] [stdout] 
[INFO] [stdout] ---- a_list_publishes_its_items_and_the_selected_row stdout ----
[INFO] [stdout] 
[INFO] [stdout] thread 'a_list_publishes_its_items_and_the_selected_row' (596) panicked at tests/patchset.rs:1674:5:
[INFO] [stdout] the instrumented app failed:
[INFO] [stdout] error: failed to get `ratatui` as a dependency of package `list-app v0.1.0 (/tmp/tw-patchset-list-app-594)`
[INFO] [stdout] 
[INFO] [stdout] Caused by:
[INFO] [stdout]   failed to load source for dependency `ratatui`
[INFO] [stdout] 
[INFO] [stdout] Caused by:
[INFO] [stdout]   unable to update registry `crates-io`
[INFO] [stdout] 
[INFO] [stdout] Caused by:
[INFO] [stdout]   download of config.json failed
[INFO] [stdout] 
[INFO] [stdout] Caused by:
[INFO] [stdout]   [6] Could not resolve hostname (Could not resolve host: index.crates.io)
[INFO] [stdout] 
[INFO] [stdout] stack backtrace:
[INFO] [stdout]    0:     0x63aef702e1b1 - <<std[617be2ca0a6fd877]::sys::backtrace::BacktraceLock>::print::DisplayBacktrace as core[a373ad73a504971]::fmt::Display>::fmt
[INFO] [stdout]    1:     0x63aef7043d8a - core[a373ad73a504971]::fmt::write
[INFO] [stdout]    2:     0x63aef703280c - <alloc[2e1b2a31b91974c5]::vec::Vec<u8> as core[a373ad73a504971]::io::write::Write>::write_fmt
[INFO] [stdout]    3:     0x63aef7005f66 - std[617be2ca0a6fd877]::panicking::default_hook::{closure#0}
[INFO] [stdout]    4:     0x63aef7024299 - std[617be2ca0a6fd877]::panicking::default_hook
[INFO] [stdout]    5:     0x63aef6f734b0 - test[aada8e7e76ba119b]::test_main_inner::{closure#0}
[INFO] [stdout]    6:     0x63aef7024452 - std[617be2ca0a6fd877]::panicking::panic_with_hook
[INFO] [stdout]    7:     0x63aef7006012 - std[617be2ca0a6fd877]::panicking::panic_handler::{closure#0}
[INFO] [stdout]    8:     0x63aef6ffe979 - std[617be2ca0a6fd877]::sys::backtrace::__rust_end_short_backtrace::<std[617be2ca0a6fd877]::panicking::panic_handler::{closure#0}, !>
[INFO] [stdout]    9:     0x63aef7006dcd - __rustc[ea4f61d10b84890b]::rust_begin_unwind
[INFO] [stdout]   10:     0x63aef70444bc - core[a373ad73a504971]::panicking::panic_fmt
[INFO] [stdout]   11:     0x63aef6f44ee5 - patchset[9d47440c1588d0a2]::a_list_publishes_its_items_and_the_selected_row
[INFO] [stdout]   12:     0x63aef6f4d649 - <patchset[9d47440c1588d0a2]::a_list_publishes_its_items_and_the_selected_row::{closure#0} as core[a373ad73a504971]::ops::function::FnOnce<()>>::call_once
[INFO] [stdout]   13:     0x63aef6f668fb - test[aada8e7e76ba119b]::__rust_begin_short_backtrace::<core[a373ad73a504971]::result::Result<(), alloc[2e1b2a31b91974c5]::string::String>, fn() -> core[a373ad73a504971]::result::Result<(), alloc[2e1b2a31b91974c5]::string::String>>
[INFO] [stdout]   14:     0x63aef6f73ad5 - test[aada8e7e76ba119b]::run_test::{closure#0}
[INFO] [stdout]   15:     0x63aef6f6d3c4 - std[617be2ca0a6fd877]::sys::backtrace::__rust_begin_short_backtrace::<test[aada8e7e76ba119b]::run_test::{closure#1}, ()>
[INFO] [stdout]   16:     0x63aef6f76b62 - <std[617be2ca0a6fd877]::thread::lifecycle::spawn_unchecked<test[aada8e7e76ba119b]::run_test::{closure#1}, ()>::{closure#1} as core[a373ad73a504971]::ops::function::FnOnce<()>>::call_once::{shim:vtable#0}
[INFO] [stdout]   17:     0x63aef702d0cf - <std[617be2ca0a6fd877]::sys::thread::unix::Thread>::new::thread_start
[INFO] [stdout]   18:     0x7dcf92cabdfa - <unknown>
[INFO] [stdout]   19:     0x7dcf92d3f3d4 - clone
[INFO] [stdout]   20:                0x0 - <unknown>
[INFO] [stdout] 
[INFO] [stdout] ---- a_backend_cannot_withdraw_its_marker_sink_after_publication stdout ----
[INFO] [stdout] 
[INFO] [stdout] thread 'a_backend_cannot_withdraw_its_marker_sink_after_publication' (595) panicked at tests/patchset.rs:1350:6:
[INFO] [stdout] prepare instrumented build: ManifestInvalid("cargo metadata failed in /tmp/tw-patchset-marker-withdrawal-app-594: Updating crates.io index\nwarning: spurious network error (3 tries remaining): [6] Could not resolve hostname (Could not resolve host: index.crates.io)\nwarning: spurious network error (2 tries remaining): [6] Could not resolve hostname (Could not resolve host: index.crates.io)\nwarning: spurious network error (1 try remaining): [6] Could not resolve hostname (Could not resolve host: index.crates.io)\nwarning: spurious network error (3 tries remaining): [6] Could not resolve hostname (Could not resolve host: index.crates.io)\nwarning: spurious network error (3 tries remaining): [6] Could not resolve hostname (Could not resolve host: index.crates.io)\nwarning: spurious network error (3 tries remaining): [6] Could not resolve hostname (Could not resolve host: index.crates.io)\nwarning: spurious network error (2 tries remaining): [6] Could not resolve hostname (Could not resolve host: index.crates.io)\nwarning: spurious network error (2 tries remaining): [6] Could not resolve hostname (Could not resolve host: index.crates.io)\nwarning: spurious network error (2 tries remaining): [6] Could not resolve hostname (Could not resolve host: index.crates.io)\nwarning: spurious network error (1 try remaining): [6] Could not resolve hostname (Could not resolve host: index.crates.io)\nwarning: spurious network error (1 try remaining): [6] Could not resolve hostname (Could not resolve host: index.crates.io)\nwarning: spurious network error (1 try remaining): [6] Could not resolve hostname (Could not resolve host: index.crates.io)\nerror: failed to get `ratatui` as a dependency of package `marker-withdrawal-app v0.1.0 (/tmp/tw-patchset-marker-withdrawal-app-594)`\n\nCaused by:\n  failed to load source for dependency `ratatui`\n\nCaused by:\n  unable to update registry `crates-io`\n\nCaused by:\n  download of config.json failed\n\nCaused by:\n  [6] Could not resolve hostname (Could not resolve host: index.crates.io)")
[INFO] [stdout] stack backtrace:
[INFO] [stdout]    0:     0x63aef702e1b1 - <<std[617be2ca0a6fd877]::sys::backtrace::BacktraceLock>::print::DisplayBacktrace as core[a373ad73a504971]::fmt::Display>::fmt
[INFO] [stdout]    1:     0x63aef7043d8a - core[a373ad73a504971]::fmt::write
[INFO] [stdout]    2:     0x63aef703280c - <alloc[2e1b2a31b91974c5]::vec::Vec<u8> as core[a373ad73a504971]::io::write::Write>::write_fmt
[INFO] [stdout]    3:     0x63aef7005f66 - std[617be2ca0a6fd877]::panicking::default_hook::{closure#0}
[INFO] [stdout]    4:     0x63aef7024299 - std[617be2ca0a6fd877]::panicking::default_hook
[INFO] [stdout]    5:     0x63aef6f734b0 - test[aada8e7e76ba119b]::test_main_inner::{closure#0}
[INFO] [stdout]    6:     0x63aef7024452 - std[617be2ca0a6fd877]::panicking::panic_with_hook
[INFO] [stdout]    7:     0x63aef7006012 - std[617be2ca0a6fd877]::panicking::panic_handler::{closure#0}
[INFO] [stdout]    8:     0x63aef6ffe979 - std[617be2ca0a6fd877]::sys::backtrace::__rust_end_short_backtrace::<std[617be2ca0a6fd877]::panicking::panic_handler::{closure#0}, !>
[INFO] [stdout]    9:     0x63aef7006dcd - __rustc[ea4f61d10b84890b]::rust_begin_unwind
[INFO] [stdout]   10:     0x63aef70444bc - core[a373ad73a504971]::panicking::panic_fmt
[INFO] [stdout]   11:     0x63aef7044292 - core[a373ad73a504971]::result::unwrap_failed
[INFO] [stdout]   12:     0x63aef6f51b4a - <patchset[9d47440c1588d0a2]::a_backend_cannot_withdraw_its_marker_sink_after_publication::{closure#0} as core[a373ad73a504971]::ops::function::FnOnce<()>>::call_once
[INFO] [stdout]   13:     0x63aef6f668fb - test[aada8e7e76ba119b]::__rust_begin_short_backtrace::<core[a373ad73a504971]::result::Result<(), alloc[2e1b2a31b91974c5]::string::String>, fn() -> core[a373ad73a504971]::result::Result<(), alloc[2e1b2a31b91974c5]::string::String>>
[INFO] [stdout]   14:     0x63aef6f73ad5 - test[aada8e7e76ba119b]::run_test::{closure#0}
[INFO] [stdout]   15:     0x63aef6f6d3c4 - std[617be2ca0a6fd877]::sys::backtrace::__rust_begin_short_backtrace::<test[aada8e7e76ba119b]::run_test::{closure#1}, ()>
[INFO] [stdout]   16:     0x63aef6f76b62 - <std[617be2ca0a6fd877]::thread::lifecycle::spawn_unchecked<test[aada8e7e76ba119b]::run_test::{closure#1}, ()>::{closure#1} as core[a373ad73a504971]::ops::function::FnOnce<()>>::call_once::{shim:vtable#0}
[INFO] [stdout]   17:     0x63aef702d0cf - <std[617be2ca0a6fd877]::sys::thread::unix::Thread>::new::thread_start
[INFO] [stdout]   18:     0x7dcf92cabdfa - <unknown>
[INFO] [stdout]   19:     0x7dcf92d3f3d4 - clone
[INFO] [stdout]   20:                0x0 - <unknown>
[INFO] [stdout] 
[INFO] [stdout] ---- crossterm_marker_write_failure_is_fatal_without_fallback_or_retry stdout ----
[INFO] [stdout] 
[INFO] [stdout] thread 'crossterm_marker_write_failure_is_fatal_without_fallback_or_retry' (603) panicked at tests/patchset.rs:1184:6:
[INFO] [stdout] prepare instrumented build: ManifestInvalid("cargo metadata failed in /tmp/tw-patchset-marker-failure-app-594: Updating crates.io index\nwarning: spurious network error (3 tries remaining): [6] Could not resolve hostname (Could not resolve host: index.crates.io)\nwarning: spurious network error (2 tries remaining): [6] Could not resolve hostname (Could not resolve host: index.crates.io)\nwarning: spurious network error (1 try remaining): [6] Could not resolve hostname (Could not resolve host: index.crates.io)\nwarning: spurious network error (3 tries remaining): [6] Could not resolve hostname (Could not resolve host: index.crates.io)\nwarning: spurious network error (3 tries remaining): [6] Could not resolve hostname (Could not resolve host: index.crates.io)\nwarning: spurious network error (3 tries remaining): [6] Could not resolve hostname (Could not resolve host: index.crates.io)\nwarning: spurious network error (2 tries remaining): [6] Could not resolve hostname (Could not resolve host: index.crates.io)\nwarning: spurious network error (2 tries remaining): [6] Could not resolve hostname (Could not resolve host: index.crates.io)\nwarning: spurious network error (2 tries remaining): [6] Could not resolve hostname (Could not resolve host: index.crates.io)\nwarning: spurious network error (1 try remaining): [6] Could not resolve hostname (Could not resolve host: index.crates.io)\nwarning: spurious network error (1 try remaining): [6] Could not resolve hostname (Could not resolve host: index.crates.io)\nwarning: spurious network error (1 try remaining): [6] Could not resolve hostname (Could not resolve host: index.crates.io)\nerror: failed to get `ratatui` as a dependency of package `marker-failure-app v0.1.0 (/tmp/tw-patchset-marker-failure-app-594)`\n\nCaused by:\n  failed to load source for dependency `ratatui`\n\nCaused by:\n  unable to update registry `crates-io`\n\nCaused by:\n  download of config.json failed\n\nCaused by:\n  [6] Could not resolve hostname (Could not resolve host: index.crates.io)")
[INFO] [stdout] stack backtrace:
[INFO] [stdout]    0:     0x63aef702e1b1 - <<std[617be2ca0a6fd877]::sys::backtrace::BacktraceLock>::print::DisplayBacktrace as core[a373ad73a504971]::fmt::Display>::fmt
[INFO] [stdout]    1:     0x63aef7043d8a - core[a373ad73a504971]::fmt::write
[INFO] [stdout]    2:     0x63aef703280c - <alloc[2e1b2a31b91974c5]::vec::Vec<u8> as core[a373ad73a504971]::io::write::Write>::write_fmt
[INFO] [stdout]    3:     0x63aef7005f66 - std[617be2ca0a6fd877]::panicking::default_hook::{closure#0}
[INFO] [stdout]    4:     0x63aef7024299 - std[617be2ca0a6fd877]::panicking::default_hook
[INFO] [stdout]    5:     0x63aef6f734b0 - test[aada8e7e76ba119b]::test_main_inner::{closure#0}
[INFO] [stdout]    6:     0x63aef7024452 - std[617be2ca0a6fd877]::panicking::panic_with_hook
[INFO] [stdout]    7:     0x63aef7006012 - std[617be2ca0a6fd877]::panicking::panic_handler::{closure#0}
[INFO] [stdout]    8:     0x63aef6ffe979 - std[617be2ca0a6fd877]::sys::backtrace::__rust_end_short_backtrace::<std[617be2ca0a6fd877]::panicking::panic_handler::{closure#0}, !>
[INFO] [stdout]    9:     0x63aef7006dcd - __rustc[ea4f61d10b84890b]::rust_begin_unwind
[INFO] [stdout]   10:     0x63aef70444bc - core[a373ad73a504971]::panicking::panic_fmt
[INFO] [stdout]   11:     0x63aef7044292 - core[a373ad73a504971]::result::unwrap_failed
[INFO] [stdout]   12:     0x63aef6f54e73 - <patchset[9d47440c1588d0a2]::crossterm_marker_write_failure_is_fatal_without_fallback_or_retry::{closure#0} as core[a373ad73a504971]::ops::function::FnOnce<()>>::call_once
[INFO] [stdout]   13:     0x63aef6f668fb - test[aada8e7e76ba119b]::__rust_begin_short_backtrace::<core[a373ad73a504971]::result::Result<(), alloc[2e1b2a31b91974c5]::string::String>, fn() -> core[a373ad73a504971]::result::Result<(), alloc[2e1b2a31b91974c5]::string::String>>
[INFO] [stdout]   14:     0x63aef6f73ad5 - test[aada8e7e76ba119b]::run_test::{closure#0}
[INFO] [stdout]   15:     0x63aef6f6d3c4 - std[617be2ca0a6fd877]::sys::backtrace::__rust_begin_short_backtrace::<test[aada8e7e76ba119b]::run_test::{closure#1}, ()>
[INFO] [stdout]   16:     0x63aef6f76b62 - <std[617be2ca0a6fd877]::thread::lifecycle::spawn_unchecked<test[aada8e7e76ba119b]::run_test::{closure#1}, ()>::{closure#1} as core[a373ad73a504971]::ops::function::FnOnce<()>>::call_once::{shim:vtable#0}
[INFO] [stdout]   17:     0x63aef702d0cf - <std[617be2ca0a6fd877]::sys::thread::unix::Thread>::new::thread_start
[INFO] [stdout]   18:     0x7dcf92cabdfa - <unknown>
[INFO] [stdout]   19:     0x7dcf92d3f3d4 - clone
[INFO] [stdout]   20:                0x0 - <unknown>
[INFO] [stdout] 
[INFO] [stdout] ---- the_patched_copy_still_builds_without_std stdout ----
[INFO] [stdout] 
[INFO] [stdout] thread 'the_patched_copy_still_builds_without_std' (609) panicked at tests/patchset.rs:270:5:
[INFO] [stdout] a no_std build of the patched crate failed:
[INFO] [stdout] error: failed to get `anstyle` as a dependency of package `ratatui-core v0.1.2 (/tmp/tw-patchset-nostd-594)`
[INFO] [stdout] 
[INFO] [stdout] Caused by:
[INFO] [stdout]   failed to load source for dependency `anstyle`
[INFO] [stdout] 
[INFO] [stdout] Caused by:
[INFO] [stdout]   unable to update registry `crates-io`
[INFO] [stdout] 
[INFO] [stdout] Caused by:
[INFO] [stdout]   download of config.json failed
[INFO] [stdout] 
[INFO] [stdout] Caused by:
[INFO] [stdout]   [6] Could not resolve hostname (Could not resolve host: index.crates.io)
[INFO] [stdout] 
[INFO] [stdout] stack backtrace:
[INFO] [stdout]    0:     0x63aef702e1b1 - <<std[617be2ca0a6fd877]::sys::backtrace::BacktraceLock>::print::DisplayBacktrace as core[a373ad73a504971]::fmt::Display>::fmt
[INFO] [stdout]    1:     0x63aef7043d8a - core[a373ad73a504971]::fmt::write
[INFO] [stdout]    2:     0x63aef703280c - <alloc[2e1b2a31b91974c5]::vec::Vec<u8> as core[a373ad73a504971]::io::write::Write>::write_fmt
[INFO] [stdout]    3:     0x63aef7005f66 - std[617be2ca0a6fd877]::panicking::default_hook::{closure#0}
[INFO] [stdout]    4:     0x63aef7024299 - std[617be2ca0a6fd877]::panicking::default_hook
[INFO] [stdout]    5:     0x63aef6f734b0 - test[aada8e7e76ba119b]::test_main_inner::{closure#0}
[INFO] [stdout]    6:     0x63aef7024452 - std[617be2ca0a6fd877]::panicking::panic_with_hook
[INFO] [stdout]    7:     0x63aef7006012 - std[617be2ca0a6fd877]::panicking::panic_handler::{closure#0}
[INFO] [stdout]    8:     0x63aef6ffe979 - std[617be2ca0a6fd877]::sys::backtrace::__rust_end_short_backtrace::<std[617be2ca0a6fd877]::panicking::panic_handler::{closure#0}, !>
[INFO] [stdout]    9:     0x63aef7006dcd - __rustc[ea4f61d10b84890b]::rust_begin_unwind
[INFO] [stdout]   10:     0x63aef70444bc - core[a373ad73a504971]::panicking::panic_fmt
[INFO] [stdout]   11:     0x63aef6f4c152 - <patchset[9d47440c1588d0a2]::the_patched_copy_still_builds_without_std::{closure#0} as core[a373ad73a504971]::ops::function::FnOnce<()>>::call_once
[INFO] [stdout]   12:     0x63aef6f668fb - test[aada8e7e76ba119b]::__rust_begin_short_backtrace::<core[a373ad73a504971]::result::Result<(), alloc[2e1b2a31b91974c5]::string::String>, fn() -> core[a373ad73a504971]::result::Result<(), alloc[2e1b2a31b91974c5]::string::String>>
[INFO] [stdout]   13:     0x63aef6f73ad5 - test[aada8e7e76ba119b]::run_test::{closure#0}
[INFO] [stdout]   14:     0x63aef6f6d3c4 - std[617be2ca0a6fd877]::sys::backtrace::__rust_begin_short_backtrace::<test[aada8e7e76ba119b]::run_test::{closure#1}, ()>
[INFO] [stdout]   15:     0x63aef6f76b62 - <std[617be2ca0a6fd877]::thread::lifecycle::spawn_unchecked<test[aada8e7e76ba119b]::run_test::{closure#1}, ()>::{closure#1} as core[a373ad73a504971]::ops::function::FnOnce<()>>::call_once::{shim:vtable#0}
[INFO] [stdout]   16:     0x63aef702d0cf - <std[617be2ca0a6fd877]::sys::thread::unix::Thread>::new::thread_start
[INFO] [stdout]   17:     0x7dcf92cabdfa - <unknown>
[INFO] [stdout]   18:     0x7dcf92d3f3d4 - clone
[INFO] [stdout]   19:                0x0 - <unknown>
[INFO] [stdout] 
[INFO] [stdout] 
[INFO] [stdout] failures:
[INFO] [stdout]     a_backend_cannot_withdraw_its_marker_sink_after_publication
[INFO] [stdout]     a_list_publishes_its_items_and_the_selected_row
[INFO] [stdout]     a_vanilla_ratatui_app_reaches_the_probe
[INFO] [stdout]     an_annotated_custom_widget_merges_full_intent_without_physical_overrides
[INFO] [stdout]     concurrent_terminals_do_not_block_or_overtake_marker_order
[INFO] [stdout]     crossterm_commits_after_frame_bytes_on_the_exact_same_writer
[INFO] [stdout]     crossterm_marker_write_failure_is_fatal_without_fallback_or_retry
[INFO] [stdout]     nested_and_multiple_terminals_preserve_order_and_restart_after_a_clean_final_drop
[INFO] [stdout]     test_backend_fails_closed_without_a_false_stdout_marker
[INFO] [stdout]     the_patched_copy_still_builds_without_std
[INFO] [stdout]     the_patched_widgets_still_build_without_std
[INFO] [stdout] 
[INFO] [stdout] test result: FAILED. 4 passed; 11 failed; 0 ignored; 0 measured; 0 filtered out; finished in 22.71s
[INFO] [stdout] 
[INFO] running `Command { std: "docker" "inspect" "36b112d4ff68ea35989c5351d7f9daa321756aad5695f72a7283850e55b4e934", kill_on_drop: false }`
[INFO] running `Command { std: "docker" "rm" "-f" "36b112d4ff68ea35989c5351d7f9daa321756aad5695f72a7283850e55b4e934", kill_on_drop: false }`
[INFO] [stdout] 36b112d4ff68ea35989c5351d7f9daa321756aad5695f72a7283850e55b4e934
