[INFO] fetching crate termstyle 0.1.2...
[INFO] testing termstyle-0.1.2 against 1.100.0-beta.1+cargoflags=--release for beta-release-1.100-2
[INFO] extracting crate termstyle 0.1.2 into /workspace/builds/worker-6-tc2/source
[INFO] started tweaking crates.io crate termstyle 0.1.2
[INFO] finished tweaking crates.io crate termstyle 0.1.2
[INFO] tweaked toml for crates.io crate termstyle 0.1.2 written to /workspace/builds/worker-6-tc2/source/Cargo.toml
[INFO] validating manifest of crates.io crate termstyle 0.1.2 on toolchain 1.100.0-beta.1
[INFO] running `Command { std: CARGO_HOME="/workspace/cargo-home" RUSTUP_HOME="/workspace/rustup-home" "/workspace/cargo-home/bin/cargo" "+1.100.0-beta.1" "metadata" "--manifest-path" "Cargo.toml" "--no-deps", kill_on_drop: false }`
[INFO] running `Command { std: CARGO_HOME="/workspace/cargo-home" RUSTUP_HOME="/workspace/rustup-home" "/workspace/cargo-home/bin/cargo" "+1.100.0-beta.1" "generate-lockfile" "--manifest-path" "Cargo.toml", kill_on_drop: false }`
[INFO] [stderr]     Updating crates.io index
[INFO] [stderr]      Locking 22 packages to highest compatible versions
[INFO] [stderr]       Adding ansi_term v0.10.2 (available: v0.12.1)
[INFO] [stderr]       Adding pretty_assertions v0.4.1 (available: v1.4.1)
[INFO] [stderr]       Adding serde_yaml v0.7.5 (available: v0.9.34+deprecated)
[INFO] running `Command { std: CARGO_HOME="/workspace/cargo-home" RUSTUP_HOME="/workspace/rustup-home" "/workspace/cargo-home/bin/cargo" "+1.100.0-beta.1" "fetch" "--manifest-path" "Cargo.toml", kill_on_drop: false }`
[INFO] [stderr] warning: Cargo.toml: `package.edition` is unspecified, defaulting to `2015` while the latest is `2024`
[INFO] [stderr] warning: `termstyle` (manifest) generated 1 warning
[INFO] running `Command { std: "docker" "create" "-v" "/var/lib/crater-agent-workspace/builds/worker-6-tc2/source:/opt/rustwide/workdir:ro,Z" "-v" "/var/lib/crater-agent-workspace/builds/worker-6-tc2/target:/opt/rustwide/target:rw,Z" "-v" "/var/lib/crater-agent-workspace/cargo-home:/opt/rustwide/cargo-home:ro,Z" "-v" "/var/lib/crater-agent-workspace/rustup-home:/opt/rustwide/rustup-home:ro,Z" "-m" "1610612736" "--network" "none" "ghcr.io/rust-lang/crates-build-env/linux@sha256:77db811e55d90add9212f6832c23229e3de5f1c1f9905e8cb07319ea15df73ac" "sleep" "infinity", kill_on_drop: false }`
[INFO] [stdout] 135fbc9ed677070845ce7d908b9ab957d9e1743f3871800a8d81fb474f376fb6
[INFO] running `Command { std: "docker" "start" "135fbc9ed677070845ce7d908b9ab957d9e1743f3871800a8d81fb474f376fb6", kill_on_drop: false }`
[INFO] running `Command { std: "docker" "inspect" "135fbc9ed677070845ce7d908b9ab957d9e1743f3871800a8d81fb474f376fb6", kill_on_drop: false }`
[INFO] running `Command { std: "docker" "exec" "-e" "SOURCE_DIR=/opt/rustwide/workdir" "-e" "CARGO_HOME=/opt/rustwide/cargo-home" "-e" "RUSTUP_HOME=/opt/rustwide/rustup-home" "-e" "CARGO_TARGET_DIR=/opt/rustwide/target" "-w" "/opt/rustwide/workdir" "--user" "0:0" "135fbc9ed677070845ce7d908b9ab957d9e1743f3871800a8d81fb474f376fb6" "/opt/rustwide/cargo-home/bin/cargo" "+1.100.0-beta.1" "metadata" "--no-deps" "--format-version=1", kill_on_drop: false }`
[INFO] running `Command { std: "docker" "inspect" "135fbc9ed677070845ce7d908b9ab957d9e1743f3871800a8d81fb474f376fb6", kill_on_drop: false }`
[INFO] running `Command { std: "docker" "exec" "-e" "SOURCE_DIR=/opt/rustwide/workdir" "-e" "CARGO_HOME=/opt/rustwide/cargo-home" "-e" "RUSTUP_HOME=/opt/rustwide/rustup-home" "-e" "CARGO_TARGET_DIR=/opt/rustwide/target" "-e" "CARGO_INCREMENTAL=0" "-e" "RUST_BACKTRACE=full" "-e" "RUSTFLAGS=--cap-lints=warn" "-e" "RUSTDOCFLAGS=--cap-lints=warn" "-w" "/opt/rustwide/workdir" "--user" "0:0" "135fbc9ed677070845ce7d908b9ab957d9e1743f3871800a8d81fb474f376fb6" "/opt/rustwide/cargo-home/bin/cargo" "+1.100.0-beta.1" "build" "--frozen" "--message-format=json" "--release", kill_on_drop: false }`
[INFO] [stderr] warning: Cargo.toml: `package.edition` is unspecified, defaulting to `2015` while the latest is `2024`
[INFO] [stderr] warning: `termstyle` (manifest) generated 1 warning
[INFO] [stderr]    Compiling std_prelude v0.2.12
[INFO] [stderr]    Compiling ansi_term v0.10.2
[INFO] [stderr]    Compiling tabwriter v1.4.1
[INFO] [stderr]    Compiling termstyle v0.1.2 (/opt/rustwide/workdir)
[INFO] [stdout] warning: `...` range patterns are deprecated
[INFO] [stdout]    --> src/lib.rs:151:15
[INFO] [stdout]     |
[INFO] [stdout] 151 |             32...126 => write!(w, "{}", *b as char)?, // visible ASCII
[INFO] [stdout]     |               ^^^ help: use `..=` for an inclusive range
[INFO] [stdout]     |
[INFO] [stdout]     = warning: this is accepted in the current edition (Rust 2015) but is a hard error in Rust 2021!
[INFO] [stdout]     = note: for more information, see <https://doc.rust-lang.org/edition-guide/rust-2021/warnings-promoted-to-error.html>
[INFO] [stdout]     = note: `#[warn(ellipsis_inclusive_range_patterns)]` (part of `#[warn(rust_2021_compatibility)]`) on by default
[INFO] [stdout] 
[INFO] [stdout] 
[INFO] [stderr]     Finished `release` profile [optimized] target(s) in 1.65s
[INFO] running `Command { std: "docker" "inspect" "135fbc9ed677070845ce7d908b9ab957d9e1743f3871800a8d81fb474f376fb6", kill_on_drop: false }`
[INFO] running `Command { std: "docker" "exec" "-e" "SOURCE_DIR=/opt/rustwide/workdir" "-e" "CARGO_HOME=/opt/rustwide/cargo-home" "-e" "RUSTUP_HOME=/opt/rustwide/rustup-home" "-e" "CARGO_TARGET_DIR=/opt/rustwide/target" "-e" "CARGO_INCREMENTAL=0" "-e" "RUST_BACKTRACE=full" "-e" "RUSTFLAGS=--cap-lints=warn" "-e" "RUSTDOCFLAGS=--cap-lints=warn" "-w" "/opt/rustwide/workdir" "--user" "0:0" "135fbc9ed677070845ce7d908b9ab957d9e1743f3871800a8d81fb474f376fb6" "/opt/rustwide/cargo-home/bin/cargo" "+1.100.0-beta.1" "test" "--frozen" "--no-run" "--message-format=json" "--release", kill_on_drop: false }`
[INFO] [stderr] warning: Cargo.toml: `package.edition` is unspecified, defaulting to `2015` while the latest is `2024`
[INFO] [stderr] warning: `termstyle` (manifest) generated 1 warning
[INFO] [stderr]    Compiling difference v1.0.0
[INFO] [stderr]    Compiling yaml-rust v0.4.5
[INFO] [stdout] warning: `...` range patterns are deprecated
[INFO] [stdout]    --> src/lib.rs:151:15
[INFO] [stdout]     |
[INFO] [stdout] 151 |             32...126 => write!(w, "{}", *b as char)?, // visible ASCII
[INFO] [stdout]     |               ^^^ help: use `..=` for an inclusive range
[INFO] [stdout]     |
[INFO] [stdout]     = warning: this is accepted in the current edition (Rust 2015) but is a hard error in Rust 2021!
[INFO] [stdout]     = note: for more information, see <https://doc.rust-lang.org/edition-guide/rust-2021/warnings-promoted-to-error.html>
[INFO] [stdout]     = note: `#[warn(ellipsis_inclusive_range_patterns)]` (part of `#[warn(rust_2021_compatibility)]`) on by default
[INFO] [stdout] 
[INFO] [stdout] 
[INFO] [stderr]    Compiling dtoa v0.4.8
[INFO] [stderr]    Compiling ansi_term v0.9.0
[INFO] [stderr]    Compiling pretty_assertions v0.4.1
[INFO] [stderr]    Compiling serde_yaml v0.7.5
[INFO] [stderr]    Compiling termstyle v0.1.2 (/opt/rustwide/workdir)
[INFO] [stdout] warning: `...` range patterns are deprecated
[INFO] [stdout]    --> src/lib.rs:151:15
[INFO] [stdout]     |
[INFO] [stdout] 151 |             32...126 => write!(w, "{}", *b as char)?, // visible ASCII
[INFO] [stdout]     |               ^^^ help: use `..=` for an inclusive range
[INFO] [stdout]     |
[INFO] [stdout]     = warning: this is accepted in the current edition (Rust 2015) but is a hard error in Rust 2021!
[INFO] [stdout]     = note: for more information, see <https://doc.rust-lang.org/edition-guide/rust-2021/warnings-promoted-to-error.html>
[INFO] [stdout]     = note: `#[warn(ellipsis_inclusive_range_patterns)]` (part of `#[warn(rust_2021_compatibility)]`) on by default
[INFO] [stdout] 
[INFO] [stdout] 
[INFO] [stderr]     Finished `release` profile [optimized] target(s) in 10.51s
[INFO] running `Command { std: "docker" "inspect" "135fbc9ed677070845ce7d908b9ab957d9e1743f3871800a8d81fb474f376fb6", kill_on_drop: false }`
[INFO] running `Command { std: "docker" "exec" "-e" "SOURCE_DIR=/opt/rustwide/workdir" "-e" "CARGO_HOME=/opt/rustwide/cargo-home" "-e" "RUSTUP_HOME=/opt/rustwide/rustup-home" "-e" "CARGO_TARGET_DIR=/opt/rustwide/target" "-e" "CARGO_INCREMENTAL=0" "-e" "RUST_BACKTRACE=full" "-e" "RUSTFLAGS=--cap-lints=warn" "-e" "RUSTDOCFLAGS=--cap-lints=warn" "-w" "/opt/rustwide/workdir" "--user" "0:0" "135fbc9ed677070845ce7d908b9ab957d9e1743f3871800a8d81fb474f376fb6" "/opt/rustwide/cargo-home/bin/cargo" "+1.100.0-beta.1" "test" "--frozen" "--release", kill_on_drop: false }`
[INFO] [stderr] warning: Cargo.toml: `package.edition` is unspecified, defaulting to `2015` while the latest is `2024`
[INFO] [stderr] warning: `termstyle` (manifest) generated 1 warning
[INFO] [stderr] warning: `...` range patterns are deprecated
[INFO] [stderr]    --> src/lib.rs:151:15
[INFO] [stderr]     |
[INFO] [stderr] 151 |             32...126 => write!(w, "{}", *b as char)?, // visible ASCII
[INFO] [stderr]     |               ^^^ help: use `..=` for an inclusive range
[INFO] [stderr]     |
[INFO] [stderr]     = warning: this is accepted in the current edition (Rust 2015) but is a hard error in Rust 2021!
[INFO] [stderr]     = note: for more information, see <https://doc.rust-lang.org/edition-guide/rust-2021/warnings-promoted-to-error.html>
[INFO] [stderr]     = note: `#[warn(ellipsis_inclusive_range_patterns)]` (part of `#[warn(rust_2021_compatibility)]`) on by default
[INFO] [stderr] 
[INFO] [stderr] warning: `termstyle` (lib) generated 1 warning (run `cargo fix --lib -p termstyle` to apply 1 suggestion)
[INFO] [stderr] warning: `termstyle` (lib test) generated 1 warning (1 duplicate)
[INFO] [stderr]     Finished `release` profile [optimized] target(s) in 0.06s
[INFO] [stderr]      Running unittests src/lib.rs (/opt/rustwide/target/release/build/termstyle/c9ad2c205d694a1b/out/termstyle-c9ad2c205d694a1b)
[INFO] [stdout] 
[INFO] [stdout] running 1 test
[INFO] [stdout] test sanity_repr ... ok
[INFO] [stdout] 
[INFO] [stdout] test result: ok. 1 passed; 0 failed; 0 ignored; 0 measured; 0 filtered out; finished in 0.01s
[INFO] [stdout] 
[INFO] [stdout] 
[INFO] [stderr]      Running tests/sanity.rs (/opt/rustwide/target/release/build/termstyle/5d78af9eb9c42946/out/sanity-5d78af9eb9c42946)
[INFO] [stdout] running 5 tests
[INFO] [stdout] test sanity_readme ... ok
[INFO] [stderr] some plain text[1m bold text [0m[31mred-only[0m[32m green-only
[INFO] [stderr] [0m[1;3;32mdefined in multiple lines with multiple things
[INFO] [stderr] is multiple lines[0m
[INFO] [stderr] all in [1mone line!!![0msome plain text\x1b[1m bold text \x1b[0m\x1b[31mred-only\x1b[0m\x1b[32m green-only\n\x1b[0m\x1b[1;3;32mdefined in multiple lines with multiple things\nis multiple lines\x1b[0m\nall in \x1b[1mone line!!!\x1b[0msome plain text bold text red-only green-only
[INFO] [stderr] [1;3;32mdefined in multiple lines with multiple things
[INFO] [stderr] is multiple lines[0m
[INFO] [stderr] all in [1mone line!!![0msome plain text bold text red-only green-only\n\x1b[1;3;32mdefined in multiple lines with multiple things\nis multiple lines\x1b[0m\nall in \x1b[1mone line!!!\x1b[0merror: test failed, to rerun pass `--test sanity`
[INFO] [stdout] test sanity_table ... ok
[INFO] [stdout] test sanity_deserialize ... FAILED
[INFO] [stdout] test sanity_color ... ok
[INFO] [stdout] test sanity_paint ... FAILED
[INFO] [stdout] 
[INFO] [stdout] failures:
[INFO] [stdout] 
[INFO] [stdout] ---- sanity_deserialize stdout ----
[INFO] [stdout] 
[INFO] [stdout] thread 'sanity_deserialize' (282) panicked at tests/sanity.rs:59:5:
[INFO] [stdout] assertion failed: `(left == right)`
[INFO] [stdout] 
[INFO] [stdout] [1mDiff[0m [31m< left[0m / [32mright >[0m :
[INFO] [stdout]  [
[INFO] [stdout]      Text(
[INFO] [stdout]          Text {
[INFO] [stdout]              t: "some plain text",
[INFO] [stdout]              b: false,
[INFO] [stdout]              i: false,
[INFO] [stdout]              c: Plain,
[INFO] [stdout]              bg: Plain,
[INFO] [stdout]          },
[INFO] [stdout]      ),
[INFO] [stdout]      Text(
[INFO] [stdout]          Text {
[INFO] [stdout]              t: " bold text ",
[INFO] [stdout] [31m<[0m[31m            b: [0m[1;48;5;52;31mfals[0m[31me,[0m
[INFO] [stdout] [32m>[0m[32m            b: [0m[1;48;5;22;32mtru[0m[32me,[0m
[INFO] [stdout]              i: false,
[INFO] [stdout]              c: Plain,
[INFO] [stdout]              bg: Plain,
[INFO] [stdout]          },
[INFO] [stdout]      ),
[INFO] [stdout]      Text(
[INFO] [stdout]          Text {
[INFO] [stdout]              t: "red-only",
[INFO] [stdout]              b: false,
[INFO] [stdout]              i: false,
[INFO] [stdout] [31m<[0m[31m            c: [0m[1;48;5;52;31mPlain[0m[31m,[0m
[INFO] [stdout] [32m>[0m[32m            c: [0m[1;48;5;22;32mRed[0m[32m,[0m
[INFO] [stdout]              bg: Plain,
[INFO] [stdout]          },
[INFO] [stdout]      ),
[INFO] [stdout]      Text(
[INFO] [stdout]          Text {
[INFO] [stdout]              t: " green-only\n",
[INFO] [stdout]              b: false,
[INFO] [stdout]              i: false,
[INFO] [stdout] [31m<[0m[31m            c: [0m[1;48;5;52;31mPlai[0m[31mn,[0m
[INFO] [stdout] [32m>[0m[32m            c: [0m[1;48;5;22;32mGree[0m[32mn,[0m
[INFO] [stdout]              bg: Plain,
[INFO] [stdout]          },
[INFO] [stdout]      ),
[INFO] [stdout]      Text(
[INFO] [stdout]          Text {
[INFO] [stdout]              t: "defined in multiple lines with multiple things\nis multiple lines",
[INFO] [stdout]              b: true,
[INFO] [stdout]              i: true,
[INFO] [stdout]              c: Green,
[INFO] [stdout]              bg: Plain,
[INFO] [stdout]          },
[INFO] [stdout]      ),
[INFO] [stdout]      Text(
[INFO] [stdout]          Text {
[INFO] [stdout]              t: "\nall in ",
[INFO] [stdout]              b: false,
[INFO] [stdout]              i: false,
[INFO] [stdout]              c: Plain,
[INFO] [stdout]              bg: Plain,
[INFO] [stdout]          },
[INFO] [stdout]      ),
[INFO] [stdout]      Text(
[INFO] [stdout]          Text {
[INFO] [stdout]              t: "one line!!!",
[INFO] [stdout]              b: true,
[INFO] [stdout]              i: false,
[INFO] [stdout]              c: Plain,
[INFO] [stdout]              bg: Plain,
[INFO] [stdout]          },
[INFO] [stdout]      ),
[INFO] [stdout]  ]
[INFO] [stdout] 
[INFO] [stdout] 
[INFO] [stdout] stack backtrace:
[INFO] [stdout]    0:     0x618f10aa1291 - <<std[617be2ca0a6fd877]::sys::backtrace::BacktraceLock>::print::DisplayBacktrace as core[a373ad73a504971]::fmt::Display>::fmt
[INFO] [stdout]    1:     0x618f10ab651a - core[a373ad73a504971]::fmt::write
[INFO] [stdout]    2:     0x618f10aa571c - <alloc[2e1b2a31b91974c5]::vec::Vec<u8> as core[a373ad73a504971]::io::write::Write>::write_fmt
[INFO] [stdout]    3:     0x618f10a7d6f6 - std[617be2ca0a6fd877]::panicking::default_hook::{closure#0}
[INFO] [stdout]    4:     0x618f10a99929 - std[617be2ca0a6fd877]::panicking::default_hook
[INFO] [stdout]    5:     0x618f10a26c60 - test[aada8e7e76ba119b]::test_main_inner::{closure#0}
[INFO] [stdout]    6:     0x618f10a99ae2 - std[617be2ca0a6fd877]::panicking::panic_with_hook
[INFO] [stdout]    7:     0x618f10a7d7a2 - std[617be2ca0a6fd877]::panicking::panic_handler::{closure#0}
[INFO] [stdout]    8:     0x618f10a76489 - std[617be2ca0a6fd877]::sys::backtrace::__rust_end_short_backtrace::<std[617be2ca0a6fd877]::panicking::panic_handler::{closure#0}, !>
[INFO] [stdout]    9:     0x618f10a7e3ad - __rustc[ea4f61d10b84890b]::rust_begin_unwind
[INFO] [stdout]   10:     0x618f10ab6c4c - core[a373ad73a504971]::panicking::panic_fmt
[INFO] [stdout]   11:     0x618f10a17cb8 - <sanity[b957ba6d71918ef6]::sanity_deserialize::{closure#0} as core[a373ad73a504971]::ops::function::FnOnce<()>>::call_once
[INFO] [stdout]   12:     0x618f10a1a0ab - test[aada8e7e76ba119b]::__rust_begin_short_backtrace::<core[a373ad73a504971]::result::Result<(), alloc[2e1b2a31b91974c5]::string::String>, fn() -> core[a373ad73a504971]::result::Result<(), alloc[2e1b2a31b91974c5]::string::String>>
[INFO] [stdout]   13:     0x618f10a27285 - test[aada8e7e76ba119b]::run_test::{closure#0}
[INFO] [stdout]   14:     0x618f10a20b74 - std[617be2ca0a6fd877]::sys::backtrace::__rust_begin_short_backtrace::<test[aada8e7e76ba119b]::run_test::{closure#1}, ()>
[INFO] [stdout]   15:     0x618f10a2a312 - <std[617be2ca0a6fd877]::thread::lifecycle::spawn_unchecked<test[aada8e7e76ba119b]::run_test::{closure#1}, ()>::{closure#1} as core[a373ad73a504971]::ops::function::FnOnce<()>>::call_once::{shim:vtable#0}
[INFO] [stdout]   16:     0x618f10aa0aef - <std[617be2ca0a6fd877]::sys::thread::unix::Thread>::new::thread_start
[INFO] [stdout]   17:     0x7d5490555dfa - <unknown>
[INFO] [stdout]   18:     0x7d54905e93d4 - clone
[INFO] [stdout]   19:                0x0 - <unknown>
[INFO] [stdout] 
[INFO] [stdout] ---- sanity_paint stdout ----
[INFO] [stdout] Bytes are not equal
[INFO] [stdout] ## EXPECTED
[INFO] [stdout] 
[INFO] [stdout] # RAW-EXPECTED
[INFO] [stdout] 
[INFO] [stdout] 
[INFO] [stdout] ## RESULT
[INFO] [stdout] 
[INFO] [stdout] # RAW-RESULT
[INFO] [stdout] 
[INFO] [stdout] 
[INFO] [stdout] thread 'sanity_paint' (283) panicked at tests/sanity.rs:84:5:
[INFO] [stdout] assertion failed: `(left == right)`
[INFO] [stdout] 
[INFO] [stdout] [1mDiff[0m [31m< left[0m / [32mright >[0m :
[INFO] [stdout]  
[INFO] [stdout] [31m<[0m[31m"some plain text[0m[1;48;5;52;31m\\x1[0m[31mb[0m[1;48;5;52;31m[1m[0m[31m [0m[31mb[0m[31mo[0m[31ml[0m[31md text [0m[1;48;5;52;31m\\x1b[0m\\x1b[31m[0m[31mred-only[0m[1;48;5;52;31m\\x1b[0m\\x1b[32m[0m[31m green-only\\n\\x1b[[0m[1;48;5;52;31m0m\\x[0m[31m1[0m[1;48;5;52;31mb[1[0m[31m;3;32mdefined in multiple lines with multiple things\\nis multiple lines\\x1b[0m\\nall in \\x1b[1mone line!!!\\x1b[0m"[0m
[INFO] [stdout] [32m>[0m[32m"some plain text[0m[1;48;5;22;32m [0m[32mb[0m[1;48;5;22;32mold[0m[32m [0m[1;48;5;22;32mtext red-only green-only\\n\\x1[0m[32mb[0m[1;48;5;22;32m[1;3;32mdefined in multiple lines with multiple things\\nis multiple lines\\x1b[0m\\nall in \\x1b[1m[0m[32mo[0m[1;48;5;22;32mne [0m[32ml[0m[1;48;5;22;32mine!!!\\x1b[0m"[0m[32md text [0m[32mred-only[0m[32m green-only\\n\\x1b[[0m[32m1[0m[32m;3;32mdefined in multiple lines with multiple things\\nis multiple lines\\x1b[0m\\nall in \\x1b[1mone line!!!\\x1b[0m"[0m
[INFO] [stdout] 
[INFO] [stdout] 
[INFO] [stdout] stack backtrace:
[INFO] [stdout]    0:     0x618f10aa1291 - <<std[617be2ca0a6fd877]::sys::backtrace::BacktraceLock>::print::DisplayBacktrace as core[a373ad73a504971]::fmt::Display>::fmt
[INFO] [stdout]    1:     0x618f10ab651a - core[a373ad73a504971]::fmt::write
[INFO] [stdout]    2:     0x618f10aa571c - <alloc[2e1b2a31b91974c5]::vec::Vec<u8> as core[a373ad73a504971]::io::write::Write>::write_fmt
[INFO] [stdout]    3:     0x618f10a7d6f6 - std[617be2ca0a6fd877]::panicking::default_hook::{closure#0}
[INFO] [stdout]    4:     0x618f10a99929 - std[617be2ca0a6fd877]::panicking::default_hook
[INFO] [stdout]    5:     0x618f10a26c60 - test[aada8e7e76ba119b]::test_main_inner::{closure#0}
[INFO] [stdout]    6:     0x618f10a99ae2 - std[617be2ca0a6fd877]::panicking::panic_with_hook
[INFO] [stdout]    7:     0x618f10a7d7a2 - std[617be2ca0a6fd877]::panicking::panic_handler::{closure#0}
[INFO] [stdout]    8:     0x618f10a76489 - std[617be2ca0a6fd877]::sys::backtrace::__rust_end_short_backtrace::<std[617be2ca0a6fd877]::panicking::panic_handler::{closure#0}, !>
[INFO] [stdout]    9:     0x618f10a7e3ad - __rustc[ea4f61d10b84890b]::rust_begin_unwind
[INFO] [stdout]   10:     0x618f10ab6c4c - core[a373ad73a504971]::panicking::panic_fmt
[INFO] [stdout]   11:     0x618f10a168af - <sanity[b957ba6d71918ef6]::sanity_paint::{closure#0} as core[a373ad73a504971]::ops::function::FnOnce<()>>::call_once
[INFO] [stdout]   12:     0x618f10a1a0ab - test[aada8e7e76ba119b]::__rust_begin_short_backtrace::<core[a373ad73a504971]::result::Result<(), alloc[2e1b2a31b91974c5]::string::String>, fn() -> core[a373ad73a504971]::result::Result<(), alloc[2e1b2a31b91974c5]::string::String>>
[INFO] [stdout]   13:     0x618f10a27285 - test[aada8e7e76ba119b]::run_test::{closure#0}
[INFO] [stdout]   14:     0x618f10a20b74 - std[617be2ca0a6fd877]::sys::backtrace::__rust_begin_short_backtrace::<test[aada8e7e76ba119b]::run_test::{closure#1}, ()>
[INFO] [stdout]   15:     0x618f10a2a312 - <std[617be2ca0a6fd877]::thread::lifecycle::spawn_unchecked<test[aada8e7e76ba119b]::run_test::{closure#1}, ()>::{closure#1} as core[a373ad73a504971]::ops::function::FnOnce<()>>::call_once::{shim:vtable#0}
[INFO] [stdout]   16:     0x618f10aa0aef - <std[617be2ca0a6fd877]::sys::thread::unix::Thread>::new::thread_start
[INFO] [stdout]   17:     0x7d5490555dfa - <unknown>
[INFO] [stdout]   18:     0x7d54905e93d4 - clone
[INFO] [stdout]   19:                0x0 - <unknown>
[INFO] [stdout] 
[INFO] [stdout] 
[INFO] [stdout] failures:
[INFO] [stdout]     sanity_deserialize
[INFO] [stdout]     sanity_paint
[INFO] [stdout] 
[INFO] [stdout] test result: FAILED. 3 passed; 2 failed; 0 ignored; 0 measured; 0 filtered out; finished in 0.00s
[INFO] [stdout] 
[INFO] running `Command { std: "docker" "inspect" "135fbc9ed677070845ce7d908b9ab957d9e1743f3871800a8d81fb474f376fb6", kill_on_drop: false }`
[INFO] running `Command { std: "docker" "rm" "-f" "135fbc9ed677070845ce7d908b9ab957d9e1743f3871800a8d81fb474f376fb6", kill_on_drop: false }`
[INFO] [stdout] 135fbc9ed677070845ce7d908b9ab957d9e1743f3871800a8d81fb474f376fb6
