[INFO] fetching crate termioff 0.1.0...
[INFO] testing termioff-0.1.0 against 1.99.0-beta.8+cargoflags=--release for beta-release-1.100-2
[INFO] extracting crate termioff 0.1.0 into /workspace/builds/worker-3-tc1/source
[INFO] started tweaking crates.io crate termioff 0.1.0
[INFO] finished tweaking crates.io crate termioff 0.1.0
[INFO] tweaked toml for crates.io crate termioff 0.1.0 written to /workspace/builds/worker-3-tc1/source/Cargo.toml
[INFO] validating manifest of crates.io crate termioff 0.1.0 on toolchain 1.99.0-beta.8
[INFO] running `Command { std: CARGO_HOME="/workspace/cargo-home" RUSTUP_HOME="/workspace/rustup-home" "/workspace/cargo-home/bin/cargo" "+1.99.0-beta.8" "metadata" "--manifest-path" "Cargo.toml" "--no-deps", kill_on_drop: false }`
[INFO] running `Command { std: CARGO_HOME="/workspace/cargo-home" RUSTUP_HOME="/workspace/rustup-home" "/workspace/cargo-home/bin/cargo" "+1.99.0-beta.8" "generate-lockfile" "--manifest-path" "Cargo.toml", kill_on_drop: false }`
[INFO] [stderr]     Updating crates.io index
[INFO] [stderr]      Locking 6 packages to highest compatible versions
[INFO] [stderr]       Adding termion v1.5.6 (available: v4.0.6)
[INFO] running `Command { std: CARGO_HOME="/workspace/cargo-home" RUSTUP_HOME="/workspace/rustup-home" "/workspace/cargo-home/bin/cargo" "+1.99.0-beta.8" "fetch" "--manifest-path" "Cargo.toml", kill_on_drop: false }`
[INFO] [stderr]  Downloading crates ...
[INFO] [stderr]   Downloaded numtoa v0.1.0
[INFO] [stderr]   Downloaded termion v1.5.6
[INFO] [stderr]   Downloaded redox_termios v0.1.4
[INFO] [stderr]   Downloaded redox_syscall v0.2.16
[INFO] running `Command { std: "docker" "create" "-v" "/var/lib/crater-agent-workspace/builds/worker-3-tc1/source:/opt/rustwide/workdir:ro,Z" "-v" "/var/lib/crater-agent-workspace/builds/worker-3-tc1/target:/opt/rustwide/target:rw,Z" "-v" "/var/lib/crater-agent-workspace/cargo-home:/opt/rustwide/cargo-home:ro,Z" "-v" "/var/lib/crater-agent-workspace/rustup-home:/opt/rustwide/rustup-home:ro,Z" "-m" "1610612736" "--network" "none" "ghcr.io/rust-lang/crates-build-env/linux@sha256:77db811e55d90add9212f6832c23229e3de5f1c1f9905e8cb07319ea15df73ac" "sleep" "infinity", kill_on_drop: false }`
[INFO] [stdout] c192361de4072eba4d3877793c61fe00c18da1cf5660436b0ffcfb0ec4e5cb95
[INFO] running `Command { std: "docker" "start" "c192361de4072eba4d3877793c61fe00c18da1cf5660436b0ffcfb0ec4e5cb95", kill_on_drop: false }`
[INFO] running `Command { std: "docker" "inspect" "c192361de4072eba4d3877793c61fe00c18da1cf5660436b0ffcfb0ec4e5cb95", kill_on_drop: false }`
[INFO] running `Command { std: "docker" "exec" "-e" "SOURCE_DIR=/opt/rustwide/workdir" "-e" "CARGO_HOME=/opt/rustwide/cargo-home" "-e" "RUSTUP_HOME=/opt/rustwide/rustup-home" "-e" "CARGO_TARGET_DIR=/opt/rustwide/target" "-w" "/opt/rustwide/workdir" "--user" "0:0" "c192361de4072eba4d3877793c61fe00c18da1cf5660436b0ffcfb0ec4e5cb95" "/opt/rustwide/cargo-home/bin/cargo" "+1.99.0-beta.8" "metadata" "--no-deps" "--format-version=1", kill_on_drop: false }`
[INFO] running `Command { std: "docker" "inspect" "c192361de4072eba4d3877793c61fe00c18da1cf5660436b0ffcfb0ec4e5cb95", kill_on_drop: false }`
[INFO] running `Command { std: "docker" "exec" "-e" "SOURCE_DIR=/opt/rustwide/workdir" "-e" "CARGO_HOME=/opt/rustwide/cargo-home" "-e" "RUSTUP_HOME=/opt/rustwide/rustup-home" "-e" "CARGO_TARGET_DIR=/opt/rustwide/target" "-e" "CARGO_INCREMENTAL=0" "-e" "RUST_BACKTRACE=full" "-e" "RUSTFLAGS=--cap-lints=warn" "-e" "RUSTDOCFLAGS=--cap-lints=warn" "-w" "/opt/rustwide/workdir" "--user" "0:0" "c192361de4072eba4d3877793c61fe00c18da1cf5660436b0ffcfb0ec4e5cb95" "/opt/rustwide/cargo-home/bin/cargo" "+1.99.0-beta.8" "build" "--frozen" "--message-format=json" "--release", kill_on_drop: false }`
[INFO] [stderr]    Compiling libc v0.2.191
[INFO] [stderr]    Compiling numtoa v0.1.0
[INFO] [stderr]    Compiling termion v1.5.6
[INFO] [stderr]    Compiling termioff v0.1.0 (/opt/rustwide/workdir)
[INFO] [stderr]     Finished `release` profile [optimized] target(s) in 4.95s
[INFO] running `Command { std: "docker" "inspect" "c192361de4072eba4d3877793c61fe00c18da1cf5660436b0ffcfb0ec4e5cb95", kill_on_drop: false }`
[INFO] running `Command { std: "docker" "exec" "-e" "SOURCE_DIR=/opt/rustwide/workdir" "-e" "CARGO_HOME=/opt/rustwide/cargo-home" "-e" "RUSTUP_HOME=/opt/rustwide/rustup-home" "-e" "CARGO_TARGET_DIR=/opt/rustwide/target" "-e" "CARGO_INCREMENTAL=0" "-e" "RUST_BACKTRACE=full" "-e" "RUSTFLAGS=--cap-lints=warn" "-e" "RUSTDOCFLAGS=--cap-lints=warn" "-w" "/opt/rustwide/workdir" "--user" "0:0" "c192361de4072eba4d3877793c61fe00c18da1cf5660436b0ffcfb0ec4e5cb95" "/opt/rustwide/cargo-home/bin/cargo" "+1.99.0-beta.8" "test" "--frozen" "--no-run" "--message-format=json" "--release", kill_on_drop: false }`
[INFO] [stderr]    Compiling termioff v0.1.0 (/opt/rustwide/workdir)
[INFO] [stderr]     Finished `release` profile [optimized] target(s) in 0.61s
[INFO] running `Command { std: "docker" "inspect" "c192361de4072eba4d3877793c61fe00c18da1cf5660436b0ffcfb0ec4e5cb95", kill_on_drop: false }`
[INFO] running `Command { std: "docker" "exec" "-e" "SOURCE_DIR=/opt/rustwide/workdir" "-e" "CARGO_HOME=/opt/rustwide/cargo-home" "-e" "RUSTUP_HOME=/opt/rustwide/rustup-home" "-e" "CARGO_TARGET_DIR=/opt/rustwide/target" "-e" "CARGO_INCREMENTAL=0" "-e" "RUST_BACKTRACE=full" "-e" "RUSTFLAGS=--cap-lints=warn" "-e" "RUSTDOCFLAGS=--cap-lints=warn" "-w" "/opt/rustwide/workdir" "--user" "0:0" "c192361de4072eba4d3877793c61fe00c18da1cf5660436b0ffcfb0ec4e5cb95" "/opt/rustwide/cargo-home/bin/cargo" "+1.99.0-beta.8" "test" "--frozen" "--release", kill_on_drop: false }`
[INFO] [stderr]     Finished `release` profile [optimized] target(s) in 0.03s
[INFO] [stderr]      Running unittests src/lib.rs (/opt/rustwide/target/release/deps/termioff-5f3267f731f3fbb2)
[INFO] [stdout] 
[INFO] [stdout] running 1 test
[INFO] [stdout] test tests::test_a ... FAILED
[INFO] [stdout] 
[INFO] [stdout] failures:
[INFO] [stdout] 
[INFO] [stdout] ---- tests::test_a stdout ----
[INFO] [stdout] 
[INFO] [stdout] thread 'tests::test_a' (208) panicked at src/lib.rs:182:35:
[INFO] [stdout] construct: Os { code: 25, kind: Uncategorized, message: "Inappropriate ioctl for device" }
[INFO] [stdout] stack backtrace:
[INFO] [stdout]    0:     0x584a39d18b81 - <<std[70759c8f55707aa4]::sys::backtrace::BacktraceLock>::print::DisplayBacktrace as core[df12db4294e9bfd3]::fmt::Display>::fmt
[INFO] [stdout]    1:     0x584a39d2ceaa - core[df12db4294e9bfd3]::fmt::write
[INFO] [stdout]    2:     0x584a39d1d01c - <alloc[2182bb758b4b3781]::vec::Vec<u8> as core[df12db4294e9bfd3]::io::write::Write>::write_fmt
[INFO] [stdout]    3:     0x584a39cf50c6 - std[70759c8f55707aa4]::panicking::default_hook::{closure#0}
[INFO] [stdout]    4:     0x584a39d11239 - std[70759c8f55707aa4]::panicking::default_hook
[INFO] [stdout]    5:     0x584a39cac900 - test[9d35eded1c95d3be]::test_main_inner::<test[9d35eded1c95d3be]::test_main_static::{closure#0}>::{closure#0}
[INFO] [stdout]    6:     0x584a39d113f2 - std[70759c8f55707aa4]::panicking::panic_with_hook
[INFO] [stdout]    7:     0x584a39cf5172 - std[70759c8f55707aa4]::panicking::panic_handler::{closure#0}
[INFO] [stdout]    8:     0x584a39cedef9 - std[70759c8f55707aa4]::sys::backtrace::__rust_end_short_backtrace::<std[70759c8f55707aa4]::panicking::panic_handler::{closure#0}, !>
[INFO] [stdout]    9:     0x584a39cf5d6d - __rustc[8fa7c3cbc660c2b3]::rust_begin_unwind
[INFO] [stdout]   10:     0x584a39d2d5dc - core[df12db4294e9bfd3]::panicking::panic_fmt
[INFO] [stdout]   11:     0x584a39d2d3b2 - core[df12db4294e9bfd3]::result::unwrap_failed
[INFO] [stdout]   12:     0x584a39c9f7df - <termioff[2313862196e67d8a]::tests::test_a::{closure#0} as core[df12db4294e9bfd3]::ops::function::FnOnce<()>>::call_once
[INFO] [stdout]   13:     0x584a39c9fbeb - test[9d35eded1c95d3be]::__rust_begin_short_backtrace::<core[df12db4294e9bfd3]::result::Result<(), alloc[2182bb758b4b3781]::string::String>, fn() -> core[df12db4294e9bfd3]::result::Result<(), alloc[2182bb758b4b3781]::string::String>>
[INFO] [stdout]   14:     0x584a39cad255 - test[9d35eded1c95d3be]::run_test::{closure#0}
[INFO] [stdout]   15:     0x584a39ca6b14 - std[70759c8f55707aa4]::sys::backtrace::__rust_begin_short_backtrace::<test[9d35eded1c95d3be]::run_test::{closure#1}, ()>
[INFO] [stdout]   16:     0x584a39cb03b2 - <std[70759c8f55707aa4]::thread::lifecycle::spawn_unchecked<test[9d35eded1c95d3be]::run_test::{closure#1}, ()>::{closure#1} as core[df12db4294e9bfd3]::ops::function::FnOnce<()>>::call_once::{shim:vtable#0}
[INFO] [stdout]   17:     0x584a39d18459 - <std[70759c8f55707aa4]::sys::thread::unix::Thread>::new::thread_start
[INFO] [stdout]   18:     0x791bf88dcdfa - <unknown>
[INFO] [stdout]   19:     0x791bf89703d4 - clone
[INFO] [stdout]   20:                0x0 - <unknown>
[INFO] [stdout] 
[INFO] [stdout] 
[INFO] [stdout] failures:
[INFO] [stdout]     tests::test_a
[INFO] [stdout] 
[INFO] [stdout] test result: FAILED. 0 passed; 1 failed; 0 ignored; 0 measured; 0 filtered out; finished in 0.01s
[INFO] [stdout] 
[INFO] [stderr] error: test failed, to rerun pass `--lib`
[INFO] running `Command { std: "docker" "inspect" "c192361de4072eba4d3877793c61fe00c18da1cf5660436b0ffcfb0ec4e5cb95", kill_on_drop: false }`
[INFO] running `Command { std: "docker" "rm" "-f" "c192361de4072eba4d3877793c61fe00c18da1cf5660436b0ffcfb0ec4e5cb95", kill_on_drop: false }`
[INFO] [stdout] c192361de4072eba4d3877793c61fe00c18da1cf5660436b0ffcfb0ec4e5cb95
