[INFO] fetching crate terminusdm 1.0.2...
[INFO] testing terminusdm-1.0.2 against 1.99.0-beta.8+cargoflags=--release for beta-release-1.100-2
[INFO] extracting crate terminusdm 1.0.2 into /workspace/builds/worker-6-tc1/source
[INFO] started tweaking crates.io crate terminusdm 1.0.2
[INFO] finished tweaking crates.io crate terminusdm 1.0.2
[INFO] tweaked toml for crates.io crate terminusdm 1.0.2 written to /workspace/builds/worker-6-tc1/source/Cargo.toml
[INFO] validating manifest of crates.io crate terminusdm 1.0.2 on toolchain 1.99.0-beta.8
[INFO] running `Command { std: CARGO_HOME="/workspace/cargo-home" RUSTUP_HOME="/workspace/rustup-home" "/workspace/cargo-home/bin/cargo" "+1.99.0-beta.8" "metadata" "--manifest-path" "Cargo.toml" "--no-deps", kill_on_drop: false }`
[INFO] crate crates.io crate terminusdm 1.0.2 already has a lockfile, it will not be regenerated
[INFO] running `Command { std: CARGO_HOME="/workspace/cargo-home" RUSTUP_HOME="/workspace/rustup-home" "/workspace/cargo-home/bin/cargo" "+1.99.0-beta.8" "fetch" "--manifest-path" "Cargo.toml", kill_on_drop: false }`
[INFO] [stderr]     Updating crates.io index
[INFO] [stderr]  Downloading crates ...
[INFO] [stderr]   Downloaded serde v1.0.197
[INFO] [stderr]   Downloaded tui-input v0.8.0
[INFO] [stderr]   Downloaded ryu v1.0.17
[INFO] [stderr]   Downloaded syn v2.0.50
[INFO] [stderr]   Downloaded bitflags v2.4.2
[INFO] [stderr]   Downloaded hermit-abi v0.3.6
[INFO] [stderr]   Downloaded serde_derive v1.0.197
[INFO] [stderr]   Downloaded strum v0.26.2
[INFO] [stderr]   Downloaded wasm-bindgen-shared v0.2.91
[INFO] [stderr]   Downloaded time v0.3.34
[INFO] [stderr]   Downloaded js-sys v0.3.68
[INFO] [stderr]   Downloaded strum_macros v0.26.2
[INFO] [stderr]   Downloaded indoc v2.0.4
[INFO] [stderr]   Downloaded wasm-bindgen-macro v0.2.91
[INFO] [stderr]   Downloaded reqwest-retry v0.3.0
[INFO] [stderr]   Downloaded throbber-widgets-tui v0.5.0
[INFO] [stderr]   Downloaded wasm-bindgen-macro-support v0.2.91
[INFO] [stderr]   Downloaded serde_json v1.0.114
[INFO] [stderr]   Downloaded web-sys v0.3.68
[INFO] [stderr]   Downloaded wasm-bindgen v0.2.91
[INFO] [stderr]   Downloaded indicatif v0.17.8
[INFO] [stderr]   Downloaded tokio v1.36.0
[INFO] [stderr]   Downloaded cc v1.0.86
[INFO] [stderr]   Downloaded getrandom v0.2.12
[INFO] [stderr]   Downloaded bumpalo v3.15.1
[INFO] [stderr]   Downloaded lru v0.12.3
[INFO] [stderr]   Downloaded stability v0.1.1
[INFO] [stderr]   Downloaded wasm-bindgen-futures v0.4.41
[INFO] [stderr]   Downloaded system-configuration v0.6.0
[INFO] [stderr]   Downloaded ipnet v2.9.0
[INFO] [stderr]   Downloaded portable-atomic v1.6.0
[INFO] [stderr]   Downloaded wasm-bindgen-backend v0.2.91
[INFO] [stderr]   Downloaded h2 v0.3.24
[INFO] [stderr]   Downloaded reqwest-middleware v0.2.4
[INFO] [stderr]   Downloaded openssl-sys v0.9.100
[INFO] [stderr]   Downloaded ratatui v0.26.1
[INFO] [stderr]   Downloaded rustix v0.38.31
[INFO] [stderr]   Downloaded wasm-streams v0.4.0
[INFO] [stderr]   Downloaded async-trait v0.1.77
[INFO] [stderr]   Downloaded chrono v0.4.34
[INFO] [stderr]   Downloaded linux-raw-sys v0.4.13
[INFO] [stderr]   Downloaded retry-policies v0.2.1
[INFO] [stderr]   Downloaded tempfile v3.10.0
[INFO] [stderr]   Downloaded reqwest v0.11.25
[INFO] [stderr]   Downloaded tokio-socks v0.5.1
[INFO] running `Command { std: "docker" "create" "-v" "/var/lib/crater-agent-workspace/builds/worker-6-tc1/source:/opt/rustwide/workdir:ro,Z" "-v" "/var/lib/crater-agent-workspace/builds/worker-6-tc1/target:/opt/rustwide/target:rw,Z" "-v" "/var/lib/crater-agent-workspace/cargo-home:/opt/rustwide/cargo-home:ro,Z" "-v" "/var/lib/crater-agent-workspace/rustup-home:/opt/rustwide/rustup-home:ro,Z" "-m" "1610612736" "--network" "none" "ghcr.io/rust-lang/crates-build-env/linux@sha256:77db811e55d90add9212f6832c23229e3de5f1c1f9905e8cb07319ea15df73ac" "sleep" "infinity", kill_on_drop: false }`
[INFO] [stdout] 697673767d880729d68f1f420b971ddad4f8639ba7d59716a8a2f28ea1b84e27
[INFO] running `Command { std: "docker" "start" "697673767d880729d68f1f420b971ddad4f8639ba7d59716a8a2f28ea1b84e27", kill_on_drop: false }`
[INFO] running `Command { std: "docker" "inspect" "697673767d880729d68f1f420b971ddad4f8639ba7d59716a8a2f28ea1b84e27", kill_on_drop: false }`
[INFO] running `Command { std: "docker" "exec" "-e" "SOURCE_DIR=/opt/rustwide/workdir" "-e" "CARGO_HOME=/opt/rustwide/cargo-home" "-e" "RUSTUP_HOME=/opt/rustwide/rustup-home" "-e" "CARGO_TARGET_DIR=/opt/rustwide/target" "-w" "/opt/rustwide/workdir" "--user" "0:0" "697673767d880729d68f1f420b971ddad4f8639ba7d59716a8a2f28ea1b84e27" "/opt/rustwide/cargo-home/bin/cargo" "+1.99.0-beta.8" "metadata" "--no-deps" "--format-version=1", kill_on_drop: false }`
[INFO] running `Command { std: "docker" "inspect" "697673767d880729d68f1f420b971ddad4f8639ba7d59716a8a2f28ea1b84e27", kill_on_drop: false }`
[INFO] running `Command { std: "docker" "exec" "-e" "SOURCE_DIR=/opt/rustwide/workdir" "-e" "CARGO_HOME=/opt/rustwide/cargo-home" "-e" "RUSTUP_HOME=/opt/rustwide/rustup-home" "-e" "CARGO_TARGET_DIR=/opt/rustwide/target" "-e" "CARGO_INCREMENTAL=0" "-e" "RUST_BACKTRACE=full" "-e" "RUSTFLAGS=--cap-lints=warn" "-e" "RUSTDOCFLAGS=--cap-lints=warn" "-w" "/opt/rustwide/workdir" "--user" "0:0" "697673767d880729d68f1f420b971ddad4f8639ba7d59716a8a2f28ea1b84e27" "/opt/rustwide/cargo-home/bin/cargo" "+1.99.0-beta.8" "build" "--frozen" "--message-format=json" "--release", kill_on_drop: false }`
[INFO] [stderr]    Compiling proc-macro2 v1.0.78
[INFO] [stderr]    Compiling unicode-ident v1.0.12
[INFO] [stderr]    Compiling libc v0.2.153
[INFO] [stderr]    Compiling cfg-if v1.0.0
[INFO] [stderr]    Compiling autocfg v1.1.0
[INFO] [stderr]    Compiling version_check v0.9.4
[INFO] [stderr]    Compiling serde v1.0.197
[INFO] [stderr]    Compiling once_cell v1.19.0
[INFO] [stderr]    Compiling parking_lot_core v0.9.9
[INFO] [stderr]    Compiling log v0.4.20
[INFO] [stderr]    Compiling smallvec v1.13.1
[INFO] [stderr]    Compiling scopeguard v1.2.0
[INFO] [stderr]    Compiling pin-project-lite v0.2.13
[INFO] [stderr]    Compiling itoa v1.0.10
[INFO] [stderr]    Compiling pkg-config v0.3.30
[INFO] [stderr]    Compiling zerocopy v0.7.32
[INFO] [stderr]    Compiling futures-sink v0.3.30
[INFO] [stderr]    Compiling futures-core v0.3.30
[INFO] [stderr]    Compiling cc v1.0.86
[INFO] [stderr]    Compiling bytes v1.5.0
[INFO] [stderr]    Compiling allocator-api2 v0.2.16
[INFO] [stderr]    Compiling pin-utils v0.1.0
[INFO] [stderr]    Compiling futures-channel v0.3.30
[INFO] [stderr]    Compiling futures-task v0.3.30
[INFO] [stderr]    Compiling memchr v2.7.1
[INFO] [stderr]    Compiling ahash v0.8.11
[INFO] [stderr]    Compiling unicase v2.7.0
[INFO] [stderr]    Compiling futures-io v0.3.30
[INFO] [stderr]    Compiling lock_api v0.4.11
[INFO] [stderr]    Compiling slab v0.4.9
[INFO] [stderr]    Compiling tracing-core v0.1.32
[INFO] [stderr]    Compiling rustversion v1.0.14
[INFO] [stderr]    Compiling ryu v1.0.17
[INFO] [stderr]    Compiling openssl v0.10.64
[INFO] [stderr]    Compiling foreign-types-shared v0.1.1
[INFO] [stderr]    Compiling fnv v1.0.7
[INFO] [stderr]    Compiling foreign-types v0.3.2
[INFO] [stderr]    Compiling http v0.2.11
[INFO] [stderr]    Compiling signal-hook v0.3.17
[INFO] [stderr]    Compiling native-tls v0.2.11
[INFO] [stderr]    Compiling httparse v1.8.0
[INFO] [stderr]    Compiling either v1.10.0
[INFO] [stderr]    Compiling equivalent v1.0.1
[INFO] [stderr]    Compiling tinyvec_macros v0.1.1
[INFO] [stderr]    Compiling quote v1.0.35
[INFO] [stderr]    Compiling tinyvec v1.6.0
[INFO] [stderr]    Compiling openssl-probe v0.1.5
[INFO] [stderr]    Compiling syn v2.0.50
[INFO] [stderr]    Compiling try-lock v0.2.5
[INFO] [stderr]    Compiling hashbrown v0.14.3
[INFO] [stderr]    Compiling thiserror v1.0.57
[INFO] [stderr]    Compiling percent-encoding v2.3.1
[INFO] [stderr]    Compiling mime_guess v2.0.4
[INFO] [stderr]    Compiling want v0.3.1
[INFO] [stderr]    Compiling signal-hook-registry v1.4.1
[INFO] [stderr]    Compiling mio v0.8.10
[INFO] [stderr]    Compiling num_cpus v1.16.0
[INFO] [stderr]    Compiling socket2 v0.5.5
[INFO] [stderr]    Compiling getrandom v0.2.12
[INFO] [stderr]    Compiling parking_lot v0.12.1
[INFO] [stderr]    Compiling rand_core v0.6.4
[INFO] [stderr]    Compiling form_urlencoded v1.2.1
[INFO] [stderr]    Compiling http-body v0.4.6
[INFO] [stderr]    Compiling unicode-normalization v0.1.23
[INFO] [stderr]    Compiling num-traits v0.2.18
[INFO] [stderr]    Compiling tower-service v0.3.2
[INFO] [stderr]    Compiling unicode-width v0.1.11
[INFO] [stderr]    Compiling serde_json v1.0.114
[INFO] [stderr]    Compiling httpdate v1.0.3
[INFO] [stderr]    Compiling syn v1.0.109
[INFO] [stderr]    Compiling ppv-lite86 v0.2.17
[INFO] [stderr]    Compiling unicode-bidi v0.3.15
[INFO] [stderr]    Compiling base64 v0.21.7
[INFO] [stderr]    Compiling anyhow v1.0.80
[INFO] [stderr]    Compiling signal-hook-mio v0.2.3
[INFO] [stderr]    Compiling paste v1.0.14
[INFO] [stderr]    Compiling mime v0.3.17
[INFO] [stderr]    Compiling heck v0.4.1
[INFO] [stderr]    Compiling async-trait v0.1.77
[INFO] [stderr]    Compiling powerfmt v0.2.0
[INFO] [stderr]    Compiling openssl-sys v0.9.100
[INFO] [stderr]    Compiling castaway v0.2.2
[INFO] [stderr]    Compiling deranged v0.3.11
[INFO] [stderr]    Compiling rustls-pemfile v1.0.4
[INFO] [stderr]    Compiling encoding_rs v0.8.33
[INFO] [stderr]    Compiling sync_wrapper v0.1.2
[INFO] [stderr]    Compiling num_threads v0.1.7
[INFO] [stderr]    Compiling rand_chacha v0.3.1
[INFO] [stderr]    Compiling ipnet v2.9.0
[INFO] [stderr]    Compiling idna v0.5.0
[INFO] [stderr]    Compiling num-conv v0.1.0
[INFO] [stderr]    Compiling iana-time-zone v0.1.60
[INFO] [stderr]    Compiling static_assertions v1.1.0
[INFO] [stderr]    Compiling time-core v0.1.2
[INFO] [stderr]    Compiling portable-atomic v1.6.0
[INFO] [stderr]    Compiling rand v0.8.5
[INFO] [stderr]    Compiling compact_str v0.7.1
[INFO] [stderr]    Compiling lru v0.12.3
[INFO] [stderr]    Compiling itertools v0.12.1
[INFO] [stderr]    Compiling task-local-extensions v0.1.4
[INFO] [stderr]    Compiling url v2.5.0
[INFO] [stderr]    Compiling unicode-segmentation v1.11.0
[INFO] [stderr]    Compiling indoc v2.0.4
[INFO] [stderr]    Compiling chrono v0.4.34
[INFO] [stderr]    Compiling cassowary v0.3.0
[INFO] [stderr]    Compiling option-ext v0.2.0
[INFO] [stderr]    Compiling time v0.3.34
[INFO] [stderr]    Compiling lazy_static v1.4.0
[INFO] [stderr]    Compiling dirs-sys v0.4.1
[INFO] [stderr]    Compiling console v0.15.8
[INFO] [stderr]    Compiling eyre v0.6.12
[INFO] [stderr]    Compiling indenter v0.3.3
[INFO] [stderr]    Compiling number_prefix v0.4.0
[INFO] [stderr]    Compiling dirs v5.0.1
[INFO] [stderr]    Compiling indicatif v0.17.8
[INFO] [stderr]    Compiling retry-policies v0.2.1
[INFO] [stderr]    Compiling stability v0.1.1
[INFO] [stderr]    Compiling serde_derive v1.0.197
[INFO] [stderr]    Compiling tokio-macros v2.2.0
[INFO] [stderr]    Compiling futures-macro v0.3.30
[INFO] [stderr]    Compiling tracing-attributes v0.1.27
[INFO] [stderr]    Compiling openssl-macros v0.1.1
[INFO] [stderr]    Compiling thiserror-impl v1.0.57
[INFO] [stderr]    Compiling strum_macros v0.26.2
[INFO] [stderr]    Compiling tokio v1.36.0
[INFO] [stderr]    Compiling tracing v0.1.40
[INFO] [stderr]    Compiling futures-util v0.3.30
[INFO] [stderr]    Compiling strum v0.26.2
[INFO] [stderr]    Compiling futures-executor v0.3.30
[INFO] [stderr]    Compiling futures v0.3.30
[INFO] [stderr]    Compiling tokio-util v0.7.10
[INFO] [stderr]    Compiling tokio-socks v0.5.1
[INFO] [stderr]    Compiling bitflags v2.4.2
[INFO] [stderr]    Compiling indexmap v2.2.6
[INFO] [stderr]    Compiling serde_urlencoded v0.7.1
[INFO] [stderr]    Compiling crossterm v0.27.0
[INFO] [stderr]    Compiling ron v0.8.1
[INFO] [stderr]    Compiling h2 v0.3.24
[INFO] [stderr]    Compiling ratatui v0.26.1
[INFO] [stderr]    Compiling tui-input v0.8.0
[INFO] [stderr]    Compiling hyper v0.14.28
[INFO] [stderr]    Compiling throbber-widgets-tui v0.5.0
[INFO] [stderr]    Compiling tokio-native-tls v0.3.1
[INFO] [stderr]    Compiling hyper-tls v0.5.0
[INFO] [stderr]    Compiling reqwest v0.11.25
[INFO] [stderr]    Compiling reqwest-middleware v0.2.4
[INFO] [stderr]    Compiling reqwest-retry v0.3.0
[INFO] [stderr]    Compiling terminusdm v1.0.2 (/opt/rustwide/workdir)
[INFO] [stderr]     Finished `release` profile [optimized] target(s) in 1m 35s
[INFO] running `Command { std: "docker" "inspect" "697673767d880729d68f1f420b971ddad4f8639ba7d59716a8a2f28ea1b84e27", kill_on_drop: false }`
[INFO] running `Command { std: "docker" "exec" "-e" "SOURCE_DIR=/opt/rustwide/workdir" "-e" "CARGO_HOME=/opt/rustwide/cargo-home" "-e" "RUSTUP_HOME=/opt/rustwide/rustup-home" "-e" "CARGO_TARGET_DIR=/opt/rustwide/target" "-e" "CARGO_INCREMENTAL=0" "-e" "RUST_BACKTRACE=full" "-e" "RUSTFLAGS=--cap-lints=warn" "-e" "RUSTDOCFLAGS=--cap-lints=warn" "-w" "/opt/rustwide/workdir" "--user" "0:0" "697673767d880729d68f1f420b971ddad4f8639ba7d59716a8a2f28ea1b84e27" "/opt/rustwide/cargo-home/bin/cargo" "+1.99.0-beta.8" "test" "--frozen" "--no-run" "--message-format=json" "--release", kill_on_drop: false }`
[INFO] [stderr]    Compiling terminusdm v1.0.2 (/opt/rustwide/workdir)
[INFO] [stderr]     Finished `release` profile [optimized] target(s) in 31.72s
[INFO] running `Command { std: "docker" "inspect" "697673767d880729d68f1f420b971ddad4f8639ba7d59716a8a2f28ea1b84e27", kill_on_drop: false }`
[INFO] running `Command { std: "docker" "exec" "-e" "SOURCE_DIR=/opt/rustwide/workdir" "-e" "CARGO_HOME=/opt/rustwide/cargo-home" "-e" "RUSTUP_HOME=/opt/rustwide/rustup-home" "-e" "CARGO_TARGET_DIR=/opt/rustwide/target" "-e" "CARGO_INCREMENTAL=0" "-e" "RUST_BACKTRACE=full" "-e" "RUSTFLAGS=--cap-lints=warn" "-e" "RUSTDOCFLAGS=--cap-lints=warn" "-w" "/opt/rustwide/workdir" "--user" "0:0" "697673767d880729d68f1f420b971ddad4f8639ba7d59716a8a2f28ea1b84e27" "/opt/rustwide/cargo-home/bin/cargo" "+1.99.0-beta.8" "test" "--frozen" "--release", kill_on_drop: false }`
[INFO] [stderr]     Finished `release` profile [optimized] target(s) in 0.22s
[INFO] [stderr]      Running unittests src/lib.rs (/opt/rustwide/target/release/deps/terminusdm-43798e4d413bc422)
[INFO] [stdout] 
[INFO] [stdout] running 23 tests
[INFO] [stdout] test begin_download::trauma::download::test::test_try_from_string ... ok
[INFO] [stdout] test begin_download::trauma::download::test::test_try_from_url ... ok
[INFO] [stdout] test begin_download::trauma::downloader::test::test_builder_defaults ... ok
[INFO] [stdout] test config::tests::test_config_new ... ok
[INFO] [stdout] test utils::tests::test_create_range_normal ... ok
[INFO] [stdout] test utils::fs_utils::tests::test_avail ... FAILED
[INFO] [stdout] test utils::fs_utils::tests::test_avail_2 ... FAILED
[INFO] [stdout] test utils::tests::test_create_range_normal_1 ... ok
[INFO] [stdout] test utils::tests::test_create_range_normal_2 ... ok
[INFO] [stdout] test utils::tests::test_create_range_normal_3 ... ok
[INFO] [stdout] test utils::fs_utils::tests::test_avail_3 ... ok
[INFO] [stdout] test utils::tests::test_create_range_normal_5 ... ok
[INFO] [stdout] test merge_file::tests::test_merge ... FAILED
[INFO] [stdout] test utils::tests::test_create_range_normal_7 ... ok
[INFO] [stdout] test utils::tests::test_create_range_normal_6 ... ok
[INFO] [stdout] test utils::to_vec::tests::test_vec_str ... ok
[INFO] [stdout] test utils::tests::test_create_range_normal_4 ... ok
[INFO] [stdout] test merge_file::tests::test_bin_merge ... FAILED
[INFO] [stdout] test begin_download::tests::test_dirs ... ok
[INFO] [stdout] test req_lib::tests::test_get_filename_1 ... FAILED
[INFO] [stdout] test req_lib::tests::test_get_filename_2 ... FAILED
[INFO] [stdout] test begin_download::tests::test_concurent_donwload ... FAILED
[INFO] [stdout] test begin_download::tests::test_single_download ... FAILED
[INFO] [stdout] 
[INFO] [stdout] failures:
[INFO] [stdout] 
[INFO] [stdout] ---- utils::fs_utils::tests::test_avail stdout ----
[INFO] [stdout] 
[INFO] [stdout] thread 'utils::fs_utils::tests::test_avail' (2366) panicked at src/utils/fs_utils.rs:44:9:
[INFO] [stdout] assertion `left == right` failed
[INFO] [stdout]   left: "test/test(1).txt"
[INFO] [stdout]  right: "test/test.txt"
[INFO] [stdout] stack backtrace:
[INFO] [stdout]    0:     0x561a5e2438c5 - <unknown>
[INFO] [stdout]    1:     0x561a5e1925f4 - <unknown>
[INFO] [stdout]    2:     0x561a5e242f6b - <unknown>
[INFO] [stdout]    3:     0x561a5e242b69 - <unknown>
[INFO] [stdout]    4:     0x561a5e2427ea - <unknown>
[INFO] [stdout]    5:     0x561a5e242323 - <unknown>
[INFO] [stdout]    6:     0x561a5e2686e1 - <unknown>
[INFO] [stdout]    7:     0x561a5e268699 - <unknown>
[INFO] [stdout]    8:     0x561a5e268b9c - <unknown>
[INFO] [stdout]    9:     0x561a5e19248b - <unknown>
[INFO] [stdout]   10:     0x561a5e1923a5 - <unknown>
[INFO] [stdout]   11:     0x561a5e16c803 - <unknown>
[INFO] [stdout]   12:     0x561a5e18a7b2 - <unknown>
[INFO] [stdout]   13:     0x561a5e2829bb - <unknown>
[INFO] [stdout]   14:     0x561a5e27e8c2 - <unknown>
[INFO] [stdout]   15:     0x561a5e27e36c - <unknown>
[INFO] [stdout]   16:     0x561a5e298d3c - <unknown>
[INFO] [stdout]   17:     0x561a5e26a0ea - <unknown>
[INFO] [stdout]   18:     0x7a4579583dfa - <unknown>
[INFO] [stdout]   19:     0x7a45796173d4 - clone
[INFO] [stdout]   20:                0x0 - <unknown>
[INFO] [stdout] 
[INFO] [stdout] ---- utils::fs_utils::tests::test_avail_2 stdout ----
[INFO] [stdout] 
[INFO] [stdout] thread 'utils::fs_utils::tests::test_avail_2' (2367) panicked at src/utils/fs_utils.rs:54:9:
[INFO] [stdout] assertion `left == right` failed
[INFO] [stdout]   left: "test/file(4).txt"
[INFO] [stdout]  right: "test/file.txt"
[INFO] [stdout] stack backtrace:
[INFO] [stdout]    0:     0x561a5e2438c5 - <unknown>
[INFO] [stdout]    1:     0x561a5e1925f4 - <unknown>
[INFO] [stdout]    2:     0x561a5e242f6b - <unknown>
[INFO] [stdout]    3:     0x561a5e242b69 - <unknown>
[INFO] [stdout]    4:     0x561a5e2427ea - <unknown>
[INFO] [stdout]    5:     0x561a5e242323 - <unknown>
[INFO] [stdout]    6:     0x561a5e2686e1 - <unknown>
[INFO] [stdout]    7:     0x561a5e268699 - <unknown>
[INFO] [stdout]    8:     0x561a5e268b9c - <unknown>
[INFO] [stdout]    9:     0x561a5e19248b - <unknown>
[INFO] [stdout]   10:     0x561a5e1923a5 - <unknown>
[INFO] [stdout]   11:     0x561a5e16c803 - <unknown>
[INFO] [stdout]   12:     0x561a5e18a8fb - <unknown>
[INFO] [stdout]   13:     0x561a5e2829bb - <unknown>
[INFO] [stdout]   14:     0x561a5e27e8c2 - <unknown>
[INFO] [stdout]   15:     0x561a5e27e36c - <unknown>
[INFO] [stdout]   16:     0x561a5e298d3c - <unknown>
[INFO] [stdout]   17:     0x561a5e26a0ea - <unknown>
[INFO] [stdout]   18:     0x7a4579583dfa - <unknown>
[INFO] [stdout]   19:     0x7a45796173d4 - clone
[INFO] [stdout]   20:                0x0 - <unknown>
[INFO] [stdout] 
[INFO] [stdout] ---- merge_file::tests::test_merge stdout ----
[INFO] [stdout] INFO: Start Merging
[INFO] [stdout] [src/merge_file.rs:79:9] &res = Err(
[INFO] [stdout]     Os {
[INFO] [stdout]         code: 2,
[INFO] [stdout]         kind: NotFound,
[INFO] [stdout]         message: "No such file or directory",
[INFO] [stdout]     },
[INFO] [stdout] )
[INFO] [stdout] 
[INFO] [stdout] thread 'merge_file::tests::test_merge' (2363) panicked at src/merge_file.rs:81:9:
[INFO] [stdout] assertion failed: res.is_ok()
[INFO] [stdout] stack backtrace:
[INFO] [stdout]    0:     0x561a5e2438c5 - <unknown>
[INFO] [stdout]    1:     0x561a5e1925f4 - <unknown>
[INFO] [stdout]    2:     0x561a5e242f6b - <unknown>
[INFO] [stdout]    3:     0x561a5e242b69 - <unknown>
[INFO] [stdout]    4:     0x561a5e2427ea - <unknown>
[INFO] [stdout]    5:     0x561a5e242323 - <unknown>
[INFO] [stdout]    6:     0x561a5e268712 - <unknown>
[INFO] [stdout]    7:     0x561a5e268699 - <unknown>
[INFO] [stdout]    8:     0x561a5e268b9c - <unknown>
[INFO] [stdout]    9:     0x561a5e19248b - <unknown>
[INFO] [stdout]   10:     0x561a5e1940d1 - <unknown>
[INFO] [stdout]   11:     0x561a5e178982 - <unknown>
[INFO] [stdout]   12:     0x561a5e1680a2 - <unknown>
[INFO] [stdout]   13:     0x561a5e188cc1 - <unknown>
[INFO] [stdout]   14:     0x561a5e2829bb - <unknown>
[INFO] [stdout]   15:     0x561a5e27e8c2 - <unknown>
[INFO] [stdout]   16:     0x561a5e27e36c - <unknown>
[INFO] [stdout]   17:     0x561a5e298d3c - <unknown>
[INFO] [stdout]   18:     0x561a5e26a0ea - <unknown>
[INFO] [stdout]   19:     0x7a4579583dfa - <unknown>
[INFO] [stdout]   20:     0x7a45796173d4 - clone
[INFO] [stdout]   21:                0x0 - <unknown>
[INFO] [stdout] 
[INFO] [stdout] ---- merge_file::tests::test_bin_merge stdout ----
[INFO] [stdout] INFO: Start Merging
[INFO] [stdout] [src/merge_file.rs:91:9] &res = Err(
[INFO] [stdout]     Os {
[INFO] [stdout]         code: 2,
[INFO] [stdout]         kind: NotFound,
[INFO] [stdout]         message: "No such file or directory",
[INFO] [stdout]     },
[INFO] [stdout] )
[INFO] [stdout] 
[INFO] [stdout] thread 'merge_file::tests::test_bin_merge' (2362) panicked at src/merge_file.rs:93:9:
[INFO] [stdout] assertion failed: res.is_ok()
[INFO] [stdout] stack backtrace:
[INFO] [stdout]    0:     0x561a5e2438c5 - <unknown>
[INFO] [stdout]    1:     0x561a5e1925f4 - <unknown>
[INFO] [stdout]    2:     0x561a5e242f6b - <unknown>
[INFO] [stdout]    3:     0x561a5e242b69 - <unknown>
[INFO] [stdout]    4:     0x561a5e2427ea - <unknown>
[INFO] [stdout]    5:     0x561a5e242323 - <unknown>
[INFO] [stdout]    6:     0x561a5e268712 - <unknown>
[INFO] [stdout]    7:     0x561a5e268699 - <unknown>
[INFO] [stdout]    8:     0x561a5e268b9c - <unknown>
[INFO] [stdout]    9:     0x561a5e19248b - <unknown>
[INFO] [stdout]   10:     0x561a5e1940d1 - <unknown>
[INFO] [stdout]   11:     0x561a5e178b65 - <unknown>
[INFO] [stdout]   12:     0x561a5e1680a2 - <unknown>
[INFO] [stdout]   13:     0x561a5e188e15 - <unknown>
[INFO] [stdout]   14:     0x561a5e2829bb - <unknown>
[INFO] [stdout]   15:     0x561a5e27e8c2 - <unknown>
[INFO] [stdout]   16:     0x561a5e27e36c - <unknown>
[INFO] [stdout]   17:     0x561a5e298d3c - <unknown>
[INFO] [stdout]   18:     0x561a5e26a0ea - <unknown>
[INFO] [stdout]   19:     0x7a4579583dfa - <unknown>
[INFO] [stdout]   20:     0x7a45796173d4 - clone
[INFO] [stdout]   21:                0x0 - <unknown>
[INFO] [stdout] 
[INFO] [stdout] ---- req_lib::tests::test_get_filename_1 stdout ----
[INFO] [stdout] Error: error sending request for url (https://huggingface.co/datasets/ym0v0my/Time_series_dataset/resolve/main/all_six_datasets.zip?download=true): error trying to connect: dns error: failed to lookup address information: Temporary failure in name resolution
[INFO] [stdout] 
[INFO] [stdout] Caused by:
[INFO] [stdout]    0: error trying to connect: dns error: failed to lookup address information: Temporary failure in name resolution
[INFO] [stdout]    1: dns error: failed to lookup address information: Temporary failure in name resolution
[INFO] [stdout]    2: failed to lookup address information: Temporary failure in name resolution
[INFO] [stdout] 
[INFO] [stdout] Location:
[INFO] [stdout]     src/req_lib.rs:89:19
[INFO] [stdout] 
[INFO] [stdout] ---- req_lib::tests::test_get_filename_2 stdout ----
[INFO] [stdout] Error: error sending request for url (https://github.com/sumoduduk/terminusdm/archive/refs/heads/main.zip): error trying to connect: dns error: failed to lookup address information: Temporary failure in name resolution
[INFO] [stdout] 
[INFO] [stdout] Caused by:
[INFO] [stdout]    0: error trying to connect: dns error: failed to lookup address information: Temporary failure in name resolution
[INFO] [stdout]    1: dns error: failed to lookup address information: Temporary failure in name resolution
[INFO] [stdout]    2: failed to lookup address information: Temporary failure in name resolution
[INFO] [stdout] 
[INFO] [stdout] Location:
[INFO] [stdout]     src/req_lib.rs:89:19
[INFO] [stdout] 
[INFO] [stdout] ---- begin_download::tests::test_concurent_donwload stdout ----
[INFO] [stdout] Error: error sending request for url (https://huggingface.co/datasets/ym0v0my/Time_series_dataset/resolve/main/all_six_datasets.zip?download=true): error trying to connect: dns error: failed to lookup address information: Temporary failure in name resolution
[INFO] [stdout] 
[INFO] [stdout] Caused by:
[INFO] [stdout]    0: error trying to connect: dns error: failed to lookup address information: Temporary failure in name resolution
[INFO] [stdout]    1: dns error: failed to lookup address information: Temporary failure in name resolution
[INFO] [stdout]    2: failed to lookup address information: Temporary failure in name resolution
[INFO] [stdout] 
[INFO] [stdout] Location:
[INFO] [stdout]     src/begin_download.rs:53:19
[INFO] [stdout] 
[INFO] [stdout] ---- begin_download::tests::test_single_download stdout ----
[INFO] [stdout] [src/begin_download.rs:104:9] arr = [
[INFO] [stdout]     Summary {
[INFO] [stdout]         download: Download {
[INFO] [stdout]             url: Url {
[INFO] [stdout]                 scheme: "https",
[INFO] [stdout]                 cannot_be_a_base: false,
[INFO] [stdout]                 username: "",
[INFO] [stdout]                 password: None,
[INFO] [stdout]                 host: Some(
[INFO] [stdout]                     Domain(
[INFO] [stdout]                         "image.civitai.com",
[INFO] [stdout]                     ),
[INFO] [stdout]                 ),
[INFO] [stdout]                 port: None,
[INFO] [stdout]                 path: "/xG1nkqKTMzGDvpLrqFT7WA/dcf6f112-d385-4fea-8c08-1aa8457ffec4/transcode=true,width=450/AD_00010.webm",
[INFO] [stdout]                 query: None,
[INFO] [stdout]                 fragment: None,
[INFO] [stdout]             },
[INFO] [stdout]             filename: "AD_00010.webm",
[INFO] [stdout]             range_header: None,
[INFO] [stdout]         },
[INFO] [stdout]         statuscode: 400,
[INFO] [stdout]         size: 0,
[INFO] [stdout]         status: Fail(
[INFO] [stdout]             "Request error: error sending request for url (https://image.civitai.com/xG1nkqKTMzGDvpLrqFT7WA/dcf6f112-d385-4fea-8c08-1aa8457ffec4/transcode=true,width=450/AD_00010.webm): error trying to connect: dns error: failed to lookup address information: Temporary failure in name resolution",
[INFO] [stdout]         ),
[INFO] [stdout]         resumable: false,
[INFO] [stdout]     },
[INFO] [stdout] ]
[INFO] [stdout] 
[INFO] [stdout] thread 'begin_download::tests::test_single_download' (2357) panicked at src/begin_download.rs:106:9:
[INFO] [stdout] assertion `left == right` failed
[INFO] [stdout]   left: false
[INFO] [stdout]  right: true
[INFO] [stdout] stack backtrace:
[INFO] [stdout]    0:     0x561a5e2438c5 - <unknown>
[INFO] [stdout]    1:     0x561a5e1925f4 - <unknown>
[INFO] [stdout]    2:     0x561a5e242f6b - <unknown>
[INFO] [stdout]    3:     0x561a5e242b69 - <unknown>
[INFO] [stdout]    4:     0x561a5e2427ea - <unknown>
[INFO] [stdout]    5:     0x561a5e242323 - <unknown>
[INFO] [stdout]    6:     0x561a5e2686e1 - <unknown>
[INFO] [stdout]    7:     0x561a5e268699 - <unknown>
[INFO] [stdout]    8:     0x561a5e268b9c - <unknown>
[INFO] [stdout]    9:     0x561a5e19248b - <unknown>
[INFO] [stdout]   10:     0x561a5e1923a5 - <unknown>
[INFO] [stdout]   11:     0x561a5e16c879 - <unknown>
[INFO] [stdout]   12:     0x561a5e178ece - <unknown>
[INFO] [stdout]   13:     0x561a5e167317 - <unknown>
[INFO] [stdout]   14:     0x561a5e188f57 - <unknown>
[INFO] [stdout]   15:     0x561a5e2829bb - <unknown>
[INFO] [stdout]   16:     0x561a5e27e8c2 - <unknown>
[INFO] [stdout]   17:     0x561a5e27e36c - <unknown>
[INFO] [stdout]   18:     0x561a5e298d3c - <unknown>
[INFO] [stdout]   19:     0x561a5e26a0ea - <unknown>
[INFO] [stdout]   20:     0x7a4579583dfa - <unknown>
[INFO] [stdout]   21:     0x7a45796173d4 - clone
[INFO] [stdout]   22:                0x0 - <unknown>
[INFO] [stdout] 
[INFO] [stdout] 
[INFO] [stdout] failures:
[INFO] [stdout]     begin_download::tests::test_concurent_donwload
[INFO] [stdout]     begin_download::tests::test_single_download
[INFO] [stdout]     merge_file::tests::test_bin_merge
[INFO] [stdout]     merge_file::tests::test_merge
[INFO] [stdout]     req_lib::tests::test_get_filename_1
[INFO] [stdout]     req_lib::tests::test_get_filename_2
[INFO] [stdout]     utils::fs_utils::tests::test_avail
[INFO] [stdout]     utils::fs_utils::tests::test_avail_2
[INFO] [stdout] 
[INFO] [stdout] test result: FAILED. 15 passed; 8 failed; 0 ignored; 0 measured; 0 filtered out; finished in 5.52s
[INFO] [stdout] 
[INFO] [stderr] error: test failed, to rerun pass `--lib`
[INFO] running `Command { std: "docker" "inspect" "697673767d880729d68f1f420b971ddad4f8639ba7d59716a8a2f28ea1b84e27", kill_on_drop: false }`
[INFO] running `Command { std: "docker" "rm" "-f" "697673767d880729d68f1f420b971ddad4f8639ba7d59716a8a2f28ea1b84e27", kill_on_drop: false }`
[INFO] [stdout] 697673767d880729d68f1f420b971ddad4f8639ba7d59716a8a2f28ea1b84e27
