[INFO] fetching crate terminal-commander-core 0.3.15...
[INFO] testing terminal-commander-core-0.3.15 against 1.100.0-beta.1+cargoflags=--release for beta-release-1.100-2
[INFO] extracting crate terminal-commander-core 0.3.15 into /workspace/builds/worker-2-tc2/source
[INFO] started tweaking crates.io crate terminal-commander-core 0.3.15
[INFO] removed 0 missing tests
[INFO] finished tweaking crates.io crate terminal-commander-core 0.3.15
[INFO] tweaked toml for crates.io crate terminal-commander-core 0.3.15 written to /workspace/builds/worker-2-tc2/source/Cargo.toml
[INFO] validating manifest of crates.io crate terminal-commander-core 0.3.15 on toolchain 1.100.0-beta.1
[INFO] running `Command { std: CARGO_HOME="/workspace/cargo-home" RUSTUP_HOME="/workspace/rustup-home" "/workspace/cargo-home/bin/cargo" "+1.100.0-beta.1" "metadata" "--manifest-path" "Cargo.toml" "--no-deps", kill_on_drop: false }`
[INFO] crate crates.io crate terminal-commander-core 0.3.15 already has a lockfile, it will not be regenerated
[INFO] running `Command { std: CARGO_HOME="/workspace/cargo-home" RUSTUP_HOME="/workspace/rustup-home" "/workspace/cargo-home/bin/cargo" "+1.100.0-beta.1" "fetch" "--manifest-path" "Cargo.toml", kill_on_drop: false }`
[INFO] [stderr] warning: `package.homepage` is redundant with `package.repository`
[INFO] [stderr]   --> Cargo.toml:84:12
[INFO] [stderr]    |
[INFO] [stderr] 84 | homepage = "https://github.com/special-place-ai-heaven/terminal-commander"
[INFO] [stderr]    |            ^^^^^^^^^^^^^^^^^^^^^^^^^^^^^^^^^^^^^^^^^^^^^^^^^^^^^^^^^^^^^^^
[INFO] [stderr] ...
[INFO] [stderr] 90 | repository = "https://github.com/special-place-ai-heaven/terminal-commander"
[INFO] [stderr]    |              ---------------------------------------------------------------
[INFO] [stderr]    |
[INFO] [stderr]    = note: `cargo::redundant_homepage` is set to `warn` by default
[INFO] [stderr] help: consider removing `package.homepage`
[INFO] [stderr] warning: `terminal-commander-core` (manifest) generated 1 warning
[INFO] running `Command { std: "docker" "create" "-v" "/var/lib/crater-agent-workspace/builds/worker-2-tc2/source:/opt/rustwide/workdir:ro,Z" "-v" "/var/lib/crater-agent-workspace/builds/worker-2-tc2/target:/opt/rustwide/target:rw,Z" "-v" "/var/lib/crater-agent-workspace/cargo-home:/opt/rustwide/cargo-home:ro,Z" "-v" "/var/lib/crater-agent-workspace/rustup-home:/opt/rustwide/rustup-home:ro,Z" "-m" "1610612736" "--network" "none" "ghcr.io/rust-lang/crates-build-env/linux@sha256:77db811e55d90add9212f6832c23229e3de5f1c1f9905e8cb07319ea15df73ac" "sleep" "infinity", kill_on_drop: false }`
[INFO] [stdout] d05fdcefe84a5392815de2673178d4f28dd6644369c78d6a1ea356286897b551
[INFO] running `Command { std: "docker" "start" "d05fdcefe84a5392815de2673178d4f28dd6644369c78d6a1ea356286897b551", kill_on_drop: false }`
[INFO] running `Command { std: "docker" "inspect" "d05fdcefe84a5392815de2673178d4f28dd6644369c78d6a1ea356286897b551", kill_on_drop: false }`
[INFO] running `Command { std: "docker" "exec" "-e" "SOURCE_DIR=/opt/rustwide/workdir" "-e" "CARGO_HOME=/opt/rustwide/cargo-home" "-e" "RUSTUP_HOME=/opt/rustwide/rustup-home" "-e" "CARGO_TARGET_DIR=/opt/rustwide/target" "-w" "/opt/rustwide/workdir" "--user" "0:0" "d05fdcefe84a5392815de2673178d4f28dd6644369c78d6a1ea356286897b551" "/opt/rustwide/cargo-home/bin/cargo" "+1.100.0-beta.1" "metadata" "--no-deps" "--format-version=1", kill_on_drop: false }`
[INFO] running `Command { std: "docker" "inspect" "d05fdcefe84a5392815de2673178d4f28dd6644369c78d6a1ea356286897b551", kill_on_drop: false }`
[INFO] running `Command { std: "docker" "exec" "-e" "SOURCE_DIR=/opt/rustwide/workdir" "-e" "CARGO_HOME=/opt/rustwide/cargo-home" "-e" "RUSTUP_HOME=/opt/rustwide/rustup-home" "-e" "CARGO_TARGET_DIR=/opt/rustwide/target" "-e" "CARGO_INCREMENTAL=0" "-e" "RUST_BACKTRACE=full" "-e" "RUSTFLAGS=--cap-lints=warn" "-e" "RUSTDOCFLAGS=--cap-lints=warn" "-w" "/opt/rustwide/workdir" "--user" "0:0" "d05fdcefe84a5392815de2673178d4f28dd6644369c78d6a1ea356286897b551" "/opt/rustwide/cargo-home/bin/cargo" "+1.100.0-beta.1" "build" "--frozen" "--message-format=json" "--release", kill_on_drop: false }`
[INFO] [stderr] warning: `package.homepage` is redundant with `package.repository`
[INFO] [stderr]   --> Cargo.toml:84:12
[INFO] [stderr]    |
[INFO] [stderr] 84 | homepage = "https://github.com/special-place-ai-heaven/terminal-commander"
[INFO] [stderr]    |            ^^^^^^^^^^^^^^^^^^^^^^^^^^^^^^^^^^^^^^^^^^^^^^^^^^^^^^^^^^^^^^^
[INFO] [stderr] ...
[INFO] [stderr] 90 | repository = "https://github.com/special-place-ai-heaven/terminal-commander"
[INFO] [stderr]    |              ---------------------------------------------------------------
[INFO] [stderr]    |
[INFO] [stderr]    = note: `cargo::redundant_homepage` is set to `warn` by default
[INFO] [stderr] help: consider removing `package.homepage`
[INFO] [stderr] warning: `terminal-commander-core` (manifest) generated 1 warning
[INFO] [stderr]    Compiling unicode-ident v1.0.26
[INFO] [stderr]    Compiling smallvec v1.16.2
[INFO] [stderr]    Compiling thiserror v2.0.21
[INFO] [stderr]    Compiling mio v1.2.3
[INFO] [stderr]    Compiling time-macros v0.2.32
[INFO] [stderr]    Compiling getrandom v0.4.3
[INFO] [stderr]    Compiling deranged v0.5.8
[INFO] [stderr]    Compiling indexmap v2.14.2
[INFO] [stderr]    Compiling proc-macro2 v1.0.107
[INFO] [stderr]    Compiling uuid v1.26.1
[INFO] [stderr]    Compiling parking_lot_core v0.9.12
[INFO] [stderr]    Compiling parking_lot v0.12.5
[INFO] [stderr]    Compiling quote v1.0.47
[INFO] [stderr]    Compiling syn v3.0.6
[INFO] [stderr]    Compiling time v0.3.55
[INFO] [stderr]    Compiling tokio-macros v2.7.2
[INFO] [stderr]    Compiling thiserror-impl v2.0.21
[INFO] [stderr]    Compiling serde_derive v1.0.229
[INFO] [stderr]    Compiling tokio v1.53.1
[INFO] [stderr]    Compiling serde v1.0.229
[INFO] [stderr]    Compiling terminal-commander-core v0.3.15 (/opt/rustwide/workdir)
[INFO] [stderr] warning: unused dependency `serde_json`
[INFO] [stderr]   --> Cargo.toml:15:15
[INFO] [stderr]    |
[INFO] [stderr] 15 | [dependencies.serde_json]
[INFO] [stderr]    |               ^^^^^^^^^^^
[INFO] [stderr]    |
[INFO] [stderr]    = note: `cargo::unused_dependencies` is set to `warn` by default
[INFO] [stderr] help: consider removing the dependency on `serde_json`
[INFO] [stderr] warning: `terminal-commander-core` (manifest) generated 1 warning
[INFO] [stderr]     Finished `release` profile [optimized] target(s) in 25.68s
[INFO] running `Command { std: "docker" "inspect" "d05fdcefe84a5392815de2673178d4f28dd6644369c78d6a1ea356286897b551", kill_on_drop: false }`
[INFO] running `Command { std: "docker" "exec" "-e" "SOURCE_DIR=/opt/rustwide/workdir" "-e" "CARGO_HOME=/opt/rustwide/cargo-home" "-e" "RUSTUP_HOME=/opt/rustwide/rustup-home" "-e" "CARGO_TARGET_DIR=/opt/rustwide/target" "-e" "CARGO_INCREMENTAL=0" "-e" "RUST_BACKTRACE=full" "-e" "RUSTFLAGS=--cap-lints=warn" "-e" "RUSTDOCFLAGS=--cap-lints=warn" "-w" "/opt/rustwide/workdir" "--user" "0:0" "d05fdcefe84a5392815de2673178d4f28dd6644369c78d6a1ea356286897b551" "/opt/rustwide/cargo-home/bin/cargo" "+1.100.0-beta.1" "test" "--frozen" "--no-run" "--message-format=json" "--release", kill_on_drop: false }`
[INFO] [stderr] warning: `package.homepage` is redundant with `package.repository`
[INFO] [stderr]   --> Cargo.toml:84:12
[INFO] [stderr]    |
[INFO] [stderr] 84 | homepage = "https://github.com/special-place-ai-heaven/terminal-commander"
[INFO] [stderr]    |            ^^^^^^^^^^^^^^^^^^^^^^^^^^^^^^^^^^^^^^^^^^^^^^^^^^^^^^^^^^^^^^^
[INFO] [stderr] ...
[INFO] [stderr] 90 | repository = "https://github.com/special-place-ai-heaven/terminal-commander"
[INFO] [stderr]    |              ---------------------------------------------------------------
[INFO] [stderr]    |
[INFO] [stderr]    = note: `cargo::redundant_homepage` is set to `warn` by default
[INFO] [stderr] help: consider removing `package.homepage`
[INFO] [stderr] warning: `terminal-commander-core` (manifest) generated 1 warning
[INFO] [stderr]    Compiling tokio v1.53.1
[INFO] [stderr]    Compiling terminal-commander-core v0.3.15 (/opt/rustwide/workdir)
[INFO] [stderr] warning: unused dependency `serde_json`
[INFO] [stderr]   --> Cargo.toml:15:15
[INFO] [stderr]    |
[INFO] [stderr] 15 | [dependencies.serde_json]
[INFO] [stderr]    |               ^^^^^^^^^^^
[INFO] [stderr]    |
[INFO] [stderr]    = note: `cargo::unused_dependencies` is set to `warn` by default
[INFO] [stderr] help: consider removing the dependency on `serde_json`
[INFO] [stderr] help: to still use for development builds, move to `dev-dependencies`
[INFO] [stderr] warning: unused dependency `serde_json`
[INFO] [stderr]   --> Cargo.toml:34:19
[INFO] [stderr]    |
[INFO] [stderr] 34 | [dev-dependencies.serde_json]
[INFO] [stderr]    |                   ^^^^^^^^^^^
[INFO] [stderr]    |
[INFO] [stderr] help: consider removing the dependency on `serde_json`
[INFO] [stderr] help: to still use for development builds, move to `dev-dependencies`
[INFO] [stderr] warning: `terminal-commander-core` (manifest) generated 2 warnings
[INFO] [stderr]     Finished `release` profile [optimized] target(s) in 30.40s
[INFO] running `Command { std: "docker" "inspect" "d05fdcefe84a5392815de2673178d4f28dd6644369c78d6a1ea356286897b551", kill_on_drop: false }`
[INFO] running `Command { std: "docker" "exec" "-e" "SOURCE_DIR=/opt/rustwide/workdir" "-e" "CARGO_HOME=/opt/rustwide/cargo-home" "-e" "RUSTUP_HOME=/opt/rustwide/rustup-home" "-e" "CARGO_TARGET_DIR=/opt/rustwide/target" "-e" "CARGO_INCREMENTAL=0" "-e" "RUST_BACKTRACE=full" "-e" "RUSTFLAGS=--cap-lints=warn" "-e" "RUSTDOCFLAGS=--cap-lints=warn" "-w" "/opt/rustwide/workdir" "--user" "0:0" "d05fdcefe84a5392815de2673178d4f28dd6644369c78d6a1ea356286897b551" "/opt/rustwide/cargo-home/bin/cargo" "+1.100.0-beta.1" "test" "--frozen" "--release", kill_on_drop: false }`
[INFO] [stderr] warning: `package.homepage` is redundant with `package.repository`
[INFO] [stderr]   --> Cargo.toml:84:12
[INFO] [stderr]    |
[INFO] [stderr] 84 | homepage = "https://github.com/special-place-ai-heaven/terminal-commander"
[INFO] [stderr]    |            ^^^^^^^^^^^^^^^^^^^^^^^^^^^^^^^^^^^^^^^^^^^^^^^^^^^^^^^^^^^^^^^
[INFO] [stderr] ...
[INFO] [stderr] 90 | repository = "https://github.com/special-place-ai-heaven/terminal-commander"
[INFO] [stderr]    |              ---------------------------------------------------------------
[INFO] [stderr]    |
[INFO] [stderr]    = note: `cargo::redundant_homepage` is set to `warn` by default
[INFO] [stderr] help: consider removing `package.homepage`
[INFO] [stderr] warning: `terminal-commander-core` (manifest) generated 1 warning
[INFO] [stderr] warning: unused dependency `serde_json`
[INFO] [stderr]   --> Cargo.toml:15:15
[INFO] [stderr]    |
[INFO] [stderr] 15 | [dependencies.serde_json]
[INFO] [stderr]    |               ^^^^^^^^^^^
[INFO] [stderr]    |
[INFO] [stderr]    = note: `cargo::unused_dependencies` is set to `warn` by default
[INFO] [stderr] help: consider removing the dependency on `serde_json`
[INFO] [stderr] help: to still use for development builds, move to `dev-dependencies`
[INFO] [stderr] warning: unused dependency `serde_json`
[INFO] [stderr]   --> Cargo.toml:34:19
[INFO] [stderr]    |
[INFO] [stderr] 34 | [dev-dependencies.serde_json]
[INFO] [stderr]    |                   ^^^^^^^^^^^
[INFO] [stderr]    |
[INFO] [stderr] help: consider removing the dependency on `serde_json`
[INFO] [stderr] help: to still use for development builds, move to `dev-dependencies`
[INFO] [stderr] warning: `terminal-commander-core` (manifest) generated 2 warnings
[INFO] [stderr]     Finished `release` profile [optimized] target(s) in 0.09s
[INFO] [stderr]      Running unittests src/lib.rs (/opt/rustwide/target/release/build/terminal-commander-core/4509538e603d800f/out/terminal_commander_core-4509538e603d800f)
[INFO] [stdout] 
[INFO] [stdout] running 166 tests
[INFO] [stdout] test activation::tests::serde_round_trip_bucket ... ok
[INFO] [stdout] test bucket::tests::bucket_notify_returns_handle_and_wakes ... ok
[INFO] [stdout] test activation::tests::serde_round_trip_global ... ok
[INFO] [stdout] test activation::tests::bucket_scope_matches_only_same_bucket ... ok
[INFO] [stdout] test activation::tests::probe_scope_matches_only_same_probe ... ok
[INFO] [stdout] test activation::tests::value_wire_is_some_for_typed_scopes ... ok
[INFO] [stdout] test activation::tests::global_is_default ... ok
[INFO] [stdout] test activation::tests::global_matches_any_triple ... ok
[INFO] [stdout] test bucket::tests::append_mismatched_bucket_id_fails ... ok
[INFO] [stdout] test activation::tests::kind_label_is_stable ... ok
[INFO] [stdout] test bucket::tests::fifo_overflow_evicts_oldest_and_bumps_dropped_count ... ok
[INFO] [stdout] test bucket::tests::preset_non_monotonic_seq_rejected ... ok
[INFO] [stdout] test bucket::tests::read_empty_returns_no_events ... ok
[INFO] [stdout] test bucket::tests::drop_bucket_is_idempotent ... ok
[INFO] [stdout] test bucket::tests::duplicate_create_fails ... ok
[INFO] [stdout] test bucket::tests::seq_exhaustion_is_a_typed_error_not_a_silent_duplicate ... ok
[INFO] [stdout] test bucket::tests::wait_times_out_with_heartbeat_when_nothing_arrives ... ok
[INFO] [stdout] test bucket::tests::cursor_advances_through_appends ... ok
[INFO] [stdout] test bucket::tests::wait_fast_path_returns_already_present_events ... ok
[INFO] [stdout] test bucket::tests::create_and_append_assigns_monotonic_seq ... ok
[INFO] [stdout] test bucket::tests::manager_is_send_sync ... ok
[INFO] [stdout] test bucket::tests::cursor_at_tail_returns_nothing_at_after_returns_nothing ... ok
[INFO] [stdout] test context::tests::context_anchor_missing_is_structured ... ok
[INFO] [stdout] test bucket::tests::kind_filter_matches_exactly ... ok
[INFO] [stdout] test context::tests::context_around_pointer_convenience ... ok
[INFO] [stdout] test bucket::tests::limit_clamps_and_signals_has_more ... ok
[INFO] [stdout] test context::tests::context_byte_cap_truncates_payload ... ok
[INFO] [stdout] test bucket::tests::preset_nonzero_seq_into_empty_bucket_rejected ... ok
[INFO] [stdout] test bucket::tests::wait_wakes_on_append ... ok
[INFO] [stdout] test bucket::tests::read_unknown_bucket_errors ... ok
[INFO] [stdout] test activation::tests::job_scope_matches_only_same_job ... ok
[INFO] [stdout] test bucket::tests::wait_severity_filter_excludes_low_events_on_wait ... ok
[INFO] [stdout] test context::tests::context_append_and_exact_window ... ok
[INFO] [stdout] test context::tests::context_byte_cap_still_includes_anchor ... ok
[INFO] [stdout] test context::tests::context_capacity_evicts_oldest_and_bumps_evicted_frames ... ok
[INFO] [stdout] test bucket::tests::summary_counts_and_severity_distribution ... ok
[INFO] [stdout] test context::tests::context_long_line_is_capped_at_append ... ok
[INFO] [stdout] test bucket::tests::read_response_carries_no_raw_text ... ok
[INFO] [stdout] test bucket::tests::severity_min_filters ... ok
[INFO] [stdout] test context::tests::tail_frames_returns_last_n_in_order ... ok
[INFO] [stdout] test context::tests::context_drop_ring_is_idempotent ... ok
[INFO] [stdout] test context::tests::context_long_line_at_unicode_boundary ... ok
[INFO] [stdout] test context::tests::context_missing_probe_errors ... ok
[INFO] [stdout] test context::tests::tail_frames_reports_eviction ... ok
[INFO] [stdout] test event::tests::captures_preserve_insertion_order ... ok
[INFO] [stdout] test context::tests::tail_frames_single_oversized_line_obeys_byte_budget ... ok
[INFO] [stdout] test context::tests::tail_frames_reports_frame_and_upstream_capture_loss ... ok
[INFO] [stdout] test event::tests::low_severity_without_pointer_passes_validate ... ok
[INFO] [stdout] test event::tests::round_trip_signal_event ... ok
[INFO] [stdout] test ids::tests::ids_are_unique_and_sortable_by_time ... ok
[INFO] [stdout] test ids::tests::parse_missing_separator_fails ... ok
[INFO] [stdout] test context::tests::context_send_sync ... ok
[INFO] [stdout] test context::tests::context_truncated_after_at_ring_tail ... ok
[INFO] [stdout] test context::tests::context_truncated_before_at_ring_head ... ok
[INFO] [stdout] test context::tests::head_frames_byte_cap_truncates_from_back ... ok
[INFO] [stdout] test context::tests::head_frames_reports_capture_loss_in_a_short_retained_frame ... ok
[INFO] [stdout] test context::tests::head_frames_returns_oldest_retained_and_reports_eviction ... ok
[INFO] [stdout] test context::tests::tail_frames_byte_budget_preserves_utf8_suffix ... ok
[INFO] [stdout] test context::tests::tail_frames_byte_cap_truncates_from_front ... ok
[INFO] [stdout] test event::tests::committed_forbidden_fixture_is_rejected_by_validate ... FAILED
[INFO] [stdout] test context::tests::tail_frames_empty_ring_returns_empty ... ok
[INFO] [stdout] test context::tests::tail_frames_unknown_probe_is_error ... ok
[INFO] [stdout] test job::tests::job_lifecycle_summaries_do_not_echo_full_argv ... ok
[INFO] [stdout] test job::tests::job_manager_is_send_sync ... ok
[INFO] [stdout] test job::tests::job_nonzero_exit_emits_command_failed_critical ... ok
[INFO] [stdout] test job::tests::terminal_job_exit_preserves_terminal_source_type ... ok
[INFO] [stdout] test job::tests::job_list_and_forget ... ok
[INFO] [stdout] test event::tests::committed_signal_event_fixture_matches_live_wire_shape ... FAILED
[INFO] [stdout] test job::tests::job_starts_running_records_frame_and_event ... ok
[INFO] [stdout] test os_guard::tests::device_mapper_and_launcher_chdir_are_covered ... ok
[INFO] [stdout] test os_guard::tests::pwsh_colon_form_parameter_value_is_an_operand ... ok
[INFO] [stdout] test os_guard::tests::protected_paths_windows ... ok
[INFO] [stdout] test os_guard::tests::non_deletion_commands_always_allowed ... ok
[INFO] [stdout] test os_guard::tests::ordinary_deletions_allowed ... ok
[INFO] [stdout] test os_guard::tests::parser_gap_controls_stay_allowed ... ok
[INFO] [stdout] test os_guard::tests::parser_gaps_are_refused ... ok
[INFO] [stdout] test ids::tests::parse_wrong_prefix_fails ... ok
[INFO] [stdout] test event::tests::high_severity_with_reason_only_passes_validate ... ok
[INFO] [stdout] test os_guard::tests::rm_rf_root_and_system_denied ... ok
[INFO] [stdout] test os_guard::tests::protected_paths_unix ... ok
[INFO] [stdout] test pointer::tests::evicted_pointer_sets_flag ... ok
[INFO] [stdout] test recipe::tests::accepts_a_plain_argv_recipe ... ok
[INFO] [stdout] test recipe::tests::git_dash_c_is_not_a_shell ... ok
[INFO] [stdout] test job::tests::job_cancel_emits_critical_event_and_marks_cancelled ... ok
[INFO] [stdout] test pointer::tests::pointer_with_line_and_stream ... ok
[INFO] [stdout] test os_guard::tests::shell_line_scan ... ok
[INFO] [stdout] test pointer::tests::minimal_pointer_round_trips ... ok
[INFO] [stdout] test os_guard::tests::windows_deletion_denied ... ok
[INFO] [stdout] test ids::tests::serde_json_uses_wire_form ... ok
[INFO] [stdout] test job::tests::job_zero_exit_emits_command_exited_low_severity ... ok
[INFO] [stdout] test ids::tests::round_trip_event_id ... ok
[INFO] [stdout] test event::tests::high_severity_without_pointer_or_reason_fails_validate ... ok
[INFO] [stdout] test recipe::tests::rejects_duplicate_tags ... ok
[INFO] [stdout] test recipe::tests::rejects_nonempty_env_allowlist ... ok
[INFO] [stdout] test recipe::tests::rejects_shell_interpreters_and_script_flags ... ok
[INFO] [stdout] test recipe_match::tests::tag_and_id_suffix_break_ties_when_argv_is_only_the_program ... ok
[INFO] [stdout] test recipe::tests::only_active_status_is_activatable ... ok
[INFO] [stdout] test recipe::tests::watch_hint_follows_timeout_or_pack ... ok
[INFO] [stdout] test recipe_match::tests::subcommand_narrows_and_bare_program_misses_when_ambiguous ... ok
[INFO] [stdout] test recipe_match::tests::no_recipe_or_different_argv0_misses ... ok
[INFO] [stdout] test recipe_match::tests::unique_argv0_matches_even_without_a_subcommand ... ok
[INFO] [stdout] test recipe::tests::rejects_secret_values_and_unknown_fields ... ok
[INFO] [stdout] test recipe_match::tests::tag_does_not_override_a_different_argv0 ... ok
[INFO] [stdout] test recipe_match::tests::two_recipes_sharing_the_same_token_miss ... ok
[INFO] [stdout] test rule::tests::clamp_full_match_bounds_and_respects_utf8 ... ok
[INFO] [stdout] test recipe_match::tests::same_id_collapses_when_argv_agrees_and_misses_when_it_does_not ... ok
[INFO] [stdout] test recipe_seeds::tests::dana_bank_is_eight_argv_safe_seeds ... ok
[INFO] [stdout] test recipe_match::tests::draft_is_not_a_match ... ok
[INFO] [stdout] test recipe_match::tests::exact_recipe_id_matches_only_the_command_token ... ok
[INFO] [stdout] test recipe_match::tests::interpreter_prefix_case_and_exe_basename ... ok
[INFO] [stdout] test rule::tests::committed_rule_fixture_parses_validates_and_renders ... FAILED
[INFO] [stdout] test recipe_match::tests::wsl_carrier_misses ... ok
[INFO] [stdout] test recipe::tests::resolve_argv_fills_declared_slots_and_denies_shell ... ok
[INFO] [stdout] test rule::tests::render_summary_resolves_reserved_key_from_injected_value ... ok
[INFO] [stdout] test recipe::tests::resolve_argv_rechecks_fcr001_shell_bypasses ... ok
[INFO] [stdout] test rule::tests::negative_example_expectation_deserializes_to_no_match ... ok
[INFO] [stdout] test rule::tests::malformed_expectation_is_rejected_naming_the_accepted_forms ... ok
[INFO] [stdout] test rule::tests::rule_invalid_lookaround_rejected ... ok
[INFO] [stdout] test rule::tests::rule_fixture_json_round_trip ... ok
[INFO] [stdout] test rule::tests::rule_invalid_context_hint_too_large ... ok
[INFO] [stdout] test rule::tests::rule_invalid_empty_id ... ok
[INFO] [stdout] test rule::tests::match_expectation_round_trips_with_kind_and_captures ... ok
[INFO] [stdout] test rule::tests::rule_invalid_backreference_rejected ... ok
[INFO] [stdout] test rule::tests::rule_invalid_missing_keywords ... ok
[INFO] [stdout] test rule::tests::rule_invalid_missing_pattern ... ok
[INFO] [stdout] test rule::tests::compile_bounded_regex_accepts_ordinary_pattern ... ok
[INFO] [stdout] test rule::tests::rule_invalid_pattern_too_long ... ok
[INFO] [stdout] test rule::tests::rule_invalid_regex_compile_failure ... ok
[INFO] [stdout] test rule::tests::rule_invalid_template_references_unknown_capture ... ok
[INFO] [stdout] test rule::tests::compile_bounded_regex_set_still_caps_pathological_growth ... ok
[INFO] [stdout] test rule::tests::compile_bounded_regex_set_handles_realistic_active_rule_count ... ok
[INFO] [stdout] test rule::tests::rule_status_runtime_eligible_only_for_active ... ok
[INFO] [stdout] test rule::tests::rule_render_summary_preserves_utf8_and_non_placeholder_text ... ok
[INFO] [stdout] test rule::tests::rule_invalid_template_unbalanced ... ok
[INFO] [stdout] test rule::tests::rule_invalid_zero_version ... ok
[INFO] [stdout] test rule::tests::rule_reserved_kind_must_stay_draft ... ok
[INFO] [stdout] test rule::tests::rule_render_summary_substitutes_named ... ok
[INFO] [stdout] test rule::tests::rule_valid_keyword ... ok
[INFO] [stdout] test rule::tests::rule_render_summary_missing_capture_errors ... ok
[INFO] [stdout] test rule::tests::rule_valid_regex ... ok
[INFO] [stdout] test severity::tests::rank_matches_doc_order ... ok
[INFO] [stdout] test rule::tests::template_accepts_reserved_match_keys_without_captures ... ok
[INFO] [stdout] test rule::tests::is_reserved_match_key_matches_synonyms_only ... ok
[INFO] [stdout] test shell_deny::tests::argv_denies_wrappers_and_script_flags ... ok
[INFO] [stdout] test shell_deny::tests::argv_allows_non_shells ... ok
[INFO] [stdout] test shell_deny::tests::denies_bare_and_path_forms ... ok
[INFO] [stdout] test severity::tests::parse_unknown_errors_with_value ... ok
[INFO] [stdout] test rule::tests::compile_bounded_regex_rejects_dfa_bomb_that_unbounded_accepts ... ok
[INFO] [stdout] test severity::tests::round_trip_serde ... ok
[INFO] [stdout] test rule::tests::template_still_rejects_unknown_non_reserved_capture ... ok
[INFO] [stdout] test severity::tests::ordering_filters_by_minimum ... ok
[INFO] [stdout] test shell_deny::tests::argv_allows_ordinary_dev_commands ... ok
[INFO] [stdout] test shell_deny::tests::denies_case_and_windows_extensions ... ok
[INFO] [stdout] test shell_deny::tests::denies_win32_trailing_dot_short_name_and_ads ... ok
[INFO] [stdout] test shell_deny::tests::argv_denies_fcr2_wrapper_split_string_and_flag_run ... ok
[INFO] [stdout] test source::tests::unknown_source_type_parses_as_other ... ok
[INFO] [stdout] test shell_deny::tests::remote_and_container_carriers_are_not_scanned ... ok
[INFO] [stdout] test shell_deny::tests::argv_denies_quoted_split_string_assignments_and_getopt_clusters ... ok
[INFO] [stdout] test source::tests::job_id_optional_when_absent ... ok
[INFO] [stdout] test shell_deny::tests::argv_denies_quoted_split_string_value_operands_and_mixed_clusters ... ok
[INFO] [stdout] test shell_deny::tests::split_env_words_follows_gnu_split_string ... ok
[INFO] [stdout] test shell_deny::tests::wsl_carrier_uses_win32_basename_normalize ... ok
[INFO] [stdout] test source::tests::round_trip_process_event_source ... ok
[INFO] [stdout] test rule::tests::rule_invalid_tag_uppercase_rejected ... ok
[INFO] [stdout] test os_guard::tests::allowed_paths_windows ... ok
[INFO] [stdout] test os_guard::tests::allowed_paths_unix ... ok
[INFO] [stdout] 
[INFO] [stdout] failures:
[INFO] [stdout] 
[INFO] [stdout] ---- event::tests::committed_forbidden_fixture_is_rejected_by_validate stdout ----
[INFO] [stdout] 
[INFO] [stdout] thread 'event::tests::committed_forbidden_fixture_is_rejected_by_validate' (780) panicked at src/event.rs:355:33:
[INFO] [stdout] read fixture forbidden/missing-pointer.v1.json: No such file or directory (os error 2)
[INFO] [stdout] stack backtrace:
[INFO] [stdout]    0:     0x63ba964116d1 - <<std[617be2ca0a6fd877]::sys::backtrace::BacktraceLock>::print::DisplayBacktrace as core[a373ad73a504971]::fmt::Display>::fmt
[INFO] [stdout]    1:     0x63ba96427c9a - core[a373ad73a504971]::fmt::write
[INFO] [stdout]    2:     0x63ba96415a6c - <alloc[2e1b2a31b91974c5]::vec::Vec<u8> as core[a373ad73a504971]::io::write::Write>::write_fmt
[INFO] [stdout]    3:     0x63ba963ed0f6 - std[617be2ca0a6fd877]::panicking::default_hook::{closure#0}
[INFO] [stdout]    4:     0x63ba96409849 - std[617be2ca0a6fd877]::panicking::default_hook
[INFO] [stdout]    5:     0x63ba962b3100 - test[aada8e7e76ba119b]::test_main_inner::{closure#0}
[INFO] [stdout]    6:     0x63ba96409b72 - std[617be2ca0a6fd877]::panicking::panic_with_hook
[INFO] [stdout]    7:     0x63ba963ed1a2 - std[617be2ca0a6fd877]::panicking::panic_handler::{closure#0}
[INFO] [stdout]    8:     0x63ba963e5d29 - std[617be2ca0a6fd877]::sys::backtrace::__rust_end_short_backtrace::<std[617be2ca0a6fd877]::panicking::panic_handler::{closure#0}, !>
[INFO] [stdout]    9:     0x63ba963eddad - __rustc[ea4f61d10b84890b]::rust_begin_unwind
[INFO] [stdout]   10:     0x63ba9642847c - core[a373ad73a504971]::panicking::panic_fmt
[INFO] [stdout]   11:     0x63ba96297ffa - terminal_commander_core[ae7747906124fecb]::event::tests::load_contract_fixture::{closure#0}
[INFO] [stdout]   12:     0x63ba9629b70d - terminal_commander_core[ae7747906124fecb]::event::tests::load_contract_fixture
[INFO] [stdout]   13:     0x63ba9629f4a3 - <terminal_commander_core[ae7747906124fecb]::event::tests::committed_forbidden_fixture_is_rejected_by_validate::{closure#0} as core[a373ad73a504971]::ops::function::FnOnce<()>>::call_once
[INFO] [stdout]   14:     0x63ba962a654b - test[aada8e7e76ba119b]::__rust_begin_short_backtrace::<core[a373ad73a504971]::result::Result<(), alloc[2e1b2a31b91974c5]::string::String>, fn() -> core[a373ad73a504971]::result::Result<(), alloc[2e1b2a31b91974c5]::string::String>>
[INFO] [stdout]   15:     0x63ba962b3725 - test[aada8e7e76ba119b]::run_test::{closure#0}
[INFO] [stdout]   16:     0x63ba962ad014 - std[617be2ca0a6fd877]::sys::backtrace::__rust_begin_short_backtrace::<test[aada8e7e76ba119b]::run_test::{closure#1}, ()>
[INFO] [stdout]   17:     0x63ba962b67b2 - <std[617be2ca0a6fd877]::thread::lifecycle::spawn_unchecked<test[aada8e7e76ba119b]::run_test::{closure#1}, ()>::{closure#1} as core[a373ad73a504971]::ops::function::FnOnce<()>>::call_once::{shim:vtable#0}
[INFO] [stdout]   18:     0x63ba96410bbf - <std[617be2ca0a6fd877]::sys::thread::unix::Thread>::new::thread_start
[INFO] [stdout]   19:     0x70f6c17dfdfa - <unknown>
[INFO] [stdout]   20:     0x70f6c18733d4 - clone
[INFO] [stdout]   21:                0x0 - <unknown>
[INFO] [stdout] 
[INFO] [stdout] ---- event::tests::committed_signal_event_fixture_matches_live_wire_shape stdout ----
[INFO] [stdout] 
[INFO] [stdout] thread 'event::tests::committed_signal_event_fixture_matches_live_wire_shape' (781) panicked at src/event.rs:355:33:
[INFO] [stdout] read fixture event.signal.v1.json: No such file or directory (os error 2)
[INFO] [stdout] stack backtrace:
[INFO] [stdout]    0:     0x63ba964116d1 - <<std[617be2ca0a6fd877]::sys::backtrace::BacktraceLock>::print::DisplayBacktrace as core[a373ad73a504971]::fmt::Display>::fmt
[INFO] [stdout]    1:     0x63ba96427c9a - core[a373ad73a504971]::fmt::write
[INFO] [stdout]    2:     0x63ba96415a6c - <alloc[2e1b2a31b91974c5]::vec::Vec<u8> as core[a373ad73a504971]::io::write::Write>::write_fmt
[INFO] [stdout]    3:     0x63ba963ed0f6 - std[617be2ca0a6fd877]::panicking::default_hook::{closure#0}
[INFO] [stdout]    4:     0x63ba96409849 - std[617be2ca0a6fd877]::panicking::default_hook
[INFO] [stdout]    5:     0x63ba962b3100 - test[aada8e7e76ba119b]::test_main_inner::{closure#0}
[INFO] [stdout]    6:     0x63ba96409b72 - std[617be2ca0a6fd877]::panicking::panic_with_hook
[INFO] [stdout]    7:     0x63ba963ed1a2 - std[617be2ca0a6fd877]::panicking::panic_handler::{closure#0}
[INFO] [stdout]    8:     0x63ba963e5d29 - std[617be2ca0a6fd877]::sys::backtrace::__rust_end_short_backtrace::<std[617be2ca0a6fd877]::panicking::panic_handler::{closure#0}, !>
[INFO] [stdout]    9:     0x63ba963eddad - __rustc[ea4f61d10b84890b]::rust_begin_unwind
[INFO] [stdout]   10:     0x63ba9642847c - core[a373ad73a504971]::panicking::panic_fmt
[INFO] [stdout]   11:     0x63ba96297ffa - terminal_commander_core[ae7747906124fecb]::event::tests::load_contract_fixture::{closure#0}
[INFO] [stdout]   12:     0x63ba9629b70d - terminal_commander_core[ae7747906124fecb]::event::tests::load_contract_fixture
[INFO] [stdout]   13:     0x63ba9629f6c4 - <terminal_commander_core[ae7747906124fecb]::event::tests::committed_signal_event_fixture_matches_live_wire_shape::{closure#0} as core[a373ad73a504971]::ops::function::FnOnce<()>>::call_once
[INFO] [stdout]   14:     0x63ba962a654b - test[aada8e7e76ba119b]::__rust_begin_short_backtrace::<core[a373ad73a504971]::result::Result<(), alloc[2e1b2a31b91974c5]::string::String>, fn() -> core[a373ad73a504971]::result::Result<(), alloc[2e1b2a31b91974c5]::string::String>>
[INFO] [stdout]   15:     0x63ba962b3725 - test[aada8e7e76ba119b]::run_test::{closure#0}
[INFO] [stdout]   16:     0x63ba962ad014 - std[617be2ca0a6fd877]::sys::backtrace::__rust_begin_short_backtrace::<test[aada8e7e76ba119b]::run_test::{closure#1}, ()>
[INFO] [stdout]   17:     0x63ba962b67b2 - <std[617be2ca0a6fd877]::thread::lifecycle::spawn_unchecked<test[aada8e7e76ba119b]::run_test::{closure#1}, ()>::{closure#1} as core[a373ad73a504971]::ops::function::FnOnce<()>>::call_once::{shim:vtable#0}
[INFO] [stdout]   18:     0x63ba96410bbf - <std[617be2ca0a6fd877]::sys::thread::unix::Thread>::new::thread_start
[INFO] [stdout]   19:     0x70f6c17dfdfa - <unknown>
[INFO] [stdout]   20:     0x70f6c18733d4 - clone
[INFO] [stdout]   21:                0x0 - <unknown>
[INFO] [stdout] 
[INFO] [stdout] ---- rule::tests::committed_rule_fixture_parses_validates_and_renders stdout ----
[INFO] [stdout] 
[INFO] [stdout] thread 'rule::tests::committed_rule_fixture_parses_validates_and_renders' (838) panicked at src/rule.rs:1123:14:
[INFO] [stdout] read rule-definition fixture: Os { code: 2, kind: NotFound, message: "No such file or directory" }
[INFO] [stdout] stack backtrace:
[INFO] [stdout]    0:     0x63ba964116d1 - <<std[617be2ca0a6fd877]::sys::backtrace::BacktraceLock>::print::DisplayBacktrace as core[a373ad73a504971]::fmt::Display>::fmt
[INFO] [stdout]    1:     0x63ba96427c9a - core[a373ad73a504971]::fmt::write
[INFO] [stdout]    2:     0x63ba96415a6c - <alloc[2e1b2a31b91974c5]::vec::Vec<u8> as core[a373ad73a504971]::io::write::Write>::write_fmt
[INFO] [stdout]    3:     0x63ba963ed0f6 - std[617be2ca0a6fd877]::panicking::default_hook::{closure#0}
[INFO] [stdout]    4:     0x63ba96409849 - std[617be2ca0a6fd877]::panicking::default_hook
[INFO] [stdout]    5:     0x63ba962b3100 - test[aada8e7e76ba119b]::test_main_inner::{closure#0}
[INFO] [stdout]    6:     0x63ba96409b72 - std[617be2ca0a6fd877]::panicking::panic_with_hook
[INFO] [stdout]    7:     0x63ba963ed1a2 - std[617be2ca0a6fd877]::panicking::panic_handler::{closure#0}
[INFO] [stdout]    8:     0x63ba963e5d29 - std[617be2ca0a6fd877]::sys::backtrace::__rust_end_short_backtrace::<std[617be2ca0a6fd877]::panicking::panic_handler::{closure#0}, !>
[INFO] [stdout]    9:     0x63ba963eddad - __rustc[ea4f61d10b84890b]::rust_begin_unwind
[INFO] [stdout]   10:     0x63ba9642847c - core[a373ad73a504971]::panicking::panic_fmt
[INFO] [stdout]   11:     0x63ba96428252 - core[a373ad73a504971]::result::unwrap_failed
[INFO] [stdout]   12:     0x63ba9627e037 - <terminal_commander_core[ae7747906124fecb]::rule::tests::committed_rule_fixture_parses_validates_and_renders::{closure#0} as core[a373ad73a504971]::ops::function::FnOnce<()>>::call_once
[INFO] [stdout]   13:     0x63ba962a654b - test[aada8e7e76ba119b]::__rust_begin_short_backtrace::<core[a373ad73a504971]::result::Result<(), alloc[2e1b2a31b91974c5]::string::String>, fn() -> core[a373ad73a504971]::result::Result<(), alloc[2e1b2a31b91974c5]::string::String>>
[INFO] [stdout]   14:     0x63ba962b3725 - test[aada8e7e76ba119b]::run_test::{closure#0}
[INFO] [stdout]   15:     0x63ba962ad014 - std[617be2ca0a6fd877]::sys::backtrace::__rust_begin_short_backtrace::<test[aada8e7e76ba119b]::run_test::{closure#1}, ()>
[INFO] [stdout]   16:     0x63ba962b67b2 - <std[617be2ca0a6fd877]::thread::lifecycle::spawn_unchecked<test[aada8e7e76ba119b]::run_test::{closure#1}, ()>::{closure#1} as core[a373ad73a504971]::ops::function::FnOnce<()>>::call_once::{shim:vtable#0}
[INFO] [stdout]   17:     0x63ba96410bbf - <std[617be2ca0a6fd877]::sys::thread::unix::Thread>::new::thread_start
[INFO] [stdout]   18:     0x70f6c17dfdfa - <unknown>
[INFO] [stdout]   19:     0x70f6c18733d4 - clone
[INFO] [stdout]   20:                0x0 - <unknown>
[INFO] [stdout] 
[INFO] [stdout] 
[INFO] [stdout] failures:
[INFO] [stdout]     event::tests::committed_forbidden_fixture_is_rejected_by_validate
[INFO] [stdout]     event::tests::committed_signal_event_fixture_matches_live_wire_shape
[INFO] [stdout]     rule::tests::committed_rule_fixture_parses_validates_and_renders
[INFO] [stdout] 
[INFO] [stdout] test result: FAILED. 163 passed; 3 failed; 0 ignored; 0 measured; 0 filtered out; finished in 0.08s
[INFO] [stdout] 
[INFO] [stderr] error: test failed, to rerun pass `--lib`
[INFO] running `Command { std: "docker" "inspect" "d05fdcefe84a5392815de2673178d4f28dd6644369c78d6a1ea356286897b551", kill_on_drop: false }`
[INFO] running `Command { std: "docker" "rm" "-f" "d05fdcefe84a5392815de2673178d4f28dd6644369c78d6a1ea356286897b551", kill_on_drop: false }`
[INFO] [stdout] d05fdcefe84a5392815de2673178d4f28dd6644369c78d6a1ea356286897b551
