[INFO] fetching crate term_keep 1.2.1...
[INFO] testing term_keep-1.2.1 against 1.100.0-beta.1+cargoflags=--release for beta-release-1.100-2
[INFO] extracting crate term_keep 1.2.1 into /workspace/builds/worker-5-tc2/source
[INFO] started tweaking crates.io crate term_keep 1.2.1
[INFO] removed 0 missing tests
[INFO] finished tweaking crates.io crate term_keep 1.2.1
[INFO] tweaked toml for crates.io crate term_keep 1.2.1 written to /workspace/builds/worker-5-tc2/source/Cargo.toml
[INFO] validating manifest of crates.io crate term_keep 1.2.1 on toolchain 1.100.0-beta.1
[INFO] running `Command { std: CARGO_HOME="/workspace/cargo-home" RUSTUP_HOME="/workspace/rustup-home" "/workspace/cargo-home/bin/cargo" "+1.100.0-beta.1" "metadata" "--manifest-path" "Cargo.toml" "--no-deps", kill_on_drop: false }`
[INFO] crate crates.io crate term_keep 1.2.1 already has a lockfile, it will not be regenerated
[INFO] running `Command { std: CARGO_HOME="/workspace/cargo-home" RUSTUP_HOME="/workspace/rustup-home" "/workspace/cargo-home/bin/cargo" "+1.100.0-beta.1" "fetch" "--manifest-path" "Cargo.toml", kill_on_drop: false }`
[INFO] [stderr] warning: `package.homepage` is redundant with `package.repository`
[INFO] [stderr]   --> Cargo.toml:68:12
[INFO] [stderr]    |
[INFO] [stderr] 68 | homepage = "https://github.com/ChrisVilches/Term-Keep"
[INFO] [stderr]    |            ^^^^^^^^^^^^^^^^^^^^^^^^^^^^^^^^^^^^^^^^^^^
[INFO] [stderr] ...
[INFO] [stderr] 72 | repository = "https://github.com/ChrisVilches/Term-Keep"
[INFO] [stderr]    |              -------------------------------------------
[INFO] [stderr]    |
[INFO] [stderr]    = note: `cargo::redundant_homepage` is set to `warn` by default
[INFO] [stderr] help: consider removing `package.homepage`
[INFO] [stderr] warning: `term_keep` (manifest) generated 1 warning
[INFO] running `Command { std: "docker" "create" "-v" "/var/lib/crater-agent-workspace/builds/worker-5-tc2/source:/opt/rustwide/workdir:ro,Z" "-v" "/var/lib/crater-agent-workspace/builds/worker-5-tc2/target:/opt/rustwide/target:rw,Z" "-v" "/var/lib/crater-agent-workspace/cargo-home:/opt/rustwide/cargo-home:ro,Z" "-v" "/var/lib/crater-agent-workspace/rustup-home:/opt/rustwide/rustup-home:ro,Z" "-m" "1610612736" "--network" "none" "ghcr.io/rust-lang/crates-build-env/linux@sha256:77db811e55d90add9212f6832c23229e3de5f1c1f9905e8cb07319ea15df73ac" "sleep" "infinity", kill_on_drop: false }`
[INFO] [stdout] 041f3fe72c72c1b1734d963820a3c5a562fd41305323c3ccf4690584b2dc9e90
[INFO] running `Command { std: "docker" "start" "041f3fe72c72c1b1734d963820a3c5a562fd41305323c3ccf4690584b2dc9e90", kill_on_drop: false }`
[INFO] running `Command { std: "docker" "inspect" "041f3fe72c72c1b1734d963820a3c5a562fd41305323c3ccf4690584b2dc9e90", kill_on_drop: false }`
[INFO] running `Command { std: "docker" "exec" "-e" "SOURCE_DIR=/opt/rustwide/workdir" "-e" "CARGO_HOME=/opt/rustwide/cargo-home" "-e" "RUSTUP_HOME=/opt/rustwide/rustup-home" "-e" "CARGO_TARGET_DIR=/opt/rustwide/target" "-w" "/opt/rustwide/workdir" "--user" "0:0" "041f3fe72c72c1b1734d963820a3c5a562fd41305323c3ccf4690584b2dc9e90" "/opt/rustwide/cargo-home/bin/cargo" "+1.100.0-beta.1" "metadata" "--no-deps" "--format-version=1", kill_on_drop: false }`
[INFO] running `Command { std: "docker" "inspect" "041f3fe72c72c1b1734d963820a3c5a562fd41305323c3ccf4690584b2dc9e90", kill_on_drop: false }`
[INFO] running `Command { std: "docker" "exec" "-e" "SOURCE_DIR=/opt/rustwide/workdir" "-e" "CARGO_HOME=/opt/rustwide/cargo-home" "-e" "RUSTUP_HOME=/opt/rustwide/rustup-home" "-e" "CARGO_TARGET_DIR=/opt/rustwide/target" "-e" "CARGO_INCREMENTAL=0" "-e" "RUST_BACKTRACE=full" "-e" "RUSTFLAGS=--cap-lints=warn" "-e" "RUSTDOCFLAGS=--cap-lints=warn" "-w" "/opt/rustwide/workdir" "--user" "0:0" "041f3fe72c72c1b1734d963820a3c5a562fd41305323c3ccf4690584b2dc9e90" "/opt/rustwide/cargo-home/bin/cargo" "+1.100.0-beta.1" "build" "--frozen" "--message-format=json" "--release", kill_on_drop: false }`
[INFO] [stderr] warning: `package.homepage` is redundant with `package.repository`
[INFO] [stderr]   --> Cargo.toml:68:12
[INFO] [stderr]    |
[INFO] [stderr] 68 | homepage = "https://github.com/ChrisVilches/Term-Keep"
[INFO] [stderr]    |            ^^^^^^^^^^^^^^^^^^^^^^^^^^^^^^^^^^^^^^^^^^^
[INFO] [stderr] ...
[INFO] [stderr] 72 | repository = "https://github.com/ChrisVilches/Term-Keep"
[INFO] [stderr]    |              -------------------------------------------
[INFO] [stderr]    |
[INFO] [stderr]    = note: `cargo::redundant_homepage` is set to `warn` by default
[INFO] [stderr] help: consider removing `package.homepage`
[INFO] [stderr] warning: `term_keep` (manifest) generated 1 warning
[INFO] [stderr]    Compiling proc-macro2 v1.0.51
[INFO] [stderr]    Compiling syn v1.0.107
[INFO] [stderr]    Compiling smallvec v1.10.0
[INFO] [stderr]    Compiling parking_lot_core v0.8.6
[INFO] [stderr]    Compiling io-lifetimes v1.0.5
[INFO] [stderr]    Compiling memoffset v0.7.1
[INFO] [stderr]    Compiling crossbeam-epoch v0.9.13
[INFO] [stderr]    Compiling ahash v0.7.6
[INFO] [stderr]    Compiling log v0.4.17
[INFO] [stderr]    Compiling num-traits v0.2.15
[INFO] [stderr]    Compiling signal-hook v0.3.14
[INFO] [stderr]    Compiling crossbeam-channel v0.5.6
[INFO] [stderr]    Compiling signal-hook-registry v1.4.0
[INFO] [stderr]    Compiling instant v0.1.12
[INFO] [stderr]    Compiling num-integer v0.1.45
[INFO] [stderr]    Compiling crossbeam-queue v0.3.8
[INFO] [stderr]    Compiling rustix v0.36.8
[INFO] [stderr]    Compiling libsqlite3-sys v0.25.2
[INFO] [stderr]    Compiling mio v0.7.14
[INFO] [stderr]    Compiling rayon-core v1.10.2
[INFO] [stderr]    Compiling parking_lot_core v0.9.7
[INFO] [stderr]    Compiling either v1.8.1
[INFO] [stderr]    Compiling aho-corasick v0.7.20
[INFO] [stderr]    Compiling num_cpus v1.15.0
[INFO] [stderr]    Compiling time v0.1.45
[INFO] [stderr]    Compiling hashbrown v0.12.3
[INFO] [stderr]    Compiling remove_dir_all v0.5.3
[INFO] [stderr]    Compiling regex-syntax v0.6.28
[INFO] [stderr]    Compiling anyhow v1.0.69
[INFO] [stderr]    Compiling crossbeam-deque v0.8.2
[INFO] [stderr]    Compiling signal-hook-mio v0.2.3
[INFO] [stderr]    Compiling parking_lot v0.11.2
[INFO] [stderr]    Compiling iana-time-zone v0.1.53
[INFO] [stderr]    Compiling bit-set v0.5.3
[INFO] [stderr]    Compiling quote v1.0.23
[INFO] [stderr]    Compiling crossbeam v0.8.2
[INFO] [stderr]    Compiling crossterm v0.20.0
[INFO] [stderr]    Compiling tempfile v3.3.0
[INFO] [stderr]    Compiling which v4.4.0
[INFO] [stderr]    Compiling hashlink v0.8.1
[INFO] [stderr]    Compiling atty v0.2.14
[INFO] [stderr]    Compiling proc-macro-error-attr v1.0.4
[INFO] [stderr]    Compiling thread_local v1.1.4
[INFO] [stderr]    Compiling minimad v0.8.0
[INFO] [stderr]    Compiling fallible-streaming-iterator v0.1.9
[INFO] [stderr]    Compiling chrono v0.4.23
[INFO] [stderr]    Compiling unicode-width v0.1.10
[INFO] [stderr]    Compiling fallible-iterator v0.2.0
[INFO] [stderr]    Compiling fuzzy-matcher v0.3.7
[INFO] [stderr]    Compiling colored v2.0.0
[INFO] [stderr]    Compiling is-terminal v0.4.3
[INFO] [stderr]    Compiling rayon v1.6.1
[INFO] [stderr]    Compiling parking_lot v0.12.1
[INFO] [stderr]    Compiling edit v0.1.4
[INFO] [stderr]    Compiling regex v1.7.1
[INFO] [stderr]    Compiling proc-macro-error v1.0.4
[INFO] [stderr]    Compiling fancy-regex v0.11.0
[INFO] [stderr]    Compiling thiserror-impl v1.0.38
[INFO] [stderr]    Compiling clap_derive v4.1.0
[INFO] [stderr]    Compiling thiserror v1.0.38
[INFO] [stderr]    Compiling termimad v0.14.3
[INFO] [stderr]    Compiling clap v4.1.4
[INFO] [stderr]    Compiling rusqlite v0.28.0
[INFO] [stderr]    Compiling term_keep v1.2.1 (/opt/rustwide/workdir)
[INFO] [stderr]     Finished `release` profile [optimized] target(s) in 49.22s
[INFO] running `Command { std: "docker" "inspect" "041f3fe72c72c1b1734d963820a3c5a562fd41305323c3ccf4690584b2dc9e90", kill_on_drop: false }`
[INFO] running `Command { std: "docker" "exec" "-e" "SOURCE_DIR=/opt/rustwide/workdir" "-e" "CARGO_HOME=/opt/rustwide/cargo-home" "-e" "RUSTUP_HOME=/opt/rustwide/rustup-home" "-e" "CARGO_TARGET_DIR=/opt/rustwide/target" "-e" "CARGO_INCREMENTAL=0" "-e" "RUST_BACKTRACE=full" "-e" "RUSTFLAGS=--cap-lints=warn" "-e" "RUSTDOCFLAGS=--cap-lints=warn" "-w" "/opt/rustwide/workdir" "--user" "0:0" "041f3fe72c72c1b1734d963820a3c5a562fd41305323c3ccf4690584b2dc9e90" "/opt/rustwide/cargo-home/bin/cargo" "+1.100.0-beta.1" "test" "--frozen" "--no-run" "--message-format=json" "--release", kill_on_drop: false }`
[INFO] [stderr] warning: `package.homepage` is redundant with `package.repository`
[INFO] [stderr]   --> Cargo.toml:68:12
[INFO] [stderr]    |
[INFO] [stderr] 68 | homepage = "https://github.com/ChrisVilches/Term-Keep"
[INFO] [stderr]    |            ^^^^^^^^^^^^^^^^^^^^^^^^^^^^^^^^^^^^^^^^^^^
[INFO] [stderr] ...
[INFO] [stderr] 72 | repository = "https://github.com/ChrisVilches/Term-Keep"
[INFO] [stderr]    |              -------------------------------------------
[INFO] [stderr]    |
[INFO] [stderr]    = note: `cargo::redundant_homepage` is set to `warn` by default
[INFO] [stderr] help: consider removing `package.homepage`
[INFO] [stderr] warning: `term_keep` (manifest) generated 1 warning
[INFO] [stderr]    Compiling syn v1.0.107
[INFO] [stderr]    Compiling proc-macro-error v1.0.4
[INFO] [stderr]    Compiling thiserror-impl v1.0.38
[INFO] [stderr]    Compiling clap_derive v4.1.0
[INFO] [stderr]    Compiling test-case-macros v2.2.2
[INFO] [stderr]    Compiling test-case v2.2.2
[INFO] [stderr]    Compiling thiserror v1.0.38
[INFO] [stderr]    Compiling termimad v0.14.3
[INFO] [stderr]    Compiling clap v4.1.4
[INFO] [stderr]    Compiling term_keep v1.2.1 (/opt/rustwide/workdir)
[INFO] [stderr]     Finished `release` profile [optimized] target(s) in 6.52s
[INFO] running `Command { std: "docker" "inspect" "041f3fe72c72c1b1734d963820a3c5a562fd41305323c3ccf4690584b2dc9e90", kill_on_drop: false }`
[INFO] running `Command { std: "docker" "exec" "-e" "SOURCE_DIR=/opt/rustwide/workdir" "-e" "CARGO_HOME=/opt/rustwide/cargo-home" "-e" "RUSTUP_HOME=/opt/rustwide/rustup-home" "-e" "CARGO_TARGET_DIR=/opt/rustwide/target" "-e" "CARGO_INCREMENTAL=0" "-e" "RUST_BACKTRACE=full" "-e" "RUSTFLAGS=--cap-lints=warn" "-e" "RUSTDOCFLAGS=--cap-lints=warn" "-w" "/opt/rustwide/workdir" "--user" "0:0" "041f3fe72c72c1b1734d963820a3c5a562fd41305323c3ccf4690584b2dc9e90" "/opt/rustwide/cargo-home/bin/cargo" "+1.100.0-beta.1" "test" "--frozen" "--release", kill_on_drop: false }`
[INFO] [stderr] warning: `package.homepage` is redundant with `package.repository`
[INFO] [stderr]   --> Cargo.toml:68:12
[INFO] [stderr]    |
[INFO] [stderr] 68 | homepage = "https://github.com/ChrisVilches/Term-Keep"
[INFO] [stderr]    |            ^^^^^^^^^^^^^^^^^^^^^^^^^^^^^^^^^^^^^^^^^^^
[INFO] [stderr] ...
[INFO] [stderr] 72 | repository = "https://github.com/ChrisVilches/Term-Keep"
[INFO] [stderr]    |              -------------------------------------------
[INFO] [stderr]    |
[INFO] [stderr]    = note: `cargo::redundant_homepage` is set to `warn` by default
[INFO] [stderr] help: consider removing `package.homepage`
[INFO] [stderr] warning: `term_keep` (manifest) generated 1 warning
[INFO] [stderr]     Finished `release` profile [optimized] target(s) in 0.06s
[INFO] [stderr]      Running unittests src/lib.rs (/opt/rustwide/target/release/build/term_keep/545e2055a5228450/out/term_keep-545e2055a5228450)
[INFO] [stdout] 
[INFO] [stdout] running 62 tests
[INFO] [stdout] test cli::parser::tests::test_should_show_logo ... ok
[INFO] [stdout] test cli::parser::tests::test_should_show_tips ... ok
[INFO] [stdout] test models::note::tests::test_require_id ... ok
[INFO] [stdout] test models::note::tests::test_is_edited ... ok
[INFO] [stdout] test models::task_status::tests::test_column_result ... ok
[INFO] [stdout] test models::task_status::tests::test_from_string ... ok
[INFO] [stdout] test models::task_status::tests::test_from_string_invalid ... ok
[INFO] [stdout] test models::task_status::tests::test_to_sql ... ok
[INFO] [stdout] test util::checklists::tests::test_checklist_completion_checked ... ok
[INFO] [stdout] test util::checklists::tests::test_checklist_completion_empty ... ok
[INFO] [stdout] test models::note::tests::test_require_id_panic - should panic ... ok
[INFO] [stdout] test util::checklists::tests::test_checklist_completion ... ok
[INFO] [stdout] test util::checklists::tests::test_checklist_completion_invalid ... ok
[INFO] [stdout] test util::env::tests::test_get_bool ... ok
[INFO] [stdout] test util::env::tests::test_get_bool_default ... ok
[INFO] [stdout] test util::cli::tests::test_validate_text_input_mode ... ok
[INFO] [stdout] test util::env::tests::test_get_env_var ... ok
[INFO] [stdout] test util::checklists::tests::test_format_checklist ... ok
[INFO] [stdout] test util::env::tests::test_require_string_env_var ... ok
[INFO] [stdout] test util::env::tests::test_get_bool_empty ... ok
[INFO] [stdout] test util::search::tests::test_results_string::_0_results_expects ... ok
[INFO] [stdout] test util::search::tests::test_results_string::_2_results_expects ... ok
[INFO] [stdout] test util::env::tests::test_prefixed_env_var ... ok
[INFO] [stdout] test util::search::tests::test_results_string::_3_results_expects ... ok
[INFO] [stdout] test util::search::tests::test_results_string::_4_results_expects ... ok
[INFO] [stdout] test services::tags::tests::test_extract_all_tags_case_sensitive::vec_tag_tag_tag_vec_tag_2_tag_1_expects ... ok
[INFO] [stdout] test util::search::tests::test_results_string::_1_result_expects ... ok
[INFO] [stdout] test util::strings::tests::test_count_lines ... ok
[INFO] [stdout] test util::strings::tests::test_first_line ... ok
[INFO] [stdout] test services::tags::tests::test_extract_all_tags_case_sensitive::extra_spaces ... ok
[INFO] [stdout] test services::tags::tests::test_extract_all_tags::vec_a_a_vec_a_2_expects ... ok
[INFO] [stdout] test util::strings::tests::test_truncate_string_ellipsis ... ok
[INFO] [stdout] test util::strings::tests::test_truncate_string_ellipsis_hindi ... ok
[INFO] [stdout] test services::tags::tests::test_extract_all_tags_case_sensitive::vec_aaa_bbb_cc_dd_ee_vec_expects ... ok
[INFO] [stdout] test util::strings::tests::test_bool_to_str ... ok
[INFO] [stdout] test services::tags::tests::test_extract_all_tags_case_sensitive::vec_a_a_b_c_vec_a_2_b_1_c_1_expects ... ok
[INFO] [stdout] test util::tags::tests::test_extract_tags::_a_b_vec_a_b_expects ... ok
[INFO] [stdout] test util::tags::tests::test_extract_tags::_aaa_bbb_vec_aaa_bbb_expects ... ok
[INFO] [stdout] test util::tags::tests::test_extract_tags::_a_a_a_a_vec_a_a_a_a_expects ... ok
[INFO] [stdout] test services::tags::tests::test_extract_all_tags::vec_a_a_vec_a_1_expects ... ok
[INFO] [stdout] test services::tags::tests::test_extract_all_tags_case_sensitive::vec_this_タグ_is_supported_tag_タグ_and_text_vec_タグ_2_text_1_expects ... ok
[INFO] [stdout] test services::tags::tests::test_extract_all_tags_case_sensitive::vec_a_a_vec_a_1_a_1_expects ... ok
[INFO] [stdout] test util::tags::tests::test_extract_tags::_first_period_last_slash_slash_vec_first_last_expects ... ok
[INFO] [stdout] test services::tags::tests::test_extract_all_tags::vec_tag_tag_tag_vec_tag_2_expects ... ok
[INFO] [stdout] test services::tags::tests::test_extract_all_tags_case_sensitive::vec_a_a_c_c_vec_a_2_c_2_expects ... ok
[INFO] [stdout] test util::tags::tests::test_extract_tags::_invalid_tags_aaaa_bbbb_end_vec_expects ... ok
[INFO] [stdout] test util::tags::tests::test_extract_tags::_japanese_space_vec_expects ... ok
[INFO] [stdout] test util::tags::tests::test_extract_tags::_aa_bb_vec_aa_bb_expects ... ok
[INFO] [stdout] test util::tags::tests::test_extract_tags::_invalid_tags_end_vec_expects ... ok
[INFO] [stdout] test util::tags::tests::test_extract_tags::_some_animals_vec_expects ... ok
[INFO] [stdout] test util::tags::tests::test_extract_tags::_some_tags_with_n_newlines_vec_tags_newlines_expects ... ok
[INFO] [stdout] test util::tags::tests::test_extract_tags::_some_tag_nwith_spaces_vec_tag_expects ... ok
[INFO] [stdout] test util::tags::tests::test_extract_tags::_this_text_is_a_tag_vec_text_expects ... ok
[INFO] [stdout] test util::tags::tests::test_tag_regex::_aaa_bbb_false_expects ... ok
[INFO] [stdout] test util::tags::tests::test_tag_regex::_cccc_true_expects ... ok
[INFO] [stdout] test util::tags::tests::test_tag_regex::_b_true_expects ... ok
[INFO] [stdout] test util::tags::tests::test_tag_regex::_ddd_true_expects ... ok
[INFO] [stdout] test util::tags::tests::test_tag_regex::_eeeee_false_expects ... ok
[INFO] [stdout] test util::tags::tests::test_extract_tags::_two_tags_tag_and_tag_vec_tag_tag_expects ... ok
[INFO] [stdout] test util::tags::tests::test_tag_regex::_fffff_true_expects ... ok
[INFO] [stdout] test util::tags::tests::test_tag_regex::empty ... ok
[INFO] [stdout] test util::tags::tests::test_tag_regex::only_hashtag ... ok
[INFO] [stdout] 
[INFO] [stdout] test result: ok. 62 passed; 0 failed; 0 ignored; 0 measured; 0 filtered out; finished in 0.00s
[INFO] [stdout] 
[INFO] [stderr]      Running unittests src/main.rs (/opt/rustwide/target/release/build/term_keep/a48ae544cd8de952/out/term_keep-a48ae544cd8de952)
[INFO] [stdout] 
[INFO] [stdout] running 0 tests
[INFO] [stdout] 
[INFO] [stdout] test result: ok. 0 passed; 0 failed; 0 ignored; 0 measured; 0 filtered out; finished in 0.00s
[INFO] [stdout] 
[INFO] [stderr]      Running tests/integration/main.rs (/opt/rustwide/target/release/build/term_keep/b0dbe01349afec18/out/integration-b0dbe01349afec18)
[INFO] [stdout] 
[INFO] [stdout] running 22 tests
[INFO] [stderr] warning: `package.homepage` is redundant with `package.repository`
[INFO] [stderr]   --> Cargo.toml:68:12
[INFO] [stderr]    |
[INFO] [stderr] 68 | homepage = "https://github.com/ChrisVilches/Term-Keep"
[INFO] [stderr]    |            ^^^^^^^^^^^^^^^^^^^^^^^^^^^^^^^^^^^^^^^^^^^
[INFO] [stderr] ...
[INFO] [stderr] 72 | repository = "https://github.com/ChrisVilches/Term-Keep"
[INFO] [stderr]    |              -------------------------------------------
[INFO] [stderr]    |
[INFO] [stderr]    = note: `cargo::redundant_homepage` is set to `warn` by default
[INFO] [stderr] help: consider removing `package.homepage`
[INFO] [stderr] warning: `term_keep` (manifest) generated 1 warning
[INFO] [stderr]    Compiling libc v0.2.139
[INFO] [stderr]    Compiling cfg-if v1.0.0
[INFO] [stderr]    Compiling autocfg v1.1.0
[INFO] [stderr]    Compiling version_check v0.9.4
[INFO] [stderr]    Compiling proc-macro2 v1.0.51
[INFO] [stderr]    Compiling scopeguard v1.1.0
[INFO] [stderr]    Compiling unicode-ident v1.0.6
[INFO] [stderr]    Compiling crossbeam-utils v0.8.14
[INFO] [stderr]    Compiling quote v1.0.23
[INFO] [stderr]    Compiling once_cell v1.17.0
[INFO] [stderr]    Compiling syn v1.0.107
[INFO] [stderr]    Compiling smallvec v1.10.0
[INFO] [stderr]    Compiling bitflags v1.3.2
[INFO] [stderr]    Compiling log v0.4.17
[INFO] [stderr]    Compiling parking_lot_core v0.8.6
[INFO] [stderr]    Compiling signal-hook v0.3.14
[INFO] [stderr]    Compiling memchr v2.5.0
[INFO] [stderr]    Compiling io-lifetimes v1.0.5
[INFO] [stderr]    Compiling instant v0.1.12
[INFO] [stderr]    Compiling crossbeam-queue v0.3.8
[INFO] [stderr]    Compiling rustix v0.36.8
[INFO] [stderr]    Compiling vcpkg v0.2.15
[INFO] [stderr]    Compiling pkg-config v0.3.26
[INFO] [stderr]    Compiling cc v1.0.79
[INFO] [stderr]    Compiling rayon-core v1.10.2
[INFO] [stderr]    Compiling parking_lot_core v0.9.7
[INFO] [stderr]    Compiling linux-raw-sys v0.1.4
[INFO] [stderr]    Compiling either v1.8.1
[INFO] [stderr]    Compiling ahash v0.7.6
[INFO] [stderr]    Compiling memoffset v0.7.1
[INFO] [stderr]    Compiling crossbeam-epoch v0.9.13
[INFO] [stderr]    Compiling lock_api v0.4.9
[INFO] [stderr]    Compiling num-traits v0.2.15
[INFO] [stderr]    Compiling proc-macro-error-attr v1.0.4
[INFO] [stderr]    Compiling num-integer v0.1.45
[INFO] [stderr]    Compiling proc-macro-error v1.0.4
[INFO] [stderr]    Compiling thiserror v1.0.38
[INFO] [stderr]    Compiling anyhow v1.0.69
[INFO] [stderr]    Compiling heck v0.4.1
[INFO] [stderr]    Compiling crossbeam-channel v0.5.6
[INFO] [stderr]    Compiling aho-corasick v0.7.20
[INFO] [stderr]    Compiling iana-time-zone v0.1.53
[INFO] [stderr]    Compiling fastrand v1.8.0
[INFO] [stderr]    Compiling regex-syntax v0.6.28
[INFO] [stderr]    Compiling ppv-lite86 v0.2.17
[INFO] [stderr]    Compiling remove_dir_all v0.5.3
[INFO] [stderr]    Compiling os_str_bytes v6.4.1
[INFO] [stderr]    Compiling bit-vec v0.6.3
[INFO] [stderr]    Compiling crossbeam-deque v0.8.2
[INFO] [stderr]    Compiling thread_local v1.1.4
[INFO] [stderr]    Compiling bit-set v0.5.3
[INFO] [stderr]    Compiling clap_lex v0.3.1
[INFO] [stderr]    Compiling minimad v0.8.0
[INFO] [stderr]    Compiling fallible-iterator v0.2.0
[INFO] [stderr]    Compiling fallible-streaming-iterator v0.1.9
[INFO] [stderr]    Compiling crossbeam v0.8.2
[INFO] [stderr]    Compiling lazy_static v1.4.0
[INFO] [stderr]    Compiling strsim v0.10.0
[INFO] [stderr]    Compiling unicode-width v0.1.10
[INFO] [stderr]    Compiling termcolor v1.2.0
[INFO] [stderr]    Compiling fuzzy-matcher v0.3.7
[INFO] [stderr]    Compiling unicode-segmentation v1.10.1
[INFO] [stderr]    Compiling libsqlite3-sys v0.25.2
[INFO] [stderr]    Compiling getrandom v0.2.8
[INFO] [stderr]    Compiling signal-hook-registry v1.4.0
[INFO] [stderr]    Compiling mio v0.7.14
[INFO] [stderr]    Compiling time v0.1.45
[INFO] [stderr]    Compiling num_cpus v1.15.0
[INFO] [stderr]    Compiling parking_lot v0.11.2
[INFO] [stderr]    Compiling rand_core v0.6.4
[INFO] [stderr]    Compiling which v4.4.0
[INFO] [stderr]    Compiling hashbrown v0.12.3
[INFO] [stderr]    Compiling rand_chacha v0.3.1
[INFO] [stderr]    Compiling signal-hook-mio v0.2.3
[INFO] [stderr]    Compiling atty v0.2.14
[INFO] [stderr]    Compiling tempfile v3.3.0
[INFO] [stderr]    Compiling crossterm v0.20.0
[INFO] [stderr]    Compiling chrono v0.4.23
[INFO] [stderr]    Compiling colored v2.0.0
[INFO] [stderr]    Compiling edit v0.1.4
[INFO] [stderr]    Compiling rand v0.8.5
[INFO] [stderr]    Compiling parking_lot v0.12.1
[INFO] [stderr]    Compiling rayon v1.6.1
[INFO] [stderr]    Compiling hashlink v0.8.1
[INFO] [stderr]    Compiling regex v1.7.1
[INFO] [stderr]    Compiling is-terminal v0.4.3
[INFO] [stderr]    Compiling thiserror-impl v1.0.38
[INFO] [stderr]    Compiling clap_derive v4.1.0
[INFO] [stderr]    Compiling fancy-regex v0.11.0
[INFO] [stderr]    Compiling termimad v0.14.3
[INFO] [stderr]    Compiling clap v4.1.4
[INFO] [stderr]    Compiling rusqlite v0.28.0
[INFO] [stderr]    Compiling term_keep v1.2.1 (/opt/rustwide/workdir)
[INFO] [stderr]     Finished `dev` profile [unoptimized + debuginfo] target(s) in 8.76s
[INFO] [stdout] test cli_test::test_logo ... FAILED
[INFO] [stdout] test cli_test::test_archive_all_done ... FAILED
[INFO] [stdout] test cli_test::test_edit_note ... FAILED
[INFO] [stdout] test cli_test::test_info ... FAILED
[INFO] [stdout] test cli_test::test_pin ... FAILED
[INFO] [stdout] test cli_test::test_new_note ... FAILED
[INFO] [stdout] test cli_test::test_pin_display_order ... FAILED
[INFO] [stdout] test cli_test::test_note_count ... FAILED
[INFO] [stdout] test cli_test::test_remove ... FAILED
[INFO] [stdout] test cli_test::test_remove_templates ... FAILED
[INFO] [stdout] test cli_test::test_search_by_tags ... FAILED
[INFO] [stdout] test cli_test::test_search_fuzzy ... FAILED
[INFO] [stdout] test cli_test::test_show ... FAILED
[INFO] [stdout] test cli_test::test_show_format_and_plain ... FAILED
[INFO] [stdout] test cli_test::test_show_tags ... FAILED
[INFO] [stdout] test cli_test::test_subtasks ... FAILED
[INFO] [stdout] test cli_test::test_task_status ... FAILED
[INFO] [stdout] test cli_test::test_templates ... FAILED
[INFO] [stdout] test cli_test::test_upsert_templates ... FAILED
[INFO] [stdout] test notes_service::test_add_one_note ... ok
[INFO] [stdout] test notes_service::test_archived ... ok
[INFO] [stdout] test notes_service::test_empty_notes ... ok
[INFO] [stdout] 
[INFO] [stdout] failures:
[INFO] [stdout] 
[INFO] [stdout] ---- cli_test::test_logo stdout ----
[INFO] [stdout] 
[INFO] [stdout] thread 'cli_test::test_logo' (2142) panicked at tests/integration/common/runner.rs:51:6:
[INFO] [stdout] Should create child process: Os { code: 2, kind: NotFound, message: "No such file or directory" }
[INFO] [stdout] stack backtrace:
[INFO] [stdout]    0:     0x5b6d224e0611 - <<std[617be2ca0a6fd877]::sys::backtrace::BacktraceLock>::print::DisplayBacktrace as core[a373ad73a504971]::fmt::Display>::fmt
[INFO] [stdout]    1:     0x5b6d224f55aa - core[a373ad73a504971]::fmt::write
[INFO] [stdout]    2:     0x5b6d224e494c - <alloc[2e1b2a31b91974c5]::vec::Vec<u8> as core[a373ad73a504971]::io::write::Write>::write_fmt
[INFO] [stdout]    3:     0x5b6d224bc116 - std[617be2ca0a6fd877]::panicking::default_hook::{closure#0}
[INFO] [stdout]    4:     0x5b6d224d89f9 - std[617be2ca0a6fd877]::panicking::default_hook
[INFO] [stdout]    5:     0x5b6d222e6b70 - test[aada8e7e76ba119b]::test_main_inner::{closure#0}
[INFO] [stdout]    6:     0x5b6d224d8bb2 - std[617be2ca0a6fd877]::panicking::panic_with_hook
[INFO] [stdout]    7:     0x5b6d224bc1c2 - std[617be2ca0a6fd877]::panicking::panic_handler::{closure#0}
[INFO] [stdout]    8:     0x5b6d224b4c69 - std[617be2ca0a6fd877]::sys::backtrace::__rust_end_short_backtrace::<std[617be2ca0a6fd877]::panicking::panic_handler::{closure#0}, !>
[INFO] [stdout]    9:     0x5b6d224bce6d - __rustc[ea4f61d10b84890b]::rust_begin_unwind
[INFO] [stdout]   10:     0x5b6d224f5d0c - core[a373ad73a504971]::panicking::panic_fmt
[INFO] [stdout]   11:     0x5b6d224f5ae2 - core[a373ad73a504971]::result::unwrap_failed
[INFO] [stdout]   12:     0x5b6d222d6a19 - integration[2cca86764c088cec]::common::runner::run_app_with_stdin
[INFO] [stdout]   13:     0x5b6d222d6c73 - integration[2cca86764c088cec]::common::runner::run_and_grep_stdout
[INFO] [stdout]   14:     0x5b6d222d9ca0 - <integration[2cca86764c088cec]::cli_test::test_logo::{closure#0} as core[a373ad73a504971]::ops::function::FnOnce<()>>::call_once
[INFO] [stdout]   15:     0x5b6d222d9fbb - test[aada8e7e76ba119b]::__rust_begin_short_backtrace::<core[a373ad73a504971]::result::Result<(), alloc[2e1b2a31b91974c5]::string::String>, fn() -> core[a373ad73a504971]::result::Result<(), alloc[2e1b2a31b91974c5]::string::String>>
[INFO] [stdout]   16:     0x5b6d222e7195 - test[aada8e7e76ba119b]::run_test::{closure#0}
[INFO] [stdout]   17:     0x5b6d222e0a84 - std[617be2ca0a6fd877]::sys::backtrace::__rust_begin_short_backtrace::<test[aada8e7e76ba119b]::run_test::{closure#1}, ()>
[INFO] [stdout]   18:     0x5b6d222ea222 - <std[617be2ca0a6fd877]::thread::lifecycle::spawn_unchecked<test[aada8e7e76ba119b]::run_test::{closure#1}, ()>::{closure#1} as core[a373ad73a504971]::ops::function::FnOnce<()>>::call_once::{shim:vtable#0}
[INFO] [stdout]   19:     0x5b6d224dfe6f - <std[617be2ca0a6fd877]::sys::thread::unix::Thread>::new::thread_start
[INFO] [stdout]   20:     0x740ee0ff1dfa - <unknown>
[INFO] [stdout]   21:     0x740ee10853d4 - clone
[INFO] [stdout]   22:                0x0 - <unknown>
[INFO] [stdout] 
[INFO] [stdout] ---- cli_test::test_archive_all_done stdout ----
[INFO] [stdout] 
[INFO] [stdout] thread 'cli_test::test_archive_all_done' (2139) panicked at tests/integration/common/runner.rs:51:6:
[INFO] [stdout] Should create child process: Os { code: 2, kind: NotFound, message: "No such file or directory" }
[INFO] [stdout] stack backtrace:
[INFO] [stdout]    0:     0x5b6d224e0611 - <<std[617be2ca0a6fd877]::sys::backtrace::BacktraceLock>::print::DisplayBacktrace as core[a373ad73a504971]::fmt::Display>::fmt
[INFO] [stdout]    1:     0x5b6d224f55aa - core[a373ad73a504971]::fmt::write
[INFO] [stdout]    2:     0x5b6d224e494c - <alloc[2e1b2a31b91974c5]::vec::Vec<u8> as core[a373ad73a504971]::io::write::Write>::write_fmt
[INFO] [stdout]    3:     0x5b6d224bc116 - std[617be2ca0a6fd877]::panicking::default_hook::{closure#0}
[INFO] [stdout]    4:     0x5b6d224d89f9 - std[617be2ca0a6fd877]::panicking::default_hook
[INFO] [stdout]    5:     0x5b6d222e6b70 - test[aada8e7e76ba119b]::test_main_inner::{closure#0}
[INFO] [stdout]    6:     0x5b6d224d8bb2 - std[617be2ca0a6fd877]::panicking::panic_with_hook
[INFO] [stdout]    7:     0x5b6d224bc1c2 - std[617be2ca0a6fd877]::panicking::panic_handler::{closure#0}
[INFO] [stdout]    8:     0x5b6d224b4c69 - std[617be2ca0a6fd877]::sys::backtrace::__rust_end_short_backtrace::<std[617be2ca0a6fd877]::panicking::panic_handler::{closure#0}, !>
[INFO] [stdout]    9:     0x5b6d224bce6d - __rustc[ea4f61d10b84890b]::rust_begin_unwind
[INFO] [stdout]   10:     0x5b6d224f5d0c - core[a373ad73a504971]::panicking::panic_fmt
[INFO] [stdout]   11:     0x5b6d224f5ae2 - core[a373ad73a504971]::result::unwrap_failed
[INFO] [stdout]   12:     0x5b6d222d6a19 - integration[2cca86764c088cec]::common::runner::run_app_with_stdin
[INFO] [stdout]   13:     0x5b6d222d6226 - integration[2cca86764c088cec]::cli_test::test_archive_all_done::{closure#0}
[INFO] [stdout]   14:     0x5b6d222d2ee4 - integration[2cca86764c088cec]::common::runner::exec_test::<integration[2cca86764c088cec]::cli_test::test_archive_all_done::{closure#1}>
[INFO] [stdout]   15:     0x5b6d222d9b24 - <integration[2cca86764c088cec]::cli_test::test_archive_all_done::{closure#0} as core[a373ad73a504971]::ops::function::FnOnce<()>>::call_once
[INFO] [stdout]   16:     0x5b6d222d9fbb - test[aada8e7e76ba119b]::__rust_begin_short_backtrace::<core[a373ad73a504971]::result::Result<(), alloc[2e1b2a31b91974c5]::string::String>, fn() -> core[a373ad73a504971]::result::Result<(), alloc[2e1b2a31b91974c5]::string::String>>
[INFO] [stdout]   17:     0x5b6d222e7195 - test[aada8e7e76ba119b]::run_test::{closure#0}
[INFO] [stdout]   18:     0x5b6d222e0a84 - std[617be2ca0a6fd877]::sys::backtrace::__rust_begin_short_backtrace::<test[aada8e7e76ba119b]::run_test::{closure#1}, ()>
[INFO] [stdout]   19:     0x5b6d222ea222 - <std[617be2ca0a6fd877]::thread::lifecycle::spawn_unchecked<test[aada8e7e76ba119b]::run_test::{closure#1}, ()>::{closure#1} as core[a373ad73a504971]::ops::function::FnOnce<()>>::call_once::{shim:vtable#0}
[INFO] [stdout]   20:     0x5b6d224dfe6f - <std[617be2ca0a6fd877]::sys::thread::unix::Thread>::new::thread_start
[INFO] [stdout]   21:     0x740ee0ff1dfa - <unknown>
[INFO] [stdout]   22:     0x740ee10853d4 - clone
[INFO] [stdout]   23:                0x0 - <unknown>
[INFO] [stdout] 
[INFO] [stdout] ---- cli_test::test_edit_note stdout ----
[INFO] [stdout] 
[INFO] [stdout] thread 'cli_test::test_edit_note' (2140) panicked at tests/integration/common/runner.rs:51:6:
[INFO] [stdout] Should create child process: Os { code: 2, kind: NotFound, message: "No such file or directory" }
[INFO] [stdout] stack backtrace:
[INFO] [stdout]    0:     0x5b6d224e0611 - <<std[617be2ca0a6fd877]::sys::backtrace::BacktraceLock>::print::DisplayBacktrace as core[a373ad73a504971]::fmt::Display>::fmt
[INFO] [stdout]    1:     0x5b6d224f55aa - core[a373ad73a504971]::fmt::write
[INFO] [stdout]    2:     0x5b6d224e494c - <alloc[2e1b2a31b91974c5]::vec::Vec<u8> as core[a373ad73a504971]::io::write::Write>::write_fmt
[INFO] [stdout]    3:     0x5b6d224bc116 - std[617be2ca0a6fd877]::panicking::default_hook::{closure#0}
[INFO] [stdout]    4:     0x5b6d224d89f9 - std[617be2ca0a6fd877]::panicking::default_hook
[INFO] [stdout]    5:     0x5b6d222e6b70 - test[aada8e7e76ba119b]::test_main_inner::{closure#0}
[INFO] [stdout]    6:     0x5b6d224d8bb2 - std[617be2ca0a6fd877]::panicking::panic_with_hook
[INFO] [stdout]    7:     0x5b6d224bc1c2 - std[617be2ca0a6fd877]::panicking::panic_handler::{closure#0}
[INFO] [stdout]    8:     0x5b6d224b4c69 - std[617be2ca0a6fd877]::sys::backtrace::__rust_end_short_backtrace::<std[617be2ca0a6fd877]::panicking::panic_handler::{closure#0}, !>
[INFO] [stdout]    9:     0x5b6d224bce6d - __rustc[ea4f61d10b84890b]::rust_begin_unwind
[INFO] [stdout]   10:     0x5b6d224f5d0c - core[a373ad73a504971]::panicking::panic_fmt
[INFO] [stdout]   11:     0x5b6d224f5ae2 - core[a373ad73a504971]::result::unwrap_failed
[INFO] [stdout]   12:     0x5b6d222d6a19 - integration[2cca86764c088cec]::common::runner::run_app_with_stdin
[INFO] [stdout]   13:     0x5b6d222cfcef - integration[2cca86764c088cec]::common::runner::exec_test::<integration[2cca86764c088cec]::cli_test::test_edit_note::{closure#0}>
[INFO] [stdout]   14:     0x5b6d222d9a09 - <integration[2cca86764c088cec]::cli_test::test_edit_note::{closure#0} as core[a373ad73a504971]::ops::function::FnOnce<()>>::call_once
[INFO] [stdout]   15:     0x5b6d222d9fbb - test[aada8e7e76ba119b]::__rust_begin_short_backtrace::<core[a373ad73a504971]::result::Result<(), alloc[2e1b2a31b91974c5]::string::String>, fn() -> core[a373ad73a504971]::result::Result<(), alloc[2e1b2a31b91974c5]::string::String>>
[INFO] [stdout]   16:     0x5b6d222e7195 - test[aada8e7e76ba119b]::run_test::{closure#0}
[INFO] [stdout]   17:     0x5b6d222e0a84 - std[617be2ca0a6fd877]::sys::backtrace::__rust_begin_short_backtrace::<test[aada8e7e76ba119b]::run_test::{closure#1}, ()>
[INFO] [stdout]   18:     0x5b6d222ea222 - <std[617be2ca0a6fd877]::thread::lifecycle::spawn_unchecked<test[aada8e7e76ba119b]::run_test::{closure#1}, ()>::{closure#1} as core[a373ad73a504971]::ops::function::FnOnce<()>>::call_once::{shim:vtable#0}
[INFO] [stdout]   19:     0x5b6d224dfe6f - <std[617be2ca0a6fd877]::sys::thread::unix::Thread>::new::thread_start
[INFO] [stdout]   20:     0x740ee0ff1dfa - <unknown>
[INFO] [stdout]   21:     0x740ee10853d4 - clone
[INFO] [stdout]   22:                0x0 - <unknown>
[INFO] [stdout] 
[INFO] [stdout] ---- cli_test::test_info stdout ----
[INFO] [stdout] 
[INFO] [stdout] thread 'cli_test::test_info' (2141) panicked at tests/integration/common/runner.rs:51:6:
[INFO] [stdout] Should create child process: Os { code: 2, kind: NotFound, message: "No such file or directory" }
[INFO] [stdout] stack backtrace:
[INFO] [stdout]    0:     0x5b6d224e0611 - <<std[617be2ca0a6fd877]::sys::backtrace::BacktraceLock>::print::DisplayBacktrace as core[a373ad73a504971]::fmt::Display>::fmt
[INFO] [stdout]    1:     0x5b6d224f55aa - core[a373ad73a504971]::fmt::write
[INFO] [stdout]    2:     0x5b6d224e494c - <alloc[2e1b2a31b91974c5]::vec::Vec<u8> as core[a373ad73a504971]::io::write::Write>::write_fmt
[INFO] [stdout]    3:     0x5b6d224bc116 - std[617be2ca0a6fd877]::panicking::default_hook::{closure#0}
[INFO] [stdout]    4:     0x5b6d224d89f9 - std[617be2ca0a6fd877]::panicking::default_hook
[INFO] [stdout]    5:     0x5b6d222e6b70 - test[aada8e7e76ba119b]::test_main_inner::{closure#0}
[INFO] [stdout]    6:     0x5b6d224d8bb2 - std[617be2ca0a6fd877]::panicking::panic_with_hook
[INFO] [stdout]    7:     0x5b6d224bc1c2 - std[617be2ca0a6fd877]::panicking::panic_handler::{closure#0}
[INFO] [stdout]    8:     0x5b6d224b4c69 - std[617be2ca0a6fd877]::sys::backtrace::__rust_end_short_backtrace::<std[617be2ca0a6fd877]::panicking::panic_handler::{closure#0}, !>
[INFO] [stdout]    9:     0x5b6d224bce6d - __rustc[ea4f61d10b84890b]::rust_begin_unwind
[INFO] [stdout]   10:     0x5b6d224f5d0c - core[a373ad73a504971]::panicking::panic_fmt
[INFO] [stdout]   11:     0x5b6d224f5ae2 - core[a373ad73a504971]::result::unwrap_failed
[INFO] [stdout]   12:     0x5b6d222d6a19 - integration[2cca86764c088cec]::common::runner::run_app_with_stdin
[INFO] [stdout]   13:     0x5b6d222d54cb - integration[2cca86764c088cec]::common::runner::exec_test::<integration[2cca86764c088cec]::cli_test::test_info::{closure#0}>
[INFO] [stdout]   14:     0x5b6d222d9c19 - <integration[2cca86764c088cec]::cli_test::test_info::{closure#0} as core[a373ad73a504971]::ops::function::FnOnce<()>>::call_once
[INFO] [stdout]   15:     0x5b6d222d9fbb - test[aada8e7e76ba119b]::__rust_begin_short_backtrace::<core[a373ad73a504971]::result::Result<(), alloc[2e1b2a31b91974c5]::string::String>, fn() -> core[a373ad73a504971]::result::Result<(), alloc[2e1b2a31b91974c5]::string::String>>
[INFO] [stdout]   16:     0x5b6d222e7195 - test[aada8e7e76ba119b]::run_test::{closure#0}
[INFO] [stdout]   17:     0x5b6d222e0a84 - std[617be2ca0a6fd877]::sys::backtrace::__rust_begin_short_backtrace::<test[aada8e7e76ba119b]::run_test::{closure#1}, ()>
[INFO] [stdout]   18:     0x5b6d222ea222 - <std[617be2ca0a6fd877]::thread::lifecycle::spawn_unchecked<test[aada8e7e76ba119b]::run_test::{closure#1}, ()>::{closure#1} as core[a373ad73a504971]::ops::function::FnOnce<()>>::call_once::{shim:vtable#0}
[INFO] [stdout]   19:     0x5b6d224dfe6f - <std[617be2ca0a6fd877]::sys::thread::unix::Thread>::new::thread_start
[INFO] [stdout]   20:     0x740ee0ff1dfa - <unknown>
[INFO] [stdout]   21:     0x740ee10853d4 - clone
[INFO] [stdout]   22:                0x0 - <unknown>
[INFO] [stdout] 
[INFO] [stdout] ---- cli_test::test_pin stdout ----
[INFO] [stdout] 
[INFO] [stdout] thread 'cli_test::test_pin' (2145) panicked at tests/integration/common/runner.rs:51:6:
[INFO] [stdout] Should create child process: Os { code: 2, kind: NotFound, message: "No such file or directory" }
[INFO] [stdout] stack backtrace:
[INFO] [stdout]    0:     0x5b6d224e0611 - <<std[617be2ca0a6fd877]::sys::backtrace::BacktraceLock>::print::DisplayBacktrace as core[a373ad73a504971]::fmt::Display>::fmt
[INFO] [stdout]    1:     0x5b6d224f55aa - core[a373ad73a504971]::fmt::write
[INFO] [stdout]    2:     0x5b6d224e494c - <alloc[2e1b2a31b91974c5]::vec::Vec<u8> as core[a373ad73a504971]::io::write::Write>::write_fmt
[INFO] [stdout]    3:     0x5b6d224bc116 - std[617be2ca0a6fd877]::panicking::default_hook::{closure#0}
[INFO] [stdout]    4:     0x5b6d224d89f9 - std[617be2ca0a6fd877]::panicking::default_hook
[INFO] [stdout]    5:     0x5b6d222e6b70 - test[aada8e7e76ba119b]::test_main_inner::{closure#0}
[INFO] [stdout]    6:     0x5b6d224d8bb2 - std[617be2ca0a6fd877]::panicking::panic_with_hook
[INFO] [stdout]    7:     0x5b6d224bc1c2 - std[617be2ca0a6fd877]::panicking::panic_handler::{closure#0}
[INFO] [stdout]    8:     0x5b6d224b4c69 - std[617be2ca0a6fd877]::sys::backtrace::__rust_end_short_backtrace::<std[617be2ca0a6fd877]::panicking::panic_handler::{closure#0}, !>
[INFO] [stdout]    9:     0x5b6d224bce6d - __rustc[ea4f61d10b84890b]::rust_begin_unwind
[INFO] [stdout]   10:     0x5b6d224f5d0c - core[a373ad73a504971]::panicking::panic_fmt
[INFO] [stdout]   11:     0x5b6d224f5ae2 - core[a373ad73a504971]::result::unwrap_failed
[INFO] [stdout]   12:     0x5b6d222d6a19 - integration[2cca86764c088cec]::common::runner::run_app_with_stdin
[INFO] [stdout]   13:     0x5b6d222d4f8c - integration[2cca86764c088cec]::common::runner::exec_test::<integration[2cca86764c088cec]::cli_test::test_pin::{closure#1}>
[INFO] [stdout]   14:     0x5b6d222d9bf2 - <integration[2cca86764c088cec]::cli_test::test_pin::{closure#0} as core[a373ad73a504971]::ops::function::FnOnce<()>>::call_once
[INFO] [stdout]   15:     0x5b6d222d9fbb - test[aada8e7e76ba119b]::__rust_begin_short_backtrace::<core[a373ad73a504971]::result::Result<(), alloc[2e1b2a31b91974c5]::string::String>, fn() -> core[a373ad73a504971]::result::Result<(), alloc[2e1b2a31b91974c5]::string::String>>
[INFO] [stdout]   16:     0x5b6d222e7195 - test[aada8e7e76ba119b]::run_test::{closure#0}
[INFO] [stdout]   17:     0x5b6d222e0a84 - std[617be2ca0a6fd877]::sys::backtrace::__rust_begin_short_backtrace::<test[aada8e7e76ba119b]::run_test::{closure#1}, ()>
[INFO] [stdout]   18:     0x5b6d222ea222 - <std[617be2ca0a6fd877]::thread::lifecycle::spawn_unchecked<test[aada8e7e76ba119b]::run_test::{closure#1}, ()>::{closure#1} as core[a373ad73a504971]::ops::function::FnOnce<()>>::call_once::{shim:vtable#0}
[INFO] [stdout]   19:     0x5b6d224dfe6f - <std[617be2ca0a6fd877]::sys::thread::unix::Thread>::new::thread_start
[INFO] [stdout]   20:     0x740ee0ff1dfa - <unknown>
[INFO] [stdout]   21:     0x740ee10853d4 - clone
[INFO] [stdout]   22:                0x0 - <unknown>
[INFO] [stdout] 
[INFO] [stdout] ---- cli_test::test_new_note stdout ----
[INFO] [stdout] 
[INFO] [stdout] thread 'cli_test::test_new_note' (2143) panicked at tests/integration/common/runner.rs:51:6:
[INFO] [stdout] Should create child process: Os { code: 2, kind: NotFound, message: "No such file or directory" }
[INFO] [stdout] stack backtrace:
[INFO] [stdout]    0:     0x5b6d224e0611 - <<std[617be2ca0a6fd877]::sys::backtrace::BacktraceLock>::print::DisplayBacktrace as core[a373ad73a504971]::fmt::Display>::fmt
[INFO] [stdout]    1:     0x5b6d224f55aa - core[a373ad73a504971]::fmt::write
[INFO] [stdout]    2:     0x5b6d224e494c - <alloc[2e1b2a31b91974c5]::vec::Vec<u8> as core[a373ad73a504971]::io::write::Write>::write_fmt
[INFO] [stdout]    3:     0x5b6d224bc116 - std[617be2ca0a6fd877]::panicking::default_hook::{closure#0}
[INFO] [stdout]    4:     0x5b6d224d89f9 - std[617be2ca0a6fd877]::panicking::default_hook
[INFO] [stdout]    5:     0x5b6d222e6b70 - test[aada8e7e76ba119b]::test_main_inner::{closure#0}
[INFO] [stdout]    6:     0x5b6d224d8bb2 - std[617be2ca0a6fd877]::panicking::panic_with_hook
[INFO] [stdout]    7:     0x5b6d224bc1c2 - std[617be2ca0a6fd877]::panicking::panic_handler::{closure#0}
[INFO] [stdout]    8:     0x5b6d224b4c69 - std[617be2ca0a6fd877]::sys::backtrace::__rust_end_short_backtrace::<std[617be2ca0a6fd877]::panicking::panic_handler::{closure#0}, !>
[INFO] [stdout]    9:     0x5b6d224bce6d - __rustc[ea4f61d10b84890b]::rust_begin_unwind
[INFO] [stdout]   10:     0x5b6d224f5d0c - core[a373ad73a504971]::panicking::panic_fmt
[INFO] [stdout]   11:     0x5b6d224f5ae2 - core[a373ad73a504971]::result::unwrap_failed
[INFO] [stdout]   12:     0x5b6d222d6a19 - integration[2cca86764c088cec]::common::runner::run_app_with_stdin
[INFO] [stdout]   13:     0x5b6d222cec23 - integration[2cca86764c088cec]::common::runner::exec_test::<integration[2cca86764c088cec]::cli_test::test_new_note::{closure#0}>
[INFO] [stdout]   14:     0x5b6d222d99c9 - <integration[2cca86764c088cec]::cli_test::test_new_note::{closure#0} as core[a373ad73a504971]::ops::function::FnOnce<()>>::call_once
[INFO] [stdout]   15:     0x5b6d222d9fbb - test[aada8e7e76ba119b]::__rust_begin_short_backtrace::<core[a373ad73a504971]::result::Result<(), alloc[2e1b2a31b91974c5]::string::String>, fn() -> core[a373ad73a504971]::result::Result<(), alloc[2e1b2a31b91974c5]::string::String>>
[INFO] [stdout]   16:     0x5b6d222e7195 - test[aada8e7e76ba119b]::run_test::{closure#0}
[INFO] [stdout]   17:     0x5b6d222e0a84 - std[617be2ca0a6fd877]::sys::backtrace::__rust_begin_short_backtrace::<test[aada8e7e76ba119b]::run_test::{closure#1}, ()>
[INFO] [stdout]   18:     0x5b6d222ea222 - <std[617be2ca0a6fd877]::thread::lifecycle::spawn_unchecked<test[aada8e7e76ba119b]::run_test::{closure#1}, ()>::{closure#1} as core[a373ad73a504971]::ops::function::FnOnce<()>>::call_once::{shim:vtable#0}
[INFO] [stdout]   19:     0x5b6d224dfe6f - <std[617be2ca0a6fd877]::sys::thread::unix::Thread>::new::thread_start
[INFO] [stdout]   20:     0x740ee0ff1dfa - <unknown>
[INFO] [stderr] error: test failed, to rerun pass `--test integration`
[INFO] [stdout]   21:     0x740ee10853d4 - clone
[INFO] [stdout]   22:                0x0 - <unknown>
[INFO] [stdout] 
[INFO] [stdout] ---- cli_test::test_pin_display_order stdout ----
[INFO] [stdout] 
[INFO] [stdout] thread 'cli_test::test_pin_display_order' (2146) panicked at tests/integration/common/runner.rs:51:6:
[INFO] [stdout] Should create child process: Os { code: 2, kind: NotFound, message: "No such file or directory" }
[INFO] [stdout] stack backtrace:
[INFO] [stdout]    0:     0x5b6d224e0611 - <<std[617be2ca0a6fd877]::sys::backtrace::BacktraceLock>::print::DisplayBacktrace as core[a373ad73a504971]::fmt::Display>::fmt
[INFO] [stdout]    1:     0x5b6d224f55aa - core[a373ad73a504971]::fmt::write
[INFO] [stdout]    2:     0x5b6d224e494c - <alloc[2e1b2a31b91974c5]::vec::Vec<u8> as core[a373ad73a504971]::io::write::Write>::write_fmt
[INFO] [stdout]    3:     0x5b6d224bc116 - std[617be2ca0a6fd877]::panicking::default_hook::{closure#0}
[INFO] [stdout]    4:     0x5b6d224d89f9 - std[617be2ca0a6fd877]::panicking::default_hook
[INFO] [stdout]    5:     0x5b6d222e6b70 - test[aada8e7e76ba119b]::test_main_inner::{closure#0}
[INFO] [stdout]    6:     0x5b6d224d8bb2 - std[617be2ca0a6fd877]::panicking::panic_with_hook
[INFO] [stdout]    7:     0x5b6d224bc1c2 - std[617be2ca0a6fd877]::panicking::panic_handler::{closure#0}
[INFO] [stdout]    8:     0x5b6d224b4c69 - std[617be2ca0a6fd877]::sys::backtrace::__rust_end_short_backtrace::<std[617be2ca0a6fd877]::panicking::panic_handler::{closure#0}, !>
[INFO] [stdout]    9:     0x5b6d224bce6d - __rustc[ea4f61d10b84890b]::rust_begin_unwind
[INFO] [stdout]   10:     0x5b6d224f5d0c - core[a373ad73a504971]::panicking::panic_fmt
[INFO] [stdout]   11:     0x5b6d224f5ae2 - core[a373ad73a504971]::result::unwrap_failed
[INFO] [stdout]   12:     0x5b6d222d6a19 - integration[2cca86764c088cec]::common::runner::run_app_with_stdin
[INFO] [stdout]   13:     0x5b6d222d3eb1 - integration[2cca86764c088cec]::common::runner::exec_test::<integration[2cca86764c088cec]::cli_test::test_pin_display_order::{closure#0}>
[INFO] [stdout]   14:     0x5b6d222d9b99 - <integration[2cca86764c088cec]::cli_test::test_pin_display_order::{closure#0} as core[a373ad73a504971]::ops::function::FnOnce<()>>::call_once
[INFO] [stdout]   15:     0x5b6d222d9fbb - test[aada8e7e76ba119b]::__rust_begin_short_backtrace::<core[a373ad73a504971]::result::Result<(), alloc[2e1b2a31b91974c5]::string::String>, fn() -> core[a373ad73a504971]::result::Result<(), alloc[2e1b2a31b91974c5]::string::String>>
[INFO] [stdout]   16:     0x5b6d222e7195 - test[aada8e7e76ba119b]::run_test::{closure#0}
[INFO] [stdout]   17:     0x5b6d222e0a84 - std[617be2ca0a6fd877]::sys::backtrace::__rust_begin_short_backtrace::<test[aada8e7e76ba119b]::run_test::{closure#1}, ()>
[INFO] [stdout]   18:     0x5b6d222ea222 - <std[617be2ca0a6fd877]::thread::lifecycle::spawn_unchecked<test[aada8e7e76ba119b]::run_test::{closure#1}, ()>::{closure#1} as core[a373ad73a504971]::ops::function::FnOnce<()>>::call_once::{shim:vtable#0}
[INFO] [stdout]   19:     0x5b6d224dfe6f - <std[617be2ca0a6fd877]::sys::thread::unix::Thread>::new::thread_start
[INFO] [stdout]   20:     0x740ee0ff1dfa - <unknown>
[INFO] [stdout]   21:     0x740ee10853d4 - clone
[INFO] [stdout]   22:                0x0 - <unknown>
[INFO] [stdout] 
[INFO] [stdout] ---- cli_test::test_note_count stdout ----
[INFO] [stdout] 
[INFO] [stdout] thread 'cli_test::test_note_count' (2144) panicked at tests/integration/common/runner.rs:51:6:
[INFO] [stdout] Should create child process: Os { code: 2, kind: NotFound, message: "No such file or directory" }
[INFO] [stdout] stack backtrace:
[INFO] [stdout]    0:     0x5b6d224e0611 - <<std[617be2ca0a6fd877]::sys::backtrace::BacktraceLock>::print::DisplayBacktrace as core[a373ad73a504971]::fmt::Display>::fmt
[INFO] [stdout]    1:     0x5b6d224f55aa - core[a373ad73a504971]::fmt::write
[INFO] [stdout]    2:     0x5b6d224e494c - <alloc[2e1b2a31b91974c5]::vec::Vec<u8> as core[a373ad73a504971]::io::write::Write>::write_fmt
[INFO] [stdout]    3:     0x5b6d224bc116 - std[617be2ca0a6fd877]::panicking::default_hook::{closure#0}
[INFO] [stdout]    4:     0x5b6d224d89f9 - std[617be2ca0a6fd877]::panicking::default_hook
[INFO] [stdout]    5:     0x5b6d222e6b70 - test[aada8e7e76ba119b]::test_main_inner::{closure#0}
[INFO] [stdout]    6:     0x5b6d224d8bb2 - std[617be2ca0a6fd877]::panicking::panic_with_hook
[INFO] [stdout]    7:     0x5b6d224bc1c2 - std[617be2ca0a6fd877]::panicking::panic_handler::{closure#0}
[INFO] [stdout]    8:     0x5b6d224b4c69 - std[617be2ca0a6fd877]::sys::backtrace::__rust_end_short_backtrace::<std[617be2ca0a6fd877]::panicking::panic_handler::{closure#0}, !>
[INFO] [stdout]    9:     0x5b6d224bce6d - __rustc[ea4f61d10b84890b]::rust_begin_unwind
[INFO] [stdout]   10:     0x5b6d224f5d0c - core[a373ad73a504971]::panicking::panic_fmt
[INFO] [stdout]   11:     0x5b6d224f5ae2 - core[a373ad73a504971]::result::unwrap_failed
[INFO] [stdout]   12:     0x5b6d222d6a19 - integration[2cca86764c088cec]::common::runner::run_app_with_stdin
[INFO] [stdout]   13:     0x5b6d222d0c93 - integration[2cca86764c088cec]::common::runner::exec_test::<integration[2cca86764c088cec]::cli_test::test_note_count::{closure#0}>
[INFO] [stdout]   14:     0x5b6d222d9a69 - <integration[2cca86764c088cec]::cli_test::test_note_count::{closure#0} as core[a373ad73a504971]::ops::function::FnOnce<()>>::call_once
[INFO] [stdout]   15:     0x5b6d222d9fbb - test[aada8e7e76ba119b]::__rust_begin_short_backtrace::<core[a373ad73a504971]::result::Result<(), alloc[2e1b2a31b91974c5]::string::String>, fn() -> core[a373ad73a504971]::result::Result<(), alloc[2e1b2a31b91974c5]::string::String>>
[INFO] [stdout]   16:     0x5b6d222e7195 - test[aada8e7e76ba119b]::run_test::{closure#0}
[INFO] [stdout]   17:     0x5b6d222e0a84 - std[617be2ca0a6fd877]::sys::backtrace::__rust_begin_short_backtrace::<test[aada8e7e76ba119b]::run_test::{closure#1}, ()>
[INFO] [stdout]   18:     0x5b6d222ea222 - <std[617be2ca0a6fd877]::thread::lifecycle::spawn_unchecked<test[aada8e7e76ba119b]::run_test::{closure#1}, ()>::{closure#1} as core[a373ad73a504971]::ops::function::FnOnce<()>>::call_once::{shim:vtable#0}
[INFO] [stdout]   19:     0x5b6d224dfe6f - <std[617be2ca0a6fd877]::sys::thread::unix::Thread>::new::thread_start
[INFO] [stdout]   20:     0x740ee0ff1dfa - <unknown>
[INFO] [stdout]   21:     0x740ee10853d4 - clone
[INFO] [stdout]   22:                0x0 - <unknown>
[INFO] [stdout] 
[INFO] [stdout] ---- cli_test::test_remove stdout ----
[INFO] [stdout] 
[INFO] [stdout] thread 'cli_test::test_remove' (2147) panicked at tests/integration/common/runner.rs:51:6:
[INFO] [stdout] Should create child process: Os { code: 2, kind: NotFound, message: "No such file or directory" }
[INFO] [stdout] stack backtrace:
[INFO] [stdout]    0:     0x5b6d224e0611 - <<std[617be2ca0a6fd877]::sys::backtrace::BacktraceLock>::print::DisplayBacktrace as core[a373ad73a504971]::fmt::Display>::fmt
[INFO] [stdout]    1:     0x5b6d224f55aa - core[a373ad73a504971]::fmt::write
[INFO] [stdout]    2:     0x5b6d224e494c - <alloc[2e1b2a31b91974c5]::vec::Vec<u8> as core[a373ad73a504971]::io::write::Write>::write_fmt
[INFO] [stdout]    3:     0x5b6d224bc116 - std[617be2ca0a6fd877]::panicking::default_hook::{closure#0}
[INFO] [stdout]    4:     0x5b6d224d89f9 - std[617be2ca0a6fd877]::panicking::default_hook
[INFO] [stdout]    5:     0x5b6d222e6b70 - test[aada8e7e76ba119b]::test_main_inner::{closure#0}
[INFO] [stdout]    6:     0x5b6d224d8bb2 - std[617be2ca0a6fd877]::panicking::panic_with_hook
[INFO] [stdout]    7:     0x5b6d224bc1c2 - std[617be2ca0a6fd877]::panicking::panic_handler::{closure#0}
[INFO] [stdout]    8:     0x5b6d224b4c69 - std[617be2ca0a6fd877]::sys::backtrace::__rust_end_short_backtrace::<std[617be2ca0a6fd877]::panicking::panic_handler::{closure#0}, !>
[INFO] [stdout]    9:     0x5b6d224bce6d - __rustc[ea4f61d10b84890b]::rust_begin_unwind
[INFO] [stdout]   10:     0x5b6d224f5d0c - core[a373ad73a504971]::panicking::panic_fmt
[INFO] [stdout]   11:     0x5b6d224f5ae2 - core[a373ad73a504971]::result::unwrap_failed
[INFO] [stdout]   12:     0x5b6d222d6a19 - integration[2cca86764c088cec]::common::runner::run_app_with_stdin
[INFO] [stdout]   13:     0x5b6d222d6d7c - integration[2cca86764c088cec]::common::runner::run_error
[INFO] [stdout]   14:     0x5b6d222ce616 - integration[2cca86764c088cec]::common::runner::exec_test::<integration[2cca86764c088cec]::cli_test::test_remove::{closure#0}>
[INFO] [stdout]   15:     0x5b6d222d99a9 - <integration[2cca86764c088cec]::cli_test::test_remove::{closure#0} as core[a373ad73a504971]::ops::function::FnOnce<()>>::call_once
[INFO] [stdout]   16:     0x5b6d222d9fbb - test[aada8e7e76ba119b]::__rust_begin_short_backtrace::<core[a373ad73a504971]::result::Result<(), alloc[2e1b2a31b91974c5]::string::String>, fn() -> core[a373ad73a504971]::result::Result<(), alloc[2e1b2a31b91974c5]::string::String>>
[INFO] [stdout]   17:     0x5b6d222e7195 - test[aada8e7e76ba119b]::run_test::{closure#0}
[INFO] [stdout]   18:     0x5b6d222e0a84 - std[617be2ca0a6fd877]::sys::backtrace::__rust_begin_short_backtrace::<test[aada8e7e76ba119b]::run_test::{closure#1}, ()>
[INFO] [stdout]   19:     0x5b6d222ea222 - <std[617be2ca0a6fd877]::thread::lifecycle::spawn_unchecked<test[aada8e7e76ba119b]::run_test::{closure#1}, ()>::{closure#1} as core[a373ad73a504971]::ops::function::FnOnce<()>>::call_once::{shim:vtable#0}
[INFO] [stdout]   20:     0x5b6d224dfe6f - <std[617be2ca0a6fd877]::sys::thread::unix::Thread>::new::thread_start
[INFO] [stdout]   21:     0x740ee0ff1dfa - <unknown>
[INFO] [stdout]   22:     0x740ee10853d4 - clone
[INFO] [stdout]   23:                0x0 - <unknown>
[INFO] [stdout] 
[INFO] [stdout] ---- cli_test::test_remove_templates stdout ----
[INFO] [stdout] 
[INFO] [stdout] thread 'cli_test::test_remove_templates' (2148) panicked at tests/integration/common/runner.rs:51:6:
[INFO] [stdout] Should create child process: Os { code: 2, kind: NotFound, message: "No such file or directory" }
[INFO] [stdout] stack backtrace:
[INFO] [stdout]    0:     0x5b6d224e0611 - <<std[617be2ca0a6fd877]::sys::backtrace::BacktraceLock>::print::DisplayBacktrace as core[a373ad73a504971]::fmt::Display>::fmt
[INFO] [stdout]    1:     0x5b6d224f55aa - core[a373ad73a504971]::fmt::write
[INFO] [stdout]    2:     0x5b6d224e494c - <alloc[2e1b2a31b91974c5]::vec::Vec<u8> as core[a373ad73a504971]::io::write::Write>::write_fmt
[INFO] [stdout]    3:     0x5b6d224bc116 - std[617be2ca0a6fd877]::panicking::default_hook::{closure#0}
[INFO] [stdout]    4:     0x5b6d224d89f9 - std[617be2ca0a6fd877]::panicking::default_hook
[INFO] [stdout]    5:     0x5b6d222e6b70 - test[aada8e7e76ba119b]::test_main_inner::{closure#0}
[INFO] [stdout]    6:     0x5b6d224d8bb2 - std[617be2ca0a6fd877]::panicking::panic_with_hook
[INFO] [stdout]    7:     0x5b6d224bc1c2 - std[617be2ca0a6fd877]::panicking::panic_handler::{closure#0}
[INFO] [stdout]    8:     0x5b6d224b4c69 - std[617be2ca0a6fd877]::sys::backtrace::__rust_end_short_backtrace::<std[617be2ca0a6fd877]::panicking::panic_handler::{closure#0}, !>
[INFO] [stdout]    9:     0x5b6d224bce6d - __rustc[ea4f61d10b84890b]::rust_begin_unwind
[INFO] [stdout]   10:     0x5b6d224f5d0c - core[a373ad73a504971]::panicking::panic_fmt
[INFO] [stdout]   11:     0x5b6d224f5ae2 - core[a373ad73a504971]::result::unwrap_failed
[INFO] [stdout]   12:     0x5b6d222d6a19 - integration[2cca86764c088cec]::common::runner::run_app_with_stdin
[INFO] [stdout]   13:     0x5b6d222d6d7c - integration[2cca86764c088cec]::common::runner::run_error
[INFO] [stdout]   14:     0x5b6d222d32f8 - integration[2cca86764c088cec]::common::runner::exec_test::<integration[2cca86764c088cec]::cli_test::test_remove_templates::{closure#0}>
[INFO] [stdout]   15:     0x5b6d222d9b49 - <integration[2cca86764c088cec]::cli_test::test_remove_templates::{closure#0} as core[a373ad73a504971]::ops::function::FnOnce<()>>::call_once
[INFO] [stdout]   16:     0x5b6d222d9fbb - test[aada8e7e76ba119b]::__rust_begin_short_backtrace::<core[a373ad73a504971]::result::Result<(), alloc[2e1b2a31b91974c5]::string::String>, fn() -> core[a373ad73a504971]::result::Result<(), alloc[2e1b2a31b91974c5]::string::String>>
[INFO] [stdout]   17:     0x5b6d222e7195 - test[aada8e7e76ba119b]::run_test::{closure#0}
[INFO] [stdout]   18:     0x5b6d222e0a84 - std[617be2ca0a6fd877]::sys::backtrace::__rust_begin_short_backtrace::<test[aada8e7e76ba119b]::run_test::{closure#1}, ()>
[INFO] [stdout]   19:     0x5b6d222ea222 - <std[617be2ca0a6fd877]::thread::lifecycle::spawn_unchecked<test[aada8e7e76ba119b]::run_test::{closure#1}, ()>::{closure#1} as core[a373ad73a504971]::ops::function::FnOnce<()>>::call_once::{shim:vtable#0}
[INFO] [stdout]   20:     0x5b6d224dfe6f - <std[617be2ca0a6fd877]::sys::thread::unix::Thread>::new::thread_start
[INFO] [stdout]   21:     0x740ee0ff1dfa - <unknown>
[INFO] [stdout]   22:     0x740ee10853d4 - clone
[INFO] [stdout]   23:                0x0 - <unknown>
[INFO] [stdout] 
[INFO] [stdout] ---- cli_test::test_search_by_tags stdout ----
[INFO] [stdout] 
[INFO] [stdout] thread 'cli_test::test_search_by_tags' (2150) panicked at tests/integration/common/runner.rs:51:6:
[INFO] [stdout] Should create child process: Os { code: 2, kind: NotFound, message: "No such file or directory" }
[INFO] [stdout] stack backtrace:
[INFO] [stdout]    0:     0x5b6d224e0611 - <<std[617be2ca0a6fd877]::sys::backtrace::BacktraceLock>::print::DisplayBacktrace as core[a373ad73a504971]::fmt::Display>::fmt
[INFO] [stdout]    1:     0x5b6d224f55aa - core[a373ad73a504971]::fmt::write
[INFO] [stdout]    2:     0x5b6d224e494c - <alloc[2e1b2a31b91974c5]::vec::Vec<u8> as core[a373ad73a504971]::io::write::Write>::write_fmt
[INFO] [stdout]    3:     0x5b6d224bc116 - std[617be2ca0a6fd877]::panicking::default_hook::{closure#0}
[INFO] [stdout]    4:     0x5b6d224d89f9 - std[617be2ca0a6fd877]::panicking::default_hook
[INFO] [stdout]    5:     0x5b6d222e6b70 - test[aada8e7e76ba119b]::test_main_inner::{closure#0}
[INFO] [stdout]    6:     0x5b6d224d8bb2 - std[617be2ca0a6fd877]::panicking::panic_with_hook
[INFO] [stdout]    7:     0x5b6d224bc1c2 - std[617be2ca0a6fd877]::panicking::panic_handler::{closure#0}
[INFO] [stdout]    8:     0x5b6d224b4c69 - std[617be2ca0a6fd877]::sys::backtrace::__rust_end_short_backtrace::<std[617be2ca0a6fd877]::panicking::panic_handler::{closure#0}, !>
[INFO] [stdout]    9:     0x5b6d224bce6d - __rustc[ea4f61d10b84890b]::rust_begin_unwind
[INFO] [stdout]   10:     0x5b6d224f5d0c - core[a373ad73a504971]::panicking::panic_fmt
[INFO] [stdout]   11:     0x5b6d224f5ae2 - core[a373ad73a504971]::result::unwrap_failed
[INFO] [stdout]   12:     0x5b6d222d6a19 - integration[2cca86764c088cec]::common::runner::run_app_with_stdin
[INFO] [stdout]   13:     0x5b6d222d6c73 - integration[2cca86764c088cec]::common::runner::run_and_grep_stdout
[INFO] [stdout]   14:     0x5b6d222d264c - integration[2cca86764c088cec]::common::runner::exec_test::<integration[2cca86764c088cec]::cli_test::test_search_by_tags::{closure#1}>
[INFO] [stdout]   15:     0x5b6d222d9af2 - <integration[2cca86764c088cec]::cli_test::test_search_by_tags::{closure#0} as core[a373ad73a504971]::ops::function::FnOnce<()>>::call_once
[INFO] [stdout]   16:     0x5b6d222d9fbb - test[aada8e7e76ba119b]::__rust_begin_short_backtrace::<core[a373ad73a504971]::result::Result<(), alloc[2e1b2a31b91974c5]::string::String>, fn() -> core[a373ad73a504971]::result::Result<(), alloc[2e1b2a31b91974c5]::string::String>>
[INFO] [stdout]   17:     0x5b6d222e7195 - test[aada8e7e76ba119b]::run_test::{closure#0}
[INFO] [stdout]   18:     0x5b6d222e0a84 - std[617be2ca0a6fd877]::sys::backtrace::__rust_begin_short_backtrace::<test[aada8e7e76ba119b]::run_test::{closure#1}, ()>
[INFO] [stdout]   19:     0x5b6d222ea222 - <std[617be2ca0a6fd877]::thread::lifecycle::spawn_unchecked<test[aada8e7e76ba119b]::run_test::{closure#1}, ()>::{closure#1} as core[a373ad73a504971]::ops::function::FnOnce<()>>::call_once::{shim:vtable#0}
[INFO] [stdout]   20:     0x5b6d224dfe6f - <std[617be2ca0a6fd877]::sys::thread::unix::Thread>::new::thread_start
[INFO] [stdout]   21:     0x740ee0ff1dfa - <unknown>
[INFO] [stdout]   22:     0x740ee10853d4 - clone
[INFO] [stdout]   23:                0x0 - <unknown>
[INFO] [stdout] 
[INFO] [stdout] ---- cli_test::test_search_fuzzy stdout ----
[INFO] [stdout] 
[INFO] [stdout] thread 'cli_test::test_search_fuzzy' (2151) panicked at tests/integration/common/runner.rs:51:6:
[INFO] [stdout] Should create child process: Os { code: 2, kind: NotFound, message: "No such file or directory" }
[INFO] [stdout] stack backtrace:
[INFO] [stdout]    0:     0x5b6d224e0611 - <<std[617be2ca0a6fd877]::sys::backtrace::BacktraceLock>::print::DisplayBacktrace as core[a373ad73a504971]::fmt::Display>::fmt
[INFO] [stdout]    1:     0x5b6d224f55aa - core[a373ad73a504971]::fmt::write
[INFO] [stdout]    2:     0x5b6d224e494c - <alloc[2e1b2a31b91974c5]::vec::Vec<u8> as core[a373ad73a504971]::io::write::Write>::write_fmt
[INFO] [stdout]    3:     0x5b6d224bc116 - std[617be2ca0a6fd877]::panicking::default_hook::{closure#0}
[INFO] [stdout]    4:     0x5b6d224d89f9 - std[617be2ca0a6fd877]::panicking::default_hook
[INFO] [stdout]    5:     0x5b6d222e6b70 - test[aada8e7e76ba119b]::test_main_inner::{closure#0}
[INFO] [stdout]    6:     0x5b6d224d8bb2 - std[617be2ca0a6fd877]::panicking::panic_with_hook
[INFO] [stdout]    7:     0x5b6d224bc1c2 - std[617be2ca0a6fd877]::panicking::panic_handler::{closure#0}
[INFO] [stdout]    8:     0x5b6d224b4c69 - std[617be2ca0a6fd877]::sys::backtrace::__rust_end_short_backtrace::<std[617be2ca0a6fd877]::panicking::panic_handler::{closure#0}, !>
[INFO] [stdout]    9:     0x5b6d224bce6d - __rustc[ea4f61d10b84890b]::rust_begin_unwind
[INFO] [stdout]   10:     0x5b6d224f5d0c - core[a373ad73a504971]::panicking::panic_fmt
[INFO] [stdout]   11:     0x5b6d224f5ae2 - core[a373ad73a504971]::result::unwrap_failed
[INFO] [stdout]   12:     0x5b6d222d6a19 - integration[2cca86764c088cec]::common::runner::run_app_with_stdin
[INFO] [stdout]   13:     0x5b6d222d6c73 - integration[2cca86764c088cec]::common::runner::run_and_grep_stdout
[INFO] [stdout]   14:     0x5b6d222d226c - integration[2cca86764c088cec]::common::runner::exec_test::<integration[2cca86764c088cec]::cli_test::test_search_fuzzy::{closure#1}>
[INFO] [stdout]   15:     0x5b6d222d9ab4 - <integration[2cca86764c088cec]::cli_test::test_search_fuzzy::{closure#0} as core[a373ad73a504971]::ops::function::FnOnce<()>>::call_once
[INFO] [stdout]   16:     0x5b6d222d9fbb - test[aada8e7e76ba119b]::__rust_begin_short_backtrace::<core[a373ad73a504971]::result::Result<(), alloc[2e1b2a31b91974c5]::string::String>, fn() -> core[a373ad73a504971]::result::Result<(), alloc[2e1b2a31b91974c5]::string::String>>
[INFO] [stdout]   17:     0x5b6d222e7195 - test[aada8e7e76ba119b]::run_test::{closure#0}
[INFO] [stdout]   18:     0x5b6d222e0a84 - std[617be2ca0a6fd877]::sys::backtrace::__rust_begin_short_backtrace::<test[aada8e7e76ba119b]::run_test::{closure#1}, ()>
[INFO] [stdout]   19:     0x5b6d222ea222 - <std[617be2ca0a6fd877]::thread::lifecycle::spawn_unchecked<test[aada8e7e76ba119b]::run_test::{closure#1}, ()>::{closure#1} as core[a373ad73a504971]::ops::function::FnOnce<()>>::call_once::{shim:vtable#0}
[INFO] [stdout]   20:     0x5b6d224dfe6f - <std[617be2ca0a6fd877]::sys::thread::unix::Thread>::new::thread_start
[INFO] [stdout]   21:     0x740ee0ff1dfa - <unknown>
[INFO] [stdout]   22:     0x740ee10853d4 - clone
[INFO] [stdout]   23:                0x0 - <unknown>
[INFO] [stdout] 
[INFO] [stdout] ---- cli_test::test_show stdout ----
[INFO] [stdout] 
[INFO] [stdout] thread 'cli_test::test_show' (2152) panicked at tests/integration/common/runner.rs:51:6:
[INFO] [stdout] Should create child process: Os { code: 2, kind: NotFound, message: "No such file or directory" }
[INFO] [stdout] stack backtrace:
[INFO] [stdout]    0:     0x5b6d224e0611 - <<std[617be2ca0a6fd877]::sys::backtrace::BacktraceLock>::print::DisplayBacktrace as core[a373ad73a504971]::fmt::Display>::fmt
[INFO] [stdout]    1:     0x5b6d224f55aa - core[a373ad73a504971]::fmt::write
[INFO] [stdout]    2:     0x5b6d224e494c - <alloc[2e1b2a31b91974c5]::vec::Vec<u8> as core[a373ad73a504971]::io::write::Write>::write_fmt
[INFO] [stdout]    3:     0x5b6d224bc116 - std[617be2ca0a6fd877]::panicking::default_hook::{closure#0}
[INFO] [stdout]    4:     0x5b6d224d89f9 - std[617be2ca0a6fd877]::panicking::default_hook
[INFO] [stdout]    5:     0x5b6d222e6b70 - test[aada8e7e76ba119b]::test_main_inner::{closure#0}
[INFO] [stdout]    6:     0x5b6d224d8bb2 - std[617be2ca0a6fd877]::panicking::panic_with_hook
[INFO] [stdout]    7:     0x5b6d224bc1c2 - std[617be2ca0a6fd877]::panicking::panic_handler::{closure#0}
[INFO] [stdout]    8:     0x5b6d224b4c69 - std[617be2ca0a6fd877]::sys::backtrace::__rust_end_short_backtrace::<std[617be2ca0a6fd877]::panicking::panic_handler::{closure#0}, !>
[INFO] [stdout]    9:     0x5b6d224bce6d - __rustc[ea4f61d10b84890b]::rust_begin_unwind
[INFO] [stdout]   10:     0x5b6d224f5d0c - core[a373ad73a504971]::panicking::panic_fmt
[INFO] [stdout]   11:     0x5b6d224f5ae2 - core[a373ad73a504971]::result::unwrap_failed
[INFO] [stdout]   12:     0x5b6d222d6a19 - integration[2cca86764c088cec]::common::runner::run_app_with_stdin
[INFO] [stdout]   13:     0x5b6d222d6d7c - integration[2cca86764c088cec]::common::runner::run_error
[INFO] [stdout]   14:     0x5b6d222d5771 - integration[2cca86764c088cec]::common::runner::exec_test::<integration[2cca86764c088cec]::cli_test::test_show::{closure#0}>
[INFO] [stdout]   15:     0x5b6d222d9e09 - <integration[2cca86764c088cec]::cli_test::test_show::{closure#0} as core[a373ad73a504971]::ops::function::FnOnce<()>>::call_once
[INFO] [stdout]   16:     0x5b6d222d9fbb - test[aada8e7e76ba119b]::__rust_begin_short_backtrace::<core[a373ad73a504971]::result::Result<(), alloc[2e1b2a31b91974c5]::string::String>, fn() -> core[a373ad73a504971]::result::Result<(), alloc[2e1b2a31b91974c5]::string::String>>
[INFO] [stdout]   17:     0x5b6d222e7195 - test[aada8e7e76ba119b]::run_test::{closure#0}
[INFO] [stdout]   18:     0x5b6d222e0a84 - std[617be2ca0a6fd877]::sys::backtrace::__rust_begin_short_backtrace::<test[aada8e7e76ba119b]::run_test::{closure#1}, ()>
[INFO] [stdout]   19:     0x5b6d222ea222 - <std[617be2ca0a6fd877]::thread::lifecycle::spawn_unchecked<test[aada8e7e76ba119b]::run_test::{closure#1}, ()>::{closure#1} as core[a373ad73a504971]::ops::function::FnOnce<()>>::call_once::{shim:vtable#0}
[INFO] [stdout]   20:     0x5b6d224dfe6f - <std[617be2ca0a6fd877]::sys::thread::unix::Thread>::new::thread_start
[INFO] [stdout]   21:     0x740ee0ff1dfa - <unknown>
[INFO] [stdout]   22:     0x740ee10853d4 - clone
[INFO] [stdout]   23:                0x0 - <unknown>
[INFO] [stdout] 
[INFO] [stdout] ---- cli_test::test_show_format_and_plain stdout ----
[INFO] [stdout] 
[INFO] [stdout] thread 'cli_test::test_show_format_and_plain' (2153) panicked at tests/integration/common/runner.rs:51:6:
[INFO] [stdout] Should create child process: Os { code: 2, kind: NotFound, message: "No such file or directory" }
[INFO] [stdout] stack backtrace:
[INFO] [stdout]    0:     0x5b6d224e0611 - <<std[617be2ca0a6fd877]::sys::backtrace::BacktraceLock>::print::DisplayBacktrace as core[a373ad73a504971]::fmt::Display>::fmt
[INFO] [stdout]    1:     0x5b6d224f55aa - core[a373ad73a504971]::fmt::write
[INFO] [stdout]    2:     0x5b6d224e494c - <alloc[2e1b2a31b91974c5]::vec::Vec<u8> as core[a373ad73a504971]::io::write::Write>::write_fmt
[INFO] [stdout]    3:     0x5b6d224bc116 - std[617be2ca0a6fd877]::panicking::default_hook::{closure#0}
[INFO] [stdout]    4:     0x5b6d224d89f9 - std[617be2ca0a6fd877]::panicking::default_hook
[INFO] [stdout]    5:     0x5b6d222e6b70 - test[aada8e7e76ba119b]::test_main_inner::{closure#0}
[INFO] [stdout]    6:     0x5b6d224d8bb2 - std[617be2ca0a6fd877]::panicking::panic_with_hook
[INFO] [stdout]    7:     0x5b6d224bc1c2 - std[617be2ca0a6fd877]::panicking::panic_handler::{closure#0}
[INFO] [stdout]    8:     0x5b6d224b4c69 - std[617be2ca0a6fd877]::sys::backtrace::__rust_end_short_backtrace::<std[617be2ca0a6fd877]::panicking::panic_handler::{closure#0}, !>
[INFO] [stdout]    9:     0x5b6d224bce6d - __rustc[ea4f61d10b84890b]::rust_begin_unwind
[INFO] [stdout]   10:     0x5b6d224f5d0c - core[a373ad73a504971]::panicking::panic_fmt
[INFO] [stdout]   11:     0x5b6d224f5ae2 - core[a373ad73a504971]::result::unwrap_failed
[INFO] [stdout]   12:     0x5b6d222d6a19 - integration[2cca86764c088cec]::common::runner::run_app_with_stdin
[INFO] [stdout]   13:     0x5b6d222d6c73 - integration[2cca86764c088cec]::common::runner::run_and_grep_stdout
[INFO] [stdout]   14:     0x5b6d222d478a - integration[2cca86764c088cec]::common::runner::exec_test::<integration[2cca86764c088cec]::cli_test::test_show_format_and_plain::{closure#1}>
[INFO] [stdout]   15:     0x5b6d222d9bc4 - <integration[2cca86764c088cec]::cli_test::test_show_format_and_plain::{closure#0} as core[a373ad73a504971]::ops::function::FnOnce<()>>::call_once
[INFO] [stdout]   16:     0x5b6d222d9fbb - test[aada8e7e76ba119b]::__rust_begin_short_backtrace::<core[a373ad73a504971]::result::Result<(), alloc[2e1b2a31b91974c5]::string::String>, fn() -> core[a373ad73a504971]::result::Result<(), alloc[2e1b2a31b91974c5]::string::String>>
[INFO] [stdout]   17:     0x5b6d222e7195 - test[aada8e7e76ba119b]::run_test::{closure#0}
[INFO] [stdout]   18:     0x5b6d222e0a84 - std[617be2ca0a6fd877]::sys::backtrace::__rust_begin_short_backtrace::<test[aada8e7e76ba119b]::run_test::{closure#1}, ()>
[INFO] [stdout]   19:     0x5b6d222ea222 - <std[617be2ca0a6fd877]::thread::lifecycle::spawn_unchecked<test[aada8e7e76ba119b]::run_test::{closure#1}, ()>::{closure#1} as core[a373ad73a504971]::ops::function::FnOnce<()>>::call_once::{shim:vtable#0}
[INFO] [stdout]   20:     0x5b6d224dfe6f - <std[617be2ca0a6fd877]::sys::thread::unix::Thread>::new::thread_start
[INFO] [stdout]   21:     0x740ee0ff1dfa - <unknown>
[INFO] [stdout]   22:     0x740ee10853d4 - clone
[INFO] [stdout]   23:                0x0 - <unknown>
[INFO] [stdout] 
[INFO] [stdout] ---- cli_test::test_show_tags stdout ----
[INFO] [stdout] 
[INFO] [stdout] thread 'cli_test::test_show_tags' (2154) panicked at tests/integration/common/runner.rs:51:6:
[INFO] [stdout] Should create child process: Os { code: 2, kind: NotFound, message: "No such file or directory" }
[INFO] [stdout] stack backtrace:
[INFO] [stdout]    0:     0x5b6d224e0611 - <<std[617be2ca0a6fd877]::sys::backtrace::BacktraceLock>::print::DisplayBacktrace as core[a373ad73a504971]::fmt::Display>::fmt
[INFO] [stdout]    1:     0x5b6d224f55aa - core[a373ad73a504971]::fmt::write
[INFO] [stdout]    2:     0x5b6d224e494c - <alloc[2e1b2a31b91974c5]::vec::Vec<u8> as core[a373ad73a504971]::io::write::Write>::write_fmt
[INFO] [stdout]    3:     0x5b6d224bc116 - std[617be2ca0a6fd877]::panicking::default_hook::{closure#0}
[INFO] [stdout]    4:     0x5b6d224d89f9 - std[617be2ca0a6fd877]::panicking::default_hook
[INFO] [stdout]    5:     0x5b6d222e6b70 - test[aada8e7e76ba119b]::test_main_inner::{closure#0}
[INFO] [stdout]    6:     0x5b6d224d8bb2 - std[617be2ca0a6fd877]::panicking::panic_with_hook
[INFO] [stdout]    7:     0x5b6d224bc1c2 - std[617be2ca0a6fd877]::panicking::panic_handler::{closure#0}
[INFO] [stdout]    8:     0x5b6d224b4c69 - std[617be2ca0a6fd877]::sys::backtrace::__rust_end_short_backtrace::<std[617be2ca0a6fd877]::panicking::panic_handler::{closure#0}, !>
[INFO] [stdout]    9:     0x5b6d224bce6d - __rustc[ea4f61d10b84890b]::rust_begin_unwind
[INFO] [stdout]   10:     0x5b6d224f5d0c - core[a373ad73a504971]::panicking::panic_fmt
[INFO] [stdout]   11:     0x5b6d224f5ae2 - core[a373ad73a504971]::result::unwrap_failed
[INFO] [stdout]   12:     0x5b6d222d6a19 - integration[2cca86764c088cec]::common::runner::run_app_with_stdin
[INFO] [stdout]   13:     0x5b6d222d0430 - integration[2cca86764c088cec]::common::runner::exec_test::<integration[2cca86764c088cec]::cli_test::test_show_tags::{closure#0}>
[INFO] [stdout]   14:     0x5b6d222d9a29 - <integration[2cca86764c088cec]::cli_test::test_show_tags::{closure#0} as core[a373ad73a504971]::ops::function::FnOnce<()>>::call_once
[INFO] [stdout]   15:     0x5b6d222d9fbb - test[aada8e7e76ba119b]::__rust_begin_short_backtrace::<core[a373ad73a504971]::result::Result<(), alloc[2e1b2a31b91974c5]::string::String>, fn() -> core[a373ad73a504971]::result::Result<(), alloc[2e1b2a31b91974c5]::string::String>>
[INFO] [stdout]   16:     0x5b6d222e7195 - test[aada8e7e76ba119b]::run_test::{closure#0}
[INFO] [stdout]   17:     0x5b6d222e0a84 - std[617be2ca0a6fd877]::sys::backtrace::__rust_begin_short_backtrace::<test[aada8e7e76ba119b]::run_test::{closure#1}, ()>
[INFO] [stdout]   18:     0x5b6d222ea222 - <std[617be2ca0a6fd877]::thread::lifecycle::spawn_unchecked<test[aada8e7e76ba119b]::run_test::{closure#1}, ()>::{closure#1} as core[a373ad73a504971]::ops::function::FnOnce<()>>::call_once::{shim:vtable#0}
[INFO] [stdout]   19:     0x5b6d224dfe6f - <std[617be2ca0a6fd877]::sys::thread::unix::Thread>::new::thread_start
[INFO] [stdout]   20:     0x740ee0ff1dfa - <unknown>
[INFO] [stdout]   21:     0x740ee10853d4 - clone
[INFO] [stdout]   22:                0x0 - <unknown>
[INFO] [stdout] 
[INFO] [stdout] ---- cli_test::test_subtasks stdout ----
[INFO] [stdout] 
[INFO] [stdout] thread 'cli_test::test_subtasks' (2155) panicked at tests/integration/common/runner.rs:51:6:
[INFO] [stdout] Should create child process: Os { code: 2, kind: NotFound, message: "No such file or directory" }
[INFO] [stdout] stack backtrace:
[INFO] [stdout]    0:     0x5b6d224e0611 - <<std[617be2ca0a6fd877]::sys::backtrace::BacktraceLock>::print::DisplayBacktrace as core[a373ad73a504971]::fmt::Display>::fmt
[INFO] [stdout]    1:     0x5b6d224f55aa - core[a373ad73a504971]::fmt::write
[INFO] [stdout]    2:     0x5b6d224e494c - <alloc[2e1b2a31b91974c5]::vec::Vec<u8> as core[a373ad73a504971]::io::write::Write>::write_fmt
[INFO] [stdout]    3:     0x5b6d224bc116 - std[617be2ca0a6fd877]::panicking::default_hook::{closure#0}
[INFO] [stdout]    4:     0x5b6d224d89f9 - std[617be2ca0a6fd877]::panicking::default_hook
[INFO] [stdout]    5:     0x5b6d222e6b70 - test[aada8e7e76ba119b]::test_main_inner::{closure#0}
[INFO] [stdout]    6:     0x5b6d224d8bb2 - std[617be2ca0a6fd877]::panicking::panic_with_hook
[INFO] [stdout]    7:     0x5b6d224bc1c2 - std[617be2ca0a6fd877]::panicking::panic_handler::{closure#0}
[INFO] [stdout]    8:     0x5b6d224b4c69 - std[617be2ca0a6fd877]::sys::backtrace::__rust_end_short_backtrace::<std[617be2ca0a6fd877]::panicking::panic_handler::{closure#0}, !>
[INFO] [stdout]    9:     0x5b6d224bce6d - __rustc[ea4f61d10b84890b]::rust_begin_unwind
[INFO] [stdout]   10:     0x5b6d224f5d0c - core[a373ad73a504971]::panicking::panic_fmt
[INFO] [stdout]   11:     0x5b6d224f5ae2 - core[a373ad73a504971]::result::unwrap_failed
[INFO] [stdout]   12:     0x5b6d222d6a19 - integration[2cca86764c088cec]::common::runner::run_app_with_stdin
[INFO] [stdout]   13:     0x5b6d222cf436 - integration[2cca86764c088cec]::common::runner::exec_test::<integration[2cca86764c088cec]::cli_test::test_subtasks::{closure#0}>
[INFO] [stdout]   14:     0x5b6d222d99e9 - <integration[2cca86764c088cec]::cli_test::test_subtasks::{closure#0} as core[a373ad73a504971]::ops::function::FnOnce<()>>::call_once
[INFO] [stdout]   15:     0x5b6d222d9fbb - test[aada8e7e76ba119b]::__rust_begin_short_backtrace::<core[a373ad73a504971]::result::Result<(), alloc[2e1b2a31b91974c5]::string::String>, fn() -> core[a373ad73a504971]::result::Result<(), alloc[2e1b2a31b91974c5]::string::String>>
[INFO] [stdout]   16:     0x5b6d222e7195 - test[aada8e7e76ba119b]::run_test::{closure#0}
[INFO] [stdout]   17:     0x5b6d222e0a84 - std[617be2ca0a6fd877]::sys::backtrace::__rust_begin_short_backtrace::<test[aada8e7e76ba119b]::run_test::{closure#1}, ()>
[INFO] [stdout]   18:     0x5b6d222ea222 - <std[617be2ca0a6fd877]::thread::lifecycle::spawn_unchecked<test[aada8e7e76ba119b]::run_test::{closure#1}, ()>::{closure#1} as core[a373ad73a504971]::ops::function::FnOnce<()>>::call_once::{shim:vtable#0}
[INFO] [stdout]   19:     0x5b6d224dfe6f - <std[617be2ca0a6fd877]::sys::thread::unix::Thread>::new::thread_start
[INFO] [stdout]   20:     0x740ee0ff1dfa - <unknown>
[INFO] [stdout]   21:     0x740ee10853d4 - clone
[INFO] [stdout]   22:                0x0 - <unknown>
[INFO] [stdout] 
[INFO] [stdout] ---- cli_test::test_task_status stdout ----
[INFO] [stdout] 
[INFO] [stdout] thread 'cli_test::test_task_status' (3921) panicked at tests/integration/common/runner.rs:51:6:
[INFO] [stdout] Should create child process: Os { code: 2, kind: NotFound, message: "No such file or directory" }
[INFO] [stdout] stack backtrace:
[INFO] [stdout]    0:     0x5b6d224e0611 - <<std[617be2ca0a6fd877]::sys::backtrace::BacktraceLock>::print::DisplayBacktrace as core[a373ad73a504971]::fmt::Display>::fmt
[INFO] [stdout]    1:     0x5b6d224f55aa - core[a373ad73a504971]::fmt::write
[INFO] [stdout]    2:     0x5b6d224e494c - <alloc[2e1b2a31b91974c5]::vec::Vec<u8> as core[a373ad73a504971]::io::write::Write>::write_fmt
[INFO] [stdout]    3:     0x5b6d224bc116 - std[617be2ca0a6fd877]::panicking::default_hook::{closure#0}
[INFO] [stdout]    4:     0x5b6d224d89f9 - std[617be2ca0a6fd877]::panicking::default_hook
[INFO] [stdout]    5:     0x5b6d222e6b70 - test[aada8e7e76ba119b]::test_main_inner::{closure#0}
[INFO] [stdout]    6:     0x5b6d224d8bb2 - std[617be2ca0a6fd877]::panicking::panic_with_hook
[INFO] [stdout]    7:     0x5b6d224bc1c2 - std[617be2ca0a6fd877]::panicking::panic_handler::{closure#0}
[INFO] [stdout]    8:     0x5b6d224b4c69 - std[617be2ca0a6fd877]::sys::backtrace::__rust_end_short_backtrace::<std[617be2ca0a6fd877]::panicking::panic_handler::{closure#0}, !>
[INFO] [stdout]    9:     0x5b6d224bce6d - __rustc[ea4f61d10b84890b]::rust_begin_unwind
[INFO] [stdout]   10:     0x5b6d224f5d0c - core[a373ad73a504971]::panicking::panic_fmt
[INFO] [stdout]   11:     0x5b6d224f5ae2 - core[a373ad73a504971]::result::unwrap_failed
[INFO] [stdout]   12:     0x5b6d222d6a19 - integration[2cca86764c088cec]::common::runner::run_app_with_stdin
[INFO] [stdout]   13:     0x5b6d222d120f - integration[2cca86764c088cec]::common::runner::exec_test::<integration[2cca86764c088cec]::cli_test::test_task_status::{closure#0}>
[INFO] [stdout]   14:     0x5b6d222d9a89 - <integration[2cca86764c088cec]::cli_test::test_task_status::{closure#0} as core[a373ad73a504971]::ops::function::FnOnce<()>>::call_once
[INFO] [stdout]   15:     0x5b6d222d9fbb - test[aada8e7e76ba119b]::__rust_begin_short_backtrace::<core[a373ad73a504971]::result::Result<(), alloc[2e1b2a31b91974c5]::string::String>, fn() -> core[a373ad73a504971]::result::Result<(), alloc[2e1b2a31b91974c5]::string::String>>
[INFO] [stdout]   16:     0x5b6d222e7195 - test[aada8e7e76ba119b]::run_test::{closure#0}
[INFO] [stdout]   17:     0x5b6d222e0a84 - std[617be2ca0a6fd877]::sys::backtrace::__rust_begin_short_backtrace::<test[aada8e7e76ba119b]::run_test::{closure#1}, ()>
[INFO] [stdout]   18:     0x5b6d222ea222 - <std[617be2ca0a6fd877]::thread::lifecycle::spawn_unchecked<test[aada8e7e76ba119b]::run_test::{closure#1}, ()>::{closure#1} as core[a373ad73a504971]::ops::function::FnOnce<()>>::call_once::{shim:vtable#0}
[INFO] [stdout]   19:     0x5b6d224dfe6f - <std[617be2ca0a6fd877]::sys::thread::unix::Thread>::new::thread_start
[INFO] [stdout]   20:     0x740ee0ff1dfa - <unknown>
[INFO] [stdout]   21:     0x740ee10853d4 - clone
[INFO] [stdout]   22:                0x0 - <unknown>
[INFO] [stdout] 
[INFO] [stdout] ---- cli_test::test_templates stdout ----
[INFO] [stdout] 
[INFO] [stdout] thread 'cli_test::test_templates' (3922) panicked at tests/integration/common/runner.rs:51:6:
[INFO] [stdout] Should create child process: Os { code: 2, kind: NotFound, message: "No such file or directory" }
[INFO] [stdout] stack backtrace:
[INFO] [stdout]    0:     0x5b6d224e0611 - <<std[617be2ca0a6fd877]::sys::backtrace::BacktraceLock>::print::DisplayBacktrace as core[a373ad73a504971]::fmt::Display>::fmt
[INFO] [stdout]    1:     0x5b6d224f55aa - core[a373ad73a504971]::fmt::write
[INFO] [stdout]    2:     0x5b6d224e494c - <alloc[2e1b2a31b91974c5]::vec::Vec<u8> as core[a373ad73a504971]::io::write::Write>::write_fmt
[INFO] [stdout]    3:     0x5b6d224bc116 - std[617be2ca0a6fd877]::panicking::default_hook::{closure#0}
[INFO] [stdout]    4:     0x5b6d224d89f9 - std[617be2ca0a6fd877]::panicking::default_hook
[INFO] [stdout]    5:     0x5b6d222e6b70 - test[aada8e7e76ba119b]::test_main_inner::{closure#0}
[INFO] [stdout]    6:     0x5b6d224d8bb2 - std[617be2ca0a6fd877]::panicking::panic_with_hook
[INFO] [stdout]    7:     0x5b6d224bc1c2 - std[617be2ca0a6fd877]::panicking::panic_handler::{closure#0}
[INFO] [stdout]    8:     0x5b6d224b4c69 - std[617be2ca0a6fd877]::sys::backtrace::__rust_end_short_backtrace::<std[617be2ca0a6fd877]::panicking::panic_handler::{closure#0}, !>
[INFO] [stdout]    9:     0x5b6d224bce6d - __rustc[ea4f61d10b84890b]::rust_begin_unwind
[INFO] [stdout]   10:     0x5b6d224f5d0c - core[a373ad73a504971]::panicking::panic_fmt
[INFO] [stdout]   11:     0x5b6d224f5ae2 - core[a373ad73a504971]::result::unwrap_failed
[INFO] [stdout]   12:     0x5b6d222d6a19 - integration[2cca86764c088cec]::common::runner::run_app_with_stdin
[INFO] [stdout]   13:     0x5b6d222d0858 - integration[2cca86764c088cec]::common::runner::exec_test::<integration[2cca86764c088cec]::cli_test::test_templates::{closure#0}>
[INFO] [stdout]   14:     0x5b6d222d9a49 - <integration[2cca86764c088cec]::cli_test::test_templates::{closure#0} as core[a373ad73a504971]::ops::function::FnOnce<()>>::call_once
[INFO] [stdout]   15:     0x5b6d222d9fbb - test[aada8e7e76ba119b]::__rust_begin_short_backtrace::<core[a373ad73a504971]::result::Result<(), alloc[2e1b2a31b91974c5]::string::String>, fn() -> core[a373ad73a504971]::result::Result<(), alloc[2e1b2a31b91974c5]::string::String>>
[INFO] [stdout]   16:     0x5b6d222e7195 - test[aada8e7e76ba119b]::run_test::{closure#0}
[INFO] [stdout]   17:     0x5b6d222e0a84 - std[617be2ca0a6fd877]::sys::backtrace::__rust_begin_short_backtrace::<test[aada8e7e76ba119b]::run_test::{closure#1}, ()>
[INFO] [stdout]   18:     0x5b6d222ea222 - <std[617be2ca0a6fd877]::thread::lifecycle::spawn_unchecked<test[aada8e7e76ba119b]::run_test::{closure#1}, ()>::{closure#1} as core[a373ad73a504971]::ops::function::FnOnce<()>>::call_once::{shim:vtable#0}
[INFO] [stdout]   19:     0x5b6d224dfe6f - <std[617be2ca0a6fd877]::sys::thread::unix::Thread>::new::thread_start
[INFO] [stdout]   20:     0x740ee0ff1dfa - <unknown>
[INFO] [stdout]   21:     0x740ee10853d4 - clone
[INFO] [stdout]   22:                0x0 - <unknown>
[INFO] [stdout] 
[INFO] [stdout] ---- cli_test::test_upsert_templates stdout ----
[INFO] [stdout] 
[INFO] [stdout] thread 'cli_test::test_upsert_templates' (3924) panicked at tests/integration/common/runner.rs:51:6:
[INFO] [stdout] Should create child process: Os { code: 2, kind: NotFound, message: "No such file or directory" }
[INFO] [stdout] stack backtrace:
[INFO] [stdout]    0:     0x5b6d224e0611 - <<std[617be2ca0a6fd877]::sys::backtrace::BacktraceLock>::print::DisplayBacktrace as core[a373ad73a504971]::fmt::Display>::fmt
[INFO] [stdout]    1:     0x5b6d224f55aa - core[a373ad73a504971]::fmt::write
[INFO] [stdout]    2:     0x5b6d224e494c - <alloc[2e1b2a31b91974c5]::vec::Vec<u8> as core[a373ad73a504971]::io::write::Write>::write_fmt
[INFO] [stdout]    3:     0x5b6d224bc116 - std[617be2ca0a6fd877]::panicking::default_hook::{closure#0}
[INFO] [stdout]    4:     0x5b6d224d89f9 - std[617be2ca0a6fd877]::panicking::default_hook
[INFO] [stdout]    5:     0x5b6d222e6b70 - test[aada8e7e76ba119b]::test_main_inner::{closure#0}
[INFO] [stdout]    6:     0x5b6d224d8bb2 - std[617be2ca0a6fd877]::panicking::panic_with_hook
[INFO] [stdout]    7:     0x5b6d224bc1c2 - std[617be2ca0a6fd877]::panicking::panic_handler::{closure#0}
[INFO] [stdout]    8:     0x5b6d224b4c69 - std[617be2ca0a6fd877]::sys::backtrace::__rust_end_short_backtrace::<std[617be2ca0a6fd877]::panicking::panic_handler::{closure#0}, !>
[INFO] [stdout]    9:     0x5b6d224bce6d - __rustc[ea4f61d10b84890b]::rust_begin_unwind
[INFO] [stdout]   10:     0x5b6d224f5d0c - core[a373ad73a504971]::panicking::panic_fmt
[INFO] [stdout]   11:     0x5b6d224f5ae2 - core[a373ad73a504971]::result::unwrap_failed
[INFO] [stdout]   12:     0x5b6d222d6a19 - integration[2cca86764c088cec]::common::runner::run_app_with_stdin
[INFO] [stdout]   13:     0x5b6d222d65d7 - integration[2cca86764c088cec]::cli_test::test_upsert_templates::{closure#0}
[INFO] [stdout]   14:     0x5b6d222d3a0a - integration[2cca86764c088cec]::common::runner::exec_test::<integration[2cca86764c088cec]::cli_test::test_upsert_templates::{closure#1}>
[INFO] [stdout]   15:     0x5b6d222d9b74 - <integration[2cca86764c088cec]::cli_test::test_upsert_templates::{closure#0} as core[a373ad73a504971]::ops::function::FnOnce<()>>::call_once
[INFO] [stdout]   16:     0x5b6d222d9fbb - test[aada8e7e76ba119b]::__rust_begin_short_backtrace::<core[a373ad73a504971]::result::Result<(), alloc[2e1b2a31b91974c5]::string::String>, fn() -> core[a373ad73a504971]::result::Result<(), alloc[2e1b2a31b91974c5]::string::String>>
[INFO] [stdout]   17:     0x5b6d222e7195 - test[aada8e7e76ba119b]::run_test::{closure#0}
[INFO] [stdout]   18:     0x5b6d222e0a84 - std[617be2ca0a6fd877]::sys::backtrace::__rust_begin_short_backtrace::<test[aada8e7e76ba119b]::run_test::{closure#1}, ()>
[INFO] [stdout]   19:     0x5b6d222ea222 - <std[617be2ca0a6fd877]::thread::lifecycle::spawn_unchecked<test[aada8e7e76ba119b]::run_test::{closure#1}, ()>::{closure#1} as core[a373ad73a504971]::ops::function::FnOnce<()>>::call_once::{shim:vtable#0}
[INFO] [stdout]   20:     0x5b6d224dfe6f - <std[617be2ca0a6fd877]::sys::thread::unix::Thread>::new::thread_start
[INFO] [stdout]   21:     0x740ee0ff1dfa - <unknown>
[INFO] [stdout]   22:     0x740ee10853d4 - clone
[INFO] [stdout]   23:                0x0 - <unknown>
[INFO] [stdout] 
[INFO] [stdout] 
[INFO] [stdout] failures:
[INFO] [stdout]     cli_test::test_archive_all_done
[INFO] [stdout]     cli_test::test_edit_note
[INFO] [stdout]     cli_test::test_info
[INFO] [stdout]     cli_test::test_logo
[INFO] [stdout]     cli_test::test_new_note
[INFO] [stdout]     cli_test::test_note_count
[INFO] [stdout]     cli_test::test_pin
[INFO] [stdout]     cli_test::test_pin_display_order
[INFO] [stdout]     cli_test::test_remove
[INFO] [stdout]     cli_test::test_remove_templates
[INFO] [stdout]     cli_test::test_search_by_tags
[INFO] [stdout]     cli_test::test_search_fuzzy
[INFO] [stdout]     cli_test::test_show
[INFO] [stdout]     cli_test::test_show_format_and_plain
[INFO] [stdout]     cli_test::test_show_tags
[INFO] [stdout]     cli_test::test_subtasks
[INFO] [stdout]     cli_test::test_task_status
[INFO] [stdout]     cli_test::test_templates
[INFO] [stdout]     cli_test::test_upsert_templates
[INFO] [stdout] 
[INFO] [stdout] test result: FAILED. 3 passed; 19 failed; 0 ignored; 0 measured; 0 filtered out; finished in 9.11s
[INFO] [stdout] 
[INFO] running `Command { std: "docker" "inspect" "041f3fe72c72c1b1734d963820a3c5a562fd41305323c3ccf4690584b2dc9e90", kill_on_drop: false }`
[INFO] running `Command { std: "docker" "rm" "-f" "041f3fe72c72c1b1734d963820a3c5a562fd41305323c3ccf4690584b2dc9e90", kill_on_drop: false }`
[INFO] [stdout] 041f3fe72c72c1b1734d963820a3c5a562fd41305323c3ccf4690584b2dc9e90
