[INFO] fetching crate term-session 0.10.15-alpha...
[INFO] testing term-session-0.10.15-alpha against 1.100.0-beta.1+cargoflags=--release for beta-release-1.100-2
[INFO] extracting crate term-session 0.10.15-alpha into /workspace/builds/worker-2-tc2/source
[INFO] started tweaking crates.io crate term-session 0.10.15-alpha
[INFO] removed 0 missing tests
[INFO] finished tweaking crates.io crate term-session 0.10.15-alpha
[INFO] tweaked toml for crates.io crate term-session 0.10.15-alpha written to /workspace/builds/worker-2-tc2/source/Cargo.toml
[INFO] validating manifest of crates.io crate term-session 0.10.15-alpha on toolchain 1.100.0-beta.1
[INFO] running `Command { std: CARGO_HOME="/workspace/cargo-home" RUSTUP_HOME="/workspace/rustup-home" "/workspace/cargo-home/bin/cargo" "+1.100.0-beta.1" "metadata" "--manifest-path" "Cargo.toml" "--no-deps", kill_on_drop: false }`
[INFO] crate crates.io crate term-session 0.10.15-alpha already has a lockfile, it will not be regenerated
[INFO] running `Command { std: CARGO_HOME="/workspace/cargo-home" RUSTUP_HOME="/workspace/rustup-home" "/workspace/cargo-home/bin/cargo" "+1.100.0-beta.1" "fetch" "--manifest-path" "Cargo.toml", kill_on_drop: false }`
[INFO] running `Command { std: "docker" "create" "-v" "/var/lib/crater-agent-workspace/builds/worker-2-tc2/source:/opt/rustwide/workdir:ro,Z" "-v" "/var/lib/crater-agent-workspace/builds/worker-2-tc2/target:/opt/rustwide/target:rw,Z" "-v" "/var/lib/crater-agent-workspace/cargo-home:/opt/rustwide/cargo-home:ro,Z" "-v" "/var/lib/crater-agent-workspace/rustup-home:/opt/rustwide/rustup-home:ro,Z" "-m" "1610612736" "--network" "none" "ghcr.io/rust-lang/crates-build-env/linux@sha256:77db811e55d90add9212f6832c23229e3de5f1c1f9905e8cb07319ea15df73ac" "sleep" "infinity", kill_on_drop: false }`
[INFO] [stdout] abf6191ee19e8fcdc0c402dd229c13acd0b093b24e64b9d87745f8b0f009535a
[INFO] running `Command { std: "docker" "start" "abf6191ee19e8fcdc0c402dd229c13acd0b093b24e64b9d87745f8b0f009535a", kill_on_drop: false }`
[INFO] running `Command { std: "docker" "inspect" "abf6191ee19e8fcdc0c402dd229c13acd0b093b24e64b9d87745f8b0f009535a", kill_on_drop: false }`
[INFO] running `Command { std: "docker" "exec" "-e" "SOURCE_DIR=/opt/rustwide/workdir" "-e" "CARGO_HOME=/opt/rustwide/cargo-home" "-e" "RUSTUP_HOME=/opt/rustwide/rustup-home" "-e" "CARGO_TARGET_DIR=/opt/rustwide/target" "-w" "/opt/rustwide/workdir" "--user" "0:0" "abf6191ee19e8fcdc0c402dd229c13acd0b093b24e64b9d87745f8b0f009535a" "/opt/rustwide/cargo-home/bin/cargo" "+1.100.0-beta.1" "metadata" "--no-deps" "--format-version=1", kill_on_drop: false }`
[INFO] running `Command { std: "docker" "inspect" "abf6191ee19e8fcdc0c402dd229c13acd0b093b24e64b9d87745f8b0f009535a", kill_on_drop: false }`
[INFO] running `Command { std: "docker" "exec" "-e" "SOURCE_DIR=/opt/rustwide/workdir" "-e" "CARGO_HOME=/opt/rustwide/cargo-home" "-e" "RUSTUP_HOME=/opt/rustwide/rustup-home" "-e" "CARGO_TARGET_DIR=/opt/rustwide/target" "-e" "CARGO_INCREMENTAL=0" "-e" "RUST_BACKTRACE=full" "-e" "RUSTFLAGS=--cap-lints=warn" "-e" "RUSTDOCFLAGS=--cap-lints=warn" "-w" "/opt/rustwide/workdir" "--user" "0:0" "abf6191ee19e8fcdc0c402dd229c13acd0b093b24e64b9d87745f8b0f009535a" "/opt/rustwide/cargo-home/bin/cargo" "+1.100.0-beta.1" "build" "--frozen" "--message-format=json" "--release", kill_on_drop: false }`
[INFO] [stderr]    Compiling unicode-ident v1.0.26
[INFO] [stderr]    Compiling libc v0.2.190
[INFO] [stderr]    Compiling log v0.4.34
[INFO] [stderr]    Compiling smallvec v1.16.2
[INFO] [stderr]    Compiling bytemuck v1.25.2
[INFO] [stderr]    Compiling winnow v1.0.4
[INFO] [stderr]    Compiling indexmap v2.14.2
[INFO] [stderr]    Compiling toml_datetime v1.1.1+spec-1.1.0
[INFO] [stderr]    Compiling proc-macro2 v1.0.107
[INFO] [stderr]    Compiling simd-adler32 v0.3.10
[INFO] [stderr]    Compiling num-traits v0.2.19
[INFO] [stderr]    Compiling crc32fast v1.5.2
[INFO] [stderr]    Compiling rustix v1.1.5
[INFO] [stderr]    Compiling futures-sink v0.3.34
[INFO] [stderr]    Compiling term-wm-config v0.10.15-alpha
[INFO] [stderr]    Compiling futures-channel v0.3.34
[INFO] [stderr]    Compiling quote v1.0.47
[INFO] [stderr]    Compiling miniz_oxide v0.9.1
[INFO] [stderr]    Compiling syn v2.0.119
[INFO] [stderr]    Compiling syn v3.0.6
[INFO] [stderr]    Compiling slab v0.4.12
[INFO] [stderr]    Compiling linux-raw-sys v0.12.1
[INFO] [stderr]    Compiling xxhash-rust v0.8.19
[INFO] [stderr]    Compiling toml_parser v1.1.3+spec-1.1.0
[INFO] [stderr]    Compiling flate2 v1.1.10
[INFO] [stderr]    Compiling utf8parse v0.2.2
[INFO] [stderr]    Compiling toml_edit v0.25.15+spec-1.1.0
[INFO] [stderr]    Compiling anstyle-parse v1.0.0
[INFO] [stderr]    Compiling fdeflate v0.3.7
[INFO] [stderr]    Compiling parking_lot_core v0.9.12
[INFO] [stderr]    Compiling errno v0.3.14
[INFO] [stderr]    Compiling mio v1.2.3
[INFO] [stderr]    Compiling signal-hook-registry v1.4.8
[INFO] [stderr]    Compiling parking_lot v0.12.5
[INFO] [stderr]    Compiling socket2 v0.6.5
[INFO] [stderr]    Compiling proc-macro-crate v3.5.0
[INFO] [stderr]    Compiling miniz_oxide v0.8.9
[INFO] [stderr]    Compiling anstyle v1.0.14
[INFO] [stderr]    Compiling colorchoice v1.0.5
[INFO] [stderr]    Compiling anstyle-query v1.1.5
[INFO] [stderr]    Compiling pxfm v0.1.30
[INFO] [stderr]    Compiling is_terminal_polyfill v1.70.2
[INFO] [stderr]    Compiling cfg_aliases v0.1.1
[INFO] [stderr]    Compiling nix v0.28.0
[INFO] [stderr]    Compiling png v0.18.1
[INFO] [stderr]    Compiling anstream v1.0.0
[INFO] [stderr]    Compiling nix v0.31.3
[INFO] [stderr]    Compiling unicode-segmentation v1.13.3
[INFO] [stderr]    Compiling strsim v0.11.1
[INFO] [stderr]    Compiling heck v0.5.0
[INFO] [stderr]    Compiling term-wm-layout-engine v0.10.15-alpha
[INFO] [stderr]    Compiling x11rb-protocol v0.13.2
[INFO] [stderr]    Compiling signal-hook v0.3.18
[INFO] [stderr]    Compiling doctest-file v1.1.1
[INFO] [stderr]    Compiling byteorder-lite v0.1.0
[INFO] [stderr]    Compiling futures-macro v0.3.34
[INFO] [stderr]    Compiling tokio-macros v2.7.2
[INFO] [stderr]    Compiling async-trait v0.1.92
[INFO] [stderr]    Compiling tokio v1.53.2
[INFO] [stderr]    Compiling tracing-attributes v0.1.31
[INFO] [stderr]    Compiling bitcode_derive v0.6.9
[INFO] [stderr]    Compiling num_enum_derive v0.7.6
[INFO] [stderr]    Compiling futures-util v0.3.34
[INFO] [stderr]    Compiling num_enum v0.7.6
[INFO] [stderr]    Compiling moxcms v0.8.1
[INFO] [stderr]    Compiling tracing v0.1.44
[INFO] [stderr]    Compiling bitcode v0.6.9
[INFO] [stderr]    Compiling muxio-core v0.17.0-alpha
[INFO] [stderr]    Compiling futures-executor v0.3.34
[INFO] [stderr]    Compiling muxio-rpc-service v0.17.0-alpha
[INFO] [stderr]    Compiling futures v0.3.34
[INFO] [stderr]    Compiling gethostname v1.1.0
[INFO] [stderr]    Compiling thiserror-impl v1.0.69
[INFO] [stderr]    Compiling clap_lex v1.1.1
[INFO] [stderr]    Compiling thiserror v2.0.21
[INFO] [stderr]    Compiling clap_builder v4.6.7
[INFO] [stderr]    Compiling x11rb v0.13.2
[INFO] [stderr]    Compiling term-wm-events v0.10.15-alpha
[INFO] [stderr]    Compiling thiserror v1.0.69
[INFO] [stderr]    Compiling thiserror-impl v2.0.21
[INFO] [stderr]    Compiling image v0.25.10
[INFO] [stderr]    Compiling muxio-rpc-service-caller v0.17.0-alpha
[INFO] [stderr]    Compiling interprocess v2.4.4
[INFO] [stderr]    Compiling muxio-rpc-service-endpoint v0.17.0-alpha
[INFO] [stderr]    Compiling clap_derive v4.6.7
[INFO] [stderr]    Compiling convert_case v0.10.0
[INFO] [stderr]    Compiling vte v0.15.0
[INFO] [stderr]    Compiling clap v4.6.7
[INFO] [stderr]    Compiling arboard v3.6.1
[INFO] [stderr]    Compiling term-session-muxio-service-definitions v0.10.15-alpha
[INFO] [stderr]    Compiling derive_more-impl v2.1.1
[INFO] [stderr]    Compiling filedescriptor v0.8.3
[INFO] [stderr]    Compiling term-sys-io v0.10.15-alpha
[INFO] [stderr]    Compiling serial2 v0.2.38
[INFO] [stderr]    Compiling litrs v1.0.0
[INFO] [stderr]    Compiling crossbeam-utils v0.8.23
[INFO] [stderr]    Compiling shell-words v1.1.1
[INFO] [stderr]    Compiling downcast-rs v1.2.1
[INFO] [stderr]    Compiling portable-pty v0.9.0
[INFO] [stderr]    Compiling term-wm-vt100 v0.16.2-patch4
[INFO] [stderr]    Compiling document-features v0.2.12
[INFO] [stderr]    Compiling term-clipboard v0.10.15-alpha
[INFO] [stderr]    Compiling regex-automata v0.4.18
[INFO] [stderr]    Compiling signal-hook-mio v0.2.5
[INFO] [stderr]    Compiling derive_more v2.1.1
[INFO] [stderr]    Compiling ctrlc v3.5.2
[INFO] [stderr]    Compiling line-ending v1.5.1
[INFO] [stderr]    Compiling chrono v0.4.45
[INFO] [stderr]    Compiling term-wm-pty-engine v0.10.15-alpha
[INFO] [stderr]    Compiling crossterm v0.29.0
[INFO] [stderr]    Compiling matchers v0.2.0
[INFO] [stderr]    Compiling tracing-log v0.2.0
[INFO] [stderr]    Compiling thread_local v1.1.10
[INFO] [stderr]    Compiling term-wm-crossterm-adapter v0.10.15-alpha
[INFO] [stderr]    Compiling tracing-subscriber v0.3.23
[INFO] [stderr]    Compiling crossbeam-channel v0.5.17
[INFO] [stderr]    Compiling file-rotate v0.8.0
[INFO] [stderr]    Compiling muxio-tokio-mpsc-adapter v0.17.0-alpha
[INFO] [stderr]    Compiling muxio-tokio-rpc-ipc-server v0.17.0-alpha
[INFO] [stderr]    Compiling muxio-tokio-rpc-ipc-client v0.17.0-alpha
[INFO] [stderr]    Compiling hostname v0.4.2
[INFO] [stderr]    Compiling term-session-server v0.10.15-alpha
[INFO] [stderr]    Compiling term-session-client v0.10.15-alpha
[INFO] [stderr]    Compiling term-logging v0.10.15-alpha
[INFO] [stderr]    Compiling term-session v0.10.15-alpha (/opt/rustwide/workdir)
[INFO] [stderr]     Finished `release` profile [optimized] target(s) in 5m 12s
[INFO] [stderr] warning: the following packages contain code that will be rejected by a future version of Rust: nix v0.28.0
[INFO] [stderr] note: to see what the problems were, use the option `--future-incompat-report`, or run `cargo report future-incompatibilities --id 2`
[INFO] running `Command { std: "docker" "inspect" "abf6191ee19e8fcdc0c402dd229c13acd0b093b24e64b9d87745f8b0f009535a", kill_on_drop: false }`
[INFO] running `Command { std: "docker" "exec" "-e" "SOURCE_DIR=/opt/rustwide/workdir" "-e" "CARGO_HOME=/opt/rustwide/cargo-home" "-e" "RUSTUP_HOME=/opt/rustwide/rustup-home" "-e" "CARGO_TARGET_DIR=/opt/rustwide/target" "-e" "CARGO_INCREMENTAL=0" "-e" "RUST_BACKTRACE=full" "-e" "RUSTFLAGS=--cap-lints=warn" "-e" "RUSTDOCFLAGS=--cap-lints=warn" "-w" "/opt/rustwide/workdir" "--user" "0:0" "abf6191ee19e8fcdc0c402dd229c13acd0b093b24e64b9d87745f8b0f009535a" "/opt/rustwide/cargo-home/bin/cargo" "+1.100.0-beta.1" "test" "--frozen" "--no-run" "--message-format=json" "--release", kill_on_drop: false }`
[INFO] [stderr]    Compiling rustix v1.1.5
[INFO] [stderr]    Compiling getrandom v0.3.4
[INFO] [stderr]    Compiling serial_test_derive v4.0.1
[INFO] [stderr]    Compiling fastrand v2.5.0
[INFO] [stderr]    Compiling term-session-mock v0.10.15-alpha
[INFO] [stderr]    Compiling term-test-support v0.10.15-alpha
[INFO] [stderr]    Compiling serial_test v4.0.1
[INFO] [stderr]    Compiling gethostname v1.1.0
[INFO] [stderr]    Compiling crossterm v0.29.0
[INFO] [stderr]    Compiling tempfile v3.27.0
[INFO] [stderr]    Compiling x11rb v0.13.2
[INFO] [stderr]    Compiling term-wm-crossterm-adapter v0.10.15-alpha
[INFO] [stderr]    Compiling arboard v3.6.1
[INFO] [stderr]    Compiling term-clipboard v0.10.15-alpha
[INFO] [stderr]    Compiling term-wm-pty-engine v0.10.15-alpha
[INFO] [stderr]    Compiling term-session-server v0.10.15-alpha
[INFO] [stderr]    Compiling term-session-client v0.10.15-alpha
[INFO] [stderr]    Compiling term-session v0.10.15-alpha (/opt/rustwide/workdir)
[INFO] [stderr]     Finished `release` profile [optimized] target(s) in 2m 05s
[INFO] [stderr] warning: the following packages contain code that will be rejected by a future version of Rust: nix v0.28.0
[INFO] [stderr] note: to see what the problems were, use the option `--future-incompat-report`, or run `cargo report future-incompatibilities --id 2`
[INFO] running `Command { std: "docker" "inspect" "abf6191ee19e8fcdc0c402dd229c13acd0b093b24e64b9d87745f8b0f009535a", kill_on_drop: false }`
[INFO] running `Command { std: "docker" "exec" "-e" "SOURCE_DIR=/opt/rustwide/workdir" "-e" "CARGO_HOME=/opt/rustwide/cargo-home" "-e" "RUSTUP_HOME=/opt/rustwide/rustup-home" "-e" "CARGO_TARGET_DIR=/opt/rustwide/target" "-e" "CARGO_INCREMENTAL=0" "-e" "RUST_BACKTRACE=full" "-e" "RUSTFLAGS=--cap-lints=warn" "-e" "RUSTDOCFLAGS=--cap-lints=warn" "-w" "/opt/rustwide/workdir" "--user" "0:0" "abf6191ee19e8fcdc0c402dd229c13acd0b093b24e64b9d87745f8b0f009535a" "/opt/rustwide/cargo-home/bin/cargo" "+1.100.0-beta.1" "test" "--frozen" "--release", kill_on_drop: false }`
[INFO] [stderr]     Finished `release` profile [optimized] target(s) in 0.28s
[INFO] [stderr] warning: the following packages contain code that will be rejected by a future version of Rust: nix v0.28.0
[INFO] [stderr] note: to see what the problems were, use the option `--future-incompat-report`, or run `cargo report future-incompatibilities --id 2`
[INFO] [stderr]      Running unittests src/lib.rs (/opt/rustwide/target/release/build/term-session/9ceaf90ac48adf6c/out/term_session-9ceaf90ac48adf6c)
[INFO] [stdout] 
[INFO] [stdout] running 19 tests
[INFO] [stdout] test auto_spawn::tests::daemon_command_line_suffix_agrees_with_spawn_args ... ok
[INFO] [stdout] test auto_spawn::tests::resolve_gateway_defaults_to_user_scoped_gateway ... ok
[INFO] [stdout] test auto_spawn::tests::daemon_spawn_args_pin_the_resolved_gateway ... ok
[INFO] [stdout] test auto_spawn::tests::resolve_gateway_falls_back_when_override_is_malformed ... ok
[INFO] [stdout] test auto_spawn::tests::resolve_gateway_honors_override ... ok
[INFO] [stdout] test auto_spawn::tests::resolve_gateway_keeps_multi_segment_overrides_lossless ... ok
[INFO] [stdout] test tests::format_older_than_a_day_shows_days_and_hours ... ok
[INFO] [stdout] test tests::format_timestamp_newer_than_now_saturates ... ok
[INFO] [stdout] test tests::format_under_a_day_shows_hours ... ok
[INFO] [stdout] test tests::format_under_a_minute_shows_seconds ... ok
[INFO] [stdout] test tests::format_under_an_hour_shows_minutes ... ok
[INFO] [stdout] test tests::format_zero_timestamp_is_dash ... ok
[INFO] [stdout] test tests::format_day_boundary_exact ... ok
[INFO] [stdout] test tests::format_does_not_render_clock_time ... ok
[INFO] [stdout] test auto_spawn::tests::resolve_gateway_namespace_override_preserves_user_segment ... ok
[INFO] [stdout] test tests::cli_channel_takes_precedence_over_env ... ok
[INFO] [stdout] test auto_spawn::tests::daemon_exit_status_formats_unix_status ... ok
[INFO] [stdout] test tests::falls_back_to_default_channel ... ok
[INFO] [stdout] test tests::falls_back_to_env_channel ... ok
[INFO] [stdout] 
[INFO] [stdout] test result: ok. 19 passed; 0 failed; 0 ignored; 0 measured; 0 filtered out; finished in 0.01s
[INFO] [stdout] 
[INFO] [stdout] 
[INFO] [stdout] running 9 tests
[INFO] [stdout] test tests::cli_parses_daemon_channel_and_positional_command ... ok
[INFO] [stdout] test tests::cli_parses_gateway_override_flag ... ok
[INFO] [stdout] test tests::cli_parses_list_subcommand_and_alias ... ok
[INFO] [stdout] test tests::cli_rejects_missing_kill_client_args ... ok
[INFO] [stdout] test tests::cli_parses_allow_nested_flag ... ok
[INFO] [stdout] test tests::cli_parses_stop_subcommand ... ok
[INFO] [stdout] test tests::cli_parses_kill_subcommand ... ok
[INFO] [stdout] test tests::help_shows_resolved_gateway ... ok
[INFO] [stdout] test tests::cli_parses_kill_client_subcommand ... ok
[INFO] [stdout] 
[INFO] [stdout] test result: ok. 9 passed; 0 failed; 0 ignored; 0 measured; 0 filtered out; finished in 0.00s
[INFO] [stdout] 
[INFO] [stderr]      Running unittests src/main.rs (/opt/rustwide/target/release/build/term-session/cc993c2424cb5621/out/term_session-cc993c2424cb5621)
[INFO] [stderr]      Running tests/daemon_logging_fallback.rs (/opt/rustwide/target/release/build/term-session/15f72ca78cdf86f8/out/daemon_logging_fallback-15f72ca78cdf86f8)
[INFO] [stdout] 
[INFO] [stdout] running 1 test
[INFO] [stderr]      Running tests/daemon_logging_file.rs (/opt/rustwide/target/release/build/term-session/e07b8cbded071c5c/out/daemon_logging_file-e07b8cbded071c5c)
[INFO] [stdout] test daemon_falls_back_to_stdout_without_panic_when_unset ... ok
[INFO] [stdout] 
[INFO] [stdout] test result: ok. 1 passed; 0 failed; 0 ignored; 0 measured; 0 filtered out; finished in 0.00s
[INFO] [stdout] 
[INFO] [stdout] 
[INFO] [stdout] running 1 test
[INFO] [stdout] test daemon_file_logging_writes_emitted_events ... ok
[INFO] [stdout] 
[INFO] [stdout] test result: ok. 1 passed; 0 failed; 0 ignored; 0 measured; 0 filtered out; finished in 0.00s
[INFO] [stdout] 
[INFO] [stderr]      Running tests/daemon_logging_file_write.rs (/opt/rustwide/target/release/build/term-session/2d0afd07c31c6036/out/daemon_logging_file_write-2d0afd07c31c6036)
[INFO] [stdout] 
[INFO] [stdout] running 1 test
[INFO] [stderr]      Running tests/daemon_logging_sinks.rs (/opt/rustwide/target/release/build/term-session/6a8ad1945381dd65/out/daemon_logging_sinks-6a8ad1945381dd65)
[INFO] [stdout] test daemon_file_logging_writes_emitted_events ... ok
[INFO] [stdout] 
[INFO] [stdout] test result: ok. 1 passed; 0 failed; 0 ignored; 0 measured; 0 filtered out; finished in 0.00s
[INFO] [stdout] 
[INFO] [stdout] 
[INFO] [stdout] running 4 tests
[INFO] [stdout] test sink_is_file_when_env_points_at_writable_path ... ok
[INFO] [stdout] test sink_is_stdout_when_env_unset ... ok
[INFO] [stdout] test fallback_log_rejects_insecure_precreated_path ... ok
[INFO] [stderr]      Running tests/daemon_tests.rs (/opt/rustwide/target/release/build/term-session/5321c7d211539ca7/out/daemon_tests-5321c7d211539ca7)
[INFO] [stdout] test fallback_log_allows_concurrent_readers ... ok
[INFO] [stdout] 
[INFO] [stdout] test result: ok. 4 passed; 0 failed; 0 ignored; 0 measured; 0 filtered out; finished in 0.01s
[INFO] [stdout] 
[INFO] [stdout] 
[INFO] [stdout] running 17 tests
[INFO] [stdout] test bare_term_session_shows_help_and_does_not_connect ... ok
[INFO] [stdout] test attach_inside_nested_env_aborts_without_allow_nested ... ok
[INFO] [stdout] test connection_error_is_printed_to_stderr ... ok
[INFO] [stdout] test daemon_detaches_and_reports_proof ... ok
[INFO] [stdout] test cli_list_renders_client_identity ... ok
[INFO] [stdout] test daemon_does_not_inherit_parent_handles ... ok
[INFO] [stdout] test dash_dash_disambiguates_command_from_subcommand ... ok
[INFO] [stderr]     Blocking    Blocking waiting for file lock on build directory
[INFO] [stderr]  waiting for file lock on build directory
[INFO] [stderr]     Blocking waiting for file lock on build directory
[INFO] [stderr]     Blocking waiting for file lock on build directory
[INFO] [stderr]    Compiling proc-macro2 v1.0.107
[INFO] [stderr]    Compiling unicode-ident v1.0.26
[INFO] [stderr]    Compiling quote v1.0.47
[INFO] [stderr]    Compiling hashbrown v0.17.1
[INFO] [stderr]    Compiling equivalent v1.0.2
[INFO] [stderr]    Compiling winnow v1.0.4
[INFO] [stderr]    Compiling toml_datetime v1.1.1+spec-1.1.0
[INFO] [stderr]    Compiling rustversion v1.0.23
[INFO] [stderr]     Blocking waiting for file lock on build directory
[INFO] [stderr]    Compiling term-wm-config v0.10.15-alpha
[INFO] [stderr]     Blocking waiting for file lock on build directory
[INFO] [stderr]    Compiling bytemuck v1.25.2
[INFO] [stderr]    Compiling libc v0.2.190
[INFO] [stderr]    Compiling doctest-file v1.1.1
[INFO] [stderr]    Compiling term-wm-layout-engine v0.10.15-alpha
[INFO] [stderr]    Compiling term-session-muxio-service-definitions v0.10.15-alpha
[INFO] [stderr]    Compiling xxhash-rust v0.8.19
[INFO] [stderr]    Compiling indexmap v2.14.2
[INFO] [stdout] test attach_cross_gateway_proceeds_without_allow_nested ... ok
[INFO] [stderr]     Blocking waiting for file lock on build directory
[INFO] [stderr]    Compiling syn v2.0.119
[INFO] [stderr]    Compiling toml_parser v1.1.3+spec-1.1.0
[INFO] [stderr]    Compiling toml_edit v0.25.15+spec-1.1.0
[INFO] [stderr]    Compiling interprocess v2.4.4
[INFO] [stderr]    Compiling proc-macro-crate v3.5.0
[INFO] [stderr]    Compiling bitcode_derive v0.6.9
[INFO] [stderr]    Compiling num_enum_derive v0.7.6
[INFO] [stderr]    Compiling num_enum v0.7.6
[INFO] [stderr]    Compiling bitcode v0.6.9
[INFO] [stderr]    Compiling term-wm-events v0.10.15-alpha
[INFO] [stderr]    Compiling muxio-rpc-service v0.17.0-alpha
[INFO] [stderr]    Compiling term-session-mock v0.10.15-alpha (/opt/rustwide/cargo-home/registry/src/index.crates.io-1949cf8c6b5b557f/term-session-mock-0.10.15-alpha)
[INFO] [stderr]     Finished `dev` profile [unoptimized + debuginfo] target(s) in 20.76s
[INFO] [stdout] test attach_inside_nested_env_proceeds_with_allow_nested ... FAILED
[INFO] [stderr]     Finished `dev` profile [unoptimized + debuginfo] target(s) in 20.73s
[INFO] [stdout] test unknown_flag_errors_without_spawning_gateway ... ok
[INFO] [stdout] test cli_kill_requires_force_when_participants ... FAILED
[INFO] [stderr]     Finished `dev` profile [unoptimized + debuginfo] target(s) in 20.78s
[INFO] [stderr]     Finished `dev` profile [unoptimized + debuginfo] target(s) in 20.77s
[INFO] [stdout] test cli_stop_requires_force_when_live_sessions ... FAILED
[INFO] [stdout] test daemon_survives_parent_death ... FAILED
[INFO] [stderr]     Finished `dev` profile [unoptimized + debuginfo] target(s) in 20.75s
[INFO] [stdout] test cli_kill_client_detaches_one_client ... FAILED
[INFO] [stderr]     Finished `dev` profile [unoptimized + debuginfo] target(s) in 20.66s
[INFO] [stdout] test session_starts_in_client_cwd ... FAILED
[INFO] [stderr]     Finished `dev` profile [unoptimized + debuginfo] target(s) in 20.79s
[INFO] [stdout] test daemon_survives_all_clients_disconnecting ... FAILED
[INFO] [stderr]     Finished `dev` profile [unoptimized + debuginfo] target(s) in 15.74s
[INFO] [stdout] test top_level_channel_auto_attaches ... FAILED
[INFO] [stdout] 
[INFO] [stdout] failures:
[INFO] [stdout] 
[INFO] [stdout] ---- attach_inside_nested_env_proceeds_with_allow_nested stdout ----
[INFO] [stdout] 
[INFO] [stdout] thread 'attach_inside_nested_env_proceeds_with_allow_nested' (3073) panicked at /opt/rustwide/cargo-home/registry/src/index.crates.io-1949cf8c6b5b557f/term-session-mock-0.10.15-alpha/src/lib.rs:123:17:
[INFO] [stdout] term-session-mock binary still missing after `cargo build`; searched "/opt/rustwide/target/release/build/term-session/5321c7d211539ca7/out/term-session-mock" and "/opt/rustwide/target/release/build/term-session/5321c7d211539ca7/out/deps"
[INFO] [stdout] stack backtrace:
[INFO] [stdout]    0:     0x59c00eaa97e1 - <<std[617be2ca0a6fd877]::sys::backtrace::BacktraceLock>::print::DisplayBacktrace as core[a373ad73a504971]::fmt::Display>::fmt
[INFO] [stdout]    1:     0x59c00eabe86a - core[a373ad73a504971]::fmt::write
[INFO] [stdout]    2:     0x59c00eaae12c - <alloc[2e1b2a31b91974c5]::vec::Vec<u8> as core[a373ad73a504971]::io::write::Write>::write_fmt
[INFO] [stdout]    3:     0x59c00ea82b06 - std[617be2ca0a6fd877]::panicking::default_hook::{closure#0}
[INFO] [stdout]    4:     0x59c00eaa09d9 - std[617be2ca0a6fd877]::panicking::default_hook
[INFO] [stdout]    5:     0x59c00e9ea8f0 - test[aada8e7e76ba119b]::test_main_inner::{closure#0}
[INFO] [stdout]    6:     0x59c00eaa0d02 - std[617be2ca0a6fd877]::panicking::panic_with_hook
[INFO] [stdout]    7:     0x59c00ea82bb2 - std[617be2ca0a6fd877]::panicking::panic_handler::{closure#0}
[INFO] [stdout]    8:     0x59c00ea7b579 - std[617be2ca0a6fd877]::sys::backtrace::__rust_end_short_backtrace::<std[617be2ca0a6fd877]::panicking::panic_handler::{closure#0}, !>
[INFO] [stdout]    9:     0x59c00ea837bd - __rustc[ea4f61d10b84890b]::rust_begin_unwind
[INFO] [stdout]   10:     0x59c00eabefcc - core[a373ad73a504971]::panicking::panic_fmt
[INFO] [stdout]   11:     0x59c00e9d877e - term_session_mock[e9088d6970a2b837]::get_mock_bin
[INFO] [stdout]   12:     0x59c00e99ee01 - daemon_tests[25f750dad8ccf26c]::attach_inside_nested_env_proceeds_with_allow_nested::{closure#0}
[INFO] [stdout]   13:     0x59c00e9cb1f3 - <tokio[3bc5635d2368e0c]::runtime::scheduler::current_thread::Context>::enter::<core[a373ad73a504971]::task::poll::Poll<()>, <tokio[3bc5635d2368e0c]::runtime::scheduler::current_thread::CoreGuard>::block_on<core[a373ad73a504971]::pin::Pin<&mut core[a373ad73a504971]::pin::Pin<&mut dyn core[a373ad73a504971]::future::future::Future<Output = ()>>>>::{closure#0}::{closure#0}>
[INFO] [stdout]   14:     0x59c00e9cda4c - <tokio[3bc5635d2368e0c]::runtime::context::scoped::Scoped<tokio[3bc5635d2368e0c]::runtime::scheduler::Context>>::set::<<tokio[3bc5635d2368e0c]::runtime::scheduler::current_thread::CoreGuard>::enter<<tokio[3bc5635d2368e0c]::runtime::scheduler::current_thread::CoreGuard>::block_on<core[a373ad73a504971]::pin::Pin<&mut core[a373ad73a504971]::pin::Pin<&mut dyn core[a373ad73a504971]::future::future::Future<Output = ()>>>>::{closure#0}, core[a373ad73a504971]::option::Option<()>>::{closure#0}, (alloc[2e1b2a31b91974c5]::boxed::Box<tokio[3bc5635d2368e0c]::runtime::scheduler::current_thread::Core>, core[a373ad73a504971]::option::Option<()>)>
[INFO] [stdout]   15:     0x59c00e9cb697 - <tokio[3bc5635d2368e0c]::runtime::scheduler::current_thread::CoreGuard>::block_on::<core[a373ad73a504971]::pin::Pin<&mut core[a373ad73a504971]::pin::Pin<&mut dyn core[a373ad73a504971]::future::future::Future<Output = ()>>>>
[INFO] [stdout]   16:     0x59c00e9cabb6 - tokio[3bc5635d2368e0c]::runtime::context::runtime::enter_runtime::<<tokio[3bc5635d2368e0c]::runtime::scheduler::current_thread::CurrentThread>::block_on<core[a373ad73a504971]::pin::Pin<&mut dyn core[a373ad73a504971]::future::future::Future<Output = ()>>>::{closure#0}, ()>
[INFO] [stdout]   17:     0x59c00e9cb0d5 - <tokio[3bc5635d2368e0c]::runtime::runtime::Runtime>::block_on::<core[a373ad73a504971]::pin::Pin<&mut dyn core[a373ad73a504971]::future::future::Future<Output = ()>>>
[INFO] [stdout]   18:     0x59c00e9a376e - <daemon_tests[25f750dad8ccf26c]::attach_inside_nested_env_proceeds_with_allow_nested::{closure#0} as core[a373ad73a504971]::ops::function::FnOnce<()>>::call_once
[INFO] [stdout]   19:     0x59c00e9ddd3b - test[aada8e7e76ba119b]::__rust_begin_short_backtrace::<core[a373ad73a504971]::result::Result<(), alloc[2e1b2a31b91974c5]::string::String>, fn() -> core[a373ad73a504971]::result::Result<(), alloc[2e1b2a31b91974c5]::string::String>>
[INFO] [stdout]   20:     0x59c00e9eaf15 - test[aada8e7e76ba119b]::run_test::{closure#0}
[INFO] [stdout]   21:     0x59c00e9e4804 - std[617be2ca0a6fd877]::sys::backtrace::__rust_begin_short_backtrace::<test[aada8e7e76ba119b]::run_test::{closure#1}, ()>
[INFO] [stdout]   22:     0x59c00e9edfa2 - <std[617be2ca0a6fd877]::thread::lifecycle::spawn_unchecked<test[aada8e7e76ba119b]::run_test::{closure#1}, ()>::{closure#1} as core[a373ad73a504971]::ops::function::FnOnce<()>>::call_once::{shim:vtable#0}
[INFO] [stdout]   23:     0x59c00eaa898f - <std[617be2ca0a6fd877]::sys::thread::unix::Thread>::new::thread_start
[INFO] [stdout]   24:     0x7a7ea7269dfa - <unknown>
[INFO] [stdout]   25:     0x7a7ea72fd3d4 - clone
[INFO] [stdout]   26:                0x0 - <unknown>
[INFO] [stdout] 
[INFO] [stdout] ---- cli_kill_requires_force_when_participants stdout ----
[INFO] [stdout] 
[INFO] [stdout] thread 'cli_kill_requires_force_when_participants' (3076) panicked at /opt/rustwide/cargo-home/registry/src/index.crates.io-1949cf8c6b5b557f/term-session-mock-0.10.15-alpha/src/lib.rs:123:17:
[INFO] [stdout] term-session-mock binary still missing after `cargo build`; searched "/opt/rustwide/target/release/build/term-session/5321c7d211539ca7/out/term-session-mock" and "/opt/rustwide/target/release/build/term-session/5321c7d211539ca7/out/deps"
[INFO] [stdout] stack backtrace:
[INFO] [stdout]    0:     0x59c00eaa97e1 - <<std[617be2ca0a6fd877]::sys::backtrace::BacktraceLock>::print::DisplayBacktrace as core[a373ad73a504971]::fmt::Display>::fmt
[INFO] [stdout]    1:     0x59c00eabe86a - core[a373ad73a504971]::fmt::write
[INFO] [stdout]    2:     0x59c00eaae12c - <alloc[2e1b2a31b91974c5]::vec::Vec<u8> as core[a373ad73a504971]::io::write::Write>::write_fmt
[INFO] [stdout]    3:     0x59c00ea82b06 - std[617be2ca0a6fd877]::panicking::default_hook::{closure#0}
[INFO] [stdout]    4:     0x59c00eaa09d9 - std[617be2ca0a6fd877]::panicking::default_hook
[INFO] [stdout]    5:     0x59c00e9ea8f0 - test[aada8e7e76ba119b]::test_main_inner::{closure#0}
[INFO] [stdout]    6:     0x59c00eaa0d02 - std[617be2ca0a6fd877]::panicking::panic_with_hook
[INFO] [stdout]    7:     0x59c00ea82bb2 - std[617be2ca0a6fd877]::panicking::panic_handler::{closure#0}
[INFO] [stdout]    8:     0x59c00ea7b579 - std[617be2ca0a6fd877]::sys::backtrace::__rust_end_short_backtrace::<std[617be2ca0a6fd877]::panicking::panic_handler::{closure#0}, !>
[INFO] [stdout]    9:     0x59c00ea837bd - __rustc[ea4f61d10b84890b]::rust_begin_unwind
[INFO] [stdout]   10:     0x59c00eabefcc - core[a373ad73a504971]::panicking::panic_fmt
[INFO] [stdout]   11:     0x59c00e9d877e - term_session_mock[e9088d6970a2b837]::get_mock_bin
[INFO] [stdout]   12:     0x59c00e99b0bd - daemon_tests[25f750dad8ccf26c]::cli_kill_requires_force_when_participants::{closure#0}
[INFO] [stdout]   13:     0x59c00e9cb1f3 - <tokio[3bc5635d2368e0c]::runtime::scheduler::current_thread::Context>::enter::<core[a373ad73a504971]::task::poll::Poll<()>, <tokio[3bc5635d2368e0c]::runtime::scheduler::current_thread::CoreGuard>::block_on<core[a373ad73a504971]::pin::Pin<&mut core[a373ad73a504971]::pin::Pin<&mut dyn core[a373ad73a504971]::future::future::Future<Output = ()>>>>::{closure#0}::{closure#0}>
[INFO] [stdout]   14:     0x59c00e9cda4c - <tokio[3bc5635d2368e0c]::runtime::context::scoped::Scoped<tokio[3bc5635d2368e0c]::runtime::scheduler::Context>>::set::<<tokio[3bc5635d2368e0c]::runtime::scheduler::current_thread::CoreGuard>::enter<<tokio[3bc5635d2368e0c]::runtime::scheduler::current_thread::CoreGuard>::block_on<core[a373ad73a504971]::pin::Pin<&mut core[a373ad73a504971]::pin::Pin<&mut dyn core[a373ad73a504971]::future::future::Future<Output = ()>>>>::{closure#0}, core[a373ad73a504971]::option::Option<()>>::{closure#0}, (alloc[2e1b2a31b91974c5]::boxed::Box<tokio[3bc5635d2368e0c]::runtime::scheduler::current_thread::Core>, core[a373ad73a504971]::option::Option<()>)>
[INFO] [stdout]   15:     0x59c00e9cb697 - <tokio[3bc5635d2368e0c]::runtime::scheduler::current_thread::CoreGuard>::block_on::<core[a373ad73a504971]::pin::Pin<&mut core[a373ad73a504971]::pin::Pin<&mut dyn core[a373ad73a504971]::future::future::Future<Output = ()>>>>
[INFO] [stdout]   16:     0x59c00e9cabb6 - tokio[3bc5635d2368e0c]::runtime::context::runtime::enter_runtime::<<tokio[3bc5635d2368e0c]::runtime::scheduler::current_thread::CurrentThread>::block_on<core[a373ad73a504971]::pin::Pin<&mut dyn core[a373ad73a504971]::future::future::Future<Output = ()>>>::{closure#0}, ()>
[INFO] [stdout]   17:     0x59c00e9cb0d5 - <tokio[3bc5635d2368e0c]::runtime::runtime::Runtime>::block_on::<core[a373ad73a504971]::pin::Pin<&mut dyn core[a373ad73a504971]::future::future::Future<Output = ()>>>
[INFO] [stdout]   18:     0x59c00e9a211e - <daemon_tests[25f750dad8ccf26c]::cli_kill_requires_force_when_participants::{closure#0} as core[a373ad73a504971]::ops::function::FnOnce<()>>::call_once
[INFO] [stdout]   19:     0x59c00e9ddd3b - test[aada8e7e76ba119b]::__rust_begin_short_backtrace::<core[a373ad73a504971]::result::Result<(), alloc[2e1b2a31b91974c5]::string::String>, fn() -> core[a373ad73a504971]::result::Result<(), alloc[2e1b2a31b91974c5]::string::String>>
[INFO] [stdout]   20:     0x59c00e9eaf15 - test[aada8e7e76ba119b]::run_test::{closure#0}
[INFO] [stdout]   21:     0x59c00e9e4804 - std[617be2ca0a6fd877]::sys::backtrace::__rust_begin_short_backtrace::<test[aada8e7e76ba119b]::run_test::{closure#1}, ()>
[INFO] [stdout]   22:     0x59c00e9edfa2 - <std[617be2ca0a6fd877]::thread::lifecycle::spawn_unchecked<test[aada8e7e76ba119b]::run_test::{closure#1}, ()>::{closure#1} as core[a373ad73a504971]::ops::function::FnOnce<()>>::call_once::{shim:vtable#0}
[INFO] [stdout]   23:     0x59c00eaa898f - <std[617be2ca0a6fd877]::sys::thread::unix::Thread>::new::thread_start
[INFO] [stdout]   24:     0x7a7ea7269dfa - <unknown>
[INFO] [stdout]   25:     0x7a7ea72fd3d4 - clone
[INFO] [stdout]   26:                0x0 - <unknown>
[INFO] [stdout] 
[INFO] [stdout] ---- cli_stop_requires_force_when_live_sessions stdout ----
[INFO] [stdout] 
[INFO] [stdout] thread 'cli_stop_requires_force_when_live_sessions' (3078) panicked at /opt/rustwide/cargo-home/registry/src/index.crates.io-1949cf8c6b5b557f/term-session-mock-0.10.15-alpha/src/lib.rs:123:17:
[INFO] [stdout] term-session-mock binary still missing after `cargo build`; searched "/opt/rustwide/target/release/build/term-session/5321c7d211539ca7/out/term-session-mock" and "/opt/rustwide/target/release/build/term-session/5321c7d211539ca7/out/deps"
[INFO] [stdout] stack backtrace:
[INFO] [stdout]    0:     0x59c00eaa97e1 - <<std[617be2ca0a6fd877]::sys::backtrace::BacktraceLock>::print::DisplayBacktrace as core[a373ad73a504971]::fmt::Display>::fmt
[INFO] [stdout]    1:     0x59c00eabe86a - core[a373ad73a504971]::fmt::write
[INFO] [stdout]    2:     0x59c00eaae12c - <alloc[2e1b2a31b91974c5]::vec::Vec<u8> as core[a373ad73a504971]::io::write::Write>::write_fmt
[INFO] [stdout]    3:     0x59c00ea82b06 - std[617be2ca0a6fd877]::panicking::default_hook::{closure#0}
[INFO] [stdout]    4:     0x59c00eaa09d9 - std[617be2ca0a6fd877]::panicking::default_hook
[INFO] [stdout]    5:     0x59c00e9ea8f0 - test[aada8e7e76ba119b]::test_main_inner::{closure#0}
[INFO] [stdout]    6:     0x59c00eaa0d02 - std[617be2ca0a6fd877]::panicking::panic_with_hook
[INFO] [stdout]    7:     0x59c00ea82bb2 - std[617be2ca0a6fd877]::panicking::panic_handler::{closure#0}
[INFO] [stdout]    8:     0x59c00ea7b579 - std[617be2ca0a6fd877]::sys::backtrace::__rust_end_short_backtrace::<std[617be2ca0a6fd877]::panicking::panic_handler::{closure#0}, !>
[INFO] [stdout]    9:     0x59c00ea837bd - __rustc[ea4f61d10b84890b]::rust_begin_unwind
[INFO] [stdout]   10:     0x59c00eabefcc - core[a373ad73a504971]::panicking::panic_fmt
[INFO] [stdout]   11:     0x59c00e9d877e - term_session_mock[e9088d6970a2b837]::get_mock_bin
[INFO] [stdout]   12:     0x59c00e99ce20 - daemon_tests[25f750dad8ccf26c]::cli_stop_requires_force_when_live_sessions::{closure#0}
[INFO] [stdout]   13:     0x59c00e9cb1f3 - <tokio[3bc5635d2368e0c]::runtime::scheduler::current_thread::Context>::enter::<core[a373ad73a504971]::task::poll::Poll<()>, <tokio[3bc5635d2368e0c]::runtime::scheduler::current_thread::CoreGuard>::block_on<core[a373ad73a504971]::pin::Pin<&mut core[a373ad73a504971]::pin::Pin<&mut dyn core[a373ad73a504971]::future::future::Future<Output = ()>>>>::{closure#0}::{closure#0}>
[INFO] [stdout]   14:     0x59c00e9cda4c - <tokio[3bc5635d2368e0c]::runtime::context::scoped::Scoped<tokio[3bc5635d2368e0c]::runtime::scheduler::Context>>::set::<<tokio[3bc5635d2368e0c]::runtime::scheduler::current_thread::CoreGuard>::enter<<tokio[3bc5635d2368e0c]::runtime::scheduler::current_thread::CoreGuard>::block_on<core[a373ad73a504971]::pin::Pin<&mut core[a373ad73a504971]::pin::Pin<&mut dyn core[a373ad73a504971]::future::future::Future<Output = ()>>>>::{closure#0}, core[a373ad73a504971]::option::Option<()>>::{closure#0}, (alloc[2e1b2a31b91974c5]::boxed::Box<tokio[3bc5635d2368e0c]::runtime::scheduler::current_thread::Core>, core[a373ad73a504971]::option::Option<()>)>
[INFO] [stdout]   15:     0x59c00e9cb697 - <tokio[3bc5635d2368e0c]::runtime::scheduler::current_thread::CoreGuard>::block_on::<core[a373ad73a504971]::pin::Pin<&mut core[a373ad73a504971]::pin::Pin<&mut dyn core[a373ad73a504971]::future::future::Future<Output = ()>>>>
[INFO] [stdout]   16:     0x59c00e9cabb6 - tokio[3bc5635d2368e0c]::runtime::context::runtime::enter_runtime::<<tokio[3bc5635d2368e0c]::runtime::scheduler::current_thread::CurrentThread>::block_on<core[a373ad73a504971]::pin::Pin<&mut dyn core[a373ad73a504971]::future::future::Future<Output = ()>>>::{closure#0}, ()>
[INFO] [stdout]   17:     0x59c00e9cb0d5 - <tokio[3bc5635d2368e0c]::runtime::runtime::Runtime>::block_on::<core[a373ad73a504971]::pin::Pin<&mut dyn core[a373ad73a504971]::future::future::Future<Output = ()>>>
[INFO] [stdout]   18:     0x59c00e9a23de - <daemon_tests[25f750dad8ccf26c]::cli_stop_requires_force_when_live_sessions::{closure#0} as core[a373ad73a504971]::ops::function::FnOnce<()>>::call_once
[INFO] [stdout]   19:     0x59c00e9ddd3b - test[aada8e7e76ba119b]::__rust_begin_short_backtrace::<core[a373ad73a504971]::result::Result<(), alloc[2e1b2a31b91974c5]::string::String>, fn() -> core[a373ad73a504971]::result::Result<(), alloc[2e1b2a31b91974c5]::string::String>>
[INFO] [stdout]   20:     0x59c00e9eaf15 - test[aada8e7e76ba119b]::run_test::{closure#0}
[INFO] [stdout]   21:     0x59c00e9e4804 - std[617be2ca0a6fd877]::sys::backtrace::__rust_begin_short_backtrace::<test[aada8e7e76ba119b]::run_test::{closure#1}, ()>
[INFO] [stdout]   22:     0x59c00e9edfa2 - <std[617be2ca0a6fd877]::thread::lifecycle::spawn_unchecked<test[aada8e7e76ba119b]::run_test::{closure#1}, ()>::{closure#1} as core[a373ad73a504971]::ops::function::FnOnce<()>>::call_once::{shim:vtable#0}
[INFO] [stdout]   23:     0x59c00eaa898f - <std[617be2ca0a6fd877]::sys::thread::unix::Thread>::new::thread_start
[INFO] [stdout]   24:     0x7a7ea7269dfa - <unknown>
[INFO] [stdout]   25:     0x7a7ea72fd3d4 - clone
[INFO] [stdout]   26:                0x0 - <unknown>
[INFO] [stdout] 
[INFO] [stdout] ---- daemon_survives_parent_death stdout ----
[INFO] [stdout] 
[INFO] [stdout] thread 'daemon_survives_parent_death' (3191) panicked at /opt/rustwide/cargo-home/registry/src/index.crates.io-1949cf8c6b5b557f/term-session-mock-0.10.15-alpha/src/lib.rs:123:17:
[INFO] [stdout] term-session-mock binary still missing after `cargo build`; searched "/opt/rustwide/target/release/build/term-session/5321c7d211539ca7/out/term-session-mock" and "/opt/rustwide/target/release/build/term-session/5321c7d211539ca7/out/deps"
[INFO] [stdout] stack backtrace:
[INFO] [stdout]    0:     0x59c00eaa97e1 - <<std[617be2ca0a6fd877]::sys::backtrace::BacktraceLock>::print::DisplayBacktrace as core[a373ad73a504971]::fmt::Display>::fmt
[INFO] [stdout]    1:     0x59c00eabe86a - core[a373ad73a504971]::fmt::write
[INFO] [stdout]    2:     0x59c00eaae12c - <alloc[2e1b2a31b91974c5]::vec::Vec<u8> as core[a373ad73a504971]::io::write::Write>::write_fmt
[INFO] [stdout]    3:     0x59c00ea82b06 - std[617be2ca0a6fd877]::panicking::default_hook::{closure#0}
[INFO] [stdout]    4:     0x59c00eaa09d9 - std[617be2ca0a6fd877]::panicking::default_hook
[INFO] [stdout]    5:     0x59c00e9ea8f0 - test[aada8e7e76ba119b]::test_main_inner::{closure#0}
[INFO] [stdout]    6:     0x59c00eaa0d02 - std[617be2ca0a6fd877]::panicking::panic_with_hook
[INFO] [stdout]    7:     0x59c00ea82bb2 - std[617be2ca0a6fd877]::panicking::panic_handler::{closure#0}
[INFO] [stdout]    8:     0x59c00ea7b579 - std[617be2ca0a6fd877]::sys::backtrace::__rust_end_short_backtrace::<std[617be2ca0a6fd877]::panicking::panic_handler::{closure#0}, !>
[INFO] [stdout]    9:     0x59c00ea837bd - __rustc[ea4f61d10b84890b]::rust_begin_unwind
[INFO] [stdout]   10:     0x59c00eabefcc - core[a373ad73a504971]::panicking::panic_fmt
[INFO] [stdout]   11:     0x59c00e9d877e - term_session_mock[e9088d6970a2b837]::get_mock_bin
[INFO] [stdout]   12:     0x59c00e993c62 - daemon_tests[25f750dad8ccf26c]::daemon_survives_parent_death::{closure#0}
[INFO] [stdout]   13:     0x59c00e9cb1f3 - <tokio[3bc5635d2368e0c]::runtime::scheduler::current_thread::Context>::enter::<core[a373ad73a504971]::task::poll::Poll<()>, <tokio[3bc5635d2368e0c]::runtime::scheduler::current_thread::CoreGuard>::block_on<core[a373ad73a504971]::pin::Pin<&mut core[a373ad73a504971]::pin::Pin<&mut dyn core[a373ad73a504971]::future::future::Future<Output = ()>>>>::{closure#0}::{closure#0}>
[INFO] [stdout]   14:     0x59c00e9cda4c - <tokio[3bc5635d2368e0c]::runtime::context::scoped::Scoped<tokio[3bc5635d2368e0c]::runtime::scheduler::Context>>::set::<<tokio[3bc5635d2368e0c]::runtime::scheduler::current_thread::CoreGuard>::enter<<tokio[3bc5635d2368e0c]::runtime::scheduler::current_thread::CoreGuard>::block_on<core[a373ad73a504971]::pin::Pin<&mut core[a373ad73a504971]::pin::Pin<&mut dyn core[a373ad73a504971]::future::future::Future<Output = ()>>>>::{closure#0}, core[a373ad73a504971]::option::Option<()>>::{closure#0}, (alloc[2e1b2a31b91974c5]::boxed::Box<tokio[3bc5635d2368e0c]::runtime::scheduler::current_thread::Core>, core[a373ad73a504971]::option::Option<()>)>
[INFO] [stdout]   15:     0x59c00e9cb697 - <tokio[3bc5635d2368e0c]::runtime::scheduler::current_thread::CoreGuard>::block_on::<core[a373ad73a504971]::pin::Pin<&mut core[a373ad73a504971]::pin::Pin<&mut dyn core[a373ad73a504971]::future::future::Future<Output = ()>>>>
[INFO] [stdout]   16:     0x59c00e9cabb6 - tokio[3bc5635d2368e0c]::runtime::context::runtime::enter_runtime::<<tokio[3bc5635d2368e0c]::runtime::scheduler::current_thread::CurrentThread>::block_on<core[a373ad73a504971]::pin::Pin<&mut dyn core[a373ad73a504971]::future::future::Future<Output = ()>>>::{closure#0}, ()>
[INFO] [stdout]   17:     0x59c00e9cb0d5 - <tokio[3bc5635d2368e0c]::runtime::runtime::Runtime>::block_on::<core[a373ad73a504971]::pin::Pin<&mut dyn core[a373ad73a504971]::future::future::Future<Output = ()>>>
[INFO] [stdout]   18:     0x59c00e9a0fce - <daemon_tests[25f750dad8ccf26c]::daemon_survives_parent_death::{closure#0} as core[a373ad73a504971]::ops::function::FnOnce<()>>::call_once
[INFO] [stdout]   19:     0x59c00e9ddd3b - test[aada8e7e76ba119b]::__rust_begin_short_backtrace::<core[a373ad73a504971]::result::Result<(), alloc[2e1b2a31b91974c5]::string::String>, fn() -> core[a373ad73a504971]::result::Result<(), alloc[2e1b2a31b91974c5]::string::String>>
[INFO] [stdout]   20:     0x59c00e9eaf15 - test[aada8e7e76ba119b]::run_test::{closure#0}
[INFO] [stdout]   21:     0x59c00e9e4804 - std[617be2ca0a6fd877]::sys::backtrace::__rust_begin_short_backtrace::<test[aada8e7e76ba119b]::run_test::{closure#1}, ()>
[INFO] [stdout]   22:     0x59c00e9edfa2 - <std[617be2ca0a6fd877]::thread::lifecycle::spawn_unchecked<test[aada8e7e76ba119b]::run_test::{closure#1}, ()>::{closure#1} as core[a373ad73a504971]::ops::function::FnOnce<()>>::call_once::{shim:vtable#0}
[INFO] [stdout]   23:     0x59c00eaa898f - <std[617be2ca0a6fd877]::sys::thread::unix::Thread>::new::thread_start
[INFO] [stdout]   24:     0x7a7ea7269dfa - <unknown>
[INFO] [stdout]   25:     0x7a7ea72fd3d4 - clone
[INFO] [stdout]   26:                0x0 - <unknown>
[INFO] [stdout] 
[INFO] [stdout] ---- cli_kill_client_detaches_one_client stdout ----
[INFO] [stdout] 
[INFO] [stdout] thread 'cli_kill_client_detaches_one_client' (3075) panicked at /opt/rustwide/cargo-home/registry/src/index.crates.io-1949cf8c6b5b557f/term-session-mock-0.10.15-alpha/src/lib.rs:123:17:
[INFO] [stdout] term-session-mock binary still missing after `cargo build`; searched "/opt/rustwide/target/release/build/term-session/5321c7d211539ca7/out/term-session-mock" and "/opt/rustwide/target/release/build/term-session/5321c7d211539ca7/out/deps"
[INFO] [stdout] stack backtrace:
[INFO] [stdout]    0:     0x59c00eaa97e1 - <<std[617be2ca0a6fd877]::sys::backtrace::BacktraceLock>::print::DisplayBacktrace as core[a373ad73a504971]::fmt::Display>::fmt
[INFO] [stdout]    1:     0x59c00eabe86a - core[a373ad73a504971]::fmt::write
[INFO] [stdout]    2:     0x59c00eaae12c - <alloc[2e1b2a31b91974c5]::vec::Vec<u8> as core[a373ad73a504971]::io::write::Write>::write_fmt
[INFO] [stdout]    3:     0x59c00ea82b06 - std[617be2ca0a6fd877]::panicking::default_hook::{closure#0}
[INFO] [stdout]    4:     0x59c00eaa09d9 - std[617be2ca0a6fd877]::panicking::default_hook
[INFO] [stdout]    5:     0x59c00e9ea8f0 - test[aada8e7e76ba119b]::test_main_inner::{closure#0}
[INFO] [stdout]    6:     0x59c00eaa0d02 - std[617be2ca0a6fd877]::panicking::panic_with_hook
[INFO] [stdout]    7:     0x59c00ea82bb2 - std[617be2ca0a6fd877]::panicking::panic_handler::{closure#0}
[INFO] [stdout]    8:     0x59c00ea7b579 - std[617be2ca0a6fd877]::sys::backtrace::__rust_end_short_backtrace::<std[617be2ca0a6fd877]::panicking::panic_handler::{closure#0}, !>
[INFO] [stdout]    9:     0x59c00ea837bd - __rustc[ea4f61d10b84890b]::rust_begin_unwind
[INFO] [stdout]   10:     0x59c00eabefcc - core[a373ad73a504971]::panicking::panic_fmt
[INFO] [stdout]   11:     0x59c00e9d877e - term_session_mock[e9088d6970a2b837]::get_mock_bin
[INFO] [stdout]   12:     0x59c00e999379 - daemon_tests[25f750dad8ccf26c]::cli_kill_client_detaches_one_client::{closure#0}
[INFO] [stdout]   13:     0x59c00e9cb1f3 - <tokio[3bc5635d2368e0c]::runtime::scheduler::current_thread::Context>::enter::<core[a373ad73a504971]::task::poll::Poll<()>, <tokio[3bc5635d2368e0c]::runtime::scheduler::current_thread::CoreGuard>::block_on<core[a373ad73a504971]::pin::Pin<&mut core[a373ad73a504971]::pin::Pin<&mut dyn core[a373ad73a504971]::future::future::Future<Output = ()>>>>::{closure#0}::{closure#0}>
[INFO] [stdout]   14:     0x59c00e9cda4c - <tokio[3bc5635d2368e0c]::runtime::context::scoped::Scoped<tokio[3bc5635d2368e0c]::runtime::scheduler::Context>>::set::<<tokio[3bc5635d2368e0c]::runtime::scheduler::current_thread::CoreGuard>::enter<<tokio[3bc5635d2368e0c]::runtime::scheduler::current_thread::CoreGuard>::block_on<core[a373ad73a504971]::pin::Pin<&mut core[a373ad73a504971]::pin::Pin<&mut dyn core[a373ad73a504971]::future::future::Future<Output = ()>>>>::{closure#0}, core[a373ad73a504971]::option::Option<()>>::{closure#0}, (alloc[2e1b2a31b91974c5]::boxed::Box<tokio[3bc5635d2368e0c]::runtime::scheduler::current_thread::Core>, core[a373ad73a504971]::option::Option<()>)>
[INFO] [stdout]   15:     0x59c00e9cb697 - <tokio[3bc5635d2368e0c]::runtime::scheduler::current_thread::CoreGuard>::block_on::<core[a373ad73a504971]::pin::Pin<&mut core[a373ad73a504971]::pin::Pin<&mut dyn core[a373ad73a504971]::future::future::Future<Output = ()>>>>
[INFO] [stdout]   16:     0x59c00e9cabb6 - tokio[3bc5635d2368e0c]::runtime::context::runtime::enter_runtime::<<tokio[3bc5635d2368e0c]::runtime::scheduler::current_thread::CurrentThread>::block_on<core[a373ad73a504971]::pin::Pin<&mut dyn core[a373ad73a504971]::future::future::Future<Output = ()>>>::{closure#0}, ()>
[INFO] [stdout]   17:     0x59c00e9cb0d5 - <tokio[3bc5635d2368e0c]::runtime::runtime::Runtime>::block_on::<core[a373ad73a504971]::pin::Pin<&mut dyn core[a373ad73a504971]::future::future::Future<Output = ()>>>
[INFO] [stdout]   18:     0x59c00e9a16ae - <daemon_tests[25f750dad8ccf26c]::cli_kill_client_detaches_one_client::{closure#0} as core[a373ad73a504971]::ops::function::FnOnce<()>>::call_once
[INFO] [stdout]   19:     0x59c00e9ddd3b - test[aada8e7e76ba119b]::__rust_begin_short_backtrace::<core[a373ad73a504971]::result::Result<(), alloc[2e1b2a31b91974c5]::string::String>, fn() -> core[a373ad73a504971]::result::Result<(), alloc[2e1b2a31b91974c5]::string::String>>
[INFO] [stdout]   20:     0x59c00e9eaf15 - test[aada8e7e76ba119b]::run_test::{closure#0}
[INFO] [stdout]   21:     0x59c00e9e4804 - std[617be2ca0a6fd877]::sys::backtrace::__rust_begin_short_backtrace::<test[aada8e7e76ba119b]::run_test::{closure#1}, ()>
[INFO] [stdout]   22:     0x59c00e9edfa2 - <std[617be2ca0a6fd877]::thread::lifecycle::spawn_unchecked<test[aada8e7e76ba119b]::run_test::{closure#1}, ()>::{closure#1} as core[a373ad73a504971]::ops::function::FnOnce<()>>::call_once::{shim:vtable#0}
[INFO] [stdout]   23:     0x59c00eaa898f - <std[617be2ca0a6fd877]::sys::thread::unix::Thread>::new::thread_start
[INFO] [stdout]   24:     0x7a7ea7269dfa - <unknown>
[INFO] [stdout]   25:     0x7a7ea72fd3d4 - clone
[INFO] [stdout]   26:                0x0 - <unknown>
[INFO] [stdout] 
[INFO] [stdout] ---- session_starts_in_client_cwd stdout ----
[INFO] [stdout] 
[INFO] [stdout] thread 'session_starts_in_client_cwd' (3232) panicked at /opt/rustwide/cargo-home/registry/src/index.crates.io-1949cf8c6b5b557f/term-session-mock-0.10.15-alpha/src/lib.rs:123:17:
[INFO] [stdout] term-session-mock binary still missing after `cargo build`; searched "/opt/rustwide/target/release/build/term-session/5321c7d211539ca7/out/term-session-mock" and "/opt/rustwide/target/release/build/term-session/5321c7d211539ca7/out/deps"
[INFO] [stdout] stack backtrace:
[INFO] [stdout]    0:     0x59c00eaa97e1 - <<std[617be2ca0a6fd877]::sys::backtrace::BacktraceLock>::print::DisplayBacktrace as core[a373ad73a504971]::fmt::Display>::fmt
[INFO] [stdout]    1:     0x59c00eabe86a - core[a373ad73a504971]::fmt::write
[INFO] [stdout]    2:     0x59c00eaae12c - <alloc[2e1b2a31b91974c5]::vec::Vec<u8> as core[a373ad73a504971]::io::write::Write>::write_fmt
[INFO] [stdout]    3:     0x59c00ea82b06 - std[617be2ca0a6fd877]::panicking::default_hook::{closure#0}
[INFO] [stdout]    4:     0x59c00eaa09d9 - std[617be2ca0a6fd877]::panicking::default_hook
[INFO] [stdout]    5:     0x59c00e9ea8f0 - test[aada8e7e76ba119b]::test_main_inner::{closure#0}
[INFO] [stdout]    6:     0x59c00eaa0d02 - std[617be2ca0a6fd877]::panicking::panic_with_hook
[INFO] [stdout]    7:     0x59c00ea82bb2 - std[617be2ca0a6fd877]::panicking::panic_handler::{closure#0}
[INFO] [stdout]    8:     0x59c00ea7b579 - std[617be2ca0a6fd877]::sys::backtrace::__rust_end_short_backtrace::<std[617be2ca0a6fd877]::panicking::panic_handler::{closure#0}, !>
[INFO] [stdout]    9:     0x59c00ea837bd - __rustc[ea4f61d10b84890b]::rust_begin_unwind
[INFO] [stdout]   10:     0x59c00eabefcc - core[a373ad73a504971]::panicking::panic_fmt
[INFO] [stdout]   11:     0x59c00e9d877e - term_session_mock[e9088d6970a2b837]::get_mock_bin
[INFO] [stdout]   12:     0x59c00e995341 - daemon_tests[25f750dad8ccf26c]::session_starts_in_client_cwd::{closure#0}
[INFO] [stdout]   13:     0x59c00e9cb1f3 - <tokio[3bc5635d2368e0c]::runtime::scheduler::current_thread::Context>::enter::<core[a373ad73a504971]::task::poll::Poll<()>, <tokio[3bc5635d2368e0c]::runtime::scheduler::current_thread::CoreGuard>::block_on<core[a373ad73a504971]::pin::Pin<&mut core[a373ad73a504971]::pin::Pin<&mut dyn core[a373ad73a504971]::future::future::Future<Output = ()>>>>::{closure#0}::{closure#0}>
[INFO] [stdout]   14:     0x59c00e9cda4c - <tokio[3bc5635d2368e0c]::runtime::context::scoped::Scoped<tokio[3bc5635d2368e0c]::runtime::scheduler::Context>>::set::<<tokio[3bc5635d2368e0c]::runtime::scheduler::current_thread::CoreGuard>::enter<<tokio[3bc5635d2368e0c]::runtime::scheduler::current_thread::CoreGuard>::block_on<core[a373ad73a504971]::pin::Pin<&mut core[a373ad73a504971]::pin::Pin<&mut dyn core[a373ad73a504971]::future::future::Future<Output = ()>>>>::{closure#0}, core[a373ad73a504971]::option::Option<()>>::{closure#0}, (alloc[2e1b2a31b91974c5]::boxed::Box<tokio[3bc5635d2368e0c]::runtime::scheduler::current_thread::Core>, core[a373ad73a504971]::option::Option<()>)>
[INFO] [stdout]   15:     0x59c00e9cb697 - <tokio[3bc5635d2368e0c]::runtime::scheduler::current_thread::CoreGuard>::block_on::<core[a373ad73a504971]::pin::Pin<&mut core[a373ad73a504971]::pin::Pin<&mut dyn core[a373ad73a504971]::future::future::Future<Output = ()>>>>
[INFO] [stdout]   16:     0x59c00e9cabb6 - tokio[3bc5635d2368e0c]::runtime::context::runtime::enter_runtime::<<tokio[3bc5635d2368e0c]::runtime::scheduler::current_thread::CurrentThread>::block_on<core[a373ad73a504971]::pin::Pin<&mut dyn core[a373ad73a504971]::future::future::Future<Output = ()>>>::{closure#0}, ()>
[INFO] [stdout]   17:     0x59c00e9cb0d5 - <tokio[3bc5635d2368e0c]::runtime::runtime::Runtime>::block_on::<core[a373ad73a504971]::pin::Pin<&mut dyn core[a373ad73a504971]::future::future::Future<Output = ()>>>
[INFO] [stdout]   18:     0x59c00e9a112e - <daemon_tests[25f750dad8ccf26c]::session_starts_in_client_cwd::{closure#0} as core[a373ad73a504971]::ops::function::FnOnce<()>>::call_once
[INFO] [stdout]   19:     0x59c00e9ddd3b - test[aada8e7e76ba119b]::__rust_begin_short_backtrace::<core[a373ad73a504971]::result::Result<(), alloc[2e1b2a31b91974c5]::string::String>, fn() -> core[a373ad73a504971]::result::Result<(), alloc[2e1b2a31b91974c5]::string::String>>
[INFO] [stdout]   20:     0x59c00e9eaf15 - test[aada8e7e76ba119b]::run_test::{closure#0}
[INFO] [stdout]   21:     0x59c00e9e4804 - std[617be2ca0a6fd877]::sys::backtrace::__rust_begin_short_backtrace::<test[aada8e7e76ba119b]::run_test::{closure#1}, ()>
[INFO] [stdout]   22:     0x59c00e9edfa2 - <std[617be2ca0a6fd877]::thread::lifecycle::spawn_unchecked<test[aada8e7e76ba119b]::run_test::{closure#1}, ()>::{closure#1} as core[a373ad73a504971]::ops::function::FnOnce<()>>::call_once::{shim:vtable#0}
[INFO] [stdout]   23:     0x59c00eaa898f - <std[617be2ca0a6fd877]::sys::thread::unix::Thread>::new::thread_start
[INFO] [stdout]   24:     0x7a7ea7269dfa - <unknown>
[INFO] [stdout]   25:     0x7a7ea72fd3d4 - clone
[INFO] [stdout]   26:                0x0 - <unknown>
[INFO] [stdout] 
[INFO] [stdout] ---- daemon_survives_all_clients_disconnecting stdout ----
[INFO] [stdout] 
[INFO] [stdout] thread 'daemon_survives_all_clients_disconnecting' (3173) panicked at /opt/rustwide/cargo-home/registry/src/index.crates.io-1949cf8c6b5b557f/term-session-mock-0.10.15-alpha/src/lib.rs:123:17:
[INFO] [stdout] term-session-mock binary still missing after `cargo build`; searched "/opt/rustwide/target/release/build/term-session/5321c7d211539ca7/out/term-session-mock" and "/opt/rustwide/target/release/build/term-session/5321c7d211539ca7/out/deps"
[INFO] [stdout] stack backtrace:
[INFO] [stdout]    0:     0x59c00eaa97e1 - <<std[617be2ca0a6fd877]::sys::backtrace::BacktraceLock>::print::DisplayBacktrace as core[a373ad73a504971]::fmt::Display>::fmt
[INFO] [stdout]    1:     0x59c00eabe86a - core[a373ad73a504971]::fmt::write
[INFO] [stdout]    2:     0x59c00eaae12c - <alloc[2e1b2a31b91974c5]::vec::Vec<u8> as core[a373ad73a504971]::io::write::Write>::write_fmt
[INFO] [stdout]    3:     0x59c00ea82b06 - std[617be2ca0a6fd877]::panicking::default_hook::{closure#0}
[INFO] [stdout]    4:     0x59c00eaa09d9 - std[617be2ca0a6fd877]::panicking::default_hook
[INFO] [stdout]    5:     0x59c00e9ea8f0 - test[aada8e7e76ba119b]::test_main_inner::{closure#0}
[INFO] [stdout]    6:     0x59c00eaa0d02 - std[617be2ca0a6fd877]::panicking::panic_with_hook
[INFO] [stdout]    7:     0x59c00ea82bb2 - std[617be2ca0a6fd877]::panicking::panic_handler::{closure#0}
[INFO] [stdout]    8:     0x59c00ea7b579 - std[617be2ca0a6fd877]::sys::backtrace::__rust_end_short_backtrace::<std[617be2ca0a6fd877]::panicking::panic_handler::{closure#0}, !>
[INFO] [stdout]    9:     0x59c00ea837bd - __rustc[ea4f61d10b84890b]::rust_begin_unwind
[INFO] [stdout]   10:     0x59c00eabefcc - core[a373ad73a504971]::panicking::panic_fmt
[INFO] [stdout]   11:     0x59c00e9d877e - term_session_mock[e9088d6970a2b837]::get_mock_bin
[INFO] [stdout]   12:     0x59c00e99c23b - daemon_tests[25f750dad8ccf26c]::daemon_survives_all_clients_disconnecting::{closure#0}
[INFO] [stdout]   13:     0x59c00e9cb1f3 - <tokio[3bc5635d2368e0c]::runtime::scheduler::current_thread::Context>::enter::<core[a373ad73a504971]::task::poll::Poll<()>, <tokio[3bc5635d2368e0c]::runtime::scheduler::current_thread::CoreGuard>::block_on<core[a373ad73a504971]::pin::Pin<&mut core[a373ad73a504971]::pin::Pin<&mut dyn core[a373ad73a504971]::future::future::Future<Output = ()>>>>::{closure#0}::{closure#0}>
[INFO] [stdout]   14:     0x59c00e9cda4c - <tokio[3bc5635d2368e0c]::runtime::context::scoped::Scoped<tokio[3bc5635d2368e0c]::runtime::scheduler::Context>>::set::<<tokio[3bc5635d2368e0c]::runtime::scheduler::current_thread::CoreGuard>::enter<<tokio[3bc5635d2368e0c]::runtime::scheduler::current_thread::CoreGuard>::block_on<core[a373ad73a504971]::pin::Pin<&mut core[a373ad73a504971]::pin::Pin<&mut dyn core[a373ad73a504971]::future::future::Future<Output = ()>>>>::{closure#0}, core[a373ad73a504971]::option::Option<()>>::{closure#0}, (alloc[2e1b2a31b91974c5]::boxed::Box<tokio[3bc5635d2368e0c]::runtime::scheduler::current_thread::Core>, core[a373ad73a504971]::option::Option<()>)>
[INFO] [stdout]   15:     0x59c00e9cb697 - <tokio[3bc5635d2368e0c]::runtime::scheduler::current_thread::CoreGuard>::block_on::<core[a373ad73a504971]::pin::Pin<&mut core[a373ad73a504971]::pin::Pin<&mut dyn core[a373ad73a504971]::future::future::Future<Output = ()>>>>
[INFO] [stdout]   16:     0x59c00e9cabb6 - tokio[3bc5635d2368e0c]::runtime::context::runtime::enter_runtime::<<tokio[3bc5635d2368e0c]::runtime::scheduler::current_thread::CurrentThread>::block_on<core[a373ad73a504971]::pin::Pin<&mut dyn core[a373ad73a504971]::future::future::Future<Output = ()>>>::{closure#0}, ()>
[INFO] [stdout]   17:     0x59c00e9cb0d5 - <tokio[3bc5635d2368e0c]::runtime::runtime::Runtime>::block_on::<core[a373ad73a504971]::pin::Pin<&mut dyn core[a373ad73a504971]::future::future::Future<Output = ()>>>
[INFO] [stdout]   18:     0x59c00e9a227e - <daemon_tests[25f750dad8ccf26c]::daemon_survives_all_clients_disconnecting::{closure#0} as core[a373ad73a504971]::ops::function::FnOnce<()>>::call_once
[INFO] [stdout]   19:     0x59c00e9ddd3b - test[aada8e7e76ba119b]::__rust_begin_short_backtrace::<core[a373ad73a504971]::result::Result<(), alloc[2e1b2a31b91974c5]::string::String>, fn() -> core[a373ad73a504971]::result::Result<(), alloc[2e1b2a31b91974c5]::string::String>>
[INFO] [stdout]   20:     0x59c00e9eaf15 - test[aada8e7e76ba119b]::run_test::{closure#0}
[INFO] [stdout]   21:     0x59c00e9e4804 - std[617be2ca0a6fd877]::sys::backtrace::__rust_begin_short_backtrace::<test[aada8e7e76ba119b]::run_test::{closure#1}, ()>
[INFO] [stdout]   22:     0x59c00e9edfa2 - <std[617be2ca0a6fd877]::thread::lifecycle::spawn_unchecked<test[aada8e7e76ba119b]::run_test::{closure#1}, ()>::{closure#1} as core[a373ad73a504971]::ops::function::FnOnce<()>>::call_once::{shim:vtable#0}
[INFO] [stdout]   23:     0x59c00eaa898f - <std[617be2ca0a6fd877]::sys::thread::unix::Thread>::new::thread_start
[INFO] [stdout]   24:     0x7a7ea7269dfa - <unknown>
[INFO] [stdout]   25:     0x7a7ea72fd3d4 - clone
[INFO] [stdout]   26:                0x0 - <unknown>
[INFO] [stdout] 
[INFO] [stdout] ---- top_level_channel_auto_attaches stdout ----
[INFO] [stdout] 
[INFO] [stdout] thread 'top_level_channel_auto_attaches' (3533) panicked at /opt/rustwide/cargo-home/registry/src/index.crates.io-1949cf8c6b5b557f/term-session-mock-0.10.15-alpha/src/lib.rs:123:17:
[INFO] [stdout] term-session-mock binary still missing after `cargo build`; searched "/opt/rustwide/target/release/build/term-session/5321c7d211539ca7/out/term-session-mock" and "/opt/rustwide/target/release/build/term-session/5321c7d211539ca7/out/deps"
[INFO] [stdout] stack backtrace:
[INFO] [stdout]    0:     0x59c00eaa97e1 - <<std[617be2ca0a6fd877]::sys::backtrace::BacktraceLock>::print::DisplayBacktrace as core[a373ad73a504971]::fmt::Display>::fmt
[INFO] [stdout]    1:     0x59c00eabe86a - core[a373ad73a504971]::fmt::write
[INFO] [stdout]    2:     0x59c00eaae12c - <alloc[2e1b2a31b91974c5]::vec::Vec<u8> as core[a373ad73a504971]::io::write::Write>::write_fmt
[INFO] [stdout]    3:     0x59c00ea82b06 - std[617be2ca0a6fd877]::panicking::default_hook::{closure#0}
[INFO] [stdout]    4:     0x59c00eaa09d9 - std[617be2ca0a6fd877]::panicking::default_hook
[INFO] [stdout]    5:     0x59c00e9ea8f0 - test[aada8e7e76ba119b]::test_main_inner::{closure#0}
[INFO] [stdout]    6:     0x59c00eaa0d02 - std[617be2ca0a6fd877]::panicking::panic_with_hook
[INFO] [stdout]    7:     0x59c00ea82bb2 - std[617be2ca0a6fd877]::panicking::panic_handler::{closure#0}
[INFO] [stdout]    8:     0x59c00ea7b579 - std[617be2ca0a6fd877]::sys::backtrace::__rust_end_short_backtrace::<std[617be2ca0a6fd877]::panicking::panic_handler::{closure#0}, !>
[INFO] [stdout]    9:     0x59c00ea837bd - __rustc[ea4f61d10b84890b]::rust_begin_unwind
[INFO] [stdout]   10:     0x59c00eabefcc - core[a373ad73a504971]::panicking::panic_fmt
[INFO] [stdout]   11:     0x59c00e9d877e - term_session_mock[e9088d6970a2b837]::get_mock_bin
[INFO] [stdout]   12:     0x59c00e99694b - daemon_tests[25f750dad8ccf26c]::top_level_channel_auto_attaches::{closure#0}
[INFO] [stdout]   13:     0x59c00e9cb1f3 - <tokio[3bc5635d2368e0c]::runtime::scheduler::current_thread::Context>::enter::<core[a373ad73a504971]::task::poll::Poll<()>, <tokio[3bc5635d2368e0c]::runtime::scheduler::current_thread::CoreGuard>::block_on<core[a373ad73a504971]::pin::Pin<&mut core[a373ad73a504971]::pin::Pin<&mut dyn core[a373ad73a504971]::future::future::Future<Output = ()>>>>::{closure#0}::{closure#0}>
[INFO] [stdout]   14:     0x59c00e9cda4c - <tokio[3bc5635d2368e0c]::runtime::context::scoped::Scoped<tokio[3bc5635d2368e0c]::runtime::scheduler::Context>>::set::<<tokio[3bc5635d2368e0c]::runtime::scheduler::current_thread::CoreGuard>::enter<<tokio[3bc5635d2368e0c]::runtime::scheduler::current_thread::CoreGuard>::block_on<core[a373ad73a504971]::pin::Pin<&mut core[a373ad73a504971]::pin::Pin<&mut dyn core[a373ad73a504971]::future::future::Future<Output = ()>>>>::{closure#0}, core[a373ad73a504971]::option::Option<()>>::{closure#0}, (alloc[2e1b2a31b91974c5]::boxed::Box<tokio[3bc5635d2368e0c]::runtime::scheduler::current_thread::Core>, core[a373ad73a504971]::option::Option<()>)>
[INFO] [stdout]   15:     0x59c00e9cb697 - <tokio[3bc5635d2368e0c]::runtime::scheduler::current_thread::CoreGuard>::block_on::<core[a373ad73a504971]::pin::Pin<&mut core[a373ad73a504971]::pin::Pin<&mut dyn core[a373ad73a504971]::future::future::Future<Output = ()>>>>
[INFO] [stdout]   16:     0x59c00e9cabb6 - tokio[3bc5635d2368e0c]::runtime::context::runtime::enter_runtime::<<tokio[3bc5635d2368e0c]::runtime::scheduler::current_thread::CurrentThread>::block_on<core[a373ad73a504971]::pin::Pin<&mut dyn core[a373ad73a504971]::future::future::Future<Output = ()>>>::{closure#0}, ()>
[INFO] [stdout]   17:     0x59c00e9cb0d5 - <tokio[3bc5635d2368e0c]::runtime::runtime::Runtime>::block_on::<core[a373ad73a504971]::pin::Pin<&mut dyn core[a373ad73a504971]::future::future::Future<Output = ()>>>
[INFO] [stdout]   18:     0x59c00e9a128e - <daemon_tests[25f750dad8ccf26c]::top_level_channel_auto_attaches::{closure#0} as core[a373ad73a504971]::ops::function::FnOnce<()>>::call_once
[INFO] [stdout]   19:     0x59c00e9ddd3b - test[aada8e7e76ba119b]::__rust_begin_short_backtrace::<core[a373ad73a504971]::result::Result<(), alloc[2e1b2a31b91974c5]::string::String>, fn() -> core[a373ad73a504971]::result::Result<(), alloc[2e1b2a31b91974c5]::string::String>>
[INFO] [stdout]   20:     0x59c00e9eaf15 - test[aada8e7e76ba119b]::run_test::{closure#0}
[INFO] [stdout]   21:     0x59c00e9e4804 - std[617be2ca0a6fd877]::sys::backtrace::__rust_begin_short_backtrace::<test[aada8e7e76ba119b]::run_test::{closure#1}, ()>
[INFO] [stdout]   22:     0x59c00e9edfa2 - <std[617be2ca0a6fd877]::thread::lifecycle::spawn_unchecked<test[aada8e7e76ba119b]::run_test::{closure#1}, ()>::{closure#1} as core[a373ad73a504971]::ops::function::FnOnce<()>>::call_once::{shim:vtable#0}
[INFO] [stdout]   23:     0x59c00eaa898f - <std[617be2ca0a6fd877]::sys::thread::unix::Thread>::new::thread_start
[INFO] [stdout]   24:     0x7a7ea7269dfa - <unknown>
[INFO] [stdout]   25:     0x7a7ea72fd3d4 - clone
[INFO] [stdout]   26:                0x0 - <unknown>
[INFO] [stdout] 
[INFO] [stdout] 
[INFO] [stdout] failures:
[INFO] [stdout]     attach_inside_nested_env_proceeds_with_allow_nested
[INFO] [stdout]     cli_kill_client_detaches_one_client
[INFO] [stdout]     cli_kill_requires_force_when_participants
[INFO] [stdout]     cli_stop_requires_force_when_live_sessions
[INFO] [stdout]     daemon_survives_all_clients_disconnecting
[INFO] [stdout]     daemon_survives_parent_death
[INFO] [stdout]     session_starts_in_client_cwd
[INFO] [stdout]     top_level_channel_auto_attaches
[INFO] [stdout] 
[INFO] [stdout] test result: FAILED. 9 passed; 8 failed; 0 ignored; 0 measured; 0 filtered out; finished in 20.96s
[INFO] [stdout] 
[INFO] [stderr] error: test failed, to rerun pass `--test daemon_tests`
[INFO] running `Command { std: "docker" "inspect" "abf6191ee19e8fcdc0c402dd229c13acd0b093b24e64b9d87745f8b0f009535a", kill_on_drop: false }`
[INFO] running `Command { std: "docker" "rm" "-f" "abf6191ee19e8fcdc0c402dd229c13acd0b093b24e64b9d87745f8b0f009535a", kill_on_drop: false }`
[INFO] [stdout] abf6191ee19e8fcdc0c402dd229c13acd0b093b24e64b9d87745f8b0f009535a
