[INFO] fetching crate term-session-server 0.10.15-alpha...
[INFO] testing term-session-server-0.10.15-alpha against 1.100.0-beta.1+cargoflags=--release for beta-release-1.100-2
[INFO] extracting crate term-session-server 0.10.15-alpha into /workspace/builds/worker-2-tc2/source
[INFO] started tweaking crates.io crate term-session-server 0.10.15-alpha
[INFO] finished tweaking crates.io crate term-session-server 0.10.15-alpha
[INFO] tweaked toml for crates.io crate term-session-server 0.10.15-alpha written to /workspace/builds/worker-2-tc2/source/Cargo.toml
[INFO] validating manifest of crates.io crate term-session-server 0.10.15-alpha on toolchain 1.100.0-beta.1
[INFO] running `Command { std: CARGO_HOME="/workspace/cargo-home" RUSTUP_HOME="/workspace/rustup-home" "/workspace/cargo-home/bin/cargo" "+1.100.0-beta.1" "metadata" "--manifest-path" "Cargo.toml" "--no-deps", kill_on_drop: false }`
[INFO] crate crates.io crate term-session-server 0.10.15-alpha already has a lockfile, it will not be regenerated
[INFO] running `Command { std: CARGO_HOME="/workspace/cargo-home" RUSTUP_HOME="/workspace/rustup-home" "/workspace/cargo-home/bin/cargo" "+1.100.0-beta.1" "fetch" "--manifest-path" "Cargo.toml", kill_on_drop: false }`
[INFO] running `Command { std: "docker" "create" "-v" "/var/lib/crater-agent-workspace/builds/worker-2-tc2/source:/opt/rustwide/workdir:ro,Z" "-v" "/var/lib/crater-agent-workspace/builds/worker-2-tc2/target:/opt/rustwide/target:rw,Z" "-v" "/var/lib/crater-agent-workspace/cargo-home:/opt/rustwide/cargo-home:ro,Z" "-v" "/var/lib/crater-agent-workspace/rustup-home:/opt/rustwide/rustup-home:ro,Z" "-m" "1610612736" "--network" "none" "ghcr.io/rust-lang/crates-build-env/linux@sha256:77db811e55d90add9212f6832c23229e3de5f1c1f9905e8cb07319ea15df73ac" "sleep" "infinity", kill_on_drop: false }`
[INFO] [stdout] f3ef125f0a95e9ced1985dad2ed89773d877c8a11f4c83300b1ae0f3e69262cb
[INFO] running `Command { std: "docker" "start" "f3ef125f0a95e9ced1985dad2ed89773d877c8a11f4c83300b1ae0f3e69262cb", kill_on_drop: false }`
[INFO] running `Command { std: "docker" "inspect" "f3ef125f0a95e9ced1985dad2ed89773d877c8a11f4c83300b1ae0f3e69262cb", kill_on_drop: false }`
[INFO] running `Command { std: "docker" "exec" "-e" "SOURCE_DIR=/opt/rustwide/workdir" "-e" "CARGO_HOME=/opt/rustwide/cargo-home" "-e" "RUSTUP_HOME=/opt/rustwide/rustup-home" "-e" "CARGO_TARGET_DIR=/opt/rustwide/target" "-w" "/opt/rustwide/workdir" "--user" "0:0" "f3ef125f0a95e9ced1985dad2ed89773d877c8a11f4c83300b1ae0f3e69262cb" "/opt/rustwide/cargo-home/bin/cargo" "+1.100.0-beta.1" "metadata" "--no-deps" "--format-version=1", kill_on_drop: false }`
[INFO] running `Command { std: "docker" "inspect" "f3ef125f0a95e9ced1985dad2ed89773d877c8a11f4c83300b1ae0f3e69262cb", kill_on_drop: false }`
[INFO] running `Command { std: "docker" "exec" "-e" "SOURCE_DIR=/opt/rustwide/workdir" "-e" "CARGO_HOME=/opt/rustwide/cargo-home" "-e" "RUSTUP_HOME=/opt/rustwide/rustup-home" "-e" "CARGO_TARGET_DIR=/opt/rustwide/target" "-e" "CARGO_INCREMENTAL=0" "-e" "RUST_BACKTRACE=full" "-e" "RUSTFLAGS=--cap-lints=warn" "-e" "RUSTDOCFLAGS=--cap-lints=warn" "-w" "/opt/rustwide/workdir" "--user" "0:0" "f3ef125f0a95e9ced1985dad2ed89773d877c8a11f4c83300b1ae0f3e69262cb" "/opt/rustwide/cargo-home/bin/cargo" "+1.100.0-beta.1" "build" "--frozen" "--message-format=json" "--release", kill_on_drop: false }`
[INFO] [stderr]    Compiling smallvec v1.16.2
[INFO] [stderr]    Compiling bytemuck v1.25.2
[INFO] [stderr]    Compiling indexmap v2.14.2
[INFO] [stderr]    Compiling term-wm-config v0.10.15-alpha
[INFO] [stderr]    Compiling rustix v1.1.5
[INFO] [stderr]    Compiling miniz_oxide v0.9.1
[INFO] [stderr]    Compiling syn v3.0.6
[INFO] [stderr]    Compiling errno v0.3.14
[INFO] [stderr]    Compiling mio v1.2.3
[INFO] [stderr]    Compiling futures-channel v0.3.34
[INFO] [stderr]    Compiling socket2 v0.6.5
[INFO] [stderr]    Compiling linux-raw-sys v0.12.1
[INFO] [stderr]    Compiling bitcode_derive v0.6.9
[INFO] [stderr]    Compiling tracing v0.1.44
[INFO] [stderr]    Compiling pxfm v0.1.30
[INFO] [stderr]    Compiling xxhash-rust v0.8.19
[INFO] [stderr]    Compiling signal-hook-registry v1.4.8
[INFO] [stderr]    Compiling cfg_aliases v0.1.1
[INFO] [stderr]    Compiling nix v0.28.0
[INFO] [stderr]    Compiling parking_lot_core v0.9.12
[INFO] [stderr]    Compiling nix v0.31.3
[INFO] [stderr]    Compiling clap_lex v1.1.1
[INFO] [stderr]    Compiling parking_lot v0.12.5
[INFO] [stderr]    Compiling x11rb-protocol v0.13.2
[INFO] [stderr]    Compiling clap_builder v4.6.7
[INFO] [stderr]    Compiling muxio-core v0.17.0-alpha
[INFO] [stderr]    Compiling term-wm-layout-engine v0.10.15-alpha
[INFO] [stderr]    Compiling doctest-file v1.1.1
[INFO] [stderr]    Compiling term-session-muxio-service-definitions v0.10.15-alpha
[INFO] [stderr]    Compiling vte v0.15.0
[INFO] [stderr]    Compiling filedescriptor v0.8.3
[INFO] [stderr]    Compiling flate2 v1.1.10
[INFO] [stderr]    Compiling term-sys-io v0.10.15-alpha
[INFO] [stderr]    Compiling serial2 v0.2.38
[INFO] [stderr]    Compiling shell-words v1.1.1
[INFO] [stderr]    Compiling term-wm-vt100 v0.16.2-patch4
[INFO] [stderr]    Compiling toml_edit v0.25.15+spec-1.1.0
[INFO] [stderr]    Compiling png v0.18.1
[INFO] [stderr]    Compiling line-ending v1.5.1
[INFO] [stderr]    Compiling bitcode v0.6.9
[INFO] [stderr]    Compiling ctrlc v3.5.2
[INFO] [stderr]    Compiling proc-macro-crate v3.5.0
[INFO] [stderr]    Compiling num_enum_derive v0.7.6
[INFO] [stderr]    Compiling portable-pty v0.9.0
[INFO] [stderr]    Compiling num_enum v0.7.6
[INFO] [stderr]    Compiling muxio-rpc-service v0.17.0-alpha
[INFO] [stderr]    Compiling term-wm-events v0.10.15-alpha
[INFO] [stderr]    Compiling tokio-macros v2.7.2
[INFO] [stderr]    Compiling futures-macro v0.3.34
[INFO] [stderr]    Compiling async-trait v0.1.92
[INFO] [stderr]    Compiling thiserror-impl v2.0.21
[INFO] [stderr]    Compiling clap_derive v4.6.7
[INFO] [stderr]    Compiling moxcms v0.8.1
[INFO] [stderr]    Compiling futures-util v0.3.34
[INFO] [stderr]    Compiling tokio v1.53.2
[INFO] [stderr]    Compiling thiserror v2.0.21
[INFO] [stderr]    Compiling clap v4.6.7
[INFO] [stderr]    Compiling gethostname v1.1.0
[INFO] [stderr]    Compiling x11rb v0.13.2
[INFO] [stderr]    Compiling futures-executor v0.3.34
[INFO] [stderr]    Compiling futures v0.3.34
[INFO] [stderr]    Compiling image v0.25.10
[INFO] [stderr]    Compiling interprocess v2.4.4
[INFO] [stderr]    Compiling muxio-rpc-service-endpoint v0.17.0-alpha
[INFO] [stderr]    Compiling muxio-rpc-service-caller v0.17.0-alpha
[INFO] [stderr]    Compiling muxio-tokio-rpc-ipc-server v0.17.0-alpha
[INFO] [stderr]    Compiling arboard v3.6.1
[INFO] [stderr]    Compiling term-clipboard v0.10.15-alpha
[INFO] [stderr]    Compiling term-wm-pty-engine v0.10.15-alpha
[INFO] [stderr]    Compiling term-session-server v0.10.15-alpha (/opt/rustwide/workdir)
[INFO] [stderr]     Finished `release` profile [optimized] target(s) in 1m 42s
[INFO] [stderr] warning: the following packages contain code that will be rejected by a future version of Rust: nix v0.28.0
[INFO] [stderr] note: to see what the problems were, use the option `--future-incompat-report`, or run `cargo report future-incompatibilities --id 3`
[INFO] running `Command { std: "docker" "inspect" "f3ef125f0a95e9ced1985dad2ed89773d877c8a11f4c83300b1ae0f3e69262cb", kill_on_drop: false }`
[INFO] running `Command { std: "docker" "exec" "-e" "SOURCE_DIR=/opt/rustwide/workdir" "-e" "CARGO_HOME=/opt/rustwide/cargo-home" "-e" "RUSTUP_HOME=/opt/rustwide/rustup-home" "-e" "CARGO_TARGET_DIR=/opt/rustwide/target" "-e" "CARGO_INCREMENTAL=0" "-e" "RUST_BACKTRACE=full" "-e" "RUSTFLAGS=--cap-lints=warn" "-e" "RUSTDOCFLAGS=--cap-lints=warn" "-w" "/opt/rustwide/workdir" "--user" "0:0" "f3ef125f0a95e9ced1985dad2ed89773d877c8a11f4c83300b1ae0f3e69262cb" "/opt/rustwide/cargo-home/bin/cargo" "+1.100.0-beta.1" "test" "--frozen" "--no-run" "--message-format=json" "--release", kill_on_drop: false }`
[INFO] [stderr]    Compiling rustix v1.1.5
[INFO] [stderr]    Compiling term-test-support v0.10.15-alpha
[INFO] [stderr]    Compiling getrandom v0.3.4
[INFO] [stderr]    Compiling term-session-mock v0.10.15-alpha
[INFO] [stderr]    Compiling gethostname v1.1.0
[INFO] [stderr]    Compiling tempfile v3.27.0
[INFO] [stderr]    Compiling x11rb v0.13.2
[INFO] [stderr]    Compiling arboard v3.6.1
[INFO] [stderr]    Compiling term-clipboard v0.10.15-alpha
[INFO] [stderr]    Compiling term-wm-pty-engine v0.10.15-alpha
[INFO] [stderr]    Compiling term-session-server v0.10.15-alpha (/opt/rustwide/workdir)
[INFO] [stderr]     Finished `release` profile [optimized] target(s) in 30.64s
[INFO] [stderr] warning: the following packages contain code that will be rejected by a future version of Rust: nix v0.28.0
[INFO] [stderr] note: to see what the problems were, use the option `--future-incompat-report`, or run `cargo report future-incompatibilities --id 3`
[INFO] running `Command { std: "docker" "inspect" "f3ef125f0a95e9ced1985dad2ed89773d877c8a11f4c83300b1ae0f3e69262cb", kill_on_drop: false }`
[INFO] running `Command { std: "docker" "exec" "-e" "SOURCE_DIR=/opt/rustwide/workdir" "-e" "CARGO_HOME=/opt/rustwide/cargo-home" "-e" "RUSTUP_HOME=/opt/rustwide/rustup-home" "-e" "CARGO_TARGET_DIR=/opt/rustwide/target" "-e" "CARGO_INCREMENTAL=0" "-e" "RUST_BACKTRACE=full" "-e" "RUSTFLAGS=--cap-lints=warn" "-e" "RUSTDOCFLAGS=--cap-lints=warn" "-w" "/opt/rustwide/workdir" "--user" "0:0" "f3ef125f0a95e9ced1985dad2ed89773d877c8a11f4c83300b1ae0f3e69262cb" "/opt/rustwide/cargo-home/bin/cargo" "+1.100.0-beta.1" "test" "--frozen" "--release", kill_on_drop: false }`
[INFO] [stderr]     Finished `release` profile [optimized] target(s) in 0.25s
[INFO] [stderr] warning: the following packages contain code that will be rejected by a future version of Rust: nix v0.28.0
[INFO] [stderr] note: to see what the problems were, use the option `--future-incompat-report`, or run `cargo report future-incompatibilities --id 3`
[INFO] [stderr]      Running unittests src/lib.rs (/opt/rustwide/target/release/build/term-session-server/aaae5c9cd9ed51ea/out/term_session_server-aaae5c9cd9ed51ea)
[INFO] [stdout] 
[INFO] [stdout] running 44 tests
[INFO] [stdout] test session::tests::resolve_cwd_falls_back_to_process_dir_when_empty ... ok
[INFO] [stdout] test session::tests::resolve_cwd_uses_provided_dir ... ok
[INFO] [stdout] test session_server::tests::drain_input_forwarder_coalesces_queued_chunks ... ok
[INFO] [stdout] test session_server::tests::evict_conn_cleans_unattached_internal_wm_channel ... ok
[INFO] [stdout] test session_server::tests::evict_conn_drops_only_that_conns_wm_stats ... ok
[INFO] [stdout] test session_server::tests::evict_concurrent_no_deadlock ... ok
[INFO] [stdout] test session_server::tests::channel_state_defaults_to_raw_pty_mode ... ok
[INFO] [stdout] test session_server::tests::drain_input_forwarder_forwards_isolated_chunk_unchanged ... ok
[INFO] [stdout] test session_server::tests::evict_conn_noop_for_nonexistent_conn ... ok
[INFO] [stdout] test session::tests::resolve_cwd_falls_back_to_process_dir_when_none ... ok
[INFO] [stdout] test session::tests::resolve_cwd_round_trips_non_utf8_dir ... ok
[INFO] [stdout] test session_server::tests::evict_conn_noop_for_unattached ... ok
[INFO] [stdout] test session_server::tests::evict_conn_purges_input_forwarder ... ok
[INFO] [stdout] test session_server::tests::kill_escalation_noop_when_no_session ... ok
[INFO] [stdout] test session_server::tests::evict_conn_removes_conn_and_client ... ok
[INFO] [stdout] test session_server::tests::get_or_create_channel_returns_existing_and_same_arc ... ok
[INFO] [stdout] test session_server::tests::rebind_all_viewers_sends_to_all_attached ... ok
[INFO] [stdout] test session_server::tests::notify_user_disconnected_no_panic_when_no_internal_wm ... ok
[INFO] [stdout] test session_server::tests::reattach_purges_existing_forwarder ... ok
[INFO] [stdout] test session_server::tests::notify_user_connected_skips_when_no_internal_wm ... ok
[INFO] [stdout] test session_server::tests::notify_user_connected_skips_when_single_client ... ok
[INFO] [stdout] test session_server::tests::rebind_caller_only_sends_to_initiator ... ok
[INFO] [stdout] test session_server::tests::request_session_kill_sets_kill_pending ... ok
[INFO] [stdout] test session_server::tests::rebind_caller_only_no_initiator_single_attached ... ok
[INFO] [stdout] test session_server::tests::evict_conn_reverts_internal_wm_channel_to_raw_pty ... ok
[INFO] [stdout] test session_server::tests::retain_final_output_appends_when_below_max ... ok
[INFO] [stdout] test session_server::tests::kill_escalation_noop_when_kill_pending_false ... ok
[INFO] [stdout] test session_server::tests::retain_final_output_replaces_when_single_chunk_exceeds_max ... ok
[INFO] [stdout] test session_server::tests::to_info_no_session_populates_clients_sorted_by_conn_id ... ok
[INFO] [stdout] test session_server::tests::upsert_client_geometry_creates_missing_entry_and_reports_changed ... ok
[INFO] [stdout] test session_server::tests::sum_wm_stats_sums_across_reporters_and_none_when_absent ... ok
[INFO] [stdout] test session_server::tests::retain_final_output_evicts_oldest_when_overflow ... ok
[INFO] [stdout] test session_server::tests::wm_resize_pending_state_defaults_empty ... ok
[INFO] [stdout] test session_server::tests::upsert_client_geometry_same_size_reports_unchanged ... ok
[INFO] [stdout] test session_server::tests::upsert_client_geometry_updates_existing_entry_and_reports_changed ... ok
[INFO] [stdout] test session_server::tests::reaped_channel_terminates_input_task ... ok
[INFO] [stderr]    Compiling    Blocking waiting for file lock on build directory
[INFO] [stderr]  proc-macro2 v1.0.107
[INFO] [stderr]    Compiling unicode-ident v1.0.26
[INFO] [stderr]    Compiling quote v1.0.47
[INFO] [stderr]    Compiling hashbrown v0.17.1
[INFO] [stderr]    Compiling equivalent v1.0.2
[INFO] [stderr]    Compiling winnow v1.0.4
[INFO] [stderr]    Compiling toml_datetime v1.1.1+spec-1.1.0
[INFO] [stderr]    Compiling term-wm-config v0.10.15-alpha
[INFO] [stderr]    Compiling rustversion v1.0.23
[INFO] [stderr]    Compiling bytemuck v1.25.2
[INFO] [stderr]    Compiling libc v0.2.190
[INFO] [stderr]    Compiling xxhash-rust v0.8.19
[INFO] [stderr]    Compiling doctest-file v1.1.1
[INFO] [stderr]    Compiling term-wm-layout-engine v0.10.15-alpha
[INFO] [stderr]     Blocking waiting for file lock on build directory
[INFO] [stderr]     Blocking waiting for file lock on build directory
[INFO] [stdout] test session_server::tests::admin_rpc_zero_lock_independence ... ok
[INFO] [stdout] test session_server::tests::wm_resize_flush_drains_latest_sizes_and_clears_flag ... ok
[INFO] [stderr]     Blocking waiting for file lock on build directory
[INFO] [stderr]     Blocking waiting for file lock on build directory
[INFO] [stderr]    Compiling term-session-muxio-service-definitions v0.10.15-alpha
[INFO] [stderr]    Compiling indexmap v2.14.2
[INFO] [stderr]    Compiling syn v2.0.119
[INFO] [stderr]    Compiling toml_parser v1.1.3+spec-1.1.0
[INFO] [stderr]    Compiling toml_edit v0.25.15+spec-1.1.0
[INFO] [stderr]    Compiling interprocess v2.4.4
[INFO] [stderr]    Compiling proc-macro-crate v3.5.0
[INFO] [stderr]    Compiling bitcode_derive v0.6.9
[INFO] [stderr]    Compiling num_enum_derive v0.7.6
[INFO] [stderr]    Compiling num_enum v0.7.6
[INFO] [stderr]    Compiling bitcode v0.6.9
[INFO] [stderr]    Compiling term-wm-events v0.10.15-alpha
[INFO] [stderr]    Compiling muxio-rpc-service v0.17.0-alpha
[INFO] [stderr]    Compiling term-session-mock v0.10.15-alpha (/opt/rustwide/cargo-home/registry/src/index.crates.io-1949cf8c6b5b557f/term-session-mock-0.10.15-alpha)
[INFO] [stderr]     Finished `dev` profile [unoptimized + debuginfo] target(s) in 12.60s
[INFO] [stdout] test session::tests::spawn_falls_back_to_process_cwd_when_cwd_empty ... FAILED
[INFO] [stderr]     Finished `dev` profile [unoptimized + debuginfo] target(s) in 12.62s
[INFO] [stdout] test session::tests::spawn_falls_back_to_process_cwd_when_cwd_none ... FAILED
[INFO] [stderr]     Finished `dev` profile [unoptimized + debuginfo] target(s) in 12.67s
[INFO] [stdout] test session::tests::spawn_round_trips_non_utf8_cwd ... FAILED
[INFO] [stderr]     Finished `dev` profile [unoptimized + debuginfo] target(s) in 12.67s
[INFO] [stdout] test session::tests::spawn_injects_gateway_socket_path ... FAILED
[INFO] [stderr]     Finished `dev` profile [unoptimized + debuginfo] target(s) in 12.69s
[INFO] [stdout] test session::tests::spawn_leaves_channel_var_unset_when_no_channel ... FAILED
[INFO] [stderr]     Finished `dev` profile [unoptimized + debuginfo] target(s) in 12.70s
[INFO] [stdout] test session::tests::spawn_starts_in_specified_cwd ... FAILED
[INFO] [stdout] 
[INFO] [stdout] failures:
[INFO] [stdout] 
[INFO] [stdout] ---- session::tests::spawn_falls_back_to_process_cwd_when_cwd_empty stdout ----
[INFO] [stdout] 
[INFO] [stdout] thread 'session::tests::spawn_falls_back_to_process_cwd_when_cwd_empty' (1777) panicked at /opt/rustwide/cargo-home/registry/src/index.crates.io-1949cf8c6b5b557f/term-session-mock-0.10.15-alpha/src/lib.rs:123:17:
[INFO] [stdout] term-session-mock binary still missing after `cargo build`; searched "/opt/rustwide/target/release/build/term-session-server/aaae5c9cd9ed51ea/out/term-session-mock" and "/opt/rustwide/target/release/build/term-session-server/aaae5c9cd9ed51ea/out/deps"
[INFO] [stdout] stack backtrace:
[INFO] [stdout]    0:     0x64ab1f121191 - <<std[617be2ca0a6fd877]::sys::backtrace::BacktraceLock>::print::DisplayBacktrace as core[a373ad73a504971]::fmt::Display>::fmt
[INFO] [stdout]    1:     0x64ab1f13807a - core[a373ad73a504971]::fmt::write
[INFO] [stdout]    2:     0x64ab1f126ecc - <alloc[2e1b2a31b91974c5]::vec::Vec<u8> as core[a373ad73a504971]::io::write::Write>::write_fmt
[INFO] [stdout]    3:     0x64ab1f0f9686 - std[617be2ca0a6fd877]::panicking::default_hook::{closure#0}
[INFO] [stdout]    4:     0x64ab1f117e09 - std[617be2ca0a6fd877]::panicking::default_hook
[INFO] [stdout]    5:     0x64ab1f02e050 - test[aada8e7e76ba119b]::test_main_inner::{closure#0}
[INFO] [stdout]    6:     0x64ab1f118132 - std[617be2ca0a6fd877]::panicking::panic_with_hook
[INFO] [stdout]    7:     0x64ab1f0f9732 - std[617be2ca0a6fd877]::panicking::panic_handler::{closure#0}
[INFO] [stdout]    8:     0x64ab1f0f1a89 - std[617be2ca0a6fd877]::sys::backtrace::__rust_end_short_backtrace::<std[617be2ca0a6fd877]::panicking::panic_handler::{closure#0}, !>
[INFO] [stdout]    9:     0x64ab1f0fa63d - __rustc[ea4f61d10b84890b]::rust_begin_unwind
[INFO] [stdout]   10:     0x64ab1f1387dc - core[a373ad73a504971]::panicking::panic_fmt
[INFO] [stdout]   11:     0x64ab1f01f71e - term_session_mock[bd3099eb3fafa249]::get_mock_bin
[INFO] [stdout]   12:     0x64ab1f014562 - term_session_server[2b6f749c548fc211]::session::tests::spawn_pwd_report
[INFO] [stdout]   13:     0x64ab1f017e99 - <term_session_server[2b6f749c548fc211]::session::tests::spawn_falls_back_to_process_cwd_when_cwd_empty::{closure#0} as core[a373ad73a504971]::ops::function::FnOnce<()>>::call_once
[INFO] [stdout]   14:     0x64ab1f02149b - test[aada8e7e76ba119b]::__rust_begin_short_backtrace::<core[a373ad73a504971]::result::Result<(), alloc[2e1b2a31b91974c5]::string::String>, fn() -> core[a373ad73a504971]::result::Result<(), alloc[2e1b2a31b91974c5]::string::String>>
[INFO] [stdout]   15:     0x64ab1f02e675 - test[aada8e7e76ba119b]::run_test::{closure#0}
[INFO] [stdout]   16:     0x64ab1f027f64 - std[617be2ca0a6fd877]::sys::backtrace::__rust_begin_short_backtrace::<test[aada8e7e76ba119b]::run_test::{closure#1}, ()>
[INFO] [stdout]   17:     0x64ab1f031702 - <std[617be2ca0a6fd877]::thread::lifecycle::spawn_unchecked<test[aada8e7e76ba119b]::run_test::{closure#1}, ()>::{closure#1} as core[a373ad73a504971]::ops::function::FnOnce<()>>::call_once::{shim:vtable#0}
[INFO] [stdout]   18:     0x64ab1f11fe1f - <std[617be2ca0a6fd877]::sys::thread::unix::Thread>::new::thread_start
[INFO] [stdout]   19:     0x7257de729dfa - <unknown>
[INFO] [stdout]   20:     0x7257de7bd3d4 - clone
[INFO] [stdout]   21:                0x0 - <unknown>
[INFO] [stdout] 
[INFO] [stdout] ---- session::tests::spawn_falls_back_to_process_cwd_when_cwd_none stdout ----
[INFO] [stdout] 
[INFO] [stdout] thread 'session::tests::spawn_falls_back_to_process_cwd_when_cwd_none' (1778) panicked at /opt/rustwide/cargo-home/registry/src/index.crates.io-1949cf8c6b5b557f/term-session-mock-0.10.15-alpha/src/lib.rs:123:17:
[INFO] [stdout] term-session-mock binary still missing after `cargo build`; searched "/opt/rustwide/target/release/build/term-session-server/aaae5c9cd9ed51ea/out/term-session-mock" and "/opt/rustwide/target/release/build/term-session-server/aaae5c9cd9ed51ea/out/deps"
[INFO] [stdout] stack backtrace:
[INFO] [stdout]    0:     0x64ab1f121191 - <<std[617be2ca0a6fd877]::sys::backtrace::BacktraceLock>::print::DisplayBacktrace as core[a373ad73a504971]::fmt::Display>::fmt
[INFO] [stdout]    1:     0x64ab1f13807a - core[a373ad73a504971]::fmt::write
[INFO] [stdout]    2:     0x64ab1f126ecc - <alloc[2e1b2a31b91974c5]::vec::Vec<u8> as core[a373ad73a504971]::io::write::Write>::write_fmt
[INFO] [stdout]    3:     0x64ab1f0f9686 - std[617be2ca0a6fd877]::panicking::default_hook::{closure#0}
[INFO] [stdout]    4:     0x64ab1f117e09 - std[617be2ca0a6fd877]::panicking::default_hook
[INFO] [stdout]    5:     0x64ab1f02e050 - test[aada8e7e76ba119b]::test_main_inner::{closure#0}
[INFO] [stdout]    6:     0x64ab1f118132 - std[617be2ca0a6fd877]::panicking::panic_with_hook
[INFO] [stdout]    7:     0x64ab1f0f9732 - std[617be2ca0a6fd877]::panicking::panic_handler::{closure#0}
[INFO] [stdout]    8:     0x64ab1f0f1a89 - std[617be2ca0a6fd877]::sys::backtrace::__rust_end_short_backtrace::<std[617be2ca0a6fd877]::panicking::panic_handler::{closure#0}, !>
[INFO] [stdout]    9:     0x64ab1f0fa63d - __rustc[ea4f61d10b84890b]::rust_begin_unwind
[INFO] [stdout]   10:     0x64ab1f1387dc - core[a373ad73a504971]::panicking::panic_fmt
[INFO] [stdout]   11:     0x64ab1f01f71e - term_session_mock[bd3099eb3fafa249]::get_mock_bin
[INFO] [stdout]   12:     0x64ab1f014562 - term_session_server[2b6f749c548fc211]::session::tests::spawn_pwd_report
[INFO] [stdout]   13:     0x64ab1f017c8b - <term_session_server[2b6f749c548fc211]::session::tests::spawn_falls_back_to_process_cwd_when_cwd_none::{closure#0} as core[a373ad73a504971]::ops::function::FnOnce<()>>::call_once
[INFO] [stdout]   14:     0x64ab1f02149b - test[aada8e7e76ba119b]::__rust_begin_short_backtrace::<core[a373ad73a504971]::result::Result<(), alloc[2e1b2a31b91974c5]::string::String>, fn() -> core[a373ad73a504971]::result::Result<(), alloc[2e1b2a31b91974c5]::string::String>>
[INFO] [stdout]   15:     0x64ab1f02e675 - test[aada8e7e76ba119b]::run_test::{closure#0}
[INFO] [stdout]   16:     0x64ab1f027f64 - std[617be2ca0a6fd877]::sys::backtrace::__rust_begin_short_backtrace::<test[aada8e7e76ba119b]::run_test::{closure#1}, ()>
[INFO] [stdout]   17:     0x64ab1f031702 - <std[617be2ca0a6fd877]::thread::lifecycle::spawn_unchecked<test[aada8e7e76ba119b]::run_test::{closure#1}, ()>::{closure#1} as core[a373ad73a504971]::ops::function::FnOnce<()>>::call_once::{shim:vtable#0}
[INFO] [stdout]   18:     0x64ab1f11fe1f - <std[617be2ca0a6fd877]::sys::thread::unix::Thread>::new::thread_start
[INFO] [stdout]   19:     0x7257de729dfa - <unknown>
[INFO] [stdout]   20:     0x7257de7bd3d4 - clone
[INFO] [stdout]   21:                0x0 - <unknown>
[INFO] [stdout] 
[INFO] [stdout] ---- session::tests::spawn_round_trips_non_utf8_cwd stdout ----
[INFO] [stdout] 
[INFO] [stdout] thread 'session::tests::spawn_round_trips_non_utf8_cwd' (1781) panicked at /opt/rustwide/cargo-home/registry/src/index.crates.io-1949cf8c6b5b557f/term-session-mock-0.10.15-alpha/src/lib.rs:123:17:
[INFO] [stdout] term-session-mock binary still missing after `cargo build`; searched "/opt/rustwide/target/release/build/term-session-server/aaae5c9cd9ed51ea/out/term-session-mock" and "/opt/rustwide/target/release/build/term-session-server/aaae5c9cd9ed51ea/out/deps"
[INFO] [stdout] stack backtrace:
[INFO] [stdout]    0:     0x64ab1f121191 - <<std[617be2ca0a6fd877]::sys::backtrace::BacktraceLock>::print::DisplayBacktrace as core[a373ad73a504971]::fmt::Display>::fmt
[INFO] [stdout]    1:     0x64ab1f13807a - core[a373ad73a504971]::fmt::write
[INFO] [stdout]    2:     0x64ab1f126ecc - <alloc[2e1b2a31b91974c5]::vec::Vec<u8> as core[a373ad73a504971]::io::write::Write>::write_fmt
[INFO] [stdout]    3:     0x64ab1f0f9686 - std[617be2ca0a6fd877]::panicking::default_hook::{closure#0}
[INFO] [stdout]    4:     0x64ab1f117e09 - std[617be2ca0a6fd877]::panicking::default_hook
[INFO] [stdout]    5:     0x64ab1f02e050 - test[aada8e7e76ba119b]::test_main_inner::{closure#0}
[INFO] [stdout]    6:     0x64ab1f118132 - std[617be2ca0a6fd877]::panicking::panic_with_hook
[INFO] [stdout]    7:     0x64ab1f0f9732 - std[617be2ca0a6fd877]::panicking::panic_handler::{closure#0}
[INFO] [stdout]    8:     0x64ab1f0f1a89 - std[617be2ca0a6fd877]::sys::backtrace::__rust_end_short_backtrace::<std[617be2ca0a6fd877]::panicking::panic_handler::{closure#0}, !>
[INFO] [stdout]    9:     0x64ab1f0fa63d - __rustc[ea4f61d10b84890b]::rust_begin_unwind
[INFO] [stdout]   10:     0x64ab1f1387dc - core[a373ad73a504971]::panicking::panic_fmt
[INFO] [stdout]   11:     0x64ab1f01f71e - term_session_mock[bd3099eb3fafa249]::get_mock_bin
[INFO] [stdout]   12:     0x64ab1f014562 - term_session_server[2b6f749c548fc211]::session::tests::spawn_pwd_report
[INFO] [stdout]   13:     0x64ab1f017426 - <term_session_server[2b6f749c548fc211]::session::tests::spawn_round_trips_non_utf8_cwd::{closure#0} as core[a373ad73a504971]::ops::function::FnOnce<()>>::call_once
[INFO] [stdout]   14:     0x64ab1f02149b - test[aada8e7e76ba119b]::__rust_begin_short_backtrace::<core[a373ad73a504971]::result::Result<(), alloc[2e1b2a31b91974c5]::string::String>, fn() -> core[a373ad73a504971]::result::Result<(), alloc[2e1b2a31b91974c5]::string::String>>
[INFO] [stdout]   15:     0x64ab1f02e675 - test[aada8e7e76ba119b]::run_test::{closure#0}
[INFO] [stdout]   16:     0x64ab1f027f64 - std[617be2ca0a6fd877]::sys::backtrace::__rust_begin_short_backtrace::<test[aada8e7e76ba119b]::run_test::{closure#1}, ()>
[INFO] [stdout]   17:     0x64ab1f031702 - <std[617be2ca0a6fd877]::thread::lifecycle::spawn_unchecked<test[aada8e7e76ba119b]::run_test::{closure#1}, ()>::{closure#1} as core[a373ad73a504971]::ops::function::FnOnce<()>>::call_once::{shim:vtable#0}
[INFO] [stdout]   18:     0x64ab1f11fe1f - <std[617be2ca0a6fd877]::sys::thread::unix::Thread>::new::thread_start
[INFO] [stdout]   19:     0x7257de729dfa - <unknown>
[INFO] [stdout]   20:     0x7257de7bd3d4 - clone
[INFO] [stdout]   21:                0x0 - <unknown>
[INFO] [stdout] 
[INFO] [stdout] ---- session::tests::spawn_injects_gateway_socket_path stdout ----
[INFO] [stdout] 
[INFO] [stdout] thread 'session::tests::spawn_injects_gateway_socket_path' (1779) panicked at /opt/rustwide/cargo-home/registry/src/index.crates.io-1949cf8c6b5b557f/term-session-mock-0.10.15-alpha/src/lib.rs:123:17:
[INFO] [stdout] term-session-mock binary still missing after `cargo build`; searched "/opt/rustwide/target/release/build/term-session-server/aaae5c9cd9ed51ea/out/term-session-mock" and "/opt/rustwide/target/release/build/term-session-server/aaae5c9cd9ed51ea/out/deps"
[INFO] [stdout] stack backtrace:
[INFO] [stdout]    0:     0x64ab1f121191 - <<std[617be2ca0a6fd877]::sys::backtrace::BacktraceLock>::print::DisplayBacktrace as core[a373ad73a504971]::fmt::Display>::fmt
[INFO] [stdout]    1:     0x64ab1f13807a - core[a373ad73a504971]::fmt::write
[INFO] [stdout]    2:     0x64ab1f126ecc - <alloc[2e1b2a31b91974c5]::vec::Vec<u8> as core[a373ad73a504971]::io::write::Write>::write_fmt
[INFO] [stdout]    3:     0x64ab1f0f9686 - std[617be2ca0a6fd877]::panicking::default_hook::{closure#0}
[INFO] [stdout]    4:     0x64ab1f117e09 - std[617be2ca0a6fd877]::panicking::default_hook
[INFO] [stdout]    5:     0x64ab1f02e050 - test[aada8e7e76ba119b]::test_main_inner::{closure#0}
[INFO] [stdout]    6:     0x64ab1f118132 - std[617be2ca0a6fd877]::panicking::panic_with_hook
[INFO] [stdout]    7:     0x64ab1f0f9732 - std[617be2ca0a6fd877]::panicking::panic_handler::{closure#0}
[INFO] [stdout]    8:     0x64ab1f0f1a89 - std[617be2ca0a6fd877]::sys::backtrace::__rust_end_short_backtrace::<std[617be2ca0a6fd877]::panicking::panic_handler::{closure#0}, !>
[INFO] [stdout]    9:     0x64ab1f0fa63d - __rustc[ea4f61d10b84890b]::rust_begin_unwind
[INFO] [stdout]   10:     0x64ab1f1387dc - core[a373ad73a504971]::panicking::panic_fmt
[INFO] [stdout]   11:     0x64ab1f01f71e - term_session_mock[bd3099eb3fafa249]::get_mock_bin
[INFO] [stdout]   12:     0x64ab1f014bea - term_session_server[2b6f749c548fc211]::session::tests::spawn_envvar_report
[INFO] [stdout]   13:     0x64ab1f017710 - <term_session_server[2b6f749c548fc211]::session::tests::spawn_injects_gateway_socket_path::{closure#0} as core[a373ad73a504971]::ops::function::FnOnce<()>>::call_once
[INFO] [stdout]   14:     0x64ab1f02149b - test[aada8e7e76ba119b]::__rust_begin_short_backtrace::<core[a373ad73a504971]::result::Result<(), alloc[2e1b2a31b91974c5]::string::String>, fn() -> core[a373ad73a504971]::result::Result<(), alloc[2e1b2a31b91974c5]::string::String>>
[INFO] [stdout]   15:     0x64ab1f02e675 - test[aada8e7e76ba119b]::run_test::{closure#0}
[INFO] [stdout]   16:     0x64ab1f027f64 - std[617be2ca0a6fd877]::sys::backtrace::__rust_begin_short_backtrace::<test[aada8e7e76ba119b]::run_test::{closure#1}, ()>
[INFO] [stdout]   17:     0x64ab1f031702 - <std[617be2ca0a6fd877]::thread::lifecycle::spawn_unchecked<test[aada8e7e76ba119b]::run_test::{closure#1}, ()>::{closure#1} as core[a373ad73a504971]::ops::function::FnOnce<()>>::call_once::{shim:vtable#0}
[INFO] [stdout]   18:     0x64ab1f11fe1f - <std[617be2ca0a6fd877]::sys::thread::unix::Thread>::new::thread_start
[INFO] [stdout]   19:     0x7257de729dfa - <unknown>
[INFO] [stdout]   20:     0x7257de7bd3d4 - clone
[INFO] [stdout]   21:                0x0 - <unknown>
[INFO] [stdout] 
[INFO] [stdout] ---- session::tests::spawn_leaves_channel_var_unset_when_no_channel stdout ----
[INFO] [stdout] 
[INFO] [stdout] thread 'session::tests::spawn_leaves_channel_var_unset_when_no_channel' (1780) panicked at /opt/rustwide/cargo-home/registry/src/index.crates.io-1949cf8c6b5b557f/term-session-mock-0.10.15-alpha/src/lib.rs:123:17:
[INFO] [stdout] term-session-mock binary still missing after `cargo build`; searched "/opt/rustwide/target/release/build/term-session-server/aaae5c9cd9ed51ea/out/term-session-mock" and "/opt/rustwide/target/release/build/term-session-server/aaae5c9cd9ed51ea/out/deps"
[INFO] [stdout] stack backtrace:
[INFO] [stdout]    0:     0x64ab1f121191 - <<std[617be2ca0a6fd877]::sys::backtrace::BacktraceLock>::print::DisplayBacktrace as core[a373ad73a504971]::fmt::Display>::fmt
[INFO] [stdout]    1:     0x64ab1f13807a - core[a373ad73a504971]::fmt::write
[INFO] [stdout]    2:     0x64ab1f126ecc - <alloc[2e1b2a31b91974c5]::vec::Vec<u8> as core[a373ad73a504971]::io::write::Write>::write_fmt
[INFO] [stdout]    3:     0x64ab1f0f9686 - std[617be2ca0a6fd877]::panicking::default_hook::{closure#0}
[INFO] [stdout]    4:     0x64ab1f117e09 - std[617be2ca0a6fd877]::panicking::default_hook
[INFO] [stdout]    5:     0x64ab1f02e050 - test[aada8e7e76ba119b]::test_main_inner::{closure#0}
[INFO] [stdout]    6:     0x64ab1f118132 - std[617be2ca0a6fd877]::panicking::panic_with_hook
[INFO] [stdout]    7:     0x64ab1f0f9732 - std[617be2ca0a6fd877]::panicking::panic_handler::{closure#0}
[INFO] [stdout]    8:     0x64ab1f0f1a89 - std[617be2ca0a6fd877]::sys::backtrace::__rust_end_short_backtrace::<std[617be2ca0a6fd877]::panicking::panic_handler::{closure#0}, !>
[INFO] [stdout]    9:     0x64ab1f0fa63d - __rustc[ea4f61d10b84890b]::rust_begin_unwind
[INFO] [stdout]   10:     0x64ab1f1387dc - core[a373ad73a504971]::panicking::panic_fmt
[INFO] [stdout]   11:     0x64ab1f01f71e - term_session_mock[bd3099eb3fafa249]::get_mock_bin
[INFO] [stdout]   12:     0x64ab1f014bea - term_session_server[2b6f749c548fc211]::session::tests::spawn_envvar_report
[INFO] [stdout]   13:     0x64ab1f018081 - <term_session_server[2b6f749c548fc211]::session::tests::spawn_leaves_channel_var_unset_when_no_channel::{closure#0} as core[a373ad73a504971]::ops::function::FnOnce<()>>::call_once
[INFO] [stdout]   14:     0x64ab1f02149b - test[aada8e7e76ba119b]::__rust_begin_short_backtrace::<core[a373ad73a504971]::result::Result<(), alloc[2e1b2a31b91974c5]::string::String>, fn() -> core[a373ad73a504971]::result::Result<(), alloc[2e1b2a31b91974c5]::string::String>>
[INFO] [stdout]   15:     0x64ab1f02e675 - test[aada8e7e76ba119b]::run_test::{closure#0}
[INFO] [stdout]   16:     0x64ab1f027f64 - std[617be2ca0a6fd877]::sys::backtrace::__rust_begin_short_backtrace::<test[aada8e7e76ba119b]::run_test::{closure#1}, ()>
[INFO] [stdout]   17:     0x64ab1f031702 - <std[617be2ca0a6fd877]::thread::lifecycle::spawn_unchecked<test[aada8e7e76ba119b]::run_test::{closure#1}, ()>::{closure#1} as core[a373ad73a504971]::ops::function::FnOnce<()>>::call_once::{shim:vtable#0}
[INFO] [stdout]   18:     0x64ab1f11fe1f - <std[617be2ca0a6fd877]::sys::thread::unix::Thread>::new::thread_start
[INFO] [stdout]   19:     0x7257de729dfa - <unknown>
[INFO] [stdout]   20:     0x7257de7bd3d4 - clone
[INFO] [stdout]   21:                0x0 - <unknown>
[INFO] [stdout] 
[INFO] [stdout] ---- session::tests::spawn_starts_in_specified_cwd stdout ----
[INFO] [stdout] 
[INFO] [stdout] thread 'session::tests::spawn_starts_in_specified_cwd' (1782) panicked at /opt/rustwide/cargo-home/registry/src/index.crates.io-1949cf8c6b5b557f/term-session-mock-0.10.15-alpha/src/lib.rs:123:17:
[INFO] [stdout] term-session-mock binary still missing after `cargo build`; searched "/opt/rustwide/target/release/build/term-session-server/aaae5c9cd9ed51ea/out/term-session-mock" and "/opt/rustwide/target/release/build/term-session-server/aaae5c9cd9ed51ea/out/deps"
[INFO] [stdout] stack backtrace:
[INFO] [stdout]    0:     0x64ab1f121191 - <<std[617be2ca0a6fd877]::sys::backtrace::BacktraceLock>::print::DisplayBacktrace as core[a373ad73a504971]::fmt::Display>::fmt
[INFO] [stdout]    1:     0x64ab1f13807a - core[a373ad73a504971]::fmt::write
[INFO] [stdout]    2:     0x64ab1f126ecc - <alloc[2e1b2a31b91974c5]::vec::Vec<u8> as core[a373ad73a504971]::io::write::Write>::write_fmt
[INFO] [stdout]    3:     0x64ab1f0f9686 - std[617be2ca0a6fd877]::panicking::default_hook::{closure#0}
[INFO] [stdout]    4:     0x64ab1f117e09 - std[617be2ca0a6fd877]::panicking::default_hook
[INFO] [stdout]    5:     0x64ab1f02e050 - test[aada8e7e76ba119b]::test_main_inner::{closure#0}
[INFO] [stdout]    6:     0x64ab1f118132 - std[617be2ca0a6fd877]::panicking::panic_with_hook
[INFO] [stdout]    7:     0x64ab1f0f9732 - std[617be2ca0a6fd877]::panicking::panic_handler::{closure#0}
[INFO] [stdout]    8:     0x64ab1f0f1a89 - std[617be2ca0a6fd877]::sys::backtrace::__rust_end_short_backtrace::<std[617be2ca0a6fd877]::panicking::panic_handler::{closure#0}, !>
[INFO] [stdout]    9:     0x64ab1f0fa63d - __rustc[ea4f61d10b84890b]::rust_begin_unwind
[INFO] [stdout]   10:     0x64ab1f1387dc - core[a373ad73a504971]::panicking::panic_fmt
[INFO] [stdout]   11:     0x64ab1f01f71e - term_session_mock[bd3099eb3fafa249]::get_mock_bin
[INFO] [stdout]   12:     0x64ab1f014562 - term_session_server[2b6f749c548fc211]::session::tests::spawn_pwd_report
[INFO] [stdout]   13:     0x64ab1f017064 - <term_session_server[2b6f749c548fc211]::session::tests::spawn_starts_in_specified_cwd::{closure#0} as core[a373ad73a504971]::ops::function::FnOnce<()>>::call_once
[INFO] [stdout]   14:     0x64ab1f02149b - test[aada8e7e76ba119b]::__rust_begin_short_backtrace::<core[a373ad73a504971]::result::Result<(), alloc[2e1b2a31b91974c5]::string::String>, fn() -> core[a373ad73a504971]::result::Result<(), alloc[2e1b2a31b91974c5]::string::String>>
[INFO] [stdout]   15:     0x64ab1f02e675 - test[aada8e7e76ba119b]::run_test::{closure#0}
[INFO] [stdout]   16:     0x64ab1f027f64 - std[617be2ca0a6fd877]::sys::backtrace::__rust_begin_short_backtrace::<test[aada8e7e76ba119b]::run_test::{closure#1}, ()>
[INFO] [stdout]   17:     0x64ab1f031702 - <std[617be2ca0a6fd877]::thread::lifecycle::spawn_unchecked<test[aada8e7e76ba119b]::run_test::{closure#1}, ()>::{closure#1} as core[a373ad73a504971]::ops::function::FnOnce<()>>::call_once::{shim:vtable#0}
[INFO] [stdout]   18:     0x64ab1f11fe1f - <std[617be2ca0a6fd877]::sys::thread::unix::Thread>::new::thread_start
[INFO] [stdout]   19:     0x7257de729dfa - <unknown>
[INFO] [stdout]   20:     0x7257de7bd3d4 - clone
[INFO] [stdout]   21:                0x0 - <unknown>
[INFO] [stdout] 
[INFO] [stdout] 
[INFO] [stdout] failures:
[INFO] [stdout]     session::tests::spawn_falls_back_to_process_cwd_when_cwd_empty
[INFO] [stdout]     session::tests::spawn_falls_back_to_process_cwd_when_cwd_none
[INFO] [stdout]     session::tests::spawn_injects_gateway_socket_path
[INFO] [stdout]     session::tests::spawn_leaves_channel_var_unset_when_no_channel
[INFO] [stdout]     session::tests::spawn_round_trips_non_utf8_cwd
[INFO] [stdout]     session::tests::spawn_starts_in_specified_cwd
[INFO] [stdout] 
[INFO] [stdout] test result: FAILED. 38 passed; 6 failed; 0 ignored; 0 measured; 0 filtered out; finished in 12.74s
[INFO] [stdout] 
[INFO] [stderr] error: test failed, to rerun pass `--lib`
[INFO] running `Command { std: "docker" "inspect" "f3ef125f0a95e9ced1985dad2ed89773d877c8a11f4c83300b1ae0f3e69262cb", kill_on_drop: false }`
[INFO] running `Command { std: "docker" "rm" "-f" "f3ef125f0a95e9ced1985dad2ed89773d877c8a11f4c83300b1ae0f3e69262cb", kill_on_drop: false }`
[INFO] [stdout] f3ef125f0a95e9ced1985dad2ed89773d877c8a11f4c83300b1ae0f3e69262cb
