[INFO] fetching crate ter-cli 0.1.0...
[INFO] testing ter-cli-0.1.0 against 1.99.0-beta.8+cargoflags=--release for beta-release-1.100-2
[INFO] extracting crate ter-cli 0.1.0 into /workspace/builds/worker-2-tc1/source
[INFO] started tweaking crates.io crate ter-cli 0.1.0
[INFO] removed 0 missing tests
[INFO] finished tweaking crates.io crate ter-cli 0.1.0
[INFO] tweaked toml for crates.io crate ter-cli 0.1.0 written to /workspace/builds/worker-2-tc1/source/Cargo.toml
[INFO] validating manifest of crates.io crate ter-cli 0.1.0 on toolchain 1.99.0-beta.8
[INFO] running `Command { std: CARGO_HOME="/workspace/cargo-home" RUSTUP_HOME="/workspace/rustup-home" "/workspace/cargo-home/bin/cargo" "+1.99.0-beta.8" "metadata" "--manifest-path" "Cargo.toml" "--no-deps", kill_on_drop: false }`
[INFO] crate crates.io crate ter-cli 0.1.0 already has a lockfile, it will not be regenerated
[INFO] running `Command { std: CARGO_HOME="/workspace/cargo-home" RUSTUP_HOME="/workspace/rustup-home" "/workspace/cargo-home/bin/cargo" "+1.99.0-beta.8" "fetch" "--manifest-path" "Cargo.toml", kill_on_drop: false }`
[INFO] [stderr]     Updating crates.io index
[INFO] [stderr]  Downloading crates ...
[INFO] [stderr]   Downloaded zvariant_derive v5.15.0
[INFO] [stderr]   Downloaded zvariant_utils v4.2.0
[INFO] [stderr]   Downloaded zcheapstr v1.1.0
[INFO] [stderr]   Downloaded zvariant v5.15.0
[INFO] [stderr]   Downloaded zbus-secret-service-keyring-store v1.0.1
[INFO] [stderr]   Downloaded uds_windows v1.2.1
[INFO] [stderr]   Downloaded zbus_names v4.3.4
[INFO] [stderr]   Downloaded secret-service v5.2.0
[INFO] [stderr]   Downloaded zbus_macros v5.19.0
[INFO] [stderr]   Downloaded wiremock v0.6.5
[INFO] [stderr]   Downloaded uuid v1.26.1
[INFO] [stderr]   Downloaded zbus v5.19.0
[INFO] [stderr]   Downloaded assert-json-diff v2.0.2
[INFO] [stderr]   Downloaded webbrowser v1.2.4
[INFO] [stderr]   Downloaded ter-telemetry v0.1.0
[INFO] [stderr]   Downloaded ter-flash v0.1.0
[INFO] [stderr]   Downloaded libudev-sys v0.1.4
[INFO] [stderr]   Downloaded serde_norway v0.9.42
[INFO] [stderr]   Downloaded ter-sdk v0.1.0
[INFO] [stderr]   Downloaded unsafe-libyaml-norway v0.2.15
[INFO] [stderr]   Downloaded libudev v0.3.0
[INFO] [stderr]   Downloaded ter-remote v0.1.0
[INFO] [stderr]   Downloaded quinn-proto v0.11.18
[INFO] [stderr]   Downloaded apple-native-keyring-store v1.0.2
[INFO] [stderr]   Downloaded ter-gen v0.1.0
[INFO] [stderr]   Downloaded ter-check v0.1.0
[INFO] running `Command { std: "docker" "create" "-v" "/var/lib/crater-agent-workspace/builds/worker-2-tc1/source:/opt/rustwide/workdir:ro,Z" "-v" "/var/lib/crater-agent-workspace/builds/worker-2-tc1/target:/opt/rustwide/target:rw,Z" "-v" "/var/lib/crater-agent-workspace/cargo-home:/opt/rustwide/cargo-home:ro,Z" "-v" "/var/lib/crater-agent-workspace/rustup-home:/opt/rustwide/rustup-home:ro,Z" "-m" "1610612736" "--network" "none" "ghcr.io/rust-lang/crates-build-env/linux@sha256:77db811e55d90add9212f6832c23229e3de5f1c1f9905e8cb07319ea15df73ac" "sleep" "infinity", kill_on_drop: false }`
[INFO] [stdout] c1b3043eed484fa0f6694325cce354b9270d68a5c15b0a37bcce89124bdd9385
[INFO] running `Command { std: "docker" "start" "c1b3043eed484fa0f6694325cce354b9270d68a5c15b0a37bcce89124bdd9385", kill_on_drop: false }`
[INFO] running `Command { std: "docker" "inspect" "c1b3043eed484fa0f6694325cce354b9270d68a5c15b0a37bcce89124bdd9385", kill_on_drop: false }`
[INFO] running `Command { std: "docker" "exec" "-e" "SOURCE_DIR=/opt/rustwide/workdir" "-e" "CARGO_HOME=/opt/rustwide/cargo-home" "-e" "RUSTUP_HOME=/opt/rustwide/rustup-home" "-e" "CARGO_TARGET_DIR=/opt/rustwide/target" "-w" "/opt/rustwide/workdir" "--user" "0:0" "c1b3043eed484fa0f6694325cce354b9270d68a5c15b0a37bcce89124bdd9385" "/opt/rustwide/cargo-home/bin/cargo" "+1.99.0-beta.8" "metadata" "--no-deps" "--format-version=1", kill_on_drop: false }`
[INFO] running `Command { std: "docker" "inspect" "c1b3043eed484fa0f6694325cce354b9270d68a5c15b0a37bcce89124bdd9385", kill_on_drop: false }`
[INFO] running `Command { std: "docker" "exec" "-e" "SOURCE_DIR=/opt/rustwide/workdir" "-e" "CARGO_HOME=/opt/rustwide/cargo-home" "-e" "RUSTUP_HOME=/opt/rustwide/rustup-home" "-e" "CARGO_TARGET_DIR=/opt/rustwide/target" "-e" "CARGO_INCREMENTAL=0" "-e" "RUST_BACKTRACE=full" "-e" "RUSTFLAGS=--cap-lints=warn" "-e" "RUSTDOCFLAGS=--cap-lints=warn" "-w" "/opt/rustwide/workdir" "--user" "0:0" "c1b3043eed484fa0f6694325cce354b9270d68a5c15b0a37bcce89124bdd9385" "/opt/rustwide/cargo-home/bin/cargo" "+1.99.0-beta.8" "build" "--frozen" "--message-format=json" "--release", kill_on_drop: false }`
[INFO] [stderr]    Compiling serde_core v1.0.229
[INFO] [stderr]    Compiling bitflags v2.13.2
[INFO] [stderr]    Compiling serde v1.0.229
[INFO] [stderr]    Compiling smallvec v1.16.2
[INFO] [stderr]    Compiling syn v3.0.6
[INFO] [stderr]    Compiling syn v2.0.119
[INFO] [stderr]    Compiling crossbeam-utils v0.8.23
[INFO] [stderr]    Compiling winnow v1.0.4
[INFO] [stderr]    Compiling aws-lc-rs v1.18.1
[INFO] [stderr]    Compiling cmake v0.1.58
[INFO] [stderr]    Compiling fastrand v2.5.0
[INFO] [stderr]    Compiling indexmap v2.14.2
[INFO] [stderr]    Compiling http-body v1.1.0
[INFO] [stderr]    Compiling num-traits v0.2.19
[INFO] [stderr]    Compiling rustix v1.1.5
[INFO] [stderr]    Compiling event-listener v5.4.2
[INFO] [stderr]    Compiling proc-macro2 v1.0.107
[INFO] [stderr]    Compiling linux-raw-sys v0.12.1
[INFO] [stderr]    Compiling unicode-ident v1.0.26
[INFO] [stderr]    Compiling libudev-sys v0.1.4
[INFO] [stderr]    Compiling futures-lite v2.6.1
[INFO] [stderr]    Compiling quote v1.0.47
[INFO] [stderr]    Compiling event-listener-strategy v0.5.4
[INFO] [stderr]    Compiling rustls v0.23.45
[INFO] [stderr]    Compiling serde_json v1.0.151
[INFO] [stderr]    Compiling aws-lc-sys v0.45.0
[INFO] [stderr]    Compiling digest v0.11.3
[INFO] [stderr]    Compiling async-io v2.6.0
[INFO] [stderr]    Compiling futures-channel v0.3.34
[INFO] [stderr]    Compiling sync_wrapper v1.0.2
[INFO] [stderr]    Compiling block-padding v0.4.2
[INFO] [stderr]    Compiling ipnet v2.12.2
[INFO] [stderr]    Compiling base64 v0.23.1
[INFO] [stderr]    Compiling concurrent-queue v2.5.0
[INFO] [stderr]    Compiling endi v1.1.1
[INFO] [stderr]    Compiling async-task v4.7.1
[INFO] [stderr]    Compiling inout v0.2.2
[INFO] [stderr]    Compiling libudev v0.3.0
[INFO] [stderr]    Compiling async-channel v2.5.0
[INFO] [stderr]    Compiling nix v0.26.4
[INFO] [stderr]    Compiling encoding_rs v0.8.42
[INFO] [stderr]    Compiling http-body-util v0.1.5
[INFO] [stderr]    Compiling num-integer v0.1.47
[INFO] [stderr]    Compiling rustls-native-certs v0.8.4
[INFO] [stderr]    Compiling num-bigint v0.4.8
[INFO] [stderr]    Compiling getrandom v0.4.3
[INFO] [stderr]    Compiling cipher v0.5.2
[INFO] [stderr]    Compiling sha2 v0.11.0
[INFO] [stderr]    Compiling async-lock v3.4.2
[INFO] [stderr]    Compiling piper v0.2.5
[INFO] [stderr]    Compiling simdutf8 v0.1.5
[INFO] [stderr]    Compiling toml_parser v1.1.3+spec-1.1.0
[INFO] [stderr]    Compiling toml_writer v1.1.2+spec-1.1.0
[INFO] [stderr]    Compiling core_detect v1.0.0
[INFO] [stderr]    Compiling multiversion_no_op v1.0.0
[INFO] [stderr]    Compiling blocking v1.7.0
[INFO] [stderr]    Compiling async-executor v1.14.0
[INFO] [stderr]    Compiling num-iter v0.1.46
[INFO] [stderr]    Compiling num-complex v0.4.6
[INFO] [stderr]    Compiling hmac v0.13.0
[INFO] [stderr]    Compiling async-broadcast v0.7.2
[INFO] [stderr]    Compiling ordered-stream v0.2.0
[INFO] [stderr]    Compiling unsafe-libyaml-norway v0.2.15
[INFO] [stderr]    Compiling cpubits v0.1.1
[INFO] [stderr]    Compiling aes v0.9.3
[INFO] [stderr]    Compiling hkdf v0.13.0
[INFO] [stderr]    Compiling cbc v0.2.1
[INFO] [stderr]    Compiling axum-core v0.5.6
[INFO] [stderr]    Compiling matchit v0.8.4
[INFO] [stderr]    Compiling clap_lex v1.1.1
[INFO] [stderr]    Compiling dirs-sys v0.5.0
[INFO] [stderr]    Compiling keyring-core v1.0.0
[INFO] [stderr]    Compiling clap_builder v4.6.7
[INFO] [stderr]    Compiling rtoolbox v0.0.6
[INFO] [stderr]    Compiling semver v1.0.28
[INFO] [stderr]    Compiling rpassword v7.5.4
[INFO] [stderr]    Compiling directories v6.0.0
[INFO] [stderr]    Compiling toml_datetime v1.1.1+spec-1.1.0
[INFO] [stderr]    Compiling serde_spanned v1.1.1
[INFO] [stderr]    Compiling toml v1.1.6+spec-1.1.0
[INFO] [stderr]    Compiling uuid v1.26.1
[INFO] [stderr]    Compiling num-rational v0.4.2
[INFO] [stderr]    Compiling serde_path_to_error v0.1.20
[INFO] [stderr]    Compiling num v0.4.3
[INFO] [stderr]    Compiling synstructure v0.14.0
[INFO] [stderr]    Compiling tracing-attributes v0.1.31
[INFO] [stderr]    Compiling enumflags2_derive v0.7.12
[INFO] [stderr]    Compiling async-recursion v1.1.1
[INFO] [stderr]    Compiling polling v3.11.0
[INFO] [stderr]    Compiling tempfile v3.27.0
[INFO] [stderr]    Compiling ter-gen v0.1.0
[INFO] [stderr]    Compiling tracing v0.1.44
[INFO] [stderr]    Compiling async-signal v0.2.14
[INFO] [stderr]    Compiling serde_derive v1.0.229
[INFO] [stderr]    Compiling zerofrom-derive v0.1.8
[INFO] [stderr]    Compiling yoke-derive v0.8.3
[INFO] [stderr]    Compiling zerovec-derive v0.11.6
[INFO] [stderr]    Compiling displaydoc v0.2.7
[INFO] [stderr]    Compiling tokio-macros v2.7.2
[INFO] [stderr]    Compiling futures-macro v0.3.34
[INFO] [stderr]    Compiling zerofrom v0.1.8
[INFO] [stderr]    Compiling thiserror-impl v2.0.21
[INFO] [stderr]    Compiling yoke v0.8.3
[INFO] [stderr]    Compiling async-process v2.5.0
[INFO] [stderr]    Compiling serde_repr v0.1.21
[INFO] [stderr]    Compiling async-trait v0.1.92
[INFO] [stderr]    Compiling tokio v1.53.1
[INFO] [stderr]    Compiling clap_derive v4.6.7
[INFO] [stderr]    Compiling futures-util v0.3.34
[INFO] [stderr]    Compiling zerovec v0.11.8
[INFO] [stderr]    Compiling zerotrie v0.2.5
[INFO] [stderr]    Compiling tinystr v0.8.4
[INFO] [stderr]    Compiling potential_utf v0.1.6
[INFO] [stderr]    Compiling icu_locale_core v2.3.0
[INFO] [stderr]    Compiling icu_collections v2.3.0
[INFO] [stderr]    Compiling thiserror v2.0.21
[INFO] [stderr]    Compiling unescaper v0.1.10
[INFO] [stderr]    Compiling serialport v4.10.1
[INFO] [stderr]    Compiling clap v4.6.7
[INFO] [stderr]    Compiling icu_provider v2.3.1
[INFO] [stderr]    Compiling ter-flash v0.1.0
[INFO] [stderr]    Compiling zvariant_utils v4.2.0
[INFO] [stderr]    Compiling icu_normalizer v2.3.0
[INFO] [stderr]    Compiling icu_properties v2.3.0
[INFO] [stderr]    Compiling zcheapstr v1.1.0
[INFO] [stderr]    Compiling enumflags2 v0.7.12
[INFO] [stderr]    Compiling serde_urlencoded v0.7.1
[INFO] [stderr]    Compiling zvariant_derive v5.15.0
[INFO] [stderr]    Compiling ter-telemetry v0.1.0
[INFO] [stderr]    Compiling zvariant v5.15.0
[INFO] [stderr]    Compiling serde_norway v0.9.42
[INFO] [stderr]    Compiling idna_adapter v1.2.2
[INFO] [stderr]    Compiling idna v1.1.0
[INFO] [stderr]    Compiling url v2.5.8
[INFO] [stderr]    Compiling tokio-util v0.7.19
[INFO] [stderr]    Compiling h2 v0.4.19
[INFO] [stderr]    Compiling tower v0.5.3
[INFO] [stderr]    Compiling zbus_names v4.3.4
[INFO] [stderr]    Compiling webbrowser v1.2.4
[INFO] [stderr]    Compiling ter-check v0.1.0
[INFO] [stderr]    Compiling zbus_macros v5.19.0
[INFO] [stderr]    Compiling tower-http v0.6.11
[INFO] [stderr]    Compiling zbus v5.19.0
[INFO] [stderr]    Compiling hyper v1.11.1
[INFO] [stderr]    Compiling hyper-util v0.1.21
[INFO] [stderr]    Compiling axum v0.8.9
[INFO] [stderr]    Compiling secret-service v5.2.0
[INFO] [stderr]    Compiling zbus-secret-service-keyring-store v1.0.1
[INFO] [stderr]    Compiling rustls-webpki v0.103.15
[INFO] [stderr]    Compiling tokio-rustls v0.26.5
[INFO] [stderr]    Compiling rustls-platform-verifier v0.7.1
[INFO] [stderr]    Compiling hyper-rustls v0.27.10
[INFO] [stderr]    Compiling reqwest v0.13.5
[INFO] [stderr]    Compiling ter-remote v0.1.0
[INFO] [stderr]    Compiling ter-sdk v0.1.0
[INFO] [stderr]    Compiling ter-cli v0.1.0 (/opt/rustwide/workdir)
[INFO] [stderr]     Finished `release` profile [optimized] target(s) in 4m 55s
[INFO] running `Command { std: "docker" "inspect" "c1b3043eed484fa0f6694325cce354b9270d68a5c15b0a37bcce89124bdd9385", kill_on_drop: false }`
[INFO] running `Command { std: "docker" "exec" "-e" "SOURCE_DIR=/opt/rustwide/workdir" "-e" "CARGO_HOME=/opt/rustwide/cargo-home" "-e" "RUSTUP_HOME=/opt/rustwide/rustup-home" "-e" "CARGO_TARGET_DIR=/opt/rustwide/target" "-e" "CARGO_INCREMENTAL=0" "-e" "RUST_BACKTRACE=full" "-e" "RUSTFLAGS=--cap-lints=warn" "-e" "RUSTDOCFLAGS=--cap-lints=warn" "-w" "/opt/rustwide/workdir" "--user" "0:0" "c1b3043eed484fa0f6694325cce354b9270d68a5c15b0a37bcce89124bdd9385" "/opt/rustwide/cargo-home/bin/cargo" "+1.99.0-beta.8" "test" "--frozen" "--no-run" "--message-format=json" "--release", kill_on_drop: false }`
[INFO] [stderr]    Compiling futures-util v0.3.34
[INFO] [stderr]    Compiling hyper v1.11.1
[INFO] [stderr]    Compiling deadpool-runtime v0.1.4
[INFO] [stderr]    Compiling assert-json-diff v2.0.2
[INFO] [stderr]    Compiling regex v1.13.1
[INFO] [stderr]    Compiling deadpool v0.12.3
[INFO] [stderr]    Compiling hyper-util v0.1.21
[INFO] [stderr]    Compiling tower v0.5.3
[INFO] [stderr]    Compiling futures-executor v0.3.34
[INFO] [stderr]    Compiling secret-service v5.2.0
[INFO] [stderr]    Compiling futures v0.3.34
[INFO] [stderr]    Compiling tower-http v0.6.11
[INFO] [stderr]    Compiling hyper-rustls v0.27.10
[INFO] [stderr]    Compiling axum v0.8.9
[INFO] [stderr]    Compiling wiremock v0.6.5
[INFO] [stderr]    Compiling zbus-secret-service-keyring-store v1.0.1
[INFO] [stderr]    Compiling reqwest v0.13.5
[INFO] [stderr]    Compiling ter-sdk v0.1.0
[INFO] [stderr]    Compiling ter-remote v0.1.0
[INFO] [stderr]    Compiling ter-cli v0.1.0 (/opt/rustwide/workdir)
[INFO] [stderr]     Finished `release` profile [optimized] target(s) in 1m 51s
[INFO] running `Command { std: "docker" "inspect" "c1b3043eed484fa0f6694325cce354b9270d68a5c15b0a37bcce89124bdd9385", kill_on_drop: false }`
[INFO] running `Command { std: "docker" "exec" "-e" "SOURCE_DIR=/opt/rustwide/workdir" "-e" "CARGO_HOME=/opt/rustwide/cargo-home" "-e" "RUSTUP_HOME=/opt/rustwide/rustup-home" "-e" "CARGO_TARGET_DIR=/opt/rustwide/target" "-e" "CARGO_INCREMENTAL=0" "-e" "RUST_BACKTRACE=full" "-e" "RUSTFLAGS=--cap-lints=warn" "-e" "RUSTDOCFLAGS=--cap-lints=warn" "-w" "/opt/rustwide/workdir" "--user" "0:0" "c1b3043eed484fa0f6694325cce354b9270d68a5c15b0a37bcce89124bdd9385" "/opt/rustwide/cargo-home/bin/cargo" "+1.99.0-beta.8" "test" "--frozen" "--release", kill_on_drop: false }`
[INFO] [stderr]     Finished `release` profile [optimized] target(s) in 0.47s
[INFO] [stderr]      Running unittests src/main.rs (/opt/rustwide/target/release/deps/ter-cc32861c0dfeab8a)
[INFO] [stdout] 
[INFO] [stdout] running 58 tests
[INFO] [stdout] test bench::tests::a_bench_is_picked_by_name_or_label_or_alone ... ok
[INFO] [stdout] test bench::tests::the_newest_connection_is_the_current_one_per_account ... ok
[INFO] [stdout] test build::tests::the_first_binary_is_the_program ... ok
[INFO] [stdout] test config::tests::partial_file_keeps_other_defaults ... ok
[INFO] [stdout] test hw::tests::a_bare_board_names_the_checks_it_cannot_see ... ok
[INFO] [stdout] test hw::tests::no_drive_says_how_to_get_one ... ok
[INFO] [stdout] test install::tests::the_token_is_the_first_line_trimmed ... ok
[INFO] [stdout] test config::tests::missing_file_gives_defaults ... ok
[INFO] [stdout] test llm::provider::tests::answers_are_read_from_both_wire_formats ... ok
[INFO] [stdout] test hint::tests::sends_the_manifest_and_the_source_tree_only ... ok
[INFO] [stdout] test llm::prompt::tests::a_failed_check_sends_the_verdicts_and_the_site_hint_not_to_repeat ... FAILED
[INFO] [stdout] test config::tests::update_sets_and_removes_keys_and_keeps_the_rest ... ok
[INFO] [stdout] test llm::provider::tests::the_key_and_masked_echoes_of_it_are_cut_out ... ok
[INFO] [stdout] test llm::prompt::tests::a_failed_build_sends_the_compiler_output_the_lesson_and_the_code ... FAILED
[INFO] [stdout] test login::tests::prompt_shows_the_url_and_the_code_on_their_own_lines ... ok
[INFO] [stdout] test record::tests::a_build_only_run_is_not_run ... ok
[INFO] [stdout] test config::tests::unknown_key_is_an_error ... ok
[INFO] [stdout] test record::tests::all_seen_and_passed_is_passed ... ok
[INFO] [stdout] test llm::prompt::tests::a_partial_pass_and_a_setup_failure_are_told_apart ... FAILED
[INFO] [stdout] test record::tests::a_failed_build_carries_the_end_of_the_log_and_no_elf ... ok
[INFO] [stdout] test record::tests::elf_hash_is_sha256_hex ... ok
[INFO] [stdout] test llm::provider::tests::provider_errors_read_both_shapes ... ok
[INFO] [stdout] test record::tests::every_infra_failure_is_not_run_never_failed ... ok
[INFO] [stdout] test llm::provider::tests::running_out_of_credit_is_unavailable_whatever_the_status ... ok
[INFO] [stdout] test llm::prompt::tests::the_rules_are_in_the_instructions_and_end_the_message ... FAILED
[INFO] [stdout] test record::tests::no_check_yaml_is_not_run_with_no_checks ... ok
[INFO] [stdout] test exercises::tests::bytes_read_like_a_file_manager ... ok
[INFO] [stdout] test install::tests::a_blank_or_spaced_token_is_refused_and_nothing_is_stored ... ok
[INFO] [stdout] test install::tests::this_machine_has_a_release ... ok
[INFO] [stdout] test llm::prompt::tests::long_lessons_are_cut_and_big_files_named_not_sent ... FAILED
[INFO] [stdout] test llm::provider::tests::every_preset_can_be_found_and_unknown_names_are_refused ... ok
[INFO] [stdout] test login::tests::prompt_rounds_the_lifetime_up ... ok
[INFO] [stdout] test config::tests::round_trips_through_toml ... ok
[INFO] [stdout] test hw::tests::the_tool_comes_from_the_exercises_runner ... ok
[INFO] [stdout] test record::tests::nothing_seen_is_not_run ... ok
[INFO] [stdout] test run::tests::a_partial_pass_says_so_and_points_at_the_full_check ... ok
[INFO] [stdout] test record::tests::the_first_seen_failure_is_the_first_failure ... ok
[INFO] [stdout] test self_update::tests::no_record_gives_a_generic_line ... ok
[INFO] [stdout] test record::tests::some_unseen_all_seen_passed_is_a_partial_pass ... ok
[INFO] [stdout] test run::tests::each_mode_has_its_venue ... ok
[INFO] [stdout] test sim::tests::nine_pins_are_refused_naming_the_checks_past_eight ... ok
[INFO] [stdout] test token_store::tests::clear_removes_both ... ok
[INFO] [stdout] test sim::tests::a_check_the_venue_cannot_see_is_named ... ok
[INFO] [stdout] test self_update::tests::git_install_reinstalls_from_the_same_repository ... ok
[INFO] [stdout] test run::tests::a_pass_on_a_board_that_did_not_complete_the_lesson_points_at_sim ... ok
[INFO] [stdout] test sim::tests::a_pressed_and_watched_circuit_plans ... ok
[INFO] [stdout] test token_store::tests::clear_without_a_keychain_still_removes_the_file ... ok
[INFO] [stdout] test token_store::tests::keychain_is_preferred_and_a_stale_file_is_removed ... ok
[INFO] [stdout] test token_store::tests::an_existing_wider_file_is_narrowed_to_600 ... ok
[INFO] [stdout] test serve::tests::only_src_is_written_and_the_rest_is_named ... ok
[INFO] [stdout] test token_store::tests::nothing_stored_loads_none ... ok
[INFO] [stdout] test serve::tests::a_link_out_of_the_exercise_is_refused ... ok
[INFO] [stdout] test self_update::tests::path_install_rebuilds_the_checkout ... ok
[INFO] [stdout] test token_store::tests::no_keychain_falls_back_to_a_private_file ... ok
[INFO] [stdout] test serve::tests::the_limit_is_the_build_plus_the_venues_budget ... ok
[INFO] [stdout] test sim::tests::no_pin_map_no_diagram_or_a_bad_wire_is_not_observable ... ok
[INFO] [stdout] test sim::tests::serial_only_checks_need_no_pin_map ... ok
[INFO] [stderr] error: test failed, to rerun pass `--bin ter`
[INFO] [stdout] test self_update::tests::registry_install_reinstalls_from_the_registry ... ok
[INFO] [stdout] 
[INFO] [stdout] failures:
[INFO] [stdout] 
[INFO] [stdout] ---- llm::prompt::tests::a_failed_check_sends_the_verdicts_and_the_site_hint_not_to_repeat stdout ----
[INFO] [stdout] 
[INFO] [stdout] thread 'llm::prompt::tests::a_failed_check_sends_the_verdicts_and_the_site_hint_not_to_repeat' (5368) panicked at src/llm/prompt.rs:236:61:
[INFO] [stdout] called `Result::unwrap()` on an `Err` value: Os { code: 2, kind: NotFound, message: "No such file or directory" }
[INFO] [stdout] stack backtrace:
[INFO] [stdout]    0:     0x56fe34f7af21 - <<std[70759c8f55707aa4]::sys::backtrace::BacktraceLock>::print::DisplayBacktrace as core[df12db4294e9bfd3]::fmt::Display>::fmt
[INFO] [stdout]    1:     0x56fe34f911aa - core[df12db4294e9bfd3]::fmt::write
[INFO] [stdout]    2:     0x56fe34f7f6ac - <alloc[2182bb758b4b3781]::vec::Vec<u8> as core[df12db4294e9bfd3]::io::write::Write>::write_fmt
[INFO] [stdout]    3:     0x56fe34f54796 - std[70759c8f55707aa4]::panicking::default_hook::{closure#0}
[INFO] [stdout]    4:     0x56fe34f71fe9 - std[70759c8f55707aa4]::panicking::default_hook
[INFO] [stdout]    5:     0x56fe34e9d4e0 - test[9d35eded1c95d3be]::test_main_inner::<test[9d35eded1c95d3be]::test_main_static::{closure#0}>::{closure#0}
[INFO] [stdout]    6:     0x56fe34f721a2 - std[70759c8f55707aa4]::panicking::panic_with_hook
[INFO] [stdout]    7:     0x56fe34f54842 - std[70759c8f55707aa4]::panicking::panic_handler::{closure#0}
[INFO] [stdout]    8:     0x56fe34f4d219 - std[70759c8f55707aa4]::sys::backtrace::__rust_end_short_backtrace::<std[70759c8f55707aa4]::panicking::panic_handler::{closure#0}, !>
[INFO] [stdout]    9:     0x56fe34f555ed - __rustc[8fa7c3cbc660c2b3]::rust_begin_unwind
[INFO] [stdout]   10:     0x56fe34f9191c - core[df12db4294e9bfd3]::panicking::panic_fmt
[INFO] [stdout]   11:     0x56fe34f916f2 - core[df12db4294e9bfd3]::result::unwrap_failed
[INFO] [stdout]   12:     0x56fe34e59b21 - ter[93096b97713657ba]::llm::prompt::tests::fixture
[INFO] [stdout]   13:     0x56fe34e5b678 - ter[93096b97713657ba]::llm::prompt::tests::a_failed_check_sends_the_verdicts_and_the_site_hint_not_to_repeat
[INFO] [stdout]   14:     0x56fe34e5eee9 - <ter[93096b97713657ba]::llm::prompt::tests::a_failed_check_sends_the_verdicts_and_the_site_hint_not_to_repeat::{closure#0} as core[df12db4294e9bfd3]::ops::function::FnOnce<()>>::call_once
[INFO] [stdout]   15:     0x56fe34e907cb - test[9d35eded1c95d3be]::__rust_begin_short_backtrace::<core[df12db4294e9bfd3]::result::Result<(), alloc[2182bb758b4b3781]::string::String>, fn() -> core[df12db4294e9bfd3]::result::Result<(), alloc[2182bb758b4b3781]::string::String>>
[INFO] [stdout]   16:     0x56fe34e9de35 - test[9d35eded1c95d3be]::run_test::{closure#0}
[INFO] [stdout]   17:     0x56fe34e976f4 - std[70759c8f55707aa4]::sys::backtrace::__rust_begin_short_backtrace::<test[9d35eded1c95d3be]::run_test::{closure#1}, ()>
[INFO] [stdout]   18:     0x56fe34ea0f92 - <std[70759c8f55707aa4]::thread::lifecycle::spawn_unchecked<test[9d35eded1c95d3be]::run_test::{closure#1}, ()>::{closure#1} as core[df12db4294e9bfd3]::ops::function::FnOnce<()>>::call_once::{shim:vtable#0}
[INFO] [stdout]   19:     0x56fe34f79f79 - <std[70759c8f55707aa4]::sys::thread::unix::Thread>::new::thread_start
[INFO] [stdout]   20:     0x73cebf297dfa - <unknown>
[INFO] [stdout]   21:     0x73cebf32b3d4 - clone
[INFO] [stdout]   22:                0x0 - <unknown>
[INFO] [stdout] 
[INFO] [stdout] ---- llm::prompt::tests::a_failed_build_sends_the_compiler_output_the_lesson_and_the_code stdout ----
[INFO] [stdout] 
[INFO] [stdout] thread 'llm::prompt::tests::a_failed_build_sends_the_compiler_output_the_lesson_and_the_code' (5367) panicked at src/llm/prompt.rs:236:61:
[INFO] [stdout] called `Result::unwrap()` on an `Err` value: Os { code: 2, kind: NotFound, message: "No such file or directory" }
[INFO] [stdout] stack backtrace:
[INFO] [stdout]    0:     0x56fe34f7af21 - <<std[70759c8f55707aa4]::sys::backtrace::BacktraceLock>::print::DisplayBacktrace as core[df12db4294e9bfd3]::fmt::Display>::fmt
[INFO] [stdout]    1:     0x56fe34f911aa - core[df12db4294e9bfd3]::fmt::write
[INFO] [stdout]    2:     0x56fe34f7f6ac - <alloc[2182bb758b4b3781]::vec::Vec<u8> as core[df12db4294e9bfd3]::io::write::Write>::write_fmt
[INFO] [stdout]    3:     0x56fe34f54796 - std[70759c8f55707aa4]::panicking::default_hook::{closure#0}
[INFO] [stdout]    4:     0x56fe34f71fe9 - std[70759c8f55707aa4]::panicking::default_hook
[INFO] [stdout]    5:     0x56fe34e9d4e0 - test[9d35eded1c95d3be]::test_main_inner::<test[9d35eded1c95d3be]::test_main_static::{closure#0}>::{closure#0}
[INFO] [stdout]    6:     0x56fe34f721a2 - std[70759c8f55707aa4]::panicking::panic_with_hook
[INFO] [stdout]    7:     0x56fe34f54842 - std[70759c8f55707aa4]::panicking::panic_handler::{closure#0}
[INFO] [stdout]    8:     0x56fe34f4d219 - std[70759c8f55707aa4]::sys::backtrace::__rust_end_short_backtrace::<std[70759c8f55707aa4]::panicking::panic_handler::{closure#0}, !>
[INFO] [stdout]    9:     0x56fe34f555ed - __rustc[8fa7c3cbc660c2b3]::rust_begin_unwind
[INFO] [stdout]   10:     0x56fe34f9191c - core[df12db4294e9bfd3]::panicking::panic_fmt
[INFO] [stdout]   11:     0x56fe34f916f2 - core[df12db4294e9bfd3]::result::unwrap_failed
[INFO] [stdout]   12:     0x56fe34e59b21 - ter[93096b97713657ba]::llm::prompt::tests::fixture
[INFO] [stdout]   13:     0x56fe34e5b0d7 - ter[93096b97713657ba]::llm::prompt::tests::a_failed_build_sends_the_compiler_output_the_lesson_and_the_code
[INFO] [stdout]   14:     0x56fe34e5eec9 - <ter[93096b97713657ba]::llm::prompt::tests::a_failed_build_sends_the_compiler_output_the_lesson_and_the_code::{closure#0} as core[df12db4294e9bfd3]::ops::function::FnOnce<()>>::call_once
[INFO] [stdout]   15:     0x56fe34e907cb - test[9d35eded1c95d3be]::__rust_begin_short_backtrace::<core[df12db4294e9bfd3]::result::Result<(), alloc[2182bb758b4b3781]::string::String>, fn() -> core[df12db4294e9bfd3]::result::Result<(), alloc[2182bb758b4b3781]::string::String>>
[INFO] [stdout]   16:     0x56fe34e9de35 - test[9d35eded1c95d3be]::run_test::{closure#0}
[INFO] [stdout]   17:     0x56fe34e976f4 - std[70759c8f55707aa4]::sys::backtrace::__rust_begin_short_backtrace::<test[9d35eded1c95d3be]::run_test::{closure#1}, ()>
[INFO] [stdout]   18:     0x56fe34ea0f92 - <std[70759c8f55707aa4]::thread::lifecycle::spawn_unchecked<test[9d35eded1c95d3be]::run_test::{closure#1}, ()>::{closure#1} as core[df12db4294e9bfd3]::ops::function::FnOnce<()>>::call_once::{shim:vtable#0}
[INFO] [stdout]   19:     0x56fe34f79f79 - <std[70759c8f55707aa4]::sys::thread::unix::Thread>::new::thread_start
[INFO] [stdout]   20:     0x73cebf297dfa - <unknown>
[INFO] [stdout]   21:     0x73cebf32b3d4 - clone
[INFO] [stdout]   22:                0x0 - <unknown>
[INFO] [stdout] 
[INFO] [stdout] ---- llm::prompt::tests::a_partial_pass_and_a_setup_failure_are_told_apart stdout ----
[INFO] [stdout] 
[INFO] [stdout] thread 'llm::prompt::tests::a_partial_pass_and_a_setup_failure_are_told_apart' (5369) panicked at src/llm/prompt.rs:236:61:
[INFO] [stdout] called `Result::unwrap()` on an `Err` value: Os { code: 2, kind: NotFound, message: "No such file or directory" }
[INFO] [stdout] stack backtrace:
[INFO] [stdout]    0:     0x56fe34f7af21 - <<std[70759c8f55707aa4]::sys::backtrace::BacktraceLock>::print::DisplayBacktrace as core[df12db4294e9bfd3]::fmt::Display>::fmt
[INFO] [stdout]    1:     0x56fe34f911aa - core[df12db4294e9bfd3]::fmt::write
[INFO] [stdout]    2:     0x56fe34f7f6ac - <alloc[2182bb758b4b3781]::vec::Vec<u8> as core[df12db4294e9bfd3]::io::write::Write>::write_fmt
[INFO] [stdout]    3:     0x56fe34f54796 - std[70759c8f55707aa4]::panicking::default_hook::{closure#0}
[INFO] [stdout]    4:     0x56fe34f71fe9 - std[70759c8f55707aa4]::panicking::default_hook
[INFO] [stdout]    5:     0x56fe34e9d4e0 - test[9d35eded1c95d3be]::test_main_inner::<test[9d35eded1c95d3be]::test_main_static::{closure#0}>::{closure#0}
[INFO] [stdout]    6:     0x56fe34f721a2 - std[70759c8f55707aa4]::panicking::panic_with_hook
[INFO] [stdout]    7:     0x56fe34f54842 - std[70759c8f55707aa4]::panicking::panic_handler::{closure#0}
[INFO] [stdout]    8:     0x56fe34f4d219 - std[70759c8f55707aa4]::sys::backtrace::__rust_end_short_backtrace::<std[70759c8f55707aa4]::panicking::panic_handler::{closure#0}, !>
[INFO] [stdout]    9:     0x56fe34f555ed - __rustc[8fa7c3cbc660c2b3]::rust_begin_unwind
[INFO] [stdout]   10:     0x56fe34f9191c - core[df12db4294e9bfd3]::panicking::panic_fmt
[INFO] [stdout]   11:     0x56fe34f916f2 - core[df12db4294e9bfd3]::result::unwrap_failed
[INFO] [stdout]   12:     0x56fe34e59b21 - ter[93096b97713657ba]::llm::prompt::tests::fixture
[INFO] [stdout]   13:     0x56fe34e59bde - ter[93096b97713657ba]::llm::prompt::tests::a_partial_pass_and_a_setup_failure_are_told_apart
[INFO] [stdout]   14:     0x56fe34e5ee69 - <ter[93096b97713657ba]::llm::prompt::tests::a_partial_pass_and_a_setup_failure_are_told_apart::{closure#0} as core[df12db4294e9bfd3]::ops::function::FnOnce<()>>::call_once
[INFO] [stdout]   15:     0x56fe34e907cb - test[9d35eded1c95d3be]::__rust_begin_short_backtrace::<core[df12db4294e9bfd3]::result::Result<(), alloc[2182bb758b4b3781]::string::String>, fn() -> core[df12db4294e9bfd3]::result::Result<(), alloc[2182bb758b4b3781]::string::String>>
[INFO] [stdout]   16:     0x56fe34e9de35 - test[9d35eded1c95d3be]::run_test::{closure#0}
[INFO] [stdout]   17:     0x56fe34e976f4 - std[70759c8f55707aa4]::sys::backtrace::__rust_begin_short_backtrace::<test[9d35eded1c95d3be]::run_test::{closure#1}, ()>
[INFO] [stdout]   18:     0x56fe34ea0f92 - <std[70759c8f55707aa4]::thread::lifecycle::spawn_unchecked<test[9d35eded1c95d3be]::run_test::{closure#1}, ()>::{closure#1} as core[df12db4294e9bfd3]::ops::function::FnOnce<()>>::call_once::{shim:vtable#0}
[INFO] [stdout]   19:     0x56fe34f79f79 - <std[70759c8f55707aa4]::sys::thread::unix::Thread>::new::thread_start
[INFO] [stdout]   20:     0x73cebf297dfa - <unknown>
[INFO] [stdout]   21:     0x73cebf32b3d4 - clone
[INFO] [stdout]   22:                0x0 - <unknown>
[INFO] [stdout] 
[INFO] [stdout] ---- llm::prompt::tests::the_rules_are_in_the_instructions_and_end_the_message stdout ----
[INFO] [stdout] 
[INFO] [stdout] thread 'llm::prompt::tests::the_rules_are_in_the_instructions_and_end_the_message' (5371) panicked at src/llm/prompt.rs:236:61:
[INFO] [stdout] called `Result::unwrap()` on an `Err` value: Os { code: 2, kind: NotFound, message: "No such file or directory" }
[INFO] [stdout] stack backtrace:
[INFO] [stdout]    0:     0x56fe34f7af21 - <<std[70759c8f55707aa4]::sys::backtrace::BacktraceLock>::print::DisplayBacktrace as core[df12db4294e9bfd3]::fmt::Display>::fmt
[INFO] [stdout]    1:     0x56fe34f911aa - core[df12db4294e9bfd3]::fmt::write
[INFO] [stdout]    2:     0x56fe34f7f6ac - <alloc[2182bb758b4b3781]::vec::Vec<u8> as core[df12db4294e9bfd3]::io::write::Write>::write_fmt
[INFO] [stdout]    3:     0x56fe34f54796 - std[70759c8f55707aa4]::panicking::default_hook::{closure#0}
[INFO] [stdout]    4:     0x56fe34f71fe9 - std[70759c8f55707aa4]::panicking::default_hook
[INFO] [stdout]    5:     0x56fe34e9d4e0 - test[9d35eded1c95d3be]::test_main_inner::<test[9d35eded1c95d3be]::test_main_static::{closure#0}>::{closure#0}
[INFO] [stdout]    6:     0x56fe34f721a2 - std[70759c8f55707aa4]::panicking::panic_with_hook
[INFO] [stdout]    7:     0x56fe34f54842 - std[70759c8f55707aa4]::panicking::panic_handler::{closure#0}
[INFO] [stdout]    8:     0x56fe34f4d219 - std[70759c8f55707aa4]::sys::backtrace::__rust_end_short_backtrace::<std[70759c8f55707aa4]::panicking::panic_handler::{closure#0}, !>
[INFO] [stdout]    9:     0x56fe34f555ed - __rustc[8fa7c3cbc660c2b3]::rust_begin_unwind
[INFO] [stdout]   10:     0x56fe34f9191c - core[df12db4294e9bfd3]::panicking::panic_fmt
[INFO] [stdout]   11:     0x56fe34f916f2 - core[df12db4294e9bfd3]::result::unwrap_failed
[INFO] [stdout]   12:     0x56fe34e59b21 - ter[93096b97713657ba]::llm::prompt::tests::fixture
[INFO] [stdout]   13:     0x56fe34e5ad1a - ter[93096b97713657ba]::llm::prompt::tests::the_rules_are_in_the_instructions_and_end_the_message
[INFO] [stdout]   14:     0x56fe34e5eea9 - <ter[93096b97713657ba]::llm::prompt::tests::the_rules_are_in_the_instructions_and_end_the_message::{closure#0} as core[df12db4294e9bfd3]::ops::function::FnOnce<()>>::call_once
[INFO] [stdout]   15:     0x56fe34e907cb - test[9d35eded1c95d3be]::__rust_begin_short_backtrace::<core[df12db4294e9bfd3]::result::Result<(), alloc[2182bb758b4b3781]::string::String>, fn() -> core[df12db4294e9bfd3]::result::Result<(), alloc[2182bb758b4b3781]::string::String>>
[INFO] [stdout]   16:     0x56fe34e9de35 - test[9d35eded1c95d3be]::run_test::{closure#0}
[INFO] [stdout]   17:     0x56fe34e976f4 - std[70759c8f55707aa4]::sys::backtrace::__rust_begin_short_backtrace::<test[9d35eded1c95d3be]::run_test::{closure#1}, ()>
[INFO] [stdout]   18:     0x56fe34ea0f92 - <std[70759c8f55707aa4]::thread::lifecycle::spawn_unchecked<test[9d35eded1c95d3be]::run_test::{closure#1}, ()>::{closure#1} as core[df12db4294e9bfd3]::ops::function::FnOnce<()>>::call_once::{shim:vtable#0}
[INFO] [stdout]   19:     0x56fe34f79f79 - <std[70759c8f55707aa4]::sys::thread::unix::Thread>::new::thread_start
[INFO] [stdout]   20:     0x73cebf297dfa - <unknown>
[INFO] [stdout]   21:     0x73cebf32b3d4 - clone
[INFO] [stdout]   22:                0x0 - <unknown>
[INFO] [stdout] 
[INFO] [stdout] ---- llm::prompt::tests::long_lessons_are_cut_and_big_files_named_not_sent stdout ----
[INFO] [stdout] 
[INFO] [stdout] thread 'llm::prompt::tests::long_lessons_are_cut_and_big_files_named_not_sent' (5370) panicked at src/llm/prompt.rs:236:61:
[INFO] [stdout] called `Result::unwrap()` on an `Err` value: Os { code: 2, kind: NotFound, message: "No such file or directory" }
[INFO] [stdout] stack backtrace:
[INFO] [stdout]    0:     0x56fe34f7af21 - <<std[70759c8f55707aa4]::sys::backtrace::BacktraceLock>::print::DisplayBacktrace as core[df12db4294e9bfd3]::fmt::Display>::fmt
[INFO] [stdout]    1:     0x56fe34f911aa - core[df12db4294e9bfd3]::fmt::write
[INFO] [stdout]    2:     0x56fe34f7f6ac - <alloc[2182bb758b4b3781]::vec::Vec<u8> as core[df12db4294e9bfd3]::io::write::Write>::write_fmt
[INFO] [stdout]    3:     0x56fe34f54796 - std[70759c8f55707aa4]::panicking::default_hook::{closure#0}
[INFO] [stdout]    4:     0x56fe34f71fe9 - std[70759c8f55707aa4]::panicking::default_hook
[INFO] [stdout]    5:     0x56fe34e9d4e0 - test[9d35eded1c95d3be]::test_main_inner::<test[9d35eded1c95d3be]::test_main_static::{closure#0}>::{closure#0}
[INFO] [stdout]    6:     0x56fe34f721a2 - std[70759c8f55707aa4]::panicking::panic_with_hook
[INFO] [stdout]    7:     0x56fe34f54842 - std[70759c8f55707aa4]::panicking::panic_handler::{closure#0}
[INFO] [stdout]    8:     0x56fe34f4d219 - std[70759c8f55707aa4]::sys::backtrace::__rust_end_short_backtrace::<std[70759c8f55707aa4]::panicking::panic_handler::{closure#0}, !>
[INFO] [stdout]    9:     0x56fe34f555ed - __rustc[8fa7c3cbc660c2b3]::rust_begin_unwind
[INFO] [stdout]   10:     0x56fe34f9191c - core[df12db4294e9bfd3]::panicking::panic_fmt
[INFO] [stdout]   11:     0x56fe34f916f2 - core[df12db4294e9bfd3]::result::unwrap_failed
[INFO] [stdout]   12:     0x56fe34e59b21 - ter[93096b97713657ba]::llm::prompt::tests::fixture
[INFO] [stdout]   13:     0x56fe34e5a218 - ter[93096b97713657ba]::llm::prompt::tests::long_lessons_are_cut_and_big_files_named_not_sent
[INFO] [stdout]   14:     0x56fe34e5ee89 - <ter[93096b97713657ba]::llm::prompt::tests::long_lessons_are_cut_and_big_files_named_not_sent::{closure#0} as core[df12db4294e9bfd3]::ops::function::FnOnce<()>>::call_once
[INFO] [stdout]   15:     0x56fe34e907cb - test[9d35eded1c95d3be]::__rust_begin_short_backtrace::<core[df12db4294e9bfd3]::result::Result<(), alloc[2182bb758b4b3781]::string::String>, fn() -> core[df12db4294e9bfd3]::result::Result<(), alloc[2182bb758b4b3781]::string::String>>
[INFO] [stdout]   16:     0x56fe34e9de35 - test[9d35eded1c95d3be]::run_test::{closure#0}
[INFO] [stdout]   17:     0x56fe34e976f4 - std[70759c8f55707aa4]::sys::backtrace::__rust_begin_short_backtrace::<test[9d35eded1c95d3be]::run_test::{closure#1}, ()>
[INFO] [stdout]   18:     0x56fe34ea0f92 - <std[70759c8f55707aa4]::thread::lifecycle::spawn_unchecked<test[9d35eded1c95d3be]::run_test::{closure#1}, ()>::{closure#1} as core[df12db4294e9bfd3]::ops::function::FnOnce<()>>::call_once::{shim:vtable#0}
[INFO] [stdout]   19:     0x56fe34f79f79 - <std[70759c8f55707aa4]::sys::thread::unix::Thread>::new::thread_start
[INFO] [stdout]   20:     0x73cebf297dfa - <unknown>
[INFO] [stdout]   21:     0x73cebf32b3d4 - clone
[INFO] [stdout]   22:                0x0 - <unknown>
[INFO] [stdout] 
[INFO] [stdout] 
[INFO] [stdout] failures:
[INFO] [stdout]     llm::prompt::tests::a_failed_build_sends_the_compiler_output_the_lesson_and_the_code
[INFO] [stdout]     llm::prompt::tests::a_failed_check_sends_the_verdicts_and_the_site_hint_not_to_repeat
[INFO] [stdout]     llm::prompt::tests::a_partial_pass_and_a_setup_failure_are_told_apart
[INFO] [stdout]     llm::prompt::tests::long_lessons_are_cut_and_big_files_named_not_sent
[INFO] [stdout]     llm::prompt::tests::the_rules_are_in_the_instructions_and_end_the_message
[INFO] [stdout] 
[INFO] [stdout] test result: FAILED. 53 passed; 5 failed; 0 ignored; 0 measured; 0 filtered out; finished in 0.02s
[INFO] [stdout] 
[INFO] running `Command { std: "docker" "inspect" "c1b3043eed484fa0f6694325cce354b9270d68a5c15b0a37bcce89124bdd9385", kill_on_drop: false }`
[INFO] running `Command { std: "docker" "rm" "-f" "c1b3043eed484fa0f6694325cce354b9270d68a5c15b0a37bcce89124bdd9385", kill_on_drop: false }`
[INFO] [stdout] c1b3043eed484fa0f6694325cce354b9270d68a5c15b0a37bcce89124bdd9385
