[INFO] fetching crate tensor_optim 0.5.0...
[INFO] testing tensor_optim-0.5.0 against 1.99.0-beta.8+cargoflags=--release for beta-release-1.100-2
[INFO] extracting crate tensor_optim 0.5.0 into /workspace/builds/worker-4-tc1/source
[INFO] started tweaking crates.io crate tensor_optim 0.5.0
[INFO] removed 0 missing tests
[INFO] finished tweaking crates.io crate tensor_optim 0.5.0
[INFO] tweaked toml for crates.io crate tensor_optim 0.5.0 written to /workspace/builds/worker-4-tc1/source/Cargo.toml
[INFO] validating manifest of crates.io crate tensor_optim 0.5.0 on toolchain 1.99.0-beta.8
[INFO] running `Command { std: CARGO_HOME="/workspace/cargo-home" RUSTUP_HOME="/workspace/rustup-home" "/workspace/cargo-home/bin/cargo" "+1.99.0-beta.8" "metadata" "--manifest-path" "Cargo.toml" "--no-deps", kill_on_drop: false }`
[INFO] crate crates.io crate tensor_optim 0.5.0 already has a lockfile, it will not be regenerated
[INFO] running `Command { std: CARGO_HOME="/workspace/cargo-home" RUSTUP_HOME="/workspace/rustup-home" "/workspace/cargo-home/bin/cargo" "+1.99.0-beta.8" "fetch" "--manifest-path" "Cargo.toml", kill_on_drop: false }`
[INFO] [stderr]     Updating crates.io index
[INFO] [stderr]  Downloading crates ...
[INFO] [stderr]   Downloaded lazy_simd v0.4.1
[INFO] running `Command { std: "docker" "create" "-v" "/var/lib/crater-agent-workspace/builds/worker-4-tc1/source:/opt/rustwide/workdir:ro,Z" "-v" "/var/lib/crater-agent-workspace/builds/worker-4-tc1/target:/opt/rustwide/target:rw,Z" "-v" "/var/lib/crater-agent-workspace/cargo-home:/opt/rustwide/cargo-home:ro,Z" "-v" "/var/lib/crater-agent-workspace/rustup-home:/opt/rustwide/rustup-home:ro,Z" "-m" "1610612736" "--network" "none" "ghcr.io/rust-lang/crates-build-env/linux@sha256:77db811e55d90add9212f6832c23229e3de5f1c1f9905e8cb07319ea15df73ac" "sleep" "infinity", kill_on_drop: false }`
[INFO] [stdout] 79e5b126d408d5454e7f790eba26de75a608bbdad842828d07dbe5f6992ba83f
[INFO] running `Command { std: "docker" "start" "79e5b126d408d5454e7f790eba26de75a608bbdad842828d07dbe5f6992ba83f", kill_on_drop: false }`
[INFO] running `Command { std: "docker" "inspect" "79e5b126d408d5454e7f790eba26de75a608bbdad842828d07dbe5f6992ba83f", kill_on_drop: false }`
[INFO] running `Command { std: "docker" "exec" "-e" "SOURCE_DIR=/opt/rustwide/workdir" "-e" "CARGO_HOME=/opt/rustwide/cargo-home" "-e" "RUSTUP_HOME=/opt/rustwide/rustup-home" "-e" "CARGO_TARGET_DIR=/opt/rustwide/target" "-w" "/opt/rustwide/workdir" "--user" "0:0" "79e5b126d408d5454e7f790eba26de75a608bbdad842828d07dbe5f6992ba83f" "/opt/rustwide/cargo-home/bin/cargo" "+1.99.0-beta.8" "metadata" "--no-deps" "--format-version=1", kill_on_drop: false }`
[INFO] running `Command { std: "docker" "inspect" "79e5b126d408d5454e7f790eba26de75a608bbdad842828d07dbe5f6992ba83f", kill_on_drop: false }`
[INFO] running `Command { std: "docker" "exec" "-e" "SOURCE_DIR=/opt/rustwide/workdir" "-e" "CARGO_HOME=/opt/rustwide/cargo-home" "-e" "RUSTUP_HOME=/opt/rustwide/rustup-home" "-e" "CARGO_TARGET_DIR=/opt/rustwide/target" "-e" "CARGO_INCREMENTAL=0" "-e" "RUST_BACKTRACE=full" "-e" "RUSTFLAGS=--cap-lints=warn" "-e" "RUSTDOCFLAGS=--cap-lints=warn" "-w" "/opt/rustwide/workdir" "--user" "0:0" "79e5b126d408d5454e7f790eba26de75a608bbdad842828d07dbe5f6992ba83f" "/opt/rustwide/cargo-home/bin/cargo" "+1.99.0-beta.8" "build" "--frozen" "--message-format=json" "--release", kill_on_drop: false }`
[INFO] [stderr]    Compiling autocfg v1.5.1
[INFO] [stderr]    Compiling num-traits v0.2.19
[INFO] [stderr]    Compiling lazy_simd v0.4.1
[INFO] [stderr]    Compiling tensor_optim v0.5.0 (/opt/rustwide/workdir)
[INFO] [stderr]     Finished `release` profile [optimized] target(s) in 4.16s
[INFO] running `Command { std: "docker" "inspect" "79e5b126d408d5454e7f790eba26de75a608bbdad842828d07dbe5f6992ba83f", kill_on_drop: false }`
[INFO] running `Command { std: "docker" "exec" "-e" "SOURCE_DIR=/opt/rustwide/workdir" "-e" "CARGO_HOME=/opt/rustwide/cargo-home" "-e" "RUSTUP_HOME=/opt/rustwide/rustup-home" "-e" "CARGO_TARGET_DIR=/opt/rustwide/target" "-e" "CARGO_INCREMENTAL=0" "-e" "RUST_BACKTRACE=full" "-e" "RUSTFLAGS=--cap-lints=warn" "-e" "RUSTDOCFLAGS=--cap-lints=warn" "-w" "/opt/rustwide/workdir" "--user" "0:0" "79e5b126d408d5454e7f790eba26de75a608bbdad842828d07dbe5f6992ba83f" "/opt/rustwide/cargo-home/bin/cargo" "+1.99.0-beta.8" "test" "--frozen" "--no-run" "--message-format=json" "--release", kill_on_drop: false }`
[INFO] [stderr]    Compiling libc v0.2.189
[INFO] [stderr]    Compiling cfg-if v1.0.4
[INFO] [stderr]    Compiling getrandom v0.3.4
[INFO] [stderr]    Compiling zerocopy v0.8.56
[INFO] [stderr]    Compiling rustix v1.1.4
[INFO] [stderr]    Compiling getrandom v0.4.3
[INFO] [stderr]    Compiling bitflags v2.13.1
[INFO] [stderr]    Compiling num-traits v0.2.19
[INFO] [stderr]    Compiling linux-raw-sys v0.12.1
[INFO] [stderr]    Compiling fastrand v2.5.0
[INFO] [stderr]    Compiling once_cell v1.21.4
[INFO] [stderr]    Compiling quick-error v1.2.3
[INFO] [stderr]    Compiling fnv v1.0.7
[INFO] [stderr]    Compiling bit-vec v0.8.0
[INFO] [stderr]    Compiling unarray v0.1.4
[INFO] [stderr]    Compiling regex-syntax v0.8.11
[INFO] [stderr]    Compiling bit-set v0.8.0
[INFO] [stderr]    Compiling lazy_simd v0.4.1
[INFO] [stderr]    Compiling wait-timeout v0.2.1
[INFO] [stderr]    Compiling rand_core v0.9.5
[INFO] [stderr]    Compiling tensor_optim v0.5.0 (/opt/rustwide/workdir)
[INFO] [stderr]    Compiling rand_xorshift v0.4.0
[INFO] [stderr]    Compiling rand v0.9.5
[INFO] [stderr]    Compiling tempfile v3.27.0
[INFO] [stderr]    Compiling rusty-fork v0.3.1
[INFO] [stderr]    Compiling ppv-lite86 v0.2.21
[INFO] [stderr]    Compiling rand_chacha v0.9.0
[INFO] [stderr]    Compiling proptest v1.11.0
[INFO] [stderr]     Finished `release` profile [optimized] target(s) in 39.30s
[INFO] running `Command { std: "docker" "inspect" "79e5b126d408d5454e7f790eba26de75a608bbdad842828d07dbe5f6992ba83f", kill_on_drop: false }`
[INFO] running `Command { std: "docker" "exec" "-e" "SOURCE_DIR=/opt/rustwide/workdir" "-e" "CARGO_HOME=/opt/rustwide/cargo-home" "-e" "RUSTUP_HOME=/opt/rustwide/rustup-home" "-e" "CARGO_TARGET_DIR=/opt/rustwide/target" "-e" "CARGO_INCREMENTAL=0" "-e" "RUST_BACKTRACE=full" "-e" "RUSTFLAGS=--cap-lints=warn" "-e" "RUSTDOCFLAGS=--cap-lints=warn" "-w" "/opt/rustwide/workdir" "--user" "0:0" "79e5b126d408d5454e7f790eba26de75a608bbdad842828d07dbe5f6992ba83f" "/opt/rustwide/cargo-home/bin/cargo" "+1.99.0-beta.8" "test" "--frozen" "--release", kill_on_drop: false }`
[INFO] [stderr]     Finished `release` profile [optimized] target(s) in 0.09s
[INFO] [stderr]      Running unittests src/lib.rs (/opt/rustwide/target/release/deps/tensor_optim-79346c1e518cb8d9)
[INFO] [stdout] 
[INFO] [stdout] running 48 tests
[INFO] [stdout] test internal::dynamic::tests::add_assign_shape_mismatch - should panic ... FAILED
[INFO] [stdout] test internal::dynamic::tests::add_assign_scalar ... ok
[INFO] [stdout] test internal::dynamic::tests::div_assign_tensor ... ok
[INFO] [stdout] test internal::dynamic::tests::add_tensor_consuming ... ok
[INFO] [stdout] test internal::dynamic::tests::batched_matmul_simple ... ok
[INFO] [stdout] test internal::dynamic::tests::indexing ... ok
[INFO] [stdout] test internal::dynamic::tests::div_assign_scalar ... ok
[INFO] [stdout] test internal::dynamic::tests::mul_assign_scalar ... ok
[INFO] [stdout] test internal::dynamic::tests::div_scalar_consuming ... ok
[INFO] [stdout] test internal::dynamic::tests::mul_assign_tensor ... ok
[INFO] [stdout] test internal::dynamic::tests::add_assign_tensor ... ok
[INFO] [stdout] test internal::dynamic::tests::add_scalar_consuming ... ok
[INFO] [stdout] test internal::dynamic::tests::sub_scalar_consuming ... ok
[INFO] [stdout] test internal::dynamic::tests::sub_assign_tensor ... ok
[INFO] [stdout] test internal::dynamic::tests::div_tensor_consuming ... ok
[INFO] [stdout] test internal::dynamic::tests::mul_scalar_consuming ... ok
[INFO] [stdout] test internal::dynamic::tests::mul_tensor_consuming ... ok
[INFO] [stdout] test internal::dynamic::tests::sub_assign_scalar ... ok
[INFO] [stdout] test internal::tests::add_assign_tensor ... ok
[INFO] [stdout] test internal::tests::batched_matmul_simple ... ok
[INFO] [stdout] test internal::tests::data_shape_preservation ... ok
[INFO] [stdout] test internal::tests::div_assign_scalar ... ok
[INFO] [stdout] test internal::tests::div_assign_tensor ... ok
[INFO] [stdout] test internal::dynamic::tests::sub_tensor_consuming ... ok
[INFO] [stdout] test internal::tests::div_scalar ... ok
[INFO] [stdout] test internal::tests::add_assign_scalar ... ok
[INFO] [stdout] test internal::tests::div_tensor ... ok
[INFO] [stdout] test internal::tests::add_scalar ... ok
[INFO] [stdout] test internal::tests::mul_assign_scalar ... ok
[INFO] [stdout] test internal::tests::add_tensor ... ok
[INFO] [stdout] test internal::tests::sub_assign_scalar ... ok
[INFO] [stdout] test internal::tests::mul_scalar ... ok
[INFO] [stdout] test internal::tests::sub_assign_tensor ... ok
[INFO] [stdout] test internal::tests::tensor_2d_ops ... ok
[INFO] [stdout] test internal::tests::mul_tensor ... ok
[INFO] [stdout] test internal::tests::sub_tensor ... ok
[INFO] [stdout] test internal::views::tests::basic_add_assign ... ok
[INFO] [stdout] test internal::tests::sub_scalar ... ok
[INFO] [stdout] test internal::views::tests::add_assign_tensor ... ok
[INFO] [stdout] test internal::tests::mul_assign_tensor ... ok
[INFO] [stdout] test internal::views::tests::sub_assign_tensor ... ok
[INFO] [stdout] test internal::views::tests::add_assign_shape_mismatch - should panic ... FAILED
[INFO] [stdout] test internal::views::tests::div_assign_scalar ... ok
[INFO] [stderr] error: test failed, to rerun pass `--lib`
[INFO] [stdout] test internal::views::tests::div_assign_tensor ... ok
[INFO] [stdout] test internal::views::tests::index_immutable ... ok
[INFO] [stdout] test internal::views::tests::mismatched_shapes_panics - should panic ... FAILED
[INFO] [stdout] test internal::views::tests::mul_assign_scalar ... ok
[INFO] [stdout] test internal::views::tests::mul_assign_tensor ... ok
[INFO] [stdout] 
[INFO] [stdout] failures:
[INFO] [stdout] 
[INFO] [stdout] ---- internal::dynamic::tests::add_assign_shape_mismatch stdout ----
[INFO] [stdout] note: test did not panic as expected at src/internal/dynamic.rs:765:8
[INFO] [stdout] ---- internal::views::tests::add_assign_shape_mismatch stdout ----
[INFO] [stdout] note: test did not panic as expected at src/internal/views.rs:206:8
[INFO] [stdout] ---- internal::views::tests::mismatched_shapes_panics stdout ----
[INFO] [stdout] note: test did not panic as expected at src/internal/views.rs:272:8
[INFO] [stdout] 
[INFO] [stdout] failures:
[INFO] [stdout]     internal::dynamic::tests::add_assign_shape_mismatch
[INFO] [stdout]     internal::views::tests::add_assign_shape_mismatch
[INFO] [stdout]     internal::views::tests::mismatched_shapes_panics
[INFO] [stdout] 
[INFO] [stdout] test result: FAILED. 45 passed; 3 failed; 0 ignored; 0 measured; 0 filtered out; finished in 0.01s
[INFO] [stdout] 
[INFO] running `Command { std: "docker" "inspect" "79e5b126d408d5454e7f790eba26de75a608bbdad842828d07dbe5f6992ba83f", kill_on_drop: false }`
[INFO] running `Command { std: "docker" "rm" "-f" "79e5b126d408d5454e7f790eba26de75a608bbdad842828d07dbe5f6992ba83f", kill_on_drop: false }`
[INFO] [stdout] 79e5b126d408d5454e7f790eba26de75a608bbdad842828d07dbe5f6992ba83f
