[INFO] fetching crate tensor-wasm-jit 0.4.0...
[INFO] testing tensor-wasm-jit-0.4.0 against 1.99.0-beta.8+cargoflags=--release for beta-release-1.100-2
[INFO] extracting crate tensor-wasm-jit 0.4.0 into /workspace/builds/worker-4-tc1/source
[INFO] started tweaking crates.io crate tensor-wasm-jit 0.4.0
[INFO] removed 0 missing tests
[INFO] finished tweaking crates.io crate tensor-wasm-jit 0.4.0
[INFO] tweaked toml for crates.io crate tensor-wasm-jit 0.4.0 written to /workspace/builds/worker-4-tc1/source/Cargo.toml
[INFO] validating manifest of crates.io crate tensor-wasm-jit 0.4.0 on toolchain 1.99.0-beta.8
[INFO] running `Command { std: CARGO_HOME="/workspace/cargo-home" RUSTUP_HOME="/workspace/rustup-home" "/workspace/cargo-home/bin/cargo" "+1.99.0-beta.8" "metadata" "--manifest-path" "Cargo.toml" "--no-deps", kill_on_drop: false }`
[INFO] crate crates.io crate tensor-wasm-jit 0.4.0 already has a lockfile, it will not be regenerated
[INFO] running `Command { std: CARGO_HOME="/workspace/cargo-home" RUSTUP_HOME="/workspace/rustup-home" "/workspace/cargo-home/bin/cargo" "+1.99.0-beta.8" "fetch" "--manifest-path" "Cargo.toml", kill_on_drop: false }`
[INFO] [stderr]     Updating crates.io index
[INFO] [stderr]  Downloading crates ...
[INFO] [stderr]   Downloaded wat v1.250.0
[INFO] [stderr]   Downloaded prometheus-client-derive-encode v0.5.0
[INFO] [stderr]   Downloaded tensor-wasm-core v0.4.0
[INFO] [stderr]   Downloaded wasm-encoder v0.250.0
[INFO] [stderr]   Downloaded prometheus-client v0.24.1
[INFO] [stderr]   Downloaded tensor-wasm-artifacts v0.4.0
[INFO] [stderr]   Downloaded wasmparser v0.250.0
[INFO] [stderr]   Downloaded wast v250.0.0
[INFO] [stderr]   Downloaded awint_macros v0.18.1
[INFO] [stderr]   Downloaded cranelift-control v0.111.9
[INFO] [stderr]   Downloaded utf8-chars v3.0.7
[INFO] [stderr]   Downloaded linkme-impl v0.3.36
[INFO] [stderr]   Downloaded awint v0.18.1
[INFO] [stderr]   Downloaded recasting v0.2.1
[INFO] [stderr]   Downloaded linkme v0.3.36
[INFO] [stderr]   Downloaded pliron-derive v0.15.0
[INFO] [stderr]   Downloaded awint_internals v0.18.1
[INFO] [stderr]   Downloaded hi_sparse_bitset v0.9.0
[INFO] [stderr]   Downloaded triple_arena v0.14.0
[INFO] [stderr]   Downloaded awint_ext v0.18.1
[INFO] [stderr]   Downloaded awint_core v0.18.1
[INFO] [stderr]   Downloaded awint_dag v0.18.1
[INFO] [stderr]   Downloaded cranelift-codegen-meta v0.111.9
[INFO] [stderr]   Downloaded pliron-llvm v0.15.0
[INFO] [stderr]   Downloaded rustc_apfloat v0.2.3+llvm-462a31f5a5ab
[INFO] [stderr]   Downloaded llvm-sys v221.0.1
[INFO] [stderr]   Downloaded pliron v0.15.0
[INFO] [stderr]   Downloaded regalloc2 v0.9.3
[INFO] [stderr]   Downloaded cranelift-codegen v0.111.9
[INFO] [stderr]   Downloaded awint_macro_internals v0.18.1
[INFO] [stderr]   Downloaded cranelift-isle v0.111.9
[INFO] [stderr]   Downloaded cranelift-bitset v0.111.9
[INFO] [stderr]   Downloaded cranelift-codegen-shared v0.111.9
[INFO] [stderr]   Downloaded cranelift-entity v0.111.9
[INFO] [stderr]   Downloaded cranelift-bforest v0.111.9
[INFO] running `Command { std: "docker" "create" "-v" "/var/lib/crater-agent-workspace/builds/worker-4-tc1/source:/opt/rustwide/workdir:ro,Z" "-v" "/var/lib/crater-agent-workspace/builds/worker-4-tc1/target:/opt/rustwide/target:rw,Z" "-v" "/var/lib/crater-agent-workspace/cargo-home:/opt/rustwide/cargo-home:ro,Z" "-v" "/var/lib/crater-agent-workspace/rustup-home:/opt/rustwide/rustup-home:ro,Z" "-m" "1610612736" "--network" "none" "ghcr.io/rust-lang/crates-build-env/linux@sha256:77db811e55d90add9212f6832c23229e3de5f1c1f9905e8cb07319ea15df73ac" "sleep" "infinity", kill_on_drop: false }`
[INFO] [stdout] 7269ab85c91b12d56dff5b261a9fe4754130ac5fc8086819ae7a4ac376793515
[INFO] running `Command { std: "docker" "start" "7269ab85c91b12d56dff5b261a9fe4754130ac5fc8086819ae7a4ac376793515", kill_on_drop: false }`
[INFO] running `Command { std: "docker" "inspect" "7269ab85c91b12d56dff5b261a9fe4754130ac5fc8086819ae7a4ac376793515", kill_on_drop: false }`
[INFO] running `Command { std: "docker" "exec" "-e" "SOURCE_DIR=/opt/rustwide/workdir" "-e" "CARGO_HOME=/opt/rustwide/cargo-home" "-e" "RUSTUP_HOME=/opt/rustwide/rustup-home" "-e" "CARGO_TARGET_DIR=/opt/rustwide/target" "-w" "/opt/rustwide/workdir" "--user" "0:0" "7269ab85c91b12d56dff5b261a9fe4754130ac5fc8086819ae7a4ac376793515" "/opt/rustwide/cargo-home/bin/cargo" "+1.99.0-beta.8" "metadata" "--no-deps" "--format-version=1", kill_on_drop: false }`
[INFO] running `Command { std: "docker" "inspect" "7269ab85c91b12d56dff5b261a9fe4754130ac5fc8086819ae7a4ac376793515", kill_on_drop: false }`
[INFO] running `Command { std: "docker" "exec" "-e" "SOURCE_DIR=/opt/rustwide/workdir" "-e" "CARGO_HOME=/opt/rustwide/cargo-home" "-e" "RUSTUP_HOME=/opt/rustwide/rustup-home" "-e" "CARGO_TARGET_DIR=/opt/rustwide/target" "-e" "CARGO_INCREMENTAL=0" "-e" "RUST_BACKTRACE=full" "-e" "RUSTFLAGS=--cap-lints=warn" "-e" "RUSTDOCFLAGS=--cap-lints=warn" "-w" "/opt/rustwide/workdir" "--user" "0:0" "7269ab85c91b12d56dff5b261a9fe4754130ac5fc8086819ae7a4ac376793515" "/opt/rustwide/cargo-home/bin/cargo" "+1.99.0-beta.8" "build" "--frozen" "--message-format=json" "--release", kill_on_drop: false }`
[INFO] [stderr]    Compiling smallvec v1.15.1
[INFO] [stderr]    Compiling cranelift-isle v0.111.9
[INFO] [stderr]    Compiling syn v2.0.117
[INFO] [stderr]    Compiling ahash v0.8.12
[INFO] [stderr]    Compiling indexmap v2.14.0
[INFO] [stderr]    Compiling zstd-safe v7.2.4
[INFO] [stderr]    Compiling cranelift-codegen-shared v0.111.9
[INFO] [stderr]    Compiling serde_json v1.0.150
[INFO] [stderr]    Compiling blake3 v1.8.5
[INFO] [stderr]    Compiling regex-automata v0.4.14
[INFO] [stderr]    Compiling digest v0.10.7
[INFO] [stderr]    Compiling crossbeam-epoch v0.9.20
[INFO] [stderr]    Compiling zstd-sys v2.0.16+zstd.1.5.7
[INFO] [stderr]    Compiling cranelift-bitset v0.111.9
[INFO] [stderr]    Compiling prometheus-client v0.24.1
[INFO] [stderr]    Compiling target-lexicon v0.12.16
[INFO] [stderr]    Compiling cranelift-codegen-meta v0.111.9
[INFO] [stderr]    Compiling hashbrown v0.13.2
[INFO] [stderr]    Compiling cranelift-entity v0.111.9
[INFO] [stderr]    Compiling tracing-log v0.2.0
[INFO] [stderr]    Compiling tensor-wasm-core v0.4.0
[INFO] [stderr]    Compiling dtoa v1.0.11
[INFO] [stderr]    Compiling parking_lot_core v0.9.12
[INFO] [stderr]    Compiling slice-group-by v0.3.1
[INFO] [stderr]    Compiling semver v1.0.28
[INFO] [stderr]    Compiling crossbeam-deque v0.8.6
[INFO] [stderr]    Compiling rayon-core v1.13.0
[INFO] [stderr]    Compiling cranelift-bforest v0.111.9
[INFO] [stderr]    Compiling parking_lot v0.12.5
[INFO] [stderr]    Compiling zstd v0.13.3
[INFO] [stderr]    Compiling tempfile v3.27.0
[INFO] [stderr]    Compiling cranelift-control v0.111.9
[INFO] [stderr]    Compiling hmac v0.12.1
[INFO] [stderr]    Compiling sha2 v0.10.9
[INFO] [stderr]    Compiling regalloc2 v0.9.3
[INFO] [stderr]    Compiling leb128 v0.2.6
[INFO] [stderr]    Compiling either v1.16.0
[INFO] [stderr]    Compiling rayon v1.12.0
[INFO] [stderr]    Compiling gimli v0.29.0
[INFO] [stderr]    Compiling cranelift-codegen v0.111.9
[INFO] [stderr]    Compiling matchers v0.2.0
[INFO] [stderr]    Compiling serde_derive v1.0.228
[INFO] [stderr]    Compiling tracing-attributes v0.1.31
[INFO] [stderr]    Compiling thiserror-impl v1.0.69
[INFO] [stderr]    Compiling prometheus-client-derive-encode v0.5.0
[INFO] [stderr]    Compiling zeroize_derive v1.4.3
[INFO] [stderr]    Compiling zeroize v1.8.2
[INFO] [stderr]    Compiling thiserror v1.0.69
[INFO] [stderr]    Compiling tracing v0.1.44
[INFO] [stderr]    Compiling serde v1.0.228
[INFO] [stderr]    Compiling hashbrown v0.14.5
[INFO] [stderr]    Compiling tracing-serde v0.2.0
[INFO] [stderr]    Compiling tensor-wasm-artifacts v0.4.0
[INFO] [stderr]    Compiling tracing-subscriber v0.3.23
[INFO] [stderr]    Compiling wasmparser v0.218.1
[INFO] [stderr]    Compiling dashmap v6.2.1
[INFO] [stderr]    Compiling wasm-encoder v0.218.1
[INFO] [stderr]    Compiling tensor-wasm-jit v0.4.0 (/opt/rustwide/workdir)
[INFO] [stderr]     Finished `release` profile [optimized] target(s) in 1m 33s
[INFO] running `Command { std: "docker" "inspect" "7269ab85c91b12d56dff5b261a9fe4754130ac5fc8086819ae7a4ac376793515", kill_on_drop: false }`
[INFO] running `Command { std: "docker" "exec" "-e" "SOURCE_DIR=/opt/rustwide/workdir" "-e" "CARGO_HOME=/opt/rustwide/cargo-home" "-e" "RUSTUP_HOME=/opt/rustwide/rustup-home" "-e" "CARGO_TARGET_DIR=/opt/rustwide/target" "-e" "CARGO_INCREMENTAL=0" "-e" "RUST_BACKTRACE=full" "-e" "RUSTFLAGS=--cap-lints=warn" "-e" "RUSTDOCFLAGS=--cap-lints=warn" "-w" "/opt/rustwide/workdir" "--user" "0:0" "7269ab85c91b12d56dff5b261a9fe4754130ac5fc8086819ae7a4ac376793515" "/opt/rustwide/cargo-home/bin/cargo" "+1.99.0-beta.8" "test" "--frozen" "--no-run" "--message-format=json" "--release", kill_on_drop: false }`
[INFO] [stderr]    Compiling getrandom v0.3.4
[INFO] [stderr]    Compiling serde_json v1.0.150
[INFO] [stderr]    Compiling regex-automata v0.4.14
[INFO] [stderr]    Compiling wasm-encoder v0.250.0
[INFO] [stderr]    Compiling ppv-lite86 v0.2.21
[INFO] [stderr]    Compiling rusty-fork v0.3.1
[INFO] [stderr]    Compiling tokio-macros v2.7.0
[INFO] [stderr]    Compiling rand_core v0.9.5
[INFO] [stderr]    Compiling rand v0.9.4
[INFO] [stderr]    Compiling rand_xorshift v0.4.0
[INFO] [stderr]    Compiling rand_chacha v0.9.0
[INFO] [stderr]    Compiling tokio v1.52.3
[INFO] [stderr]    Compiling proptest v1.11.0
[INFO] [stderr]    Compiling wast v250.0.0
[INFO] [stderr]    Compiling tensor-wasm-artifacts v0.4.0
[INFO] [stderr]    Compiling matchers v0.2.0
[INFO] [stderr]    Compiling tracing-subscriber v0.3.23
[INFO] [stderr]    Compiling tensor-wasm-core v0.4.0
[INFO] [stderr]    Compiling tensor-wasm-jit v0.4.0 (/opt/rustwide/workdir)
[INFO] [stderr]    Compiling wat v1.250.0
[INFO] [stderr]     Finished `release` profile [optimized] target(s) in 58.18s
[INFO] running `Command { std: "docker" "inspect" "7269ab85c91b12d56dff5b261a9fe4754130ac5fc8086819ae7a4ac376793515", kill_on_drop: false }`
[INFO] running `Command { std: "docker" "exec" "-e" "SOURCE_DIR=/opt/rustwide/workdir" "-e" "CARGO_HOME=/opt/rustwide/cargo-home" "-e" "RUSTUP_HOME=/opt/rustwide/rustup-home" "-e" "CARGO_TARGET_DIR=/opt/rustwide/target" "-e" "CARGO_INCREMENTAL=0" "-e" "RUST_BACKTRACE=full" "-e" "RUSTFLAGS=--cap-lints=warn" "-e" "RUSTDOCFLAGS=--cap-lints=warn" "-w" "/opt/rustwide/workdir" "--user" "0:0" "7269ab85c91b12d56dff5b261a9fe4754130ac5fc8086819ae7a4ac376793515" "/opt/rustwide/cargo-home/bin/cargo" "+1.99.0-beta.8" "test" "--frozen" "--release", kill_on_drop: false }`
[INFO] [stderr]     Finished `release` profile [optimized] target(s) in 0.21s
[INFO] [stderr]      Running unittests src/lib.rs (/opt/rustwide/target/release/deps/tensor_wasm_jit-18b4000a60d33e2e)
[INFO] [stdout] 
[INFO] [stdout] running 107 tests
[INFO] [stdout] test cache::tests::cache_get_returns_arc_no_clone ... ok
[INFO] [stdout] test cache::tests::byte_cap_admits_single_oversized_entry ... ok
[INFO] [stdout] test cache::tests::cache_hit_returns_arc_shared_ptx ... ok
[INFO] [stdout] test cache::tests::byte_cap_default_is_none ... ok
[INFO] [stdout] test cache::tests::cache_hits_misses_counter ... ok
[INFO] [stdout] test cache::tests::capacity_floor_one ... ok
[INFO] [stdout] test cache::tests::empty_when_new ... ok
[INFO] [stdout] test cache::tests::lookup_by_blueprint ... ok
[INFO] [stdout] test cache::tests::element_type_is_not_cache_aliased ... ok
[INFO] [stdout] test clif_lower::tests::lower_block_checked_passes_with_in_bounds_refs ... ok
[INFO] [stdout] test cache::tests::lru_evicts_oldest ... ok
[INFO] [stdout] test cache::tests::put_then_get ... ok
[INFO] [stdout] test cache::tests::total_bytes_tracks_replacement ... ok
[INFO] [stdout] test clif_lower::tests::all_v128_lower ... ok
[INFO] [stdout] test clif_lower::tests::lower_block_checked_rejects_overflow_refs ... ok
[INFO] [stdout] test clif_lower::tests::lower_mixed_element_types_rejected ... ok
[INFO] [stdout] test clif_lower::tests::lower_simple_vector_add ... ok
[INFO] [stdout] test cache::tests::disk_cache_config_debug_redacts_hmac_key ... ok
[INFO] [stdout] test clif_lower::tests::lower_block_checked_rejects_out_of_bounds_refs ... ok
[INFO] [stdout] test clif_lower::tests::missing_trip_count_uses_default ... ok
[INFO] [stdout] test clif_lower::tests::lower_f64x2_lane_count_survives ... ok
[INFO] [stdout] test deopt::tests::clear_deopt_reverts ... ok
[INFO] [stdout] test deopt::tests::deopt_reason_names ... ok
[INFO] [stdout] test deopt::tests::success_rate_accumulates ... ok
[INFO] [stdout] test deopt::tests::with_metrics_increments_offload_fallback_total ... ok
[INFO] [stdout] test deopt::tests::without_metrics_still_works ... ok
[INFO] [stdout] test detector::tests::config_threshold_tunable ... ok
[INFO] [stdout] test deopt::tests::fresh_guard_is_empty ... ok
[INFO] [stdout] test deopt::tests::record_deopt_marks_kernel ... ok
[INFO] [stdout] test clif_lower::tests::unsupported_op_rejected ... ok
[INFO] [stdout] test clif_lower::tests::lower_i32x4_add_carries_integer_element_type ... ok
[INFO] [stdout] test cache::tests::byte_cap_evicts_lru_and_bounds_total_bytes ... ok
[INFO] [stdout] test detector::tests::dynamic_loop_not_offloaded_even_if_v128_heavy ... ok
[INFO] [stdout] test detector::tests::op_display_carries_element_type ... ok
[INFO] [stdout] test detector::tests::pure_v128_matmul_tile_is_offloaded ... ok
[INFO] [stdout] test detector::tests::pure_v128_vector_mul_loop_is_offloaded ... ok
[INFO] [stdout] test detector::tests::tiny_loop_not_offloaded ... ok
[INFO] [stdout] test deopt::tests::with_metrics_increments_offload_success_total ... ok
[INFO] [stdout] test detector::tests::mixed_v128_ratio_below_threshold_is_kept_on_cpu ... ok
[INFO] [stdout] test differential::tests::conv2d_reference_smoke ... ok
[INFO] [stdout] test detector::tests::op_is_v128_taxonomy ... ok
[INFO] [stdout] test differential::tests::oracle_default_falls_back_to_no_cuda_skip_for_unrunnable_blueprint ... ok
[INFO] [stdout] test detector::tests::scalar_heavy_not_offloaded ... ok
[INFO] [stdout] test cache::tests::concurrent_get_put_dashmap_safe ... ok
[INFO] [stdout] test differential::tests::classify_picks_matmul ... ok
[INFO] [stdout] test detector::tests::high_v128_ratio_offloaded ... ok
[INFO] [stdout] test differential::tests::matmul_reference_smoke ... ok
[INFO] [stdout] test ir::tests::empty_blueprint_detectable ... ok
[INFO] [stdout] test ir::tests::blueprint_builder ... ok
[INFO] [stdout] test differential::tests::wmma_structure_rejects_unchained_accumulator ... ok
[INFO] [stdout] test differential::tests::reference_eval_vector_add_matches_native ... ok
[INFO] [stdout] test differential::tests::oracle_default_runs_cpu_path_when_input_present ... ok
[INFO] [stdout] test differential::tests::wmma_structure_accepts_opt_in_emission ... ok
[INFO] [stdout] test ir::tests::fingerprint_changes_with_lanes ... ok
[INFO] [stdout] test differential::tests::tolerance_strict_rejects_one_ulp ... ok
[INFO] [stdout] test differential::tests::wmma_structure_rejects_missing_store ... ok
[INFO] [stdout] test ir::tests::elem_type_byte_width ... ok
[INFO] [stdout] test differential::tests::tolerance_default_accepts_one_ulp ... ok
[INFO] [stdout] test ir::tests::fingerprint_distinguishes_element_type ... ok
[INFO] [stdout] test ir::tests::fingerprint_is_deterministic ... ok
[INFO] [stdout] test ir::tests::grid_geometry_rounds_up ... ok
[INFO] [stdout] test ir::tests::fingerprint_is_blake3_based_and_pinned ... ok
[INFO] [stdout] test ir::tests::fingerprint_distinguishes_matmul_dims ... ok
[INFO] [stdout] test ir::tests::op_display ... ok
[INFO] [stdout] test ptx_emit::tests::aggregate_emission_budget_is_enforced ... ok
[INFO] [stdout] test ptx_emit::tests::emitted_text_nonempty ... ok
[INFO] [stdout] test ptx_emit::tests::matmul_opt_in_rejects_non_16_shape ... ok
[INFO] [stdout] test ptx_emit::tests::matmul_opt_in_emits_wmma_sequence ... ok
[INFO] [stdout] test ptx_emit::tests::barrier_emits_bar_sync ... ok
[INFO] [stdout] test ptx_emit::tests::i32x4_mul_emits_integer_mul ... ok
[INFO] [stdout] test ptx_emit::tests::fma_emits_fma_rn ... ok
[INFO] [stdout] test ptx_emit::tests::matmul_refused_under_default_config ... ok
[INFO] [stdout] test ptx_emit::tests::oversized_lanes_is_rejected ... ok
[INFO] [stdout] test ptx_emit::tests::lanes_at_max_still_emits ... ok
[INFO] [stdout] test ptx_emit::tests::loads_advance_input_offset ... ok
[INFO] [stdout] test ptx_emit::tests::launch_geometry_in_header ... ok
[INFO] [stdout] test ptx_emit::tests::matmul_emission_is_not_yet_implemented ... ok
[INFO] [stdout] test ptx_emit::tests::custom_target ... ok
[INFO] [stdout] test ptx_emit::tests::no_wmma_reg_decl_without_matmul ... ok
[INFO] [stdout] test ptx_emit::tests::matmul_in_mixed_stream_also_refused ... ok
[INFO] [stdout] test ptx_emit::tests::i32x4_add_emits_integer_ops_not_float ... ok
[INFO] [stdout] test cache::tests::disk_envelope_binds_tenant_and_rejects_cross_tenant_blob ... ok
[INFO] [stdout] test ptx_emit::tests::register_allocator_assigns_fresh_destination_per_op ... ok
[INFO] [stdout] test ptx_emit::tests::stores_advance_output_offset ... ok
[INFO] [stdout] test ptx_emit::tests::unsupported_element_width_refused_not_miscompiled ... ok
[INFO] [stdout] test ptx_emit::tests::register_declarations_match_usage ... ok
[INFO] [stdout] test rewrite::tests::pack_layout_natural_alignment ... ok
[INFO] [stdout] test ptx_emit::tests::vector_add_emits_add_f32 ... ok
[INFO] [stdout] test rewrite::tests::pack_layout_total_bytes_overflow ... ok
[INFO] [stdout] test rewrite::tests::pack_layout_empty_is_zero ... ok
[INFO] [stdout] test rewrite::tests::aligned_advance_overflows_cleanly ... ok
[INFO] [stdout] test rewrite::tests::rewrite_options_default_values_match_constants ... ok
[INFO] [stdout] test ptx_emit::tests::ptx_header_includes_version_and_target ... ok
[INFO] [stdout] test rewrite::tests::op_to_detector_op_threads_element_type_and_fails_closed ... ok
[INFO] [stdout] test rewrite::tests::build_trampoline_within_i32_max_builds ... ok
[INFO] [stdout] test rewrite::tests::trampoline_traps_on_nonzero_dispatch ... ok
[INFO] [stdout] test rewrite::tests::build_trampoline_refuses_v128 ... ok
[INFO] [stdout] test rewrite::tests::rewrite_outcome_reports_total_defined_functions ... ok
[INFO] [stdout] test rewrite::tests::invalid_wasm_returns_parse_error ... ok
[INFO] [stdout] test rewrite::tests::v128_heavy_module_swaps_function_and_inserts_call ... ok
[INFO] [stdout] test rewrite::tests::val_type_size_is_fallible ... ok
[INFO] [stdout] test rewrite::tests::noop_module_swaps_nothing_and_still_adds_dispatch_import ... ok
[INFO] [stdout] test rewrite::tests::rewritten_module_passes_wasm_validator ... ok
[INFO] [stdout] test rewrite::tests::rewrite_prepop_uses_configured_tenant_id ... ok
[INFO] [stdout] test ptx_emit::tests::prologue_loads_params_into_registers ... ok
[INFO] [stdout] test rewrite::tests::build_trampoline_round_trip_validates ... ok
[INFO] [stdout] test rewrite::tests::op_to_detector_op_return_call_indirect_is_a_call ... ok
[INFO] [stdout] 
[INFO] [stdout] test result: ok. 107 passed; 0 failed; 0 ignored; 0 measured; 0 filtered out; finished in 0.18s
[INFO] [stdout] 
[INFO] [stderr]      Running tests/auto_offload_e2e.rs (/opt/rustwide/target/release/deps/auto_offload_e2e-34cb1e38bea6a236)
[INFO] [stdout] 
[INFO] [stdout] running 3 tests
[INFO] [stdout] test trampoline_calls_alloc_dispatch_and_free ... ok
[INFO] [stdout] test round_trip_through_wasmparser_validator ... ok
[INFO] [stdout] test rewriter_emits_validatable_wasm_for_hot_add ... ok
[INFO] [stdout] 
[INFO] [stdout] test result: ok. 3 passed; 0 failed; 0 ignored; 0 measured; 0 filtered out; finished in 0.00s
[INFO] [stdout] 
[INFO] [stderr]      Running tests/auto_offload_pipeline.rs (/opt/rustwide/target/release/deps/auto_offload_pipeline-90e65b0b2735cdeb)
[INFO] [stdout] 
[INFO] [stdout] running 5 tests
[INFO] [stdout] test deopt_guard_skips_cache_on_failure ... ok
[INFO] [stdout] test pipeline_cpu_only_path ... ok
[INFO] [stdout] test pipeline_offload_path ... ok
[INFO] [stderr] error: test failed, to rerun pass `--test auto_offload_pipeline`
[INFO] [stdout] test matmul_wat_fixture_present ... FAILED
[INFO] [stdout] test matrix_multiply_wat_pipeline_smoke ... FAILED
[INFO] [stdout] 
[INFO] [stdout] failures:
[INFO] [stdout] 
[INFO] [stdout] ---- matmul_wat_fixture_present stdout ----
[INFO] [stdout] 
[INFO] [stdout] thread 'matmul_wat_fixture_present' (3293) panicked at tests/auto_offload_pipeline.rs:121:5:
[INFO] [stdout] WAT fixture missing at /opt/rustwide/workdir/../../tests/wasm-fixtures/matrix_multiply.wat
[INFO] [stdout] stack backtrace:
[INFO] [stdout]    0:     0x59746bbb98b1 - <<std[70759c8f55707aa4]::sys::backtrace::BacktraceLock>::print::DisplayBacktrace as core[df12db4294e9bfd3]::fmt::Display>::fmt
[INFO] [stdout]    1:     0x59746bbceeea - core[df12db4294e9bfd3]::fmt::write
[INFO] [stdout]    2:     0x59746bbbde5c - <alloc[2182bb758b4b3781]::vec::Vec<u8> as core[df12db4294e9bfd3]::io::write::Write>::write_fmt
[INFO] [stdout]    3:     0x59746bb94546 - std[70759c8f55707aa4]::panicking::default_hook::{closure#0}
[INFO] [stdout]    4:     0x59746bbb1509 - std[70759c8f55707aa4]::panicking::default_hook
[INFO] [stdout]    5:     0x59746ba37a50 - test[9d35eded1c95d3be]::test_main_inner::<test[9d35eded1c95d3be]::test_main_static::{closure#0}>::{closure#0}
[INFO] [stdout]    6:     0x59746bbb16c2 - std[70759c8f55707aa4]::panicking::panic_with_hook
[INFO] [stdout]    7:     0x59746bb945f2 - std[70759c8f55707aa4]::panicking::panic_handler::{closure#0}
[INFO] [stdout]    8:     0x59746bb8d059 - std[70759c8f55707aa4]::sys::backtrace::__rust_end_short_backtrace::<std[70759c8f55707aa4]::panicking::panic_handler::{closure#0}, !>
[INFO] [stdout]    9:     0x59746bb952dd - __rustc[8fa7c3cbc660c2b3]::rust_begin_unwind
[INFO] [stdout]   10:     0x59746bbcf64c - core[df12db4294e9bfd3]::panicking::panic_fmt
[INFO] [stdout]   11:     0x59746b94bd93 - <auto_offload_pipeline[d56b7b5f7f0cd458]::matmul_wat_fixture_present::{closure#0} as core[df12db4294e9bfd3]::ops::function::FnOnce<()>>::call_once
[INFO] [stdout]   12:     0x59746ba2ad3b - test[9d35eded1c95d3be]::__rust_begin_short_backtrace::<core[df12db4294e9bfd3]::result::Result<(), alloc[2182bb758b4b3781]::string::String>, fn() -> core[df12db4294e9bfd3]::result::Result<(), alloc[2182bb758b4b3781]::string::String>>
[INFO] [stdout]   13:     0x59746ba383a5 - test[9d35eded1c95d3be]::run_test::{closure#0}
[INFO] [stdout]   14:     0x59746ba31c64 - std[70759c8f55707aa4]::sys::backtrace::__rust_begin_short_backtrace::<test[9d35eded1c95d3be]::run_test::{closure#1}, ()>
[INFO] [stdout]   15:     0x59746ba3b502 - <std[70759c8f55707aa4]::thread::lifecycle::spawn_unchecked<test[9d35eded1c95d3be]::run_test::{closure#1}, ()>::{closure#1} as core[df12db4294e9bfd3]::ops::function::FnOnce<()>>::call_once::{shim:vtable#0}
[INFO] [stdout]   16:     0x59746bbb8ac9 - <std[70759c8f55707aa4]::sys::thread::unix::Thread>::new::thread_start
[INFO] [stdout]   17:     0x7bc2a5499dfa - <unknown>
[INFO] [stdout]   18:     0x7bc2a552d3d4 - clone
[INFO] [stdout]   19:                0x0 - <unknown>
[INFO] [stdout] 
[INFO] [stdout] ---- matrix_multiply_wat_pipeline_smoke stdout ----
[INFO] [stdout] 
[INFO] [stdout] thread 'matrix_multiply_wat_pipeline_smoke' (3294) panicked at tests/auto_offload_pipeline.rs:140:46:
[INFO] [stdout] read wat: Os { code: 2, kind: NotFound, message: "No such file or directory" }
[INFO] [stdout] stack backtrace:
[INFO] [stdout]    0:     0x59746bbb98b1 - <<std[70759c8f55707aa4]::sys::backtrace::BacktraceLock>::print::DisplayBacktrace as core[df12db4294e9bfd3]::fmt::Display>::fmt
[INFO] [stdout]    1:     0x59746bbceeea - core[df12db4294e9bfd3]::fmt::write
[INFO] [stdout]    2:     0x59746bbbde5c - <alloc[2182bb758b4b3781]::vec::Vec<u8> as core[df12db4294e9bfd3]::io::write::Write>::write_fmt
[INFO] [stdout]    3:     0x59746bb94546 - std[70759c8f55707aa4]::panicking::default_hook::{closure#0}
[INFO] [stdout]    4:     0x59746bbb1509 - std[70759c8f55707aa4]::panicking::default_hook
[INFO] [stdout]    5:     0x59746ba37a50 - test[9d35eded1c95d3be]::test_main_inner::<test[9d35eded1c95d3be]::test_main_static::{closure#0}>::{closure#0}
[INFO] [stdout]    6:     0x59746bbb16c2 - std[70759c8f55707aa4]::panicking::panic_with_hook
[INFO] [stdout]    7:     0x59746bb945f2 - std[70759c8f55707aa4]::panicking::panic_handler::{closure#0}
[INFO] [stdout]    8:     0x59746bb8d059 - std[70759c8f55707aa4]::sys::backtrace::__rust_end_short_backtrace::<std[70759c8f55707aa4]::panicking::panic_handler::{closure#0}, !>
[INFO] [stdout]    9:     0x59746bb952dd - __rustc[8fa7c3cbc660c2b3]::rust_begin_unwind
[INFO] [stdout]   10:     0x59746bbcf64c - core[df12db4294e9bfd3]::panicking::panic_fmt
[INFO] [stdout]   11:     0x59746bbcf422 - core[df12db4294e9bfd3]::result::unwrap_failed
[INFO] [stdout]   12:     0x59746b94c8cc - <auto_offload_pipeline[d56b7b5f7f0cd458]::matrix_multiply_wat_pipeline_smoke::{closure#0} as core[df12db4294e9bfd3]::ops::function::FnOnce<()>>::call_once
[INFO] [stdout]   13:     0x59746ba2ad3b - test[9d35eded1c95d3be]::__rust_begin_short_backtrace::<core[df12db4294e9bfd3]::result::Result<(), alloc[2182bb758b4b3781]::string::String>, fn() -> core[df12db4294e9bfd3]::result::Result<(), alloc[2182bb758b4b3781]::string::String>>
[INFO] [stdout]   14:     0x59746ba383a5 - test[9d35eded1c95d3be]::run_test::{closure#0}
[INFO] [stdout]   15:     0x59746ba31c64 - std[70759c8f55707aa4]::sys::backtrace::__rust_begin_short_backtrace::<test[9d35eded1c95d3be]::run_test::{closure#1}, ()>
[INFO] [stdout]   16:     0x59746ba3b502 - <std[70759c8f55707aa4]::thread::lifecycle::spawn_unchecked<test[9d35eded1c95d3be]::run_test::{closure#1}, ()>::{closure#1} as core[df12db4294e9bfd3]::ops::function::FnOnce<()>>::call_once::{shim:vtable#0}
[INFO] [stdout]   17:     0x59746bbb8ac9 - <std[70759c8f55707aa4]::sys::thread::unix::Thread>::new::thread_start
[INFO] [stdout]   18:     0x7bc2a5499dfa - <unknown>
[INFO] [stdout]   19:     0x7bc2a552d3d4 - clone
[INFO] [stdout]   20:                0x0 - <unknown>
[INFO] [stdout] 
[INFO] [stdout] 
[INFO] [stdout] failures:
[INFO] [stdout]     matmul_wat_fixture_present
[INFO] [stdout]     matrix_multiply_wat_pipeline_smoke
[INFO] [stdout] 
[INFO] [stdout] test result: FAILED. 3 passed; 2 failed; 0 ignored; 0 measured; 0 filtered out; finished in 0.08s
[INFO] [stdout] 
[INFO] running `Command { std: "docker" "inspect" "7269ab85c91b12d56dff5b261a9fe4754130ac5fc8086819ae7a4ac376793515", kill_on_drop: false }`
[INFO] running `Command { std: "docker" "rm" "-f" "7269ab85c91b12d56dff5b261a9fe4754130ac5fc8086819ae7a4ac376793515", kill_on_drop: false }`
[INFO] [stdout] 7269ab85c91b12d56dff5b261a9fe4754130ac5fc8086819ae7a4ac376793515
