[INFO] fetching crate tensogram-szip 0.24.0...
[INFO] testing tensogram-szip-0.24.0 against 1.99.0-beta.8+cargoflags=--release for beta-release-1.100-2
[INFO] extracting crate tensogram-szip 0.24.0 into /workspace/builds/worker-1-tc1/source
[INFO] started tweaking crates.io crate tensogram-szip 0.24.0
[INFO] removed 0 missing tests
[INFO] finished tweaking crates.io crate tensogram-szip 0.24.0
[INFO] tweaked toml for crates.io crate tensogram-szip 0.24.0 written to /workspace/builds/worker-1-tc1/source/Cargo.toml
[INFO] validating manifest of crates.io crate tensogram-szip 0.24.0 on toolchain 1.99.0-beta.8
[INFO] running `Command { std: CARGO_HOME="/workspace/cargo-home" RUSTUP_HOME="/workspace/rustup-home" "/workspace/cargo-home/bin/cargo" "+1.99.0-beta.8" "metadata" "--manifest-path" "Cargo.toml" "--no-deps", kill_on_drop: false }`
[INFO] crate crates.io crate tensogram-szip 0.24.0 already has a lockfile, it will not be regenerated
[INFO] running `Command { std: CARGO_HOME="/workspace/cargo-home" RUSTUP_HOME="/workspace/rustup-home" "/workspace/cargo-home/bin/cargo" "+1.99.0-beta.8" "fetch" "--manifest-path" "Cargo.toml", kill_on_drop: false }`
[INFO] [stderr]     Updating crates.io index
[INFO] [stderr]  Downloading crates ...
[INFO] [stderr]   Downloaded unarray v0.1.4
[INFO] [stderr]   Downloaded quick-error v1.2.3
[INFO] [stderr]   Downloaded rand_xorshift v0.4.0
[INFO] [stderr]   Downloaded rusty-fork v0.3.1
[INFO] [stderr]   Downloaded glob v0.3.3
[INFO] [stderr]   Downloaded bitflags v2.11.0
[INFO] [stderr]   Downloaded clang-sys v1.8.1
[INFO] [stderr]   Downloaded either v1.15.0
[INFO] [stderr]   Downloaded proptest v1.11.0
[INFO] [stderr]   Downloaded cc v1.2.59
[INFO] [stderr]   Downloaded indexmap v2.13.1
[INFO] [stderr]   Downloaded zerocopy-derive v0.8.48
[INFO] [stderr]   Downloaded rand v0.9.3
[INFO] [stderr]   Downloaded bindgen v0.70.1
[INFO] [stderr]   Downloaded zerocopy v0.8.48
[INFO] [stderr]   Downloaded libc v0.2.184
[INFO] [stderr]   Downloaded libaec-sys v0.1.3
[INFO] running `Command { std: "docker" "create" "-v" "/var/lib/crater-agent-workspace/builds/worker-1-tc1/source:/opt/rustwide/workdir:ro,Z" "-v" "/var/lib/crater-agent-workspace/builds/worker-1-tc1/target:/opt/rustwide/target:rw,Z" "-v" "/var/lib/crater-agent-workspace/cargo-home:/opt/rustwide/cargo-home:ro,Z" "-v" "/var/lib/crater-agent-workspace/rustup-home:/opt/rustwide/rustup-home:ro,Z" "-m" "1610612736" "--network" "none" "ghcr.io/rust-lang/crates-build-env/linux@sha256:77db811e55d90add9212f6832c23229e3de5f1c1f9905e8cb07319ea15df73ac" "sleep" "infinity", kill_on_drop: false }`
[INFO] [stdout] 9bf218b1744699cf6e751bdf5126638838444f71b36af2a5d6cca5d40fbc33d5
[INFO] running `Command { std: "docker" "start" "9bf218b1744699cf6e751bdf5126638838444f71b36af2a5d6cca5d40fbc33d5", kill_on_drop: false }`
[INFO] running `Command { std: "docker" "inspect" "9bf218b1744699cf6e751bdf5126638838444f71b36af2a5d6cca5d40fbc33d5", kill_on_drop: false }`
[INFO] running `Command { std: "docker" "exec" "-e" "SOURCE_DIR=/opt/rustwide/workdir" "-e" "CARGO_HOME=/opt/rustwide/cargo-home" "-e" "RUSTUP_HOME=/opt/rustwide/rustup-home" "-e" "CARGO_TARGET_DIR=/opt/rustwide/target" "-w" "/opt/rustwide/workdir" "--user" "0:0" "9bf218b1744699cf6e751bdf5126638838444f71b36af2a5d6cca5d40fbc33d5" "/opt/rustwide/cargo-home/bin/cargo" "+1.99.0-beta.8" "metadata" "--no-deps" "--format-version=1", kill_on_drop: false }`
[INFO] running `Command { std: "docker" "inspect" "9bf218b1744699cf6e751bdf5126638838444f71b36af2a5d6cca5d40fbc33d5", kill_on_drop: false }`
[INFO] running `Command { std: "docker" "exec" "-e" "SOURCE_DIR=/opt/rustwide/workdir" "-e" "CARGO_HOME=/opt/rustwide/cargo-home" "-e" "RUSTUP_HOME=/opt/rustwide/rustup-home" "-e" "CARGO_TARGET_DIR=/opt/rustwide/target" "-e" "CARGO_INCREMENTAL=0" "-e" "RUST_BACKTRACE=full" "-e" "RUSTFLAGS=--cap-lints=warn" "-e" "RUSTDOCFLAGS=--cap-lints=warn" "-w" "/opt/rustwide/workdir" "--user" "0:0" "9bf218b1744699cf6e751bdf5126638838444f71b36af2a5d6cca5d40fbc33d5" "/opt/rustwide/cargo-home/bin/cargo" "+1.99.0-beta.8" "build" "--frozen" "--message-format=json" "--release", kill_on_drop: false }`
[INFO] [stderr]    Compiling thiserror v2.0.18
[INFO] [stderr]    Compiling syn v2.0.117
[INFO] [stderr]    Compiling thiserror-impl v2.0.18
[INFO] [stderr]    Compiling tensogram-szip v0.24.0 (/opt/rustwide/workdir)
[INFO] [stderr]     Finished `release` profile [optimized] target(s) in 4.89s
[INFO] running `Command { std: "docker" "inspect" "9bf218b1744699cf6e751bdf5126638838444f71b36af2a5d6cca5d40fbc33d5", kill_on_drop: false }`
[INFO] running `Command { std: "docker" "exec" "-e" "SOURCE_DIR=/opt/rustwide/workdir" "-e" "CARGO_HOME=/opt/rustwide/cargo-home" "-e" "RUSTUP_HOME=/opt/rustwide/rustup-home" "-e" "CARGO_TARGET_DIR=/opt/rustwide/target" "-e" "CARGO_INCREMENTAL=0" "-e" "RUST_BACKTRACE=full" "-e" "RUSTFLAGS=--cap-lints=warn" "-e" "RUSTDOCFLAGS=--cap-lints=warn" "-w" "/opt/rustwide/workdir" "--user" "0:0" "9bf218b1744699cf6e751bdf5126638838444f71b36af2a5d6cca5d40fbc33d5" "/opt/rustwide/cargo-home/bin/cargo" "+1.99.0-beta.8" "test" "--frozen" "--no-run" "--message-format=json" "--release", kill_on_drop: false }`
[INFO] [stderr]    Compiling libc v0.2.184
[INFO] [stderr]    Compiling glob v0.3.3
[INFO] [stderr]    Compiling getrandom v0.3.4
[INFO] [stderr]    Compiling prettyplease v0.2.37
[INFO] [stderr]    Compiling regex-syntax v0.8.10
[INFO] [stderr]    Compiling syn v2.0.117
[INFO] [stderr]    Compiling memchr v2.8.0
[INFO] [stderr]    Compiling libloading v0.8.9
[INFO] [stderr]    Compiling bindgen v0.70.1
[INFO] [stderr]    Compiling either v1.15.0
[INFO] [stderr]    Compiling clang-sys v1.8.1
[INFO] [stderr]    Compiling zerocopy v0.8.48
[INFO] [stderr]    Compiling itertools v0.13.0
[INFO] [stderr]    Compiling cc v1.2.59
[INFO] [stderr]    Compiling log v0.4.29
[INFO] [stderr]    Compiling nom v7.1.3
[INFO] [stderr]    Compiling bitflags v2.11.0
[INFO] [stderr]    Compiling autocfg v1.5.0
[INFO] [stderr]    Compiling rustc-hash v1.1.0
[INFO] [stderr]    Compiling regex-automata v0.4.14
[INFO] [stderr]    Compiling rand_core v0.9.5
[INFO] [stderr]    Compiling rustix v1.1.4
[INFO] [stderr]    Compiling cmake v0.1.58
[INFO] [stderr]    Compiling getrandom v0.4.2
[INFO] [stderr]    Compiling num-traits v0.2.19
[INFO] [stderr]    Compiling wait-timeout v0.2.1
[INFO] [stderr]    Compiling quick-error v1.2.3
[INFO] [stderr]    Compiling bit-vec v0.8.0
[INFO] [stderr]    Compiling bit-set v0.8.0
[INFO] [stderr]    Compiling rand_xorshift v0.4.0
[INFO] [stderr]    Compiling rand v0.9.3
[INFO] [stderr]    Compiling cexpr v0.6.0
[INFO] [stderr]    Compiling regex v1.12.3
[INFO] [stderr]    Compiling unarray v0.1.4
[INFO] [stderr]    Compiling tempfile v3.27.0
[INFO] [stderr]    Compiling rusty-fork v0.3.1
[INFO] [stderr]    Compiling thiserror-impl v2.0.18
[INFO] [stderr]    Compiling thiserror v2.0.18
[INFO] [stderr]    Compiling tensogram-szip v0.24.0 (/opt/rustwide/workdir)
[INFO] [stderr]    Compiling ppv-lite86 v0.2.21
[INFO] [stderr]    Compiling rand_chacha v0.9.0
[INFO] [stderr]    Compiling proptest v1.11.0
[INFO] [stderr]    Compiling libaec-sys v0.1.3
[INFO] [stderr]     Finished `release` profile [optimized] target(s) in 1m 27s
[INFO] running `Command { std: "docker" "inspect" "9bf218b1744699cf6e751bdf5126638838444f71b36af2a5d6cca5d40fbc33d5", kill_on_drop: false }`
[INFO] running `Command { std: "docker" "exec" "-e" "SOURCE_DIR=/opt/rustwide/workdir" "-e" "CARGO_HOME=/opt/rustwide/cargo-home" "-e" "RUSTUP_HOME=/opt/rustwide/rustup-home" "-e" "CARGO_TARGET_DIR=/opt/rustwide/target" "-e" "CARGO_INCREMENTAL=0" "-e" "RUST_BACKTRACE=full" "-e" "RUSTFLAGS=--cap-lints=warn" "-e" "RUSTDOCFLAGS=--cap-lints=warn" "-w" "/opt/rustwide/workdir" "--user" "0:0" "9bf218b1744699cf6e751bdf5126638838444f71b36af2a5d6cca5d40fbc33d5" "/opt/rustwide/cargo-home/bin/cargo" "+1.99.0-beta.8" "test" "--frozen" "--release", kill_on_drop: false }`
[INFO] [stderr]    Compiling libaec-sys v0.1.3
[INFO] [stderr]    Compiling tensogram-szip v0.24.0 (/opt/rustwide/workdir)
[INFO] [stderr]     Finished `release` profile [optimized] target(s) in 9.96s
[INFO] [stderr]      Running unittests src/lib.rs (/opt/rustwide/target/release/deps/tensogram_szip-2f1ecca68d374b11)
[INFO] [stdout] 
[INFO] [stdout] running 58 tests
[INFO] [stdout] test bitstream::tests::fs_large_value ... ok
[INFO] [stdout] test bitstream::tests::interleaved_fs_and_bits ... ok
[INFO] [stdout] test bitstream::tests::emit_32_bits ... ok
[INFO] [stdout] test bitstream::tests::round_trip_various_widths ... ok
[INFO] [stdout] test bitstream::tests::write_then_read_bits ... ok
[INFO] [stdout] test bitstream::tests::write_then_read_fs ... ok
[INFO] [stdout] test decoder::tests::decode_range_no_preprocess ... ok
[INFO] [stdout] test decoder::tests::decode_range_signed_preprocessed ... ok
[INFO] [stdout] test bitstream::tests::bit_position_tracking ... ok
[INFO] [stdout] test decoder::tests::decode_rsi_reservation_failure_rejected ... ok
[INFO] [stdout] test decoder::tests::decode_truncated_low_entropy_ref_errors ... ok
[INFO] [stdout] test decoder::tests::se_table_lookup_out_of_range_is_none ... ok
[INFO] [stdout] test decoder::tests::write_samples_rejects_overflowing_byte_count ... ok
[INFO] [stdout] test decoder::tests::write_samples_rejects_unsupported_byte_width ... ok
[INFO] [stdout] test params::tests::test_id_len_values ... ok
[INFO] [stdout] test params::tests::test_kmax_values ... ok
[INFO] [stdout] test params::tests::test_sample_byte_width ... ok
[INFO] [stdout] test params::tests::test_validate_bad_block_size ... ok
[INFO] [stdout] test bitstream::tests::reader_from_bit_offset ... ok
[INFO] [stdout] test params::tests::test_validate_bad_bps ... ok
[INFO] [stdout] test preprocessor::tests::preprocess_empty ... ok
[INFO] [stdout] test preprocessor::tests::preprocess_postprocess_signed_16bit ... ok
[INFO] [stdout] test preprocessor::tests::preprocess_postprocess_signed_constant ... ok
[INFO] [stdout] test preprocessor::tests::preprocess_postprocess_signed_empty ... ok
[INFO] [stdout] test params::tests::test_validate_ok ... ok
[INFO] [stdout] test preprocessor::tests::preprocess_postprocess_signed_round_trip ... ok
[INFO] [stdout] test preprocessor::tests::preprocess_postprocess_unsigned_round_trip ... ok
[INFO] [stdout] test preprocessor::tests::preprocess_single ... ok
[INFO] [stdout] test preprocessor::tests::preprocess_postprocess_signed_single ... ok
[INFO] [stdout] test preprocessor::tests::preprocess_postprocess_unsigned_constant ... ok
[INFO] [stdout] test preprocessor::tests::preprocess_postprocess_unsigned_edge_values ... ok
[INFO] [stdout] test preprocessor::tests::preprocess_postprocess_unsigned_16bit ... ok
[INFO] [stdout] test preprocessor::tests::preprocess_postprocess_unsigned_monotonic ... ok
[INFO] [stdout] test tests::compress_bad_rsi_returns_error ... ok
[INFO] [stdout] test tests::compress_no_offsets_empty ... ok
[INFO] [stdout] test tests::compress_no_offsets_round_trip ... ok
[INFO] [stdout] test tests::compress_restricted_high_bps_returns_error ... ok
[INFO] [stdout] test tests::decompress_bad_block_size_returns_error ... ok
[INFO] [stdout] test tests::empty_input_returns_empty ... ok
[INFO] [stdout] test tests::misaligned_data_returns_error ... ok
[INFO] [stdout] test tests::range_decode_empty_data_returns_error ... ok
[INFO] [stdout] test tests::range_decode_first_block ... ok
[INFO] [stdout] test tests::range_decode_oob_rsi_returns_error ... ok
[INFO] [stdout] test tests::offsets_match_rsi_count ... ok
[INFO] [stdout] test decoder::tests::decode_range_byte_size_overflow_rejected ... ok
[INFO] [stdout] test params::tests::test_effective_flags_auto_3byte ... ok
[INFO] [stdout] test tests::round_trip_no_preprocess ... ok
[INFO] [stdout] test tests::round_trip_signed_8bit ... ok
[INFO] [stdout] test tests::round_trip_u16 ... ok
[INFO] [stdout] test tests::round_trip_u32 ... ok
[INFO] [stdout] test tests::round_trip_u24 ... ok
[INFO] [stdout] test tests::round_trip_u32_max_values ... ok
[INFO] [stdout] test tests::round_trip_u8 ... ok
[INFO] [stdout] test tests::range_decode_matches_full ... ok
[INFO] [stdout] test tests::range_decode_zero_size ... ok
[INFO] [stdout] test tests::round_trip_constant_data ... ok
[INFO] [stdout] test tests::round_trip_msb_data ... ok
[INFO] [stdout] test tests::round_trip_small_block_size ... ok
[INFO] [stdout] 
[INFO] [stdout] test result: ok. 58 passed; 0 failed; 0 ignored; 0 measured; 0 filtered out; finished in 0.02s
[INFO] [stdout] 
[INFO] [stderr]      Running tests/error_paths.rs (/opt/rustwide/target/release/deps/error_paths-2c01b500b1afbb1f)
[INFO] [stdout] 
[INFO] [stdout] running 23 tests
[INFO] [stdout] test invalid_params::block_size_odd_without_not_enforce ... ok
[INFO] [stdout] test invalid_params::bps_33 ... ok
[INFO] [stdout] test invalid_params::bps_zero ... ok
[INFO] [stdout] test invalid_params::restricted_bps_5 ... ok
[INFO] [stdout] test invalid_params::rsi_too_large ... ok
[INFO] [stdout] test corrupt::flip_first_byte ... ok
[INFO] [stdout] test corrupt::flip_middle_byte ... ok
[INFO] [stdout] test corrupt::flip_last_byte ... ok
[INFO] [stdout] test invalid_params::block_size_odd_with_not_enforce ... ok
[INFO] [stdout] test corrupt::all_ones ... ok
[INFO] [stdout] test invalid_params::block_size_zero ... ok
[INFO] [stdout] test range_errors::byte_pos_beyond_data ... ok
[INFO] [stdout] test invalid_params::rsi_zero ... ok
[INFO] [stdout] test misaligned_data::bps16_odd_length ... ok
[INFO] [stdout] test preallocation_hardening::decompress_rejects_pathological_expected_size ... ok
[INFO] [stdout] test misaligned_data::bps32_non_multiple_of_4 ... ok
[INFO] [stdout] test preallocation_hardening::decompress_rejects_expected_size_overflowing_isize ... ok
[INFO] [stdout] test range_errors::empty_offsets_with_nonzero_pos ... ok
[INFO] [stdout] test range_errors::oversized_byte_range ... ok
[INFO] [stdout] test truncated::truncated_by_one_byte ... ok
[INFO] [stdout] test truncated::truncated_to_half ... ok
[INFO] [stdout] test truncated::truncated_to_zero ... ok
[INFO] [stdout] test corrupt::all_zeros ... ok
[INFO] [stdout] 
[INFO] [stdout] test result: ok. 23 passed; 0 failed; 0 ignored; 0 measured; 0 filtered out; finished in 0.17s
[INFO] [stdout] 
[INFO] [stderr]      Running tests/ffi_crosscheck.rs (/opt/rustwide/target/release/deps/ffi_crosscheck-a07ddc1a21959412)
[INFO] [stdout] 
[INFO] [stdout] running 23 tests
[INFO] [stdout] test crosscheck_16bit_ramp_pure_to_ffi ... ok
[INFO] [stdout] test crosscheck_16bit_signed ... ok
[INFO] [stdout] test crosscheck_12bit_ramp ... ok
[INFO] [stdout] test crosscheck_20bit_ramp ... ok
[INFO] [stdout] test crosscheck_32bit_ramp_ffi_to_pure ... ok
[INFO] [stdout] test crosscheck_32bit_ramp_pure_to_ffi ... ok
[INFO] [stdout] test crosscheck_16bit_ramp_ffi_to_pure ... ok
[INFO] [stdout] test crosscheck_28bit_ramp ... ok
[INFO] [stdout] test crosscheck_32bit_signed_ramp ... ok
[INFO] [stdout] test crosscheck_8bit_constant_pure_to_ffi ... ok
[INFO] [stdout] test crosscheck_4bit_ramp ... ok
[INFO] [stdout] test crosscheck_8bit_constant_ffi_to_pure ... ok
[INFO] [stdout] test crosscheck_8bit_msb_ffi_to_pure ... ok
[INFO] [stdout] test crosscheck_8bit_msb_pure_to_ffi ... ok
[INFO] [stdout] test crosscheck_8bit_no_preprocess_ffi_to_pure ... ok
[INFO] [stdout] test crosscheck_block8_ffi_to_pure ... ok
[INFO] [stdout] test crosscheck_preprocess_msb_signed ... ok
[INFO] [stdout] test crosscheck_8bit_no_preprocess_pure_to_ffi ... ok
[INFO] [stdout] test crosscheck_8bit_ramp_pure_to_ffi ... ok
[INFO] [stdout] test crosscheck_range_decode_ffi_compressed ... ok
[INFO] [stdout] test crosscheck_8bit_ramp_ffi_to_pure ... ok
[INFO] [stdout] test crosscheck_not_enforce_block12 ... ok
[INFO] [stdout] test crosscheck_block8_pure_to_ffi ... ok
[INFO] [stdout] 
[INFO] [stdout] test result: ok. 23 passed; 0 failed; 0 ignored; 0 measured; 0 filtered out; finished in 0.02s
[INFO] [stdout] 
[INFO] [stderr]      Running tests/libaec_parity.rs (/opt/rustwide/target/release/deps/libaec_parity-50d1912a77925154)
[INFO] [stdout] 
[INFO] [stdout] running 24 tests
[INFO] [stdout] test buffer_sizes::short_rsi_32bit ... ok
[INFO] [stdout] test code_options::no_pp_lsb_unsigned_32bit ... ok
[INFO] [stdout] test code_options::no_pp_lsb_unsigned_16bit ... ok
[INFO] [stdout] test code_options::no_pp_lsb_unsigned_24bit ... ok
[INFO] [stdout] test code_options::no_pp_lsb_unsigned_8bit ... ok
[INFO] [stdout] test code_options::pp_lsb_unsigned_32bit ... ok
[INFO] [stdout] test code_options::pp_lsb_unsigned_16bit ... ok
[INFO] [stdout] test code_options::pp_lsb_unsigned_24bit ... ok
[INFO] [stdout] test code_options::pp_lsb_unsigned_8bit ... ok
[INFO] [stdout] test code_options::pp_lsb_signed_8bit ... ok
[INFO] [stdout] test code_options::pp_msb_signed_32bit ... ok
[INFO] [stdout] test code_options::pp_msb_signed_8bit ... ok
[INFO] [stdout] test code_options::pp_lsb_signed_32bit ... ok
[INFO] [stdout] test code_options::pp_lsb_signed_16bit ... ok
[INFO] [stdout] test code_options::pp_lsb_signed_24bit ... ok
[INFO] [stdout] test code_options::pp_msb_signed_16bit ... ok
[INFO] [stdout] test long_fs::long_fs_16bit ... ok
[INFO] [stdout] test code_options::pp_msb_signed_24bit ... ok
[INFO] [stdout] test code_options::pp_msb_unsigned_24bit ... ok
[INFO] [stdout] test code_options::pp_msb_unsigned_8bit ... ok
[INFO] [stdout] test rsi_block_access::large_inputs ... ok
[INFO] [stdout] test code_options::pp_msb_unsigned_16bit ... ok
[INFO] [stdout] test code_options::pp_msb_unsigned_32bit ... ok
[INFO] [stderr] error: test failed, to rerun pass `--test libaec_parity`
[INFO] [stdout] test rsi_block_access::comprehensive_matrix ... FAILED
[INFO] [stdout] 
[INFO] [stdout] failures:
[INFO] [stdout] 
[INFO] [stdout] ---- rsi_block_access::comprehensive_matrix stdout ----
[INFO] [stdout] 
[INFO] [stdout] thread 'rsi_block_access::comprehensive_matrix' (2234) panicked at tests/libaec_parity.rs:503:9:
[INFO] [stdout] assertion `left == right` failed: roundtrip fail: n=255 rsi=1 bs=8 bps=32
[INFO] [stdout]   left: [255, 180, 155, 63, 82, 190, 91, 46, 137, 73, 238, 58, 84, 69, 54, 90, 163, 240, 3, 54, 166, 29, 110, 12, 205, 152, 12, 35, 200, 99, 249, 116, 135, 180, 98, 73, 58, 232, 142, 107, 81, 218, 225, 80, 124, 79, 204, 38, 171, 100, 150, 95, 14, 50, 225, 87, 21, 18, 46, 80, 112, 60, 7, 110, 15, 165, 209, 27, 34, 79, 79, 76, 25, 132, 79, 112, 164, 158, 139, 5, 179, 89, 191, 35, 118, 211, 94, 13, 93, 180, 6, 89, 24, 42, 184, 10, 151, 166, 230, 68, 10, 147, 68, 103, 225, 102, 122, 41, 204, 210, 156, 40, 187, 239, 78, 94, 222, 161, 56, 99, 165, 159, 123, 37, 192, 204, 110, 124, 31, 217, 99, 50, 242, 83, 10, 72, 169, 162, 9, 53, 244, 139, 60, 39, 195, 70, 25, 5, 70, 61, 244, 121, 237, 243, 21, 58, 104, 196, 225, 64, 167, 92, 79, 42, 218, 49, 176, 13, 113, 87, 136, 0, 28, 106, 59, 32, 203, 126, 118, 104, 174, 69, 203, 34, 53, 209, 130, 76, 16, 177, 155, 44, 47, 81, 115, 83, 194, 204, 57, 89, 57, 165, 229, 74, 68, 13, 126, 44, 211, 183, 194, 3, 22, 91, 43, 118, 125, 87, 19, 104, 184, 50, 123, 69, 183, 214, 221, 77, 170, 196, 30, 12, 1, 172, 244, 80, 108, 21, 125, 33, 219, 17, 222, 93, 126, 29, 54, 58, 197, 166, 60, 34, 96, 233, 50, 109, 63, 13, 97, 91, 146, 185, 202, 86, 201, 139, 236, 9, 148, 34, 197, 35, 227, 172, 172, 121, 230, 44, 65, 25, 13, 223, 23, 95, 8, 117, 201, 91, 199, 20, 19, 24, 122, 75, 29, 23, 145, 100, 232, 115, 188, 212, 118, 9, 235, 168, 150, 86, 78, 41, 86, 40, 85, 32, 226, 37, 176, 117, 25, 106, 223, 13, 206, 66, 242, 26, 234, 6, 249, 86, 103, 112, 132, 204, 198, 12, 136, 38, 8, 1, 183, 178, 178, 61, 122, 138, 124, 5, 88, 139, 81, 44, 215, 22, 176, 21, 74, 198, 120, 58, 33, 129, 204, 48, 12, 168, 125, 78, 251, 67, 241, 50, 30, 105, 72, 23, 229, 61, 236, 8, 0, 86, 116, 92, 95, 81, 155, 46, 50, 239, 4, 111, 233, 4, 223, 50, 52, 9, 120, 40, 3, 35, 70, 4, 134, 236, 60, 81, 45, 90, 218, 59, 168, 117, 216, 20, 231, 220, 181, 7, 26, 53, 62, 41, 177, 1, 74, 77, 92, 143, 38, 80, 11, 227, 126, 43, 238, 220, 105, 44, 117, 255, 19, 63, 80, 138, 168, 90, 111, 217, 233, 127, 2, 56, 200, 35, 121, 151, 28, 76, 132, 218, 13, 73, 19, 164, 23, 78, 86, 218, 220, 36, 189, 77, 10, 109, 248, 51, 99, 120, 247, 102, 101, 115, 234, 151, 186, 13, 65, 230, 73, 29, 172, 138, 70, 39, 27, 134, 16, 97, 190, 132, 87, 88, 5, 101, 82, 14, 160, 18, 91, 40, 127, 165, 26, 100, 210, 244, 32, 25, 9, 14, 41, 13, 212, 63, 253, 33, 35, 169, 109, 25, 38, 124, 207, 60, 77, 101, 37, 30, 72, 198, 54, 15, 7, 181, 63, 50, 186, 238, 122, 89, 209, 46, 245, 18, 252, 153, 242, 117, 43, 45, 183, 108, 142, 96, 238, 38, 149, 110, 224, 30, 240, 238, 112, 6, 143, 181, 206, 100, 162, 37, 60, 114, 153, 104, 77, 45, 36, 57, 251, 23, 51, 50, 121, 33, 246, 209, 145, 32, 221, 160, 132, 126, 152, 44, 216, 54, 23, 199, 5, 2, 138, 57, 76, 21, 97, 219, 180, 78, 76, 189, 127, 55, 59, 216, 195, 111, 94, 112, 75, 15, 37, 28, 55, 11, 64, 31, 15, 3, 159, 9, 231, 119, 114, 202, 134, 81, 41, 167, 18, 90, 116, 198, 252, 16, 67, 63, 171, 49, 198, 219, 224, 42, 109, 0, 193, 119, 232, 102, 12, 66, 39, 157, 184, 20, 90, 120, 59, 49, 241, 235, 49, 47, 156, 244, 130, 16, 75, 135, 199, 35, 46, 180, 203, 67, 181, 109, 15, 112, 144, 163, 154, 73, 175, 161, 132, 15, 66, 227, 173, 40, 185, 201, 65, 71, 196, 231, 54, 68, 83, 208, 180, 53, 150, 153, 185, 89, 253, 131, 179, 61, 56, 117, 216, 72, 55, 55, 153, 32, 42, 171, 149, 84, 129, 96, 85, 97, 236, 63, 209, 30, 91, 58, 147, 106, 254, 43, 12, 2, 69, 99, 98, 124, 224, 123, 184, 114, 191, 125, 8, 42, 18, 112, 158, 8, 73, 208, 227, 62, 20, 157, 30, 10, 99, 229, 134, 73, 102, 11, 89, 30, 141, 43, 117, 94, 136, 87, 129, 120, 71, 149, 40, 112, 250, 209, 231, 45, 17, 57, 72, 112, 60, 159, 127, 73, 107, 241, 55, 94, 206, 215, 233, 98, 213, 252, 104, 1, 48, 168, 77, 84, 207, 157, 19, 98, 226, 112, 133, 113, 217, 186, 65, 49, 100, 230, 104, 44, 115, 126, 82, 73, 54, 49, 60, 45, 29, 247, 94, 82, 216, 13, 140, 99, 87, 183, 39, 114, 202, 236, 254, 66, 161, 117, 115, 85, 140, 18, 227, 16, 123, 172, 6, 97, 158, 183, 129, 42, 101, 58, 156, 2, 128, 40, 127, 81, 223, 1, 135, 126, 159, 229, 207, 34, 231, 65, 187, 0, 255, 139, 179, 29, 255, 175, 251, 86, 130, 31, 147, 67, 37, 251, 124, 1, 40, 152, 189, 81, 103, 157, 151, 73, 154, 251, 231, 64, 49, 22, 128, 8, 220, 153, 144, 94, 139, 107, 144, 45, 110, 203, 48, 24, 245, 27, 181, 69, 208, 252, 177, 42, 239, 169, 131, 2, 130, 206, 42, 107, 249, 59, 149, 102, 4, 53, 57, 67, 147, 60, 218, 30, 214, 152, 1, 44, 61, 250, 78, 8, 120, 246, 26, 16, 119, 71, 185, 93, 106, 254, 239, 75, 193, 26, 87, 15, 44, 53, 93, 85, 155, 46, 166, 102, 62, 19, 148, 54, 133, 161, 172, 98]
[INFO] [stdout]  right: [255, 180, 155, 63, 82, 190, 91, 46, 137, 73, 238, 58, 84, 69, 54, 90, 163, 240, 3, 54, 166, 29, 110, 12, 205, 152, 12, 35, 200, 99, 249, 116, 135, 180, 98, 73, 58, 232, 142, 107, 81, 218, 225, 80, 124, 79, 204, 38, 171, 100, 150, 95, 14, 50, 225, 87, 21, 18, 46, 80, 112, 60, 7, 110, 15, 165, 209, 27, 34, 79, 79, 76, 25, 132, 79, 112, 164, 158, 139, 5, 179, 89, 191, 35, 118, 211, 94, 13, 93, 180, 6, 89, 24, 42, 184, 10, 151, 166, 230, 68, 10, 147, 68, 103, 225, 102, 122, 41, 204, 210, 156, 40, 187, 239, 78, 94, 222, 161, 56, 99, 165, 159, 123, 37, 192, 204, 110, 124, 31, 217, 99, 50, 242, 83, 10, 72, 169, 162, 9, 53, 244, 139, 60, 39, 195, 70, 25, 5, 70, 61, 244, 121, 237, 243, 21, 58, 104, 196, 225, 64, 167, 92, 79, 42, 218, 49, 176, 13, 113, 87, 136, 0, 28, 106, 59, 32, 203, 126, 118, 104, 174, 69, 203, 34, 53, 209, 130, 76, 16, 177, 155, 44, 47, 81, 115, 83, 194, 204, 57, 89, 57, 165, 229, 74, 68, 13, 126, 44, 211, 183, 194, 3, 22, 91, 43, 118, 125, 87, 19, 104, 184, 50, 123, 69, 183, 214, 221, 77, 170, 196, 30, 12, 1, 172, 244, 80, 108, 21, 125, 33, 219, 17, 222, 93, 126, 29, 54, 58, 197, 166, 60, 34, 96, 233, 50, 109, 63, 13, 97, 91, 146, 185, 202, 86, 201, 139, 236, 9, 148, 34, 197, 35, 227, 172, 172, 121, 230, 44, 65, 25, 13, 223, 23, 95, 8, 117, 201, 91, 199, 20, 19, 24, 122, 75, 29, 23, 145, 100, 232, 115, 188, 212, 118, 9, 235, 168, 150, 86, 78, 41, 86, 40, 85, 32, 226, 37, 176, 117, 25, 106, 79, 13, 206, 66, 98, 26, 234, 6, 89, 86, 103, 112, 228, 203, 198, 12, 243, 37, 8, 1, 182, 178, 178, 61, 157, 138, 124, 5, 88, 139, 81, 44, 215, 22, 176, 21, 74, 198, 120, 58, 33, 129, 204, 48, 12, 168, 125, 78, 251, 67, 241, 50, 30, 105, 72, 23, 229, 61, 236, 8, 0, 86, 116, 92, 95, 81, 155, 46, 50, 239, 4, 111, 233, 4, 223, 50, 52, 9, 120, 40, 3, 35, 70, 4, 134, 236, 60, 81, 45, 90, 218, 59, 168, 117, 216, 20, 231, 220, 181, 7, 26, 53, 62, 41, 177, 1, 74, 77, 92, 143, 38, 80, 11, 227, 126, 43, 238, 220, 105, 44, 117, 255, 19, 63, 80, 138, 168, 90, 111, 217, 233, 127, 2, 56, 200, 35, 121, 151, 28, 76, 132, 218, 13, 73, 19, 164, 23, 78, 86, 218, 220, 36, 189, 77, 10, 109, 248, 51, 99, 120, 247, 102, 101, 115, 234, 151, 186, 13, 65, 230, 73, 29, 172, 138, 70, 39, 27, 134, 16, 97, 190, 132, 87, 88, 5, 101, 82, 14, 160, 18, 91, 40, 127, 165, 26, 100, 210, 244, 32, 25, 9, 14, 41, 13, 212, 63, 253, 33, 35, 169, 109, 25, 38, 124, 207, 60, 77, 101, 37, 30, 72, 198, 54, 15, 7, 181, 63, 50, 186, 238, 122, 89, 209, 46, 245, 18, 252, 153, 242, 117, 43, 45, 183, 108, 142, 96, 238, 38, 149, 110, 224, 30, 240, 238, 112, 6, 143, 181, 206, 100, 162, 37, 60, 114, 153, 104, 77, 45, 36, 57, 251, 23, 51, 50, 121, 33, 246, 209, 145, 32, 221, 160, 132, 126, 152, 44, 216, 54, 23, 199, 5, 2, 138, 57, 76, 21, 97, 219, 180, 78, 76, 189, 127, 55, 59, 216, 195, 111, 94, 112, 75, 15, 37, 28, 55, 11, 64, 31, 15, 3, 159, 9, 231, 119, 114, 202, 134, 81, 41, 167, 18, 90, 116, 198, 252, 16, 67, 63, 171, 49, 198, 219, 224, 42, 109, 0, 193, 119, 232, 102, 12, 66, 39, 157, 184, 20, 90, 120, 59, 49, 241, 235, 49, 47, 156, 244, 130, 16, 75, 135, 199, 35, 46, 180, 203, 67, 181, 109, 15, 112, 144, 163, 154, 73, 175, 161, 132, 15, 66, 227, 173, 40, 185, 201, 65, 71, 196, 231, 54, 68, 83, 208, 180, 53, 150, 153, 185, 89, 253, 131, 179, 61, 56, 117, 216, 72, 55, 55, 153, 32, 42, 171, 149, 84, 129, 96, 85, 97, 236, 63, 209, 30, 91, 58, 147, 106, 254, 43, 12, 2, 69, 99, 98, 124, 224, 123, 184, 114, 191, 125, 8, 42, 18, 112, 158, 8, 73, 208, 227, 62, 20, 157, 30, 10, 99, 229, 134, 73, 102, 11, 89, 30, 141, 43, 117, 94, 136, 87, 129, 120, 71, 149, 40, 112, 250, 209, 231, 45, 17, 57, 72, 112, 60, 159, 127, 73, 107, 241, 55, 94, 206, 215, 233, 98, 213, 252, 104, 1, 48, 168, 77, 84, 207, 157, 19, 98, 226, 112, 133, 113, 217, 186, 65, 49, 100, 230, 104, 44, 115, 126, 82, 73, 54, 49, 60, 45, 29, 247, 94, 82, 216, 13, 140, 99, 87, 183, 39, 114, 202, 236, 254, 66, 161, 117, 115, 85, 140, 18, 227, 16, 123, 172, 6, 97, 158, 183, 129, 42, 101, 58, 156, 2, 128, 40, 127, 81, 223, 1, 135, 126, 178, 229, 207, 34, 105, 137, 228, 68, 180, 195, 10, 54, 131, 155, 136, 97, 6, 11, 32, 78, 173, 230, 9, 12, 40, 152, 189, 81, 103, 157, 151, 73, 154, 251, 231, 64, 49, 22, 128, 8, 220, 153, 144, 94, 139, 107, 144, 45, 110, 203, 48, 24, 245, 27, 181, 69, 208, 252, 177, 42, 239, 169, 131, 2, 130, 206, 42, 107, 249, 59, 149, 102, 4, 53, 57, 67, 147, 60, 218, 30, 214, 152, 1, 44, 61, 250, 78, 8, 120, 246, 26, 16, 119, 71, 185, 93, 106, 254, 239, 75, 193, 26, 87, 15, 44, 53, 93, 85, 155, 46, 166, 102, 62, 19, 148, 54, 133, 161, 172, 98]
[INFO] [stdout] stack backtrace:
[INFO] [stdout]    0:     0x5850ffc72e31 - <<std[70759c8f55707aa4]::sys::backtrace::BacktraceLock>::print::DisplayBacktrace as core[df12db4294e9bfd3]::fmt::Display>::fmt
[INFO] [stdout]    1:     0x5850ffc8706a - core[df12db4294e9bfd3]::fmt::write
[INFO] [stdout]    2:     0x5850ffc772cc - <alloc[2182bb758b4b3781]::vec::Vec<u8> as core[df12db4294e9bfd3]::io::write::Write>::write_fmt
[INFO] [stdout]    3:     0x5850ffc4f426 - std[70759c8f55707aa4]::panicking::default_hook::{closure#0}
[INFO] [stdout]    4:     0x5850ffc6b599 - std[70759c8f55707aa4]::panicking::default_hook
[INFO] [stdout]    5:     0x5850ffc023f0 - test[9d35eded1c95d3be]::test_main_inner::<test[9d35eded1c95d3be]::test_main_static::{closure#0}>::{closure#0}
[INFO] [stdout]    6:     0x5850ffc6b752 - std[70759c8f55707aa4]::panicking::panic_with_hook
[INFO] [stdout]    7:     0x5850ffc4f4d2 - std[70759c8f55707aa4]::panicking::panic_handler::{closure#0}
[INFO] [stdout]    8:     0x5850ffc48259 - std[70759c8f55707aa4]::sys::backtrace::__rust_end_short_backtrace::<std[70759c8f55707aa4]::panicking::panic_handler::{closure#0}, !>
[INFO] [stdout]    9:     0x5850ffc500cd - __rustc[8fa7c3cbc660c2b3]::rust_begin_unwind
[INFO] [stdout]   10:     0x5850ffc8779c - core[df12db4294e9bfd3]::panicking::panic_fmt
[INFO] [stdout]   11:     0x5850ffc87713 - core[df12db4294e9bfd3]::panicking::assert_failed_inner
[INFO] [stdout]   12:     0x5850ffbf2777 - core[df12db4294e9bfd3]::panicking::assert_failed::<alloc[2182bb758b4b3781]::vec::Vec<u8>, &[u8]>
[INFO] [stdout]   13:     0x5850ffbf3fbb - libaec_parity[d7b7093239805e06]::rsi_block_access::test_config
[INFO] [stdout]   14:     0x5850ffbf51c7 - <libaec_parity[d7b7093239805e06]::rsi_block_access::comprehensive_matrix::{closure#0} as core[df12db4294e9bfd3]::ops::function::FnOnce<()>>::call_once
[INFO] [stdout]   15:     0x5850ffbf56db - test[9d35eded1c95d3be]::__rust_begin_short_backtrace::<core[df12db4294e9bfd3]::result::Result<(), alloc[2182bb758b4b3781]::string::String>, fn() -> core[df12db4294e9bfd3]::result::Result<(), alloc[2182bb758b4b3781]::string::String>>
[INFO] [stdout]   16:     0x5850ffc02d45 - test[9d35eded1c95d3be]::run_test::{closure#0}
[INFO] [stdout]   17:     0x5850ffbfc604 - std[70759c8f55707aa4]::sys::backtrace::__rust_begin_short_backtrace::<test[9d35eded1c95d3be]::run_test::{closure#1}, ()>
[INFO] [stdout]   18:     0x5850ffc05ea2 - <std[70759c8f55707aa4]::thread::lifecycle::spawn_unchecked<test[9d35eded1c95d3be]::run_test::{closure#1}, ()>::{closure#1} as core[df12db4294e9bfd3]::ops::function::FnOnce<()>>::call_once::{shim:vtable#0}
[INFO] [stdout]   19:     0x5850ffc72709 - <std[70759c8f55707aa4]::sys::thread::unix::Thread>::new::thread_start
[INFO] [stdout]   20:     0x7ce6f4ef2dfa - <unknown>
[INFO] [stdout]   21:     0x7ce6f4f863d4 - clone
[INFO] [stdout]   22:                0x0 - <unknown>
[INFO] [stdout] 
[INFO] [stdout] 
[INFO] [stdout] failures:
[INFO] [stdout]     rsi_block_access::comprehensive_matrix
[INFO] [stdout] 
[INFO] [stdout] test result: FAILED. 23 passed; 1 failed; 0 ignored; 0 measured; 0 filtered out; finished in 0.56s
[INFO] [stdout] 
[INFO] running `Command { std: "docker" "inspect" "9bf218b1744699cf6e751bdf5126638838444f71b36af2a5d6cca5d40fbc33d5", kill_on_drop: false }`
[INFO] running `Command { std: "docker" "rm" "-f" "9bf218b1744699cf6e751bdf5126638838444f71b36af2a5d6cca5d40fbc33d5", kill_on_drop: false }`
[INFO] [stdout] 9bf218b1744699cf6e751bdf5126638838444f71b36af2a5d6cca5d40fbc33d5
