[INFO] fetching crate tenor 0.1.1...
[INFO] testing tenor-0.1.1 against 1.100.0-beta.1+cargoflags=--release for beta-release-1.100-2
[INFO] extracting crate tenor 0.1.1 into /workspace/builds/worker-1-tc2/source
[INFO] started tweaking crates.io crate tenor 0.1.1
[INFO] finished tweaking crates.io crate tenor 0.1.1
[INFO] tweaked toml for crates.io crate tenor 0.1.1 written to /workspace/builds/worker-1-tc2/source/Cargo.toml
[INFO] validating manifest of crates.io crate tenor 0.1.1 on toolchain 1.100.0-beta.1
[INFO] running `Command { std: CARGO_HOME="/workspace/cargo-home" RUSTUP_HOME="/workspace/rustup-home" "/workspace/cargo-home/bin/cargo" "+1.100.0-beta.1" "metadata" "--manifest-path" "Cargo.toml" "--no-deps", kill_on_drop: false }`
[INFO] crate crates.io crate tenor 0.1.1 already has a lockfile, it will not be regenerated
[INFO] running `Command { std: CARGO_HOME="/workspace/cargo-home" RUSTUP_HOME="/workspace/rustup-home" "/workspace/cargo-home/bin/cargo" "+1.100.0-beta.1" "fetch" "--manifest-path" "Cargo.toml", kill_on_drop: false }`
[INFO] running `Command { std: "docker" "create" "-v" "/var/lib/crater-agent-workspace/builds/worker-1-tc2/source:/opt/rustwide/workdir:ro,Z" "-v" "/var/lib/crater-agent-workspace/builds/worker-1-tc2/target:/opt/rustwide/target:rw,Z" "-v" "/var/lib/crater-agent-workspace/cargo-home:/opt/rustwide/cargo-home:ro,Z" "-v" "/var/lib/crater-agent-workspace/rustup-home:/opt/rustwide/rustup-home:ro,Z" "-m" "1610612736" "--network" "none" "ghcr.io/rust-lang/crates-build-env/linux@sha256:77db811e55d90add9212f6832c23229e3de5f1c1f9905e8cb07319ea15df73ac" "sleep" "infinity", kill_on_drop: false }`
[INFO] [stdout] 92241827b89abf5836a2139a8ac6488084e6323208b940f736311a29fd4d2fc5
[INFO] running `Command { std: "docker" "start" "92241827b89abf5836a2139a8ac6488084e6323208b940f736311a29fd4d2fc5", kill_on_drop: false }`
[INFO] running `Command { std: "docker" "inspect" "92241827b89abf5836a2139a8ac6488084e6323208b940f736311a29fd4d2fc5", kill_on_drop: false }`
[INFO] running `Command { std: "docker" "exec" "-e" "SOURCE_DIR=/opt/rustwide/workdir" "-e" "CARGO_HOME=/opt/rustwide/cargo-home" "-e" "RUSTUP_HOME=/opt/rustwide/rustup-home" "-e" "CARGO_TARGET_DIR=/opt/rustwide/target" "-w" "/opt/rustwide/workdir" "--user" "0:0" "92241827b89abf5836a2139a8ac6488084e6323208b940f736311a29fd4d2fc5" "/opt/rustwide/cargo-home/bin/cargo" "+1.100.0-beta.1" "metadata" "--no-deps" "--format-version=1", kill_on_drop: false }`
[INFO] running `Command { std: "docker" "inspect" "92241827b89abf5836a2139a8ac6488084e6323208b940f736311a29fd4d2fc5", kill_on_drop: false }`
[INFO] running `Command { std: "docker" "exec" "-e" "SOURCE_DIR=/opt/rustwide/workdir" "-e" "CARGO_HOME=/opt/rustwide/cargo-home" "-e" "RUSTUP_HOME=/opt/rustwide/rustup-home" "-e" "CARGO_TARGET_DIR=/opt/rustwide/target" "-e" "CARGO_INCREMENTAL=0" "-e" "RUST_BACKTRACE=full" "-e" "RUSTFLAGS=--cap-lints=warn" "-e" "RUSTDOCFLAGS=--cap-lints=warn" "-w" "/opt/rustwide/workdir" "--user" "0:0" "92241827b89abf5836a2139a8ac6488084e6323208b940f736311a29fd4d2fc5" "/opt/rustwide/cargo-home/bin/cargo" "+1.100.0-beta.1" "build" "--frozen" "--message-format=json" "--release", kill_on_drop: false }`
[INFO] [stderr]    Compiling memchr v2.7.4
[INFO] [stderr]    Compiling siphasher v1.0.1
[INFO] [stderr]    Compiling syn v2.0.101
[INFO] [stderr]    Compiling libc v0.2.172
[INFO] [stderr]    Compiling zerocopy v0.8.25
[INFO] [stderr]    Compiling thiserror v2.0.12
[INFO] [stderr]    Compiling num-traits v0.2.19
[INFO] [stderr]    Compiling serde v1.0.219
[INFO] [stderr]    Compiling unic-char-range v0.9.0
[INFO] [stderr]    Compiling log v0.4.27
[INFO] [stderr]    Compiling same-file v1.0.6
[INFO] [stderr]    Compiling unic-common v0.9.0
[INFO] [stderr]    Compiling libm v0.2.15
[INFO] [stderr]    Compiling crossbeam-epoch v0.9.18
[INFO] [stderr]    Compiling cc v1.2.25
[INFO] [stderr]    Compiling iana-time-zone v0.1.63
[INFO] [stderr]    Compiling tokio v1.45.1
[INFO] [stderr]    Compiling phf_shared v0.11.3
[INFO] [stderr]    Compiling unic-char-property v0.9.0
[INFO] [stderr]    Compiling walkdir v2.5.0
[INFO] [stderr]    Compiling unic-ucd-version v0.9.0
[INFO] [stderr]    Compiling serde_json v1.0.140
[INFO] [stderr]    Compiling unic-ucd-segment v0.9.0
[INFO] [stderr]    Compiling bitflags v2.9.1
[INFO] [stderr]    Compiling deunicode v1.6.2
[INFO] [stderr]    Compiling phf v0.11.3
[INFO] [stderr]    Compiling crossbeam-deque v0.8.6
[INFO] [stderr]    Compiling tracing-core v0.1.33
[INFO] [stderr]    Compiling percent-encoding v2.3.1
[INFO] [stderr]    Compiling pin-project-lite v0.2.16
[INFO] [stderr]    Compiling slug v0.1.6
[INFO] [stderr]    Compiling smallvec v1.15.0
[INFO] [stderr]    Compiling codes-common v0.1.9
[INFO] [stderr]    Compiling encoding_rs v0.8.35
[INFO] [stderr]    Compiling getrandom v0.2.16
[INFO] [stderr]    Compiling rand_core v0.6.4
[INFO] [stderr]    Compiling dotenv v0.15.0
[INFO] [stderr]    Compiling aho-corasick v1.1.3
[INFO] [stderr]    Compiling bstr v1.12.0
[INFO] [stderr]    Compiling csv-core v0.1.12
[INFO] [stderr]    Compiling unic-segment v0.9.0
[INFO] [stderr]    Compiling chrono v0.4.41
[INFO] [stderr]    Compiling openssl-sys v0.9.109
[INFO] [stderr]    Compiling humansize v2.1.3
[INFO] [stderr]    Compiling regex-automata v0.4.9
[INFO] [stderr]    Compiling openssl v0.10.73
[INFO] [stderr]    Compiling native-tls v0.2.14
[INFO] [stderr]    Compiling ppv-lite86 v0.2.21
[INFO] [stderr]    Compiling rand_chacha v0.3.1
[INFO] [stderr]    Compiling rand v0.8.5
[INFO] [stderr]    Compiling csv v1.3.1
[INFO] [stderr]    Compiling phf_generator v0.11.3
[INFO] [stderr]    Compiling phf_codegen v0.11.3
[INFO] [stderr]    Compiling tokio-util v0.7.15
[INFO] [stderr]    Compiling tower v0.5.2
[INFO] [stderr]    Compiling synstructure v0.13.2
[INFO] [stderr]    Compiling regex v1.11.1
[INFO] [stderr]    Compiling globset v0.4.16
[INFO] [stderr]    Compiling tower-http v0.6.5
[INFO] [stderr]    Compiling parse-zoneinfo v0.3.1
[INFO] [stderr]    Compiling ignore v0.4.23
[INFO] [stderr]    Compiling zerofrom-derive v0.1.6
[INFO] [stderr]    Compiling tracing-attributes v0.1.28
[INFO] [stderr]    Compiling thiserror-impl v2.0.12
[INFO] [stderr]    Compiling yoke-derive v0.8.0
[INFO] [stderr]    Compiling zerovec-derive v0.11.1
[INFO] [stderr]    Compiling displaydoc v0.2.5
[INFO] [stderr]    Compiling serde_derive v1.0.219
[INFO] [stderr]    Compiling openssl-macros v0.1.1
[INFO] [stderr]    Compiling chrono-tz-build v0.3.0
[INFO] [stderr]    Compiling globwalk v0.9.1
[INFO] [stderr]    Compiling chrono-tz v0.9.0
[INFO] [stderr]    Compiling pest v2.8.0
[INFO] [stderr]    Compiling tracing v0.1.41
[INFO] [stderr]    Compiling zerofrom v0.1.6
[INFO] [stderr]    Compiling h2 v0.4.10
[INFO] [stderr]    Compiling yoke v0.8.0
[INFO] [stderr]    Compiling zerovec v0.11.2
[INFO] [stderr]    Compiling zerotrie v0.2.2
[INFO] [stderr]    Compiling pest_meta v2.8.0
[INFO] [stderr]    Compiling tinystr v0.8.1
[INFO] [stderr]    Compiling potential_utf v0.1.2
[INFO] [stderr]    Compiling pest_generator v2.8.0
[INFO] [stderr]    Compiling icu_locale_core v2.0.0
[INFO] [stderr]    Compiling icu_collections v2.0.0
[INFO] [stderr]    Compiling icu_provider v2.0.0
[INFO] [stderr]    Compiling pest_derive v2.8.0
[INFO] [stderr]    Compiling icu_properties v2.0.1
[INFO] [stderr]    Compiling icu_normalizer v2.0.0
[INFO] [stderr]    Compiling tera v1.20.0
[INFO] [stderr]    Compiling hyper v1.6.0
[INFO] [stderr]    Compiling idna_adapter v1.2.1
[INFO] [stderr]    Compiling idna v1.0.3
[INFO] [stderr]    Compiling tokio-native-tls v0.3.1
[INFO] [stderr]    Compiling url v2.5.4
[INFO] [stderr]    Compiling hyper-util v0.1.13
[INFO] [stderr]    Compiling codes-agency v0.1.9
[INFO] [stderr]    Compiling serde_urlencoded v0.7.1
[INFO] [stderr]    Compiling secrecy v0.10.3
[INFO] [stderr]    Compiling codes-iso-639 v0.1.5
[INFO] [stderr]    Compiling codes-iso-3166 v0.1.5
[INFO] [stderr]    Compiling hyper-tls v0.6.0
[INFO] [stderr]    Compiling reqwest v0.12.19
[INFO] [stderr]    Compiling tenor v0.1.1 (/opt/rustwide/workdir)
[INFO] [stderr] warning: unused dependency `dotenv`
[INFO] [stderr]  --> Cargo.toml:8:15
[INFO] [stderr]   |
[INFO] [stderr] 8 | [dependencies.dotenv]
[INFO] [stderr]   |               ^^^^^^^
[INFO] [stderr]   |
[INFO] [stderr]   = note: `cargo::unused_dependencies` is set to `warn` by default
[INFO] [stderr] help: consider removing the dependency on `dotenv`
[INFO] [stderr] warning: unused dependency `secrecy`
[INFO] [stderr]   --> Cargo.toml:15:15
[INFO] [stderr]    |
[INFO] [stderr] 15 | [dependencies.secrecy]
[INFO] [stderr]    |               ^^^^^^^^
[INFO] [stderr]    |
[INFO] [stderr] help: consider removing the dependency on `secrecy`
[INFO] [stderr] warning: `tenor` (manifest) generated 2 warnings
[INFO] [stderr]     Finished `release` profile [optimized] target(s) in 59.01s
[INFO] running `Command { std: "docker" "inspect" "92241827b89abf5836a2139a8ac6488084e6323208b940f736311a29fd4d2fc5", kill_on_drop: false }`
[INFO] running `Command { std: "docker" "exec" "-e" "SOURCE_DIR=/opt/rustwide/workdir" "-e" "CARGO_HOME=/opt/rustwide/cargo-home" "-e" "RUSTUP_HOME=/opt/rustwide/rustup-home" "-e" "CARGO_TARGET_DIR=/opt/rustwide/target" "-e" "CARGO_INCREMENTAL=0" "-e" "RUST_BACKTRACE=full" "-e" "RUSTFLAGS=--cap-lints=warn" "-e" "RUSTDOCFLAGS=--cap-lints=warn" "-w" "/opt/rustwide/workdir" "--user" "0:0" "92241827b89abf5836a2139a8ac6488084e6323208b940f736311a29fd4d2fc5" "/opt/rustwide/cargo-home/bin/cargo" "+1.100.0-beta.1" "test" "--frozen" "--no-run" "--message-format=json" "--release", kill_on_drop: false }`
[INFO] [stderr]    Compiling tokio-macros v2.5.0
[INFO] [stderr]    Compiling serde_path_to_error v0.1.17
[INFO] [stderr]    Compiling tokio v1.45.1
[INFO] [stderr]    Compiling tokio-util v0.7.15
[INFO] [stderr]    Compiling tower v0.5.2
[INFO] [stderr]    Compiling tokio-native-tls v0.3.1
[INFO] [stderr]    Compiling tower-http v0.6.5
[INFO] [stderr]    Compiling h2 v0.4.10
[INFO] [stderr]    Compiling hyper v1.6.0
[INFO] [stderr]    Compiling hyper-util v0.1.13
[INFO] [stderr]    Compiling hyper-tls v0.6.0
[INFO] [stderr]    Compiling reqwest v0.12.19
[INFO] [stderr]    Compiling tenor v0.1.1 (/opt/rustwide/workdir)
[INFO] [stderr] warning: unused dependency `dotenv`
[INFO] [stderr]   --> Cargo.toml:32:19
[INFO] [stderr]    |
[INFO] [stderr] 32 | [dev-dependencies.dotenv]
[INFO] [stderr]    |                   ^^^^^^^
[INFO] [stderr]    |
[INFO] [stderr]    = note: `cargo::unused_dependencies` is set to `warn` by default
[INFO] [stderr] help: consider removing the dependency on `dotenv`
[INFO] [stderr] help: to still use for development builds, move to `dev-dependencies`
[INFO] [stderr] warning: unused dependency `dotenv`
[INFO] [stderr]  --> Cargo.toml:8:15
[INFO] [stderr]   |
[INFO] [stderr] 8 | [dependencies.dotenv]
[INFO] [stderr]   |               ^^^^^^^
[INFO] [stderr]   |
[INFO] [stderr] help: consider removing the dependency on `dotenv`
[INFO] [stderr] help: to still use for development builds, move to `dev-dependencies`
[INFO] [stderr] warning: unused dependency `secrecy`
[INFO] [stderr]   --> Cargo.toml:15:15
[INFO] [stderr]    |
[INFO] [stderr] 15 | [dependencies.secrecy]
[INFO] [stderr]    |               ^^^^^^^^
[INFO] [stderr]    |
[INFO] [stderr] help: consider removing the dependency on `secrecy`
[INFO] [stderr] warning: `tenor` (manifest) generated 3 warnings
[INFO] [stderr]     Finished `release` profile [optimized] target(s) in 34.82s
[INFO] running `Command { std: "docker" "inspect" "92241827b89abf5836a2139a8ac6488084e6323208b940f736311a29fd4d2fc5", kill_on_drop: false }`
[INFO] running `Command { std: "docker" "exec" "-e" "SOURCE_DIR=/opt/rustwide/workdir" "-e" "CARGO_HOME=/opt/rustwide/cargo-home" "-e" "RUSTUP_HOME=/opt/rustwide/rustup-home" "-e" "CARGO_TARGET_DIR=/opt/rustwide/target" "-e" "CARGO_INCREMENTAL=0" "-e" "RUST_BACKTRACE=full" "-e" "RUSTFLAGS=--cap-lints=warn" "-e" "RUSTDOCFLAGS=--cap-lints=warn" "-w" "/opt/rustwide/workdir" "--user" "0:0" "92241827b89abf5836a2139a8ac6488084e6323208b940f736311a29fd4d2fc5" "/opt/rustwide/cargo-home/bin/cargo" "+1.100.0-beta.1" "test" "--frozen" "--release", kill_on_drop: false }`
[INFO] [stderr] warning: unused dependency `dotenv`
[INFO] [stderr]   --> Cargo.toml:32:19
[INFO] [stderr]    |
[INFO] [stderr] 32 | [dev-dependencies.dotenv]
[INFO] [stderr]    |                   ^^^^^^^
[INFO] [stderr]    |
[INFO] [stderr]    = note: `cargo::unused_dependencies` is set to `warn` by default
[INFO] [stderr] help: consider removing the dependency on `dotenv`
[INFO] [stderr] help: to still use for development builds, move to `dev-dependencies`
[INFO] [stderr] warning: unused dependency `dotenv`
[INFO] [stderr]  --> Cargo.toml:8:15
[INFO] [stderr]   |
[INFO] [stderr] 8 | [dependencies.dotenv]
[INFO] [stderr]   |               ^^^^^^^
[INFO] [stderr]   |
[INFO] [stderr] help: consider removing the dependency on `dotenv`
[INFO] [stderr] help: to still use for development builds, move to `dev-dependencies`
[INFO] [stderr] warning: unused dependency `secrecy`
[INFO] [stderr]   --> Cargo.toml:15:15
[INFO] [stderr]    |
[INFO] [stderr] 15 | [dependencies.secrecy]
[INFO] [stderr]    |               ^^^^^^^^
[INFO] [stderr]    |
[INFO] [stderr] help: consider removing the dependency on `secrecy`
[INFO] [stderr] warning: `tenor` (manifest) generated 3 warnings
[INFO] [stderr]     Finished `release` profile [optimized] target(s) in 0.25s
[INFO] [stderr]      Running unittests src/lib.rs (/opt/rustwide/target/release/build/tenor/bf5d1e8845bba91e/out/tenor-bf5d1e8845bba91e)
[INFO] [stdout] 
[INFO] [stdout] running 5 tests
[INFO] [stderr] error: test failed, to rerun pass `--lib`
[INFO] [stdout] test tests::categories ... FAILED
[INFO] [stdout] test tests::search ... FAILED
[INFO] [stdout] test tests::trending ... FAILED
[INFO] [stdout] test tests::featured ... FAILED
[INFO] [stdout] test tests::search_parameters ... FAILED
[INFO] [stdout] 
[INFO] [stdout] failures:
[INFO] [stdout] 
[INFO] [stdout] ---- tests::categories stdout ----
[INFO] [stdout] 
[INFO] [stdout] thread 'tests::categories' (2178) panicked at src/tests.rs:12:29:
[INFO] [stdout] Failed to find env file: NotPresent
[INFO] [stdout] stack backtrace:
[INFO] [stdout]    0:     0x644b0401c891 - <<std[617be2ca0a6fd877]::sys::backtrace::BacktraceLock>::print::DisplayBacktrace as core[a373ad73a504971]::fmt::Display>::fmt
[INFO] [stdout]    1:     0x644b0403410a - core[a373ad73a504971]::fmt::write
[INFO] [stdout]    2:     0x644b0402110c - <alloc[2e1b2a31b91974c5]::vec::Vec<u8> as core[a373ad73a504971]::io::write::Write>::write_fmt
[INFO] [stdout]    3:     0x644b03ff7816 - std[617be2ca0a6fd877]::panicking::default_hook::{closure#0}
[INFO] [stdout]    4:     0x644b04014779 - std[617be2ca0a6fd877]::panicking::default_hook
[INFO] [stdout]    5:     0x644b03e73ce0 - test[aada8e7e76ba119b]::test_main_inner::{closure#0}
[INFO] [stdout]    6:     0x644b04014aa2 - std[617be2ca0a6fd877]::panicking::panic_with_hook
[INFO] [stdout]    7:     0x644b03ff78c2 - std[617be2ca0a6fd877]::panicking::panic_handler::{closure#0}
[INFO] [stdout]    8:     0x644b03ff02b9 - std[617be2ca0a6fd877]::sys::backtrace::__rust_end_short_backtrace::<std[617be2ca0a6fd877]::panicking::panic_handler::{closure#0}, !>
[INFO] [stdout]    9:     0x644b03ff875d - __rustc[ea4f61d10b84890b]::rust_begin_unwind
[INFO] [stdout]   10:     0x644b0403486c - core[a373ad73a504971]::panicking::panic_fmt
[INFO] [stdout]   11:     0x644b04034642 - core[a373ad73a504971]::result::unwrap_failed
[INFO] [stdout]   12:     0x644b03e5413d - tenor[2541377110be0271]::tests::categories::{closure#0}
[INFO] [stdout]   13:     0x644b03e5ef2c - <tokio[5a21b77405ef3207]::runtime::scheduler::current_thread::CoreGuard>::block_on::<core[a373ad73a504971]::pin::Pin<&mut core[a373ad73a504971]::pin::Pin<&mut dyn core[a373ad73a504971]::future::future::Future<Output = ()>>>>
[INFO] [stdout]   14:     0x644b03e5d180 - tokio[5a21b77405ef3207]::runtime::context::runtime::enter_runtime::<<tokio[5a21b77405ef3207]::runtime::scheduler::current_thread::CurrentThread>::block_on<core[a373ad73a504971]::pin::Pin<&mut dyn core[a373ad73a504971]::future::future::Future<Output = ()>>>::{closure#0}, ()>
[INFO] [stdout]   15:     0x644b03e5c03b - <tokio[5a21b77405ef3207]::runtime::runtime::Runtime>::block_on::<core[a373ad73a504971]::pin::Pin<&mut dyn core[a373ad73a504971]::future::future::Future<Output = ()>>>
[INFO] [stdout]   16:     0x644b03e5745f - <tenor[2541377110be0271]::tests::categories::{closure#0} as core[a373ad73a504971]::ops::function::FnOnce<()>>::call_once
[INFO] [stdout]   17:     0x644b03e6712b - test[aada8e7e76ba119b]::__rust_begin_short_backtrace::<core[a373ad73a504971]::result::Result<(), alloc[2e1b2a31b91974c5]::string::String>, fn() -> core[a373ad73a504971]::result::Result<(), alloc[2e1b2a31b91974c5]::string::String>>
[INFO] [stdout]   18:     0x644b03e74305 - test[aada8e7e76ba119b]::run_test::{closure#0}
[INFO] [stdout]   19:     0x644b03e6dbf4 - std[617be2ca0a6fd877]::sys::backtrace::__rust_begin_short_backtrace::<test[aada8e7e76ba119b]::run_test::{closure#1}, ()>
[INFO] [stdout]   20:     0x644b03e77392 - <std[617be2ca0a6fd877]::thread::lifecycle::spawn_unchecked<test[aada8e7e76ba119b]::run_test::{closure#1}, ()>::{closure#1} as core[a373ad73a504971]::ops::function::FnOnce<()>>::call_once::{shim:vtable#0}
[INFO] [stdout]   21:     0x644b0401bd3f - <std[617be2ca0a6fd877]::sys::thread::unix::Thread>::new::thread_start
[INFO] [stdout]   22:     0x794cc6771dfa - <unknown>
[INFO] [stdout]   23:     0x794cc68053d4 - clone
[INFO] [stdout]   24:                0x0 - <unknown>
[INFO] [stdout] 
[INFO] [stdout] ---- tests::search stdout ----
[INFO] [stdout] 
[INFO] [stdout] thread 'tests::search' (2180) panicked at src/tests.rs:38:29:
[INFO] [stdout] Failed to find env file: NotPresent
[INFO] [stdout] stack backtrace:
[INFO] [stdout]    0:     0x644b0401c891 - <<std[617be2ca0a6fd877]::sys::backtrace::BacktraceLock>::print::DisplayBacktrace as core[a373ad73a504971]::fmt::Display>::fmt
[INFO] [stdout]    1:     0x644b0403410a - core[a373ad73a504971]::fmt::write
[INFO] [stdout]    2:     0x644b0402110c - <alloc[2e1b2a31b91974c5]::vec::Vec<u8> as core[a373ad73a504971]::io::write::Write>::write_fmt
[INFO] [stdout]    3:     0x644b03ff7816 - std[617be2ca0a6fd877]::panicking::default_hook::{closure#0}
[INFO] [stdout]    4:     0x644b04014779 - std[617be2ca0a6fd877]::panicking::default_hook
[INFO] [stdout]    5:     0x644b03e73ce0 - test[aada8e7e76ba119b]::test_main_inner::{closure#0}
[INFO] [stdout]    6:     0x644b04014aa2 - std[617be2ca0a6fd877]::panicking::panic_with_hook
[INFO] [stdout]    7:     0x644b03ff78c2 - std[617be2ca0a6fd877]::panicking::panic_handler::{closure#0}
[INFO] [stdout]    8:     0x644b03ff02b9 - std[617be2ca0a6fd877]::sys::backtrace::__rust_end_short_backtrace::<std[617be2ca0a6fd877]::panicking::panic_handler::{closure#0}, !>
[INFO] [stdout]    9:     0x644b03ff875d - __rustc[ea4f61d10b84890b]::rust_begin_unwind
[INFO] [stdout]   10:     0x644b0403486c - core[a373ad73a504971]::panicking::panic_fmt
[INFO] [stdout]   11:     0x644b04034642 - core[a373ad73a504971]::result::unwrap_failed
[INFO] [stdout]   12:     0x644b03e559ad - tenor[2541377110be0271]::tests::search::{closure#0}
[INFO] [stdout]   13:     0x644b03e5ef2c - <tokio[5a21b77405ef3207]::runtime::scheduler::current_thread::CoreGuard>::block_on::<core[a373ad73a504971]::pin::Pin<&mut core[a373ad73a504971]::pin::Pin<&mut dyn core[a373ad73a504971]::future::future::Future<Output = ()>>>>
[INFO] [stdout]   14:     0x644b03e5d180 - tokio[5a21b77405ef3207]::runtime::context::runtime::enter_runtime::<<tokio[5a21b77405ef3207]::runtime::scheduler::current_thread::CurrentThread>::block_on<core[a373ad73a504971]::pin::Pin<&mut dyn core[a373ad73a504971]::future::future::Future<Output = ()>>>::{closure#0}, ()>
[INFO] [stdout]   15:     0x644b03e5c03b - <tokio[5a21b77405ef3207]::runtime::runtime::Runtime>::block_on::<core[a373ad73a504971]::pin::Pin<&mut dyn core[a373ad73a504971]::future::future::Future<Output = ()>>>
[INFO] [stdout]   16:     0x644b03e5780f - <tenor[2541377110be0271]::tests::search::{closure#0} as core[a373ad73a504971]::ops::function::FnOnce<()>>::call_once
[INFO] [stdout]   17:     0x644b03e6712b - test[aada8e7e76ba119b]::__rust_begin_short_backtrace::<core[a373ad73a504971]::result::Result<(), alloc[2e1b2a31b91974c5]::string::String>, fn() -> core[a373ad73a504971]::result::Result<(), alloc[2e1b2a31b91974c5]::string::String>>
[INFO] [stdout]   18:     0x644b03e74305 - test[aada8e7e76ba119b]::run_test::{closure#0}
[INFO] [stdout]   19:     0x644b03e6dbf4 - std[617be2ca0a6fd877]::sys::backtrace::__rust_begin_short_backtrace::<test[aada8e7e76ba119b]::run_test::{closure#1}, ()>
[INFO] [stdout]   20:     0x644b03e77392 - <std[617be2ca0a6fd877]::thread::lifecycle::spawn_unchecked<test[aada8e7e76ba119b]::run_test::{closure#1}, ()>::{closure#1} as core[a373ad73a504971]::ops::function::FnOnce<()>>::call_once::{shim:vtable#0}
[INFO] [stdout]   21:     0x644b0401bd3f - <std[617be2ca0a6fd877]::sys::thread::unix::Thread>::new::thread_start
[INFO] [stdout]   22:     0x794cc6771dfa - <unknown>
[INFO] [stdout]   23:     0x794cc68053d4 - clone
[INFO] [stdout]   24:                0x0 - <unknown>
[INFO] [stdout] 
[INFO] [stdout] ---- tests::trending stdout ----
[INFO] [stdout] 
[INFO] [stdout] thread 'tests::trending' (2182) panicked at src/tests.rs:76:29:
[INFO] [stdout] Failed to find env file: NotPresent
[INFO] [stdout] stack backtrace:
[INFO] [stdout]    0:     0x644b0401c891 - <<std[617be2ca0a6fd877]::sys::backtrace::BacktraceLock>::print::DisplayBacktrace as core[a373ad73a504971]::fmt::Display>::fmt
[INFO] [stdout]    1:     0x644b0403410a - core[a373ad73a504971]::fmt::write
[INFO] [stdout]    2:     0x644b0402110c - <alloc[2e1b2a31b91974c5]::vec::Vec<u8> as core[a373ad73a504971]::io::write::Write>::write_fmt
[INFO] [stdout]    3:     0x644b03ff7816 - std[617be2ca0a6fd877]::panicking::default_hook::{closure#0}
[INFO] [stdout]    4:     0x644b04014779 - std[617be2ca0a6fd877]::panicking::default_hook
[INFO] [stdout]    5:     0x644b03e73ce0 - test[aada8e7e76ba119b]::test_main_inner::{closure#0}
[INFO] [stdout]    6:     0x644b04014aa2 - std[617be2ca0a6fd877]::panicking::panic_with_hook
[INFO] [stdout]    7:     0x644b03ff78c2 - std[617be2ca0a6fd877]::panicking::panic_handler::{closure#0}
[INFO] [stdout]    8:     0x644b03ff02b9 - std[617be2ca0a6fd877]::sys::backtrace::__rust_end_short_backtrace::<std[617be2ca0a6fd877]::panicking::panic_handler::{closure#0}, !>
[INFO] [stdout]    9:     0x644b03ff875d - __rustc[ea4f61d10b84890b]::rust_begin_unwind
[INFO] [stdout]   10:     0x644b0403486c - core[a373ad73a504971]::panicking::panic_fmt
[INFO] [stdout]   11:     0x644b04034642 - core[a373ad73a504971]::result::unwrap_failed
[INFO] [stdout]   12:     0x644b03e56e6c - tenor[2541377110be0271]::tests::trending::{closure#0}
[INFO] [stdout]   13:     0x644b03e5ef2c - <tokio[5a21b77405ef3207]::runtime::scheduler::current_thread::CoreGuard>::block_on::<core[a373ad73a504971]::pin::Pin<&mut core[a373ad73a504971]::pin::Pin<&mut dyn core[a373ad73a504971]::future::future::Future<Output = ()>>>>
[INFO] [stdout]   14:     0x644b03e5d180 - tokio[5a21b77405ef3207]::runtime::context::runtime::enter_runtime::<<tokio[5a21b77405ef3207]::runtime::scheduler::current_thread::CurrentThread>::block_on<core[a373ad73a504971]::pin::Pin<&mut dyn core[a373ad73a504971]::future::future::Future<Output = ()>>>::{closure#0}, ()>
[INFO] [stdout]   15:     0x644b03e5c03b - <tokio[5a21b77405ef3207]::runtime::runtime::Runtime>::block_on::<core[a373ad73a504971]::pin::Pin<&mut dyn core[a373ad73a504971]::future::future::Future<Output = ()>>>
[INFO] [stdout]   16:     0x644b03e57c0f - <tenor[2541377110be0271]::tests::trending::{closure#0} as core[a373ad73a504971]::ops::function::FnOnce<()>>::call_once
[INFO] [stdout]   17:     0x644b03e6712b - test[aada8e7e76ba119b]::__rust_begin_short_backtrace::<core[a373ad73a504971]::result::Result<(), alloc[2e1b2a31b91974c5]::string::String>, fn() -> core[a373ad73a504971]::result::Result<(), alloc[2e1b2a31b91974c5]::string::String>>
[INFO] [stdout]   18:     0x644b03e74305 - test[aada8e7e76ba119b]::run_test::{closure#0}
[INFO] [stdout]   19:     0x644b03e6dbf4 - std[617be2ca0a6fd877]::sys::backtrace::__rust_begin_short_backtrace::<test[aada8e7e76ba119b]::run_test::{closure#1}, ()>
[INFO] [stdout]   20:     0x644b03e77392 - <std[617be2ca0a6fd877]::thread::lifecycle::spawn_unchecked<test[aada8e7e76ba119b]::run_test::{closure#1}, ()>::{closure#1} as core[a373ad73a504971]::ops::function::FnOnce<()>>::call_once::{shim:vtable#0}
[INFO] [stdout]   21:     0x644b0401bd3f - <std[617be2ca0a6fd877]::sys::thread::unix::Thread>::new::thread_start
[INFO] [stdout]   22:     0x794cc6771dfa - <unknown>
[INFO] [stdout]   23:     0x794cc68053d4 - clone
[INFO] [stdout]   24:                0x0 - <unknown>
[INFO] [stdout] 
[INFO] [stdout] ---- tests::featured stdout ----
[INFO] [stdout] 
[INFO] [stdout] thread 'tests::featured' (2179) panicked at src/tests.rs:25:29:
[INFO] [stdout] Failed to find env file: NotPresent
[INFO] [stdout] stack backtrace:
[INFO] [stdout]    0:     0x644b0401c891 - <<std[617be2ca0a6fd877]::sys::backtrace::BacktraceLock>::print::DisplayBacktrace as core[a373ad73a504971]::fmt::Display>::fmt
[INFO] [stdout]    1:     0x644b0403410a - core[a373ad73a504971]::fmt::write
[INFO] [stdout]    2:     0x644b0402110c - <alloc[2e1b2a31b91974c5]::vec::Vec<u8> as core[a373ad73a504971]::io::write::Write>::write_fmt
[INFO] [stdout]    3:     0x644b03ff7816 - std[617be2ca0a6fd877]::panicking::default_hook::{closure#0}
[INFO] [stdout]    4:     0x644b04014779 - std[617be2ca0a6fd877]::panicking::default_hook
[INFO] [stdout]    5:     0x644b03e73ce0 - test[aada8e7e76ba119b]::test_main_inner::{closure#0}
[INFO] [stdout]    6:     0x644b04014aa2 - std[617be2ca0a6fd877]::panicking::panic_with_hook
[INFO] [stdout]    7:     0x644b03ff78c2 - std[617be2ca0a6fd877]::panicking::panic_handler::{closure#0}
[INFO] [stdout]    8:     0x644b03ff02b9 - std[617be2ca0a6fd877]::sys::backtrace::__rust_end_short_backtrace::<std[617be2ca0a6fd877]::panicking::panic_handler::{closure#0}, !>
[INFO] [stdout]    9:     0x644b03ff875d - __rustc[ea4f61d10b84890b]::rust_begin_unwind
[INFO] [stdout]   10:     0x644b0403486c - core[a373ad73a504971]::panicking::panic_fmt
[INFO] [stdout]   11:     0x644b04034642 - core[a373ad73a504971]::result::unwrap_failed
[INFO] [stdout]   12:     0x644b03e5632c - tenor[2541377110be0271]::tests::featured::{closure#0}
[INFO] [stdout]   13:     0x644b03e5ef2c - <tokio[5a21b77405ef3207]::runtime::scheduler::current_thread::CoreGuard>::block_on::<core[a373ad73a504971]::pin::Pin<&mut core[a373ad73a504971]::pin::Pin<&mut dyn core[a373ad73a504971]::future::future::Future<Output = ()>>>>
[INFO] [stdout]   14:     0x644b03e5d180 - tokio[5a21b77405ef3207]::runtime::context::runtime::enter_runtime::<<tokio[5a21b77405ef3207]::runtime::scheduler::current_thread::CurrentThread>::block_on<core[a373ad73a504971]::pin::Pin<&mut dyn core[a373ad73a504971]::future::future::Future<Output = ()>>>::{closure#0}, ()>
[INFO] [stdout]   15:     0x644b03e5c03b - <tokio[5a21b77405ef3207]::runtime::runtime::Runtime>::block_on::<core[a373ad73a504971]::pin::Pin<&mut dyn core[a373ad73a504971]::future::future::Future<Output = ()>>>
[INFO] [stdout]   16:     0x644b03e57a0f - <tenor[2541377110be0271]::tests::featured::{closure#0} as core[a373ad73a504971]::ops::function::FnOnce<()>>::call_once
[INFO] [stdout]   17:     0x644b03e6712b - test[aada8e7e76ba119b]::__rust_begin_short_backtrace::<core[a373ad73a504971]::result::Result<(), alloc[2e1b2a31b91974c5]::string::String>, fn() -> core[a373ad73a504971]::result::Result<(), alloc[2e1b2a31b91974c5]::string::String>>
[INFO] [stdout]   18:     0x644b03e74305 - test[aada8e7e76ba119b]::run_test::{closure#0}
[INFO] [stdout]   19:     0x644b03e6dbf4 - std[617be2ca0a6fd877]::sys::backtrace::__rust_begin_short_backtrace::<test[aada8e7e76ba119b]::run_test::{closure#1}, ()>
[INFO] [stdout]   20:     0x644b03e77392 - <std[617be2ca0a6fd877]::thread::lifecycle::spawn_unchecked<test[aada8e7e76ba119b]::run_test::{closure#1}, ()>::{closure#1} as core[a373ad73a504971]::ops::function::FnOnce<()>>::call_once::{shim:vtable#0}
[INFO] [stdout]   21:     0x644b0401bd3f - <std[617be2ca0a6fd877]::sys::thread::unix::Thread>::new::thread_start
[INFO] [stdout]   22:     0x794cc6771dfa - <unknown>
[INFO] [stdout]   23:     0x794cc68053d4 - clone
[INFO] [stdout]   24:                0x0 - <unknown>
[INFO] [stdout] 
[INFO] [stdout] ---- tests::search_parameters stdout ----
[INFO] [stdout] 
[INFO] [stdout] thread 'tests::search_parameters' (2181) panicked at src/tests.rs:51:29:
[INFO] [stdout] Failed to find env file: NotPresent
[INFO] [stdout] stack backtrace:
[INFO] [stdout]    0:     0x644b0401c891 - <<std[617be2ca0a6fd877]::sys::backtrace::BacktraceLock>::print::DisplayBacktrace as core[a373ad73a504971]::fmt::Display>::fmt
[INFO] [stdout]    1:     0x644b0403410a - core[a373ad73a504971]::fmt::write
[INFO] [stdout]    2:     0x644b0402110c - <alloc[2e1b2a31b91974c5]::vec::Vec<u8> as core[a373ad73a504971]::io::write::Write>::write_fmt
[INFO] [stdout]    3:     0x644b03ff7816 - std[617be2ca0a6fd877]::panicking::default_hook::{closure#0}
[INFO] [stdout]    4:     0x644b04014779 - std[617be2ca0a6fd877]::panicking::default_hook
[INFO] [stdout]    5:     0x644b03e73ce0 - test[aada8e7e76ba119b]::test_main_inner::{closure#0}
[INFO] [stdout]    6:     0x644b04014aa2 - std[617be2ca0a6fd877]::panicking::panic_with_hook
[INFO] [stdout]    7:     0x644b03ff78c2 - std[617be2ca0a6fd877]::panicking::panic_handler::{closure#0}
[INFO] [stdout]    8:     0x644b03ff02b9 - std[617be2ca0a6fd877]::sys::backtrace::__rust_end_short_backtrace::<std[617be2ca0a6fd877]::panicking::panic_handler::{closure#0}, !>
[INFO] [stdout]    9:     0x644b03ff875d - __rustc[ea4f61d10b84890b]::rust_begin_unwind
[INFO] [stdout]   10:     0x644b0403486c - core[a373ad73a504971]::panicking::panic_fmt
[INFO] [stdout]   11:     0x644b04034642 - core[a373ad73a504971]::result::unwrap_failed
[INFO] [stdout]   12:     0x644b03e5517e - tenor[2541377110be0271]::tests::search_parameters::{closure#0}
[INFO] [stdout]   13:     0x644b03e5ef2c - <tokio[5a21b77405ef3207]::runtime::scheduler::current_thread::CoreGuard>::block_on::<core[a373ad73a504971]::pin::Pin<&mut core[a373ad73a504971]::pin::Pin<&mut dyn core[a373ad73a504971]::future::future::Future<Output = ()>>>>
[INFO] [stdout]   14:     0x644b03e5d180 - tokio[5a21b77405ef3207]::runtime::context::runtime::enter_runtime::<<tokio[5a21b77405ef3207]::runtime::scheduler::current_thread::CurrentThread>::block_on<core[a373ad73a504971]::pin::Pin<&mut dyn core[a373ad73a504971]::future::future::Future<Output = ()>>>::{closure#0}, ()>
[INFO] [stdout]   15:     0x644b03e5c03b - <tokio[5a21b77405ef3207]::runtime::runtime::Runtime>::block_on::<core[a373ad73a504971]::pin::Pin<&mut dyn core[a373ad73a504971]::future::future::Future<Output = ()>>>
[INFO] [stdout]   16:     0x644b03e5765f - <tenor[2541377110be0271]::tests::search_parameters::{closure#0} as core[a373ad73a504971]::ops::function::FnOnce<()>>::call_once
[INFO] [stdout]   17:     0x644b03e6712b - test[aada8e7e76ba119b]::__rust_begin_short_backtrace::<core[a373ad73a504971]::result::Result<(), alloc[2e1b2a31b91974c5]::string::String>, fn() -> core[a373ad73a504971]::result::Result<(), alloc[2e1b2a31b91974c5]::string::String>>
[INFO] [stdout]   18:     0x644b03e74305 - test[aada8e7e76ba119b]::run_test::{closure#0}
[INFO] [stdout]   19:     0x644b03e6dbf4 - std[617be2ca0a6fd877]::sys::backtrace::__rust_begin_short_backtrace::<test[aada8e7e76ba119b]::run_test::{closure#1}, ()>
[INFO] [stdout]   20:     0x644b03e77392 - <std[617be2ca0a6fd877]::thread::lifecycle::spawn_unchecked<test[aada8e7e76ba119b]::run_test::{closure#1}, ()>::{closure#1} as core[a373ad73a504971]::ops::function::FnOnce<()>>::call_once::{shim:vtable#0}
[INFO] [stdout]   21:     0x644b0401bd3f - <std[617be2ca0a6fd877]::sys::thread::unix::Thread>::new::thread_start
[INFO] [stdout]   22:     0x794cc6771dfa - <unknown>
[INFO] [stdout]   23:     0x794cc68053d4 - clone
[INFO] [stdout]   24:                0x0 - <unknown>
[INFO] [stdout] 
[INFO] [stdout] 
[INFO] [stdout] failures:
[INFO] [stdout]     tests::categories
[INFO] [stdout]     tests::featured
[INFO] [stdout]     tests::search
[INFO] [stdout]     tests::search_parameters
[INFO] [stdout]     tests::trending
[INFO] [stdout] 
[INFO] [stdout] test result: FAILED. 0 passed; 5 failed; 0 ignored; 0 measured; 0 filtered out; finished in 0.00s
[INFO] [stdout] 
[INFO] running `Command { std: "docker" "inspect" "92241827b89abf5836a2139a8ac6488084e6323208b940f736311a29fd4d2fc5", kill_on_drop: false }`
[INFO] running `Command { std: "docker" "rm" "-f" "92241827b89abf5836a2139a8ac6488084e6323208b940f736311a29fd4d2fc5", kill_on_drop: false }`
[INFO] [stdout] 92241827b89abf5836a2139a8ac6488084e6323208b940f736311a29fd4d2fc5
