[INFO] fetching crate tenni 0.1.0...
[INFO] testing tenni-0.1.0 against 1.99.0-beta.8+cargoflags=--release for beta-release-1.100-2
[INFO] extracting crate tenni 0.1.0 into /workspace/builds/worker-7-tc1/source
[INFO] started tweaking crates.io crate tenni 0.1.0
[INFO] removed 0 missing tests
[INFO] finished tweaking crates.io crate tenni 0.1.0
[INFO] tweaked toml for crates.io crate tenni 0.1.0 written to /workspace/builds/worker-7-tc1/source/Cargo.toml
[INFO] validating manifest of crates.io crate tenni 0.1.0 on toolchain 1.99.0-beta.8
[INFO] running `Command { std: CARGO_HOME="/workspace/cargo-home" RUSTUP_HOME="/workspace/rustup-home" "/workspace/cargo-home/bin/cargo" "+1.99.0-beta.8" "metadata" "--manifest-path" "Cargo.toml" "--no-deps", kill_on_drop: false }`
[INFO] crate crates.io crate tenni 0.1.0 already has a lockfile, it will not be regenerated
[INFO] running `Command { std: CARGO_HOME="/workspace/cargo-home" RUSTUP_HOME="/workspace/rustup-home" "/workspace/cargo-home/bin/cargo" "+1.99.0-beta.8" "fetch" "--manifest-path" "Cargo.toml", kill_on_drop: false }`
[INFO] [stderr] warning: Cargo.toml: only one of `license` or `license-file` is necessary
[INFO] [stderr] `license` should be used if the package license can be expressed with a standard SPDX expression.
[INFO] [stderr] `license-file` should be used if the package uses a non-standard license.
[INFO] [stderr] See https://doc.rust-lang.org/cargo/reference/manifest.html#the-license-and-license-file-fields for more information.
[INFO] [stderr] warning: `tenni` (manifest) generated 1 warning
[INFO] [stderr]     Updating crates.io index
[INFO] [stderr]  Downloading crates ...
[INFO] [stderr]   Downloaded serde_spanned v1.1.1
[INFO] [stderr]   Downloaded toml_writer v1.1.2+spec-1.1.0
[INFO] [stderr]   Downloaded shellexpand v3.1.2
[INFO] [stderr]   Downloaded libredox v0.1.21
[INFO] [stderr]   Downloaded clap_derive v4.6.4
[INFO] [stderr]   Downloaded toml v1.1.4+spec-1.1.0
[INFO] [stderr]   Downloaded clap v4.6.6
[INFO] [stderr]   Downloaded clap_builder v4.6.6
[INFO] [stderr]   Downloaded syn v3.0.4
[INFO] running `Command { std: "docker" "create" "-v" "/var/lib/crater-agent-workspace/builds/worker-7-tc1/source:/opt/rustwide/workdir:ro,Z" "-v" "/var/lib/crater-agent-workspace/builds/worker-7-tc1/target:/opt/rustwide/target:rw,Z" "-v" "/var/lib/crater-agent-workspace/cargo-home:/opt/rustwide/cargo-home:ro,Z" "-v" "/var/lib/crater-agent-workspace/rustup-home:/opt/rustwide/rustup-home:ro,Z" "-m" "1610612736" "--network" "none" "ghcr.io/rust-lang/crates-build-env/linux@sha256:77db811e55d90add9212f6832c23229e3de5f1c1f9905e8cb07319ea15df73ac" "sleep" "infinity", kill_on_drop: false }`
[INFO] [stdout] 1529229f033c0b9e832bb2e0029f169dc2b4b61a3a6f9b69693352d8a88ba4d6
[INFO] running `Command { std: "docker" "start" "1529229f033c0b9e832bb2e0029f169dc2b4b61a3a6f9b69693352d8a88ba4d6", kill_on_drop: false }`
[INFO] running `Command { std: "docker" "inspect" "1529229f033c0b9e832bb2e0029f169dc2b4b61a3a6f9b69693352d8a88ba4d6", kill_on_drop: false }`
[INFO] running `Command { std: "docker" "exec" "-e" "SOURCE_DIR=/opt/rustwide/workdir" "-e" "CARGO_HOME=/opt/rustwide/cargo-home" "-e" "RUSTUP_HOME=/opt/rustwide/rustup-home" "-e" "CARGO_TARGET_DIR=/opt/rustwide/target" "-w" "/opt/rustwide/workdir" "--user" "0:0" "1529229f033c0b9e832bb2e0029f169dc2b4b61a3a6f9b69693352d8a88ba4d6" "/opt/rustwide/cargo-home/bin/cargo" "+1.99.0-beta.8" "metadata" "--no-deps" "--format-version=1", kill_on_drop: false }`
[INFO] running `Command { std: "docker" "inspect" "1529229f033c0b9e832bb2e0029f169dc2b4b61a3a6f9b69693352d8a88ba4d6", kill_on_drop: false }`
[INFO] running `Command { std: "docker" "exec" "-e" "SOURCE_DIR=/opt/rustwide/workdir" "-e" "CARGO_HOME=/opt/rustwide/cargo-home" "-e" "RUSTUP_HOME=/opt/rustwide/rustup-home" "-e" "CARGO_TARGET_DIR=/opt/rustwide/target" "-e" "CARGO_INCREMENTAL=0" "-e" "RUST_BACKTRACE=full" "-e" "RUSTFLAGS=--cap-lints=warn" "-e" "RUSTDOCFLAGS=--cap-lints=warn" "-w" "/opt/rustwide/workdir" "--user" "0:0" "1529229f033c0b9e832bb2e0029f169dc2b4b61a3a6f9b69693352d8a88ba4d6" "/opt/rustwide/cargo-home/bin/cargo" "+1.99.0-beta.8" "build" "--frozen" "--message-format=json" "--release", kill_on_drop: false }`
[INFO] [stderr] warning: Cargo.toml: only one of `license` or `license-file` is necessary
[INFO] [stderr] `license` should be used if the package license can be expressed with a standard SPDX expression.
[INFO] [stderr] `license-file` should be used if the package uses a non-standard license.
[INFO] [stderr] See https://doc.rust-lang.org/cargo/reference/manifest.html#the-license-and-license-file-fields for more information.
[INFO] [stderr] warning: `tenni` (manifest) generated 1 warning
[INFO] [stderr]    Compiling proc-macro2 v1.0.107
[INFO] [stderr]    Compiling unicode-ident v1.0.24
[INFO] [stderr]    Compiling quote v1.0.47
[INFO] [stderr]    Compiling serde_core v1.0.229
[INFO] [stderr]    Compiling libc v0.2.189
[INFO] [stderr]    Compiling utf8parse v0.2.2
[INFO] [stderr]    Compiling anstyle v1.0.14
[INFO] [stderr]    Compiling is_terminal_polyfill v1.70.2
[INFO] [stderr]    Compiling colorchoice v1.0.5
[INFO] [stderr]    Compiling anstyle-parse v1.0.0
[INFO] [stderr]    Compiling anstyle-query v1.1.5
[INFO] [stderr]    Compiling option-ext v0.2.0
[INFO] [stderr]    Compiling memchr v2.8.3
[INFO] [stderr]    Compiling serde v1.0.229
[INFO] [stderr]    Compiling anstream v1.0.0
[INFO] [stderr]    Compiling winnow v1.0.4
[INFO] [stderr]    Compiling heck v0.5.0
[INFO] [stderr]    Compiling strsim v0.11.1
[INFO] [stderr]    Compiling clap_lex v1.1.0
[INFO] [stderr]    Compiling anyhow v1.0.104
[INFO] [stderr]    Compiling regex-syntax v0.8.11
[INFO] [stderr]    Compiling toml_parser v1.1.3+spec-1.1.0
[INFO] [stderr]    Compiling clap_builder v4.6.6
[INFO] [stderr]    Compiling aho-corasick v1.1.5
[INFO] [stderr]    Compiling syn v3.0.4
[INFO] [stderr]    Compiling toml_writer v1.1.2+spec-1.1.0
[INFO] [stderr]    Compiling dirs-sys v0.5.0
[INFO] [stderr]    Compiling dirs v6.0.0
[INFO] [stderr]    Compiling glob v0.3.4
[INFO] [stderr]    Compiling shellexpand v3.1.2
[INFO] [stderr]    Compiling regex-automata v0.4.18
[INFO] [stderr]    Compiling serde_spanned v1.1.1
[INFO] [stderr]    Compiling toml_datetime v1.1.1+spec-1.1.0
[INFO] [stderr]    Compiling toml v1.1.4+spec-1.1.0
[INFO] [stderr]    Compiling serde_derive v1.0.229
[INFO] [stderr]    Compiling clap_derive v4.6.4
[INFO] [stderr]    Compiling regex v1.13.1
[INFO] [stderr]    Compiling clap v4.6.6
[INFO] [stderr]    Compiling tenni v0.1.0 (/opt/rustwide/workdir)
[INFO] [stderr]     Finished `release` profile [optimized] target(s) in 1m 01s
[INFO] running `Command { std: "docker" "inspect" "1529229f033c0b9e832bb2e0029f169dc2b4b61a3a6f9b69693352d8a88ba4d6", kill_on_drop: false }`
[INFO] running `Command { std: "docker" "exec" "-e" "SOURCE_DIR=/opt/rustwide/workdir" "-e" "CARGO_HOME=/opt/rustwide/cargo-home" "-e" "RUSTUP_HOME=/opt/rustwide/rustup-home" "-e" "CARGO_TARGET_DIR=/opt/rustwide/target" "-e" "CARGO_INCREMENTAL=0" "-e" "RUST_BACKTRACE=full" "-e" "RUSTFLAGS=--cap-lints=warn" "-e" "RUSTDOCFLAGS=--cap-lints=warn" "-w" "/opt/rustwide/workdir" "--user" "0:0" "1529229f033c0b9e832bb2e0029f169dc2b4b61a3a6f9b69693352d8a88ba4d6" "/opt/rustwide/cargo-home/bin/cargo" "+1.99.0-beta.8" "test" "--frozen" "--no-run" "--message-format=json" "--release", kill_on_drop: false }`
[INFO] [stderr] warning: Cargo.toml: only one of `license` or `license-file` is necessary
[INFO] [stderr] `license` should be used if the package license can be expressed with a standard SPDX expression.
[INFO] [stderr] `license-file` should be used if the package uses a non-standard license.
[INFO] [stderr] See https://doc.rust-lang.org/cargo/reference/manifest.html#the-license-and-license-file-fields for more information.
[INFO] [stderr] warning: `tenni` (manifest) generated 1 warning
[INFO] [stderr]    Compiling serde_core v1.0.229
[INFO] [stderr]    Compiling utf8parse v0.2.2
[INFO] [stderr]    Compiling libc v0.2.189
[INFO] [stderr]    Compiling anstyle v1.0.14
[INFO] [stderr]    Compiling is_terminal_polyfill v1.70.2
[INFO] [stderr]    Compiling colorchoice v1.0.5
[INFO] [stderr]    Compiling anstyle-query v1.1.5
[INFO] [stderr]    Compiling memchr v2.8.3
[INFO] [stderr]    Compiling option-ext v0.2.0
[INFO] [stderr]    Compiling winnow v1.0.4
[INFO] [stderr]    Compiling strsim v0.11.1
[INFO] [stderr]    Compiling anstyle-parse v1.0.0
[INFO] [stderr]    Compiling clap_lex v1.1.0
[INFO] [stderr]    Compiling regex-syntax v0.8.11
[INFO] [stderr]    Compiling anstream v1.0.0
[INFO] [stderr]    Compiling aho-corasick v1.1.5
[INFO] [stderr]    Compiling toml_writer v1.1.2+spec-1.1.0
[INFO] [stderr]    Compiling clap_builder v4.6.6
[INFO] [stderr]    Compiling toml_parser v1.1.3+spec-1.1.0
[INFO] [stderr]    Compiling anyhow v1.0.104
[INFO] [stderr]    Compiling glob v0.3.4
[INFO] [stderr]    Compiling dirs-sys v0.5.0
[INFO] [stderr]    Compiling dirs v6.0.0
[INFO] [stderr]    Compiling shellexpand v3.1.2
[INFO] [stderr]    Compiling regex-automata v0.4.18
[INFO] [stderr]    Compiling clap v4.6.6
[INFO] [stderr]    Compiling toml_datetime v1.1.1+spec-1.1.0
[INFO] [stderr]    Compiling serde_spanned v1.1.1
[INFO] [stderr]    Compiling serde v1.0.229
[INFO] [stderr]    Compiling toml v1.1.4+spec-1.1.0
[INFO] [stderr]    Compiling regex v1.13.1
[INFO] [stderr]    Compiling tenni v0.1.0 (/opt/rustwide/workdir)
[INFO] [stderr]     Finished `release` profile [optimized] target(s) in 55.55s
[INFO] running `Command { std: "docker" "inspect" "1529229f033c0b9e832bb2e0029f169dc2b4b61a3a6f9b69693352d8a88ba4d6", kill_on_drop: false }`
[INFO] running `Command { std: "docker" "exec" "-e" "SOURCE_DIR=/opt/rustwide/workdir" "-e" "CARGO_HOME=/opt/rustwide/cargo-home" "-e" "RUSTUP_HOME=/opt/rustwide/rustup-home" "-e" "CARGO_TARGET_DIR=/opt/rustwide/target" "-e" "CARGO_INCREMENTAL=0" "-e" "RUST_BACKTRACE=full" "-e" "RUSTFLAGS=--cap-lints=warn" "-e" "RUSTDOCFLAGS=--cap-lints=warn" "-w" "/opt/rustwide/workdir" "--user" "0:0" "1529229f033c0b9e832bb2e0029f169dc2b4b61a3a6f9b69693352d8a88ba4d6" "/opt/rustwide/cargo-home/bin/cargo" "+1.99.0-beta.8" "test" "--frozen" "--release", kill_on_drop: false }`
[INFO] [stderr] warning: Cargo.toml: only one of `license` or `license-file` is necessary
[INFO] [stderr] `license` should be used if the package license can be expressed with a standard SPDX expression.
[INFO] [stderr] `license-file` should be used if the package uses a non-standard license.
[INFO] [stderr] See https://doc.rust-lang.org/cargo/reference/manifest.html#the-license-and-license-file-fields for more information.
[INFO] [stderr] warning: `tenni` (manifest) generated 1 warning
[INFO] [stderr]     Finished `release` profile [optimized] target(s) in 0.13s
[INFO] [stderr]      Running unittests src/main.rs (/opt/rustwide/target/release/deps/tnn-6f07295e163bc5fb)
[INFO] [stdout] 
[INFO] [stdout] running 0 tests
[INFO] [stdout] 
[INFO] [stdout] test result: ok. 0 passed; 0 failed; 0 ignored; 0 measured; 0 filtered out; finished in 0.00s
[INFO] [stdout] 
[INFO] [stderr]      Running tests/test.rs (/opt/rustwide/target/release/deps/test-604d5bcb40800242)
[INFO] [stdout] 
[INFO] [stdout] running 3 tests
[INFO] [stdout] test test_match_and_move_flow ... FAILED
[INFO] [stdout] test test_glob_in_from_and_specific_rule_selection ... FAILED
[INFO] [stdout] test test_skip_already_existing_file ... FAILED
[INFO] [stdout] 
[INFO] [stdout] failures:
[INFO] [stdout] 
[INFO] [stdout] ---- test_match_and_move_flow stdout ----
[INFO] [stdout] 
[INFO] [stdout] thread 'test_match_and_move_flow' (880) panicked at tests/test.rs:13:36:
[INFO] [stdout] called `Result::unwrap()` on an `Err` value: Os { code: 30, kind: ReadOnlyFilesystem, message: "Read-only file system" }
[INFO] [stdout] stack backtrace:
[INFO] [stdout]    0:     0x5cad629a9fb7 - <unknown>
[INFO] [stdout]    1:     0x5cad629942b4 - <unknown>
[INFO] [stdout]    2:     0x5cad629a957b - <unknown>
[INFO] [stdout]    3:     0x5cad629a9179 - <unknown>
[INFO] [stdout]    4:     0x5cad629a8dfa - <unknown>
[INFO] [stdout]    5:     0x5cad629a8933 - <unknown>
[INFO] [stdout]    6:     0x5cad629ceba1 - <unknown>
[INFO] [stdout]    7:     0x5cad629ceb59 - <unknown>
[INFO] [stdout]    8:     0x5cad629cf05c - <unknown>
[INFO] [stdout]    9:     0x5cad6299414b - <unknown>
[INFO] [stdout]   10:     0x5cad62996d81 - <unknown>
[INFO] [stdout]   11:     0x5cad629910b8 - <unknown>
[INFO] [stdout]   12:     0x5cad629e669b - <unknown>
[INFO] [stdout]   13:     0x5cad629e2b82 - <unknown>
[INFO] [stdout]   14:     0x5cad629e23ac - <unknown>
[INFO] [stdout]   15:     0x5cad629fd0dc - <unknown>
[INFO] [stdout]   16:     0x5cad629d040a - <unknown>
[INFO] [stdout]   17:     0x7c31b8c61dfa - <unknown>
[INFO] [stdout]   18:     0x7c31b8cf53d4 - clone
[INFO] [stdout]   19:                0x0 - <unknown>
[INFO] [stdout] 
[INFO] [stdout] ---- test_glob_in_from_and_specific_rule_selection stdout ----
[INFO] [stdout] 
[INFO] [stdout] thread 'test_glob_in_from_and_specific_rule_selection' (879) panicked at tests/test.rs:82:36:
[INFO] [stdout] called `Result::unwrap()` on an `Err` value: Os { code: 30, kind: ReadOnlyFilesystem, message: "Read-only file system" }
[INFO] [stdout] stack backtrace:
[INFO] [stdout]    0:     0x5cad629a9fb7 - <unknown>
[INFO] [stdout]    1:     0x5cad629942b4 - <unknown>
[INFO] [stdout]    2:     0x5cad629a957b - <unknown>
[INFO] [stdout]    3:     0x5cad629a9179 - <unknown>
[INFO] [stdout]    4:     0x5cad629a8dfa - <unknown>
[INFO] [stdout]    5:     0x5cad629a8933 - <unknown>
[INFO] [stdout]    6:     0x5cad629ceba1 - <unknown>
[INFO] [stdout]    7:     0x5cad629ceb59 - <unknown>
[INFO] [stdout]    8:     0x5cad629cf05c - <unknown>
[INFO] [stdout]    9:     0x5cad6299414b - <unknown>
[INFO] [stdout]   10:     0x5cad62996d81 - <unknown>
[INFO] [stdout]   11:     0x5cad629928e8 - <unknown>
[INFO] [stdout]   12:     0x5cad629e669b - <unknown>
[INFO] [stdout]   13:     0x5cad629e2b82 - <unknown>
[INFO] [stdout]   14:     0x5cad629e23ac - <unknown>
[INFO] [stdout]   15:     0x5cad629fd0dc - <unknown>
[INFO] [stdout]   16:     0x5cad629d040a - <unknown>
[INFO] [stdout]   17:     0x7c31b8c61dfa - <unknown>
[INFO] [stdout]   18:     0x7c31b8cf53d4 - clone
[INFO] [stdout]   19:                0x0 - <unknown>
[INFO] [stdout] 
[INFO] [stdout] ---- test_skip_already_existing_file stdout ----
[INFO] [stdout] 
[INFO] [stdout] thread 'test_skip_already_existing_file' (881) panicked at tests/test.rs:126:36:
[INFO] [stdout] called `Result::unwrap()` on an `Err` value: Os { code: 30, kind: ReadOnlyFilesystem, message: "Read-only file system" }
[INFO] [stdout] stack backtrace:
[INFO] [stdout]    0:     0x5cad629a9fb7 - <unknown>
[INFO] [stdout]    1:     0x5cad629942b4 - <unknown>
[INFO] [stdout]    2:     0x5cad629a957b - <unknown>
[INFO] [stdout]    3:     0x5cad629a9179 - <unknown>
[INFO] [stdout]    4:     0x5cad629a8dfa - <unknown>
[INFO] [stdout]    5:     0x5cad629a8933 - <unknown>
[INFO] [stdout]    6:     0x5cad629ceba1 - <unknown>
[INFO] [stdout]    7:     0x5cad629ceb59 - <unknown>
[INFO] [stdout]    8:     0x5cad629cf05c - <unknown>
[INFO] [stdout]    9:     0x5cad6299414b - <unknown>
[INFO] [stdout]   10:     0x5cad62996d81 - <unknown>
[INFO] [stdout]   11:     0x5cad62992053 - <unknown>
[INFO] [stdout]   12:     0x5cad629e669b - <unknown>
[INFO] [stdout]   13:     0x5cad629e2b82 - <unknown>
[INFO] [stdout]   14:     0x5cad629e23ac - <unknown>
[INFO] [stdout]   15:     0x5cad629fd0dc - <unknown>
[INFO] [stdout]   16:     0x5cad629d040a - <unknown>
[INFO] [stdout]   17:     0x7c31b8c61dfa - <unknown>
[INFO] [stdout]   18:     0x7c31b8cf53d4 - clone
[INFO] [stdout]   19:                0x0 - <unknown>
[INFO] [stdout] 
[INFO] [stdout] 
[INFO] [stdout] failures:
[INFO] [stdout]     test_glob_in_from_and_specific_rule_selection
[INFO] [stdout]     test_match_and_move_flow
[INFO] [stdout]     test_skip_already_existing_file
[INFO] [stdout] 
[INFO] [stdout] test result: FAILED. 0 passed; 3 failed; 0 ignored; 0 measured; 0 filtered out; finished in 0.00s
[INFO] [stdout] 
[INFO] [stderr] error: test failed, to rerun pass `--test test`
[INFO] running `Command { std: "docker" "inspect" "1529229f033c0b9e832bb2e0029f169dc2b4b61a3a6f9b69693352d8a88ba4d6", kill_on_drop: false }`
[INFO] running `Command { std: "docker" "rm" "-f" "1529229f033c0b9e832bb2e0029f169dc2b4b61a3a6f9b69693352d8a88ba4d6", kill_on_drop: false }`
[INFO] [stdout] 1529229f033c0b9e832bb2e0029f169dc2b4b61a3a6f9b69693352d8a88ba4d6
