[INFO] fetching crate temp-dir-builder 0.3.0...
[INFO] testing temp-dir-builder-0.3.0 against 1.100.0-beta.1+cargoflags=--release for beta-release-1.100-2
[INFO] extracting crate temp-dir-builder 0.3.0 into /workspace/builds/worker-2-tc2/source
[INFO] started tweaking crates.io crate temp-dir-builder 0.3.0
[INFO] removed 0 missing examples
[INFO] finished tweaking crates.io crate temp-dir-builder 0.3.0
[INFO] tweaked toml for crates.io crate temp-dir-builder 0.3.0 written to /workspace/builds/worker-2-tc2/source/Cargo.toml
[INFO] validating manifest of crates.io crate temp-dir-builder 0.3.0 on toolchain 1.100.0-beta.1
[INFO] running `Command { std: CARGO_HOME="/workspace/cargo-home" RUSTUP_HOME="/workspace/rustup-home" "/workspace/cargo-home/bin/cargo" "+1.100.0-beta.1" "metadata" "--manifest-path" "Cargo.toml" "--no-deps", kill_on_drop: false }`
[INFO] crate crates.io crate temp-dir-builder 0.3.0 already has a lockfile, it will not be regenerated
[INFO] running `Command { std: CARGO_HOME="/workspace/cargo-home" RUSTUP_HOME="/workspace/rustup-home" "/workspace/cargo-home/bin/cargo" "+1.100.0-beta.1" "fetch" "--manifest-path" "Cargo.toml", kill_on_drop: false }`
[INFO] running `Command { std: "docker" "create" "-v" "/var/lib/crater-agent-workspace/builds/worker-2-tc2/source:/opt/rustwide/workdir:ro,Z" "-v" "/var/lib/crater-agent-workspace/builds/worker-2-tc2/target:/opt/rustwide/target:rw,Z" "-v" "/var/lib/crater-agent-workspace/cargo-home:/opt/rustwide/cargo-home:ro,Z" "-v" "/var/lib/crater-agent-workspace/rustup-home:/opt/rustwide/rustup-home:ro,Z" "-m" "1610612736" "--network" "none" "ghcr.io/rust-lang/crates-build-env/linux@sha256:77db811e55d90add9212f6832c23229e3de5f1c1f9905e8cb07319ea15df73ac" "sleep" "infinity", kill_on_drop: false }`
[INFO] [stdout] ec93b44ca3f630aa6c86ab9addada16d16fe75a99e4c8b1da509719ec5fc990e
[INFO] running `Command { std: "docker" "start" "ec93b44ca3f630aa6c86ab9addada16d16fe75a99e4c8b1da509719ec5fc990e", kill_on_drop: false }`
[INFO] running `Command { std: "docker" "inspect" "ec93b44ca3f630aa6c86ab9addada16d16fe75a99e4c8b1da509719ec5fc990e", kill_on_drop: false }`
[INFO] running `Command { std: "docker" "exec" "-e" "SOURCE_DIR=/opt/rustwide/workdir" "-e" "CARGO_HOME=/opt/rustwide/cargo-home" "-e" "RUSTUP_HOME=/opt/rustwide/rustup-home" "-e" "CARGO_TARGET_DIR=/opt/rustwide/target" "-w" "/opt/rustwide/workdir" "--user" "0:0" "ec93b44ca3f630aa6c86ab9addada16d16fe75a99e4c8b1da509719ec5fc990e" "/opt/rustwide/cargo-home/bin/cargo" "+1.100.0-beta.1" "metadata" "--no-deps" "--format-version=1", kill_on_drop: false }`
[INFO] running `Command { std: "docker" "inspect" "ec93b44ca3f630aa6c86ab9addada16d16fe75a99e4c8b1da509719ec5fc990e", kill_on_drop: false }`
[INFO] running `Command { std: "docker" "exec" "-e" "SOURCE_DIR=/opt/rustwide/workdir" "-e" "CARGO_HOME=/opt/rustwide/cargo-home" "-e" "RUSTUP_HOME=/opt/rustwide/rustup-home" "-e" "CARGO_TARGET_DIR=/opt/rustwide/target" "-e" "CARGO_INCREMENTAL=0" "-e" "RUST_BACKTRACE=full" "-e" "RUSTFLAGS=--cap-lints=warn" "-e" "RUSTDOCFLAGS=--cap-lints=warn" "-w" "/opt/rustwide/workdir" "--user" "0:0" "ec93b44ca3f630aa6c86ab9addada16d16fe75a99e4c8b1da509719ec5fc990e" "/opt/rustwide/cargo-home/bin/cargo" "+1.100.0-beta.1" "build" "--frozen" "--message-format=json" "--release", kill_on_drop: false }`
[INFO] [stderr]    Compiling libc v0.2.189
[INFO] [stderr]    Compiling thiserror v2.0.20
[INFO] [stderr]    Compiling cpufeatures v0.3.1
[INFO] [stderr]    Compiling path-clean v1.0.1
[INFO] [stderr]    Compiling syn v3.0.4
[INFO] [stderr]    Compiling chacha20 v0.10.2
[INFO] [stderr]    Compiling getrandom v0.4.3
[INFO] [stderr]    Compiling rand v0.10.2
[INFO] [stderr]    Compiling thiserror-impl v2.0.20
[INFO] [stderr]    Compiling temp-dir-builder v0.3.0 (/opt/rustwide/workdir)
[INFO] [stderr]     Finished `release` profile [optimized] target(s) in 8.24s
[INFO] running `Command { std: "docker" "inspect" "ec93b44ca3f630aa6c86ab9addada16d16fe75a99e4c8b1da509719ec5fc990e", kill_on_drop: false }`
[INFO] running `Command { std: "docker" "exec" "-e" "SOURCE_DIR=/opt/rustwide/workdir" "-e" "CARGO_HOME=/opt/rustwide/cargo-home" "-e" "RUSTUP_HOME=/opt/rustwide/rustup-home" "-e" "CARGO_TARGET_DIR=/opt/rustwide/target" "-e" "CARGO_INCREMENTAL=0" "-e" "RUST_BACKTRACE=full" "-e" "RUSTFLAGS=--cap-lints=warn" "-e" "RUSTDOCFLAGS=--cap-lints=warn" "-w" "/opt/rustwide/workdir" "--user" "0:0" "ec93b44ca3f630aa6c86ab9addada16d16fe75a99e4c8b1da509719ec5fc990e" "/opt/rustwide/cargo-home/bin/cargo" "+1.100.0-beta.1" "test" "--frozen" "--no-run" "--message-format=json" "--release", kill_on_drop: false }`
[INFO] [stderr]    Compiling temp-dir-builder v0.3.0 (/opt/rustwide/workdir)
[INFO] [stderr]     Finished `release` profile [optimized] target(s) in 2.04s
[INFO] running `Command { std: "docker" "inspect" "ec93b44ca3f630aa6c86ab9addada16d16fe75a99e4c8b1da509719ec5fc990e", kill_on_drop: false }`
[INFO] running `Command { std: "docker" "exec" "-e" "SOURCE_DIR=/opt/rustwide/workdir" "-e" "CARGO_HOME=/opt/rustwide/cargo-home" "-e" "RUSTUP_HOME=/opt/rustwide/rustup-home" "-e" "CARGO_TARGET_DIR=/opt/rustwide/target" "-e" "CARGO_INCREMENTAL=0" "-e" "RUST_BACKTRACE=full" "-e" "RUSTFLAGS=--cap-lints=warn" "-e" "RUSTDOCFLAGS=--cap-lints=warn" "-w" "/opt/rustwide/workdir" "--user" "0:0" "ec93b44ca3f630aa6c86ab9addada16d16fe75a99e4c8b1da509719ec5fc990e" "/opt/rustwide/cargo-home/bin/cargo" "+1.100.0-beta.1" "test" "--frozen" "--release", kill_on_drop: false }`
[INFO] [stderr]     Finished `release` profile [optimized] target(s) in 0.06s
[INFO] [stderr]      Running unittests src/lib.rs (/opt/rustwide/target/release/build/temp-dir-builder/729b0592cc45d5e3/out/temp_dir_builder-729b0592cc45d5e3)
[INFO] [stdout] 
[INFO] [stdout] running 35 tests
[INFO] [stdout] test tests::test_add_directory ... ok
[INFO] [stdout] test tests::test_add_file ... ok
[INFO] [stdout] test tests::test_add_symlink_with_permissions_fails ... ok
[INFO] [stdout] test tests::test_add_binary_file ... ok
[INFO] [stdout] test tests::test_add_empty_file ... ok
[INFO] [stdout] test tests::test_add_symlink_dangling_target ... ok
[INFO] [stdout] test tests::test_add_text_file ... ok
[INFO] [stdout] test tests::test_add_symlink_relative_target_resolves_to_absolute ... ok
[INFO] [stdout] test tests::test_add_text_file_with ... ok
[INFO] [stdout] test tests::test_dangling_symlink_is_a_duplicate_entry ... ok
[INFO] [stdout] test tests::test_as_ref_path ... ok
[INFO] [stdout] test tests::test_add_symlink_absolute_target_outside_root_is_not_removed ... ok
[INFO] [stdout] test tests::test_add_text_file_with_set_mode ... ok
[INFO] [stdout] test tests::test_add_relative_symlink ... ok
[INFO] [stdout] test tests::test_add_text_file_with_borrowed_local ... ok
[INFO] [stdout] test tests::test_duplicated_entries ... ok
[INFO] [stdout] test tests::test_add_text_file_with_duplicate_entry ... ok
[INFO] [stdout] test tests::test_add_text_file_with_outside_directory ... ok
[INFO] [stdout] test tests::test_random_root_is_canonical ... ok
[INFO] [stdout] test tests::test_entry_outside_directory ... ok
[INFO] [stdout] test tests::test_root_folder_relative_path_is_canonical ... FAILED
[INFO] [stdout] test tests::test_entry_outside_temp_dir ... ok
[INFO] [stdout] test tests::test_root_folder_under_symlinked_directory_is_canonical ... ok
[INFO] [stdout] test tests::test_join ... ok
[INFO] [stdout] test tests::test_readonly_entries_are_deleted_on_drop ... ok
[INFO] [stdout] test tests::test_set_mode_then_readonly ... ok
[INFO] [stdout] test tests::test_set_readonly_file ... FAILED
[INFO] [stdout] test tests::test_source_file_does_not_exists ... ok
[INFO] [stdout] test tests::test_set_mode ... ok
[INFO] [stdout] test tests::test_set_readonly_directory ... ok
[INFO] [stdout] test tests::test_temp_dir ... ok
[INFO] [stdout] test tests::test_dropping_symlink_does_not_affect_readonly_target ... ok
[INFO] [stdout] test tests::test_empty_entry_name ... ok
[INFO] [stdout] test tests::test_temp_dir_is_dropped ... ok
[INFO] [stdout] test tests::test_to_path_buf ... ok
[INFO] [stdout] 
[INFO] [stdout] failures:
[INFO] [stdout] 
[INFO] [stdout] ---- tests::test_root_folder_relative_path_is_canonical stdout ----
[INFO] [stdout] 
[INFO] [stdout] thread 'tests::test_root_folder_relative_path_is_canonical' (348) panicked at src/lib.rs:965:14:
[INFO] [stdout] called `Result::unwrap()` on an `Err` value: FailedToCreateRootDirectory("test_root_folder_relative_path_is_canonical_322", Os { code: 30, kind: ReadOnlyFilesystem, message: "Read-only file system" })
[INFO] [stdout] stack backtrace:
[INFO] [stdout]    0:     0x62c3c43273d1 - <<std[617be2ca0a6fd877]::sys::backtrace::BacktraceLock>::print::DisplayBacktrace as core[a373ad73a504971]::fmt::Display>::fmt
[INFO] [stdout]    1:     0x62c3c433b89a - core[a373ad73a504971]::fmt::write
[INFO] [stdout]    2:     0x62c3c432b8dc - <alloc[2e1b2a31b91974c5]::vec::Vec<u8> as core[a373ad73a504971]::io::write::Write>::write_fmt
[INFO] [stdout]    3:     0x62c3c4300406 - std[617be2ca0a6fd877]::panicking::default_hook::{closure#0}
[INFO] [stdout]    4:     0x62c3c431d619 - std[617be2ca0a6fd877]::panicking::default_hook
[INFO] [stdout]    5:     0x62c3c42b74f0 - test[aada8e7e76ba119b]::test_main_inner::{closure#0}
[INFO] [stdout]    6:     0x62c3c431d7d2 - std[617be2ca0a6fd877]::panicking::panic_with_hook
[INFO] [stdout]    7:     0x62c3c43004b2 - std[617be2ca0a6fd877]::panicking::panic_handler::{closure#0}
[INFO] [stdout]    8:     0x62c3c42f8e19 - std[617be2ca0a6fd877]::sys::backtrace::__rust_end_short_backtrace::<std[617be2ca0a6fd877]::panicking::panic_handler::{closure#0}, !>
[INFO] [stdout]    9:     0x62c3c430126d - __rustc[ea4f61d10b84890b]::rust_begin_unwind
[INFO] [stdout]   10:     0x62c3c433bfcc - core[a373ad73a504971]::panicking::panic_fmt
[INFO] [stdout]   11:     0x62c3c433bda2 - core[a373ad73a504971]::result::unwrap_failed
[INFO] [stdout]   12:     0x62c3c42a5cee - <temp_dir_builder[b931a1755eab5e55]::tests::test_root_folder_relative_path_is_canonical::{closure#0} as core[a373ad73a504971]::ops::function::FnOnce<()>>::call_once
[INFO] [stdout]   13:     0x62c3c42aa93b - test[aada8e7e76ba119b]::__rust_begin_short_backtrace::<core[a373ad73a504971]::result::Result<(), alloc[2e1b2a31b91974c5]::string::String>, fn() -> core[a373ad73a504971]::result::Result<(), alloc[2e1b2a31b91974c5]::string::String>>
[INFO] [stdout]   14:     0x62c3c42b7b15 - test[aada8e7e76ba119b]::run_test::{closure#0}
[INFO] [stdout]   15:     0x62c3c42b1404 - std[617be2ca0a6fd877]::sys::backtrace::__rust_begin_short_backtrace::<test[aada8e7e76ba119b]::run_test::{closure#1}, ()>
[INFO] [stdout]   16:     0x62c3c42baba2 - <std[617be2ca0a6fd877]::thread::lifecycle::spawn_unchecked<test[aada8e7e76ba119b]::run_test::{closure#1}, ()>::{closure#1} as core[a373ad73a504971]::ops::function::FnOnce<()>>::call_once::{shim:vtable#0}
[INFO] [stdout]   17:     0x62c3c432631f - <std[617be2ca0a6fd877]::sys::thread::unix::Thread>::new::thread_start
[INFO] [stdout]   18:     0x77e5b3fa2dfa - <unknown>
[INFO] [stdout]   19:     0x77e5b40363d4 - clone
[INFO] [stdout]   20:                0x0 - <unknown>
[INFO] [stdout] 
[INFO] [stdout] ---- tests::test_set_readonly_file stdout ----
[INFO] [stdout] 
[INFO] [stdout] thread 'tests::test_set_readonly_file' (353) panicked at src/lib.rs:1234:9:
[INFO] [stdout] assertion failed: std::fs::write(&readonly_path, "changed").is_err()
[INFO] [stdout] stack backtrace:
[INFO] [stdout]    0:     0x62c3c43273d1 - <<std[617be2ca0a6fd877]::sys::backtrace::BacktraceLock>::print::DisplayBacktrace as core[a373ad73a504971]::fmt::Display>::fmt
[INFO] [stdout]    1:     0x62c3c433b89a - core[a373ad73a504971]::fmt::write
[INFO] [stdout]    2:     0x62c3c432b8dc - <alloc[2e1b2a31b91974c5]::vec::Vec<u8> as core[a373ad73a504971]::io::write::Write>::write_fmt
[INFO] [stdout]    3:     0x62c3c4300406 - std[617be2ca0a6fd877]::panicking::default_hook::{closure#0}
[INFO] [stdout]    4:     0x62c3c431d619 - std[617be2ca0a6fd877]::panicking::default_hook
[INFO] [stdout]    5:     0x62c3c42b74f0 - test[aada8e7e76ba119b]::test_main_inner::{closure#0}
[INFO] [stdout]    6:     0x62c3c431d7d2 - std[617be2ca0a6fd877]::panicking::panic_with_hook
[INFO] [stdout]    7:     0x62c3c43004e4 - std[617be2ca0a6fd877]::panicking::panic_handler::{closure#0}
[INFO] [stdout]    8:     0x62c3c42f8e19 - std[617be2ca0a6fd877]::sys::backtrace::__rust_end_short_backtrace::<std[617be2ca0a6fd877]::panicking::panic_handler::{closure#0}, !>
[INFO] [stdout]    9:     0x62c3c430126d - __rustc[ea4f61d10b84890b]::rust_begin_unwind
[INFO] [stdout]   10:     0x62c3c433bfcc - core[a373ad73a504971]::panicking::panic_fmt
[INFO] [stdout]   11:     0x62c3c433bf92 - core[a373ad73a504971]::panicking::panic
[INFO] [stdout]   12:     0x62c3c42a1ad7 - <temp_dir_builder[b931a1755eab5e55]::tests::test_set_readonly_file::{closure#0} as core[a373ad73a504971]::ops::function::FnOnce<()>>::call_once
[INFO] [stdout]   13:     0x62c3c42aa93b - test[aada8e7e76ba119b]::__rust_begin_short_backtrace::<core[a373ad73a504971]::result::Result<(), alloc[2e1b2a31b91974c5]::string::String>, fn() -> core[a373ad73a504971]::result::Result<(), alloc[2e1b2a31b91974c5]::string::String>>
[INFO] [stdout]   14:     0x62c3c42b7b15 - test[aada8e7e76ba119b]::run_test::{closure#0}
[INFO] [stdout]   15:     0x62c3c42b1404 - std[617be2ca0a6fd877]::sys::backtrace::__rust_begin_short_backtrace::<test[aada8e7e76ba119b]::run_test::{closure#1}, ()>
[INFO] [stdout]   16:     0x62c3c42baba2 - <std[617be2ca0a6fd877]::thread::lifecycle::spawn_unchecked<test[aada8e7e76ba119b]::run_test::{closure#1}, ()>::{closure#1} as core[a373ad73a504971]::ops::function::FnOnce<()>>::call_once::{shim:vtable#0}
[INFO] [stdout]   17:     0x62c3c432631f - <std[617be2ca0a6fd877]::sys::thread::unix::Thread>::new::thread_start
[INFO] [stdout]   18:     0x77e5b3fa2dfa - <unknown>
[INFO] [stdout]   19:     0x77e5b40363d4 - clone
[INFO] [stdout]   20:                0x0 - <unknown>
[INFO] [stdout] 
[INFO] [stdout] 
[INFO] [stdout] failures:
[INFO] [stdout]     tests::test_root_folder_relative_path_is_canonical
[INFO] [stdout]     tests::test_set_readonly_file
[INFO] [stdout] 
[INFO] [stdout] test result: FAILED. 33 passed; 2 failed; 0 ignored; 0 measured; 0 filtered out; finished in 0.01s
[INFO] [stdout] 
[INFO] [stderr] error: test failed, to rerun pass `--lib`
[INFO] running `Command { std: "docker" "inspect" "ec93b44ca3f630aa6c86ab9addada16d16fe75a99e4c8b1da509719ec5fc990e", kill_on_drop: false }`
[INFO] running `Command { std: "docker" "rm" "-f" "ec93b44ca3f630aa6c86ab9addada16d16fe75a99e4c8b1da509719ec5fc990e", kill_on_drop: false }`
[INFO] [stdout] ec93b44ca3f630aa6c86ab9addada16d16fe75a99e4c8b1da509719ec5fc990e
