[INFO] fetching crate tellurion 0.1.0...
[INFO] testing tellurion-0.1.0 against 1.99.0-beta.8+cargoflags=--release for beta-release-1.100-2
[INFO] extracting crate tellurion 0.1.0 into /workspace/builds/worker-0-tc1/source
[INFO] started tweaking crates.io crate tellurion 0.1.0
[INFO] removed 0 missing tests
[INFO] finished tweaking crates.io crate tellurion 0.1.0
[INFO] tweaked toml for crates.io crate tellurion 0.1.0 written to /workspace/builds/worker-0-tc1/source/Cargo.toml
[INFO] validating manifest of crates.io crate tellurion 0.1.0 on toolchain 1.99.0-beta.8
[INFO] running `Command { std: CARGO_HOME="/workspace/cargo-home" RUSTUP_HOME="/workspace/rustup-home" "/workspace/cargo-home/bin/cargo" "+1.99.0-beta.8" "metadata" "--manifest-path" "Cargo.toml" "--no-deps", kill_on_drop: false }`
[INFO] crate crates.io crate tellurion 0.1.0 already has a lockfile, it will not be regenerated
[INFO] running `Command { std: CARGO_HOME="/workspace/cargo-home" RUSTUP_HOME="/workspace/rustup-home" "/workspace/cargo-home/bin/cargo" "+1.99.0-beta.8" "fetch" "--manifest-path" "Cargo.toml", kill_on_drop: false }`
[INFO] [stderr]     Updating crates.io index
[INFO] [stderr]  Downloading crates ...
[INFO] [stderr]   Downloaded tellurion-tiles v0.1.0
[INFO] [stderr]   Downloaded tellurion-render v0.1.0
[INFO] [stderr]   Downloaded dup-indexer v0.4.5
[INFO] [stderr]   Downloaded tellurion-core v0.1.0
[INFO] [stderr]   Downloaded geojson v0.24.2
[INFO] [stderr]   Downloaded tellurion-stac v0.1.0
[INFO] [stderr]   Downloaded tellurion-styles v0.1.0
[INFO] [stderr]   Downloaded tellurion-postgis v0.1.0
[INFO] [stderr]   Downloaded varint-rs v2.2.1
[INFO] [stderr]   Downloaded fs4 v0.12.0
[INFO] [stderr]   Downloaded parse-display v0.10.0
[INFO] [stderr]   Downloaded tellurion-places v0.1.0
[INFO] [stderr]   Downloaded tellurion-pmtiles v0.1.0
[INFO] [stderr]   Downloaded tellurion-geoparquet v0.1.0
[INFO] [stderr]   Downloaded parse-display-derive v0.10.0
[INFO] [stderr]   Downloaded fast_hilbert v2.1.0
[INFO] [stderr]   Downloaded fmmap v0.4.0
[INFO] [stderr]   Downloaded flatgeobuf v6.0.1
[INFO] [stderr]   Downloaded tellurion-flatgeobuf v0.1.0
[INFO] [stderr]   Downloaded tellurion-features v0.1.0
[INFO] [stderr]   Downloaded rust-embed-impl v8.12.0
[INFO] [stderr]   Downloaded rust-embed-utils v8.12.0
[INFO] [stderr]   Downloaded inotify v0.11.4
[INFO] [stderr]   Downloaded rust-embed v8.12.0
[INFO] [stderr]   Downloaded pmtiles v0.23.1
[INFO] running `Command { std: "docker" "create" "-v" "/var/lib/crater-agent-workspace/builds/worker-0-tc1/source:/opt/rustwide/workdir:ro,Z" "-v" "/var/lib/crater-agent-workspace/builds/worker-0-tc1/target:/opt/rustwide/target:rw,Z" "-v" "/var/lib/crater-agent-workspace/cargo-home:/opt/rustwide/cargo-home:ro,Z" "-v" "/var/lib/crater-agent-workspace/rustup-home:/opt/rustwide/rustup-home:ro,Z" "-m" "1610612736" "--network" "none" "ghcr.io/rust-lang/crates-build-env/linux@sha256:77db811e55d90add9212f6832c23229e3de5f1c1f9905e8cb07319ea15df73ac" "sleep" "infinity", kill_on_drop: false }`
[INFO] [stdout] b17abf016815e3a513c6b4c266018bc17e0b6be991bc89a4d719ee88164ef661
[INFO] running `Command { std: "docker" "start" "b17abf016815e3a513c6b4c266018bc17e0b6be991bc89a4d719ee88164ef661", kill_on_drop: false }`
[INFO] running `Command { std: "docker" "inspect" "b17abf016815e3a513c6b4c266018bc17e0b6be991bc89a4d719ee88164ef661", kill_on_drop: false }`
[INFO] running `Command { std: "docker" "exec" "-e" "SOURCE_DIR=/opt/rustwide/workdir" "-e" "CARGO_HOME=/opt/rustwide/cargo-home" "-e" "RUSTUP_HOME=/opt/rustwide/rustup-home" "-e" "CARGO_TARGET_DIR=/opt/rustwide/target" "-w" "/opt/rustwide/workdir" "--user" "0:0" "b17abf016815e3a513c6b4c266018bc17e0b6be991bc89a4d719ee88164ef661" "/opt/rustwide/cargo-home/bin/cargo" "+1.99.0-beta.8" "metadata" "--no-deps" "--format-version=1", kill_on_drop: false }`
[INFO] running `Command { std: "docker" "inspect" "b17abf016815e3a513c6b4c266018bc17e0b6be991bc89a4d719ee88164ef661", kill_on_drop: false }`
[INFO] running `Command { std: "docker" "exec" "-e" "SOURCE_DIR=/opt/rustwide/workdir" "-e" "CARGO_HOME=/opt/rustwide/cargo-home" "-e" "RUSTUP_HOME=/opt/rustwide/rustup-home" "-e" "CARGO_TARGET_DIR=/opt/rustwide/target" "-e" "CARGO_INCREMENTAL=0" "-e" "RUST_BACKTRACE=full" "-e" "RUSTFLAGS=--cap-lints=warn" "-e" "RUSTDOCFLAGS=--cap-lints=warn" "-w" "/opt/rustwide/workdir" "--user" "0:0" "b17abf016815e3a513c6b4c266018bc17e0b6be991bc89a4d719ee88164ef661" "/opt/rustwide/cargo-home/bin/cargo" "+1.99.0-beta.8" "build" "--frozen" "--message-format=json" "--release", kill_on_drop: false }`
[INFO] [stderr]    Compiling syn v2.0.119
[INFO] [stderr]    Compiling log v0.4.33
[INFO] [stderr]    Compiling jobserver v0.1.35
[INFO] [stderr]    Compiling socket2 v0.6.5
[INFO] [stderr]    Compiling serde_json v1.0.150
[INFO] [stderr]    Compiling aws-lc-rs v1.17.1
[INFO] [stderr]    Compiling http-body v1.1.0
[INFO] [stderr]    Compiling crossbeam-epoch v0.9.20
[INFO] [stderr]    Compiling getrandom v0.4.3
[INFO] [stderr]    Compiling flate2 v1.1.9
[INFO] [stderr]    Compiling either v1.16.0
[INFO] [stderr]    Compiling rustls v0.23.42
[INFO] [stderr]    Compiling rustix v1.1.4
[INFO] [stderr]    Compiling concurrent-queue v2.5.0
[INFO] [stderr]    Compiling compression-core v0.4.32
[INFO] [stderr]    Compiling regex-syntax v0.8.11
[INFO] [stderr]    Compiling bitflags v2.13.1
[INFO] [stderr]    Compiling indexmap v2.14.0
[INFO] [stderr]    Compiling mio v1.2.2
[INFO] [stderr]    Compiling http-body-util v0.1.4
[INFO] [stderr]    Compiling hashbrown v0.15.5
[INFO] [stderr]    Compiling rapidhash v4.5.1
[INFO] [stderr]    Compiling once_cell v1.21.4
[INFO] [stderr]    Compiling cc v1.2.67
[INFO] [stderr]    Compiling itertools v0.13.0
[INFO] [stderr]    Compiling event-listener v5.4.1
[INFO] [stderr]    Compiling crossbeam-deque v0.8.7
[INFO] [stderr]    Compiling fixedbitset v0.5.7
[INFO] [stderr]    Compiling cmov v0.5.4
[INFO] [stderr]    Compiling compression-codecs v0.4.38
[INFO] [stderr]    Compiling portable-atomic v1.14.0
[INFO] [stderr]    Compiling fastrand v2.4.1
[INFO] [stderr]    Compiling rayon-core v1.13.0
[INFO] [stderr]    Compiling event-listener-strategy v0.5.4
[INFO] [stderr]    Compiling metrics v0.24.6
[INFO] [stderr]    Compiling ctutils v0.4.2
[INFO] [stderr]    Compiling geo-types v0.7.19
[INFO] [stderr]    Compiling async-lock v3.4.2
[INFO] [stderr]    Compiling uuid v1.24.0
[INFO] [stderr]    Compiling petgraph v0.8.3
[INFO] [stderr]    Compiling digest v0.11.3
[INFO] [stderr]    Compiling crossbeam-channel v0.5.16
[INFO] [stderr]    Compiling signature v2.2.0
[INFO] [stderr]    Compiling tinyvec v1.12.0
[INFO] [stderr]    Compiling arc-swap v1.9.2
[INFO] [stderr]    Compiling geo-traits v0.3.0
[INFO] [stderr]    Compiling rayon v1.12.0
[INFO] [stderr]    Compiling strict-num v0.1.1
[INFO] [stderr]    Compiling cmake v0.1.58
[INFO] [stderr]    Compiling bytemuck v1.25.1
[INFO] [stderr]    Compiling tiny-skia-path v0.11.4
[INFO] [stderr]    Compiling zerocopy v0.8.54
[INFO] [stderr]    Compiling png v0.17.16
[INFO] [stderr]    Compiling regex-automata v0.4.16
[INFO] [stderr]    Compiling unicode-normalization v0.1.25
[INFO] [stderr]    Compiling serde_path_to_error v0.1.20
[INFO] [stderr]    Compiling dup-indexer v0.4.5
[INFO] [stderr]    Compiling rand v0.10.2
[INFO] [stderr]    Compiling hmac v0.13.0
[INFO] [stderr]    Compiling md-5 v0.11.0
[INFO] [stderr]    Compiling sha2 v0.11.0
[INFO] [stderr]    Compiling aws-lc-sys v0.42.0
[INFO] [stderr]    Compiling ring v0.17.14
[INFO] [stderr]    Compiling tempfile v3.27.0
[INFO] [stderr]    Compiling stringprep v0.1.5
[INFO] [stderr]    Compiling fallible-iterator v0.2.0
[INFO] [stderr]    Compiling tiny-skia v0.11.4
[INFO] [stderr]    Compiling inotify-sys v0.1.8
[INFO] [stderr]    Compiling phf v0.13.1
[INFO] [stderr]    Compiling raw-cpuid v11.6.0
[INFO] [stderr]    Compiling num_cpus v1.17.0
[INFO] [stderr]    Compiling whoami v2.1.2
[INFO] [stderr]    Compiling hashbrown v0.16.1
[INFO] [stderr]    Compiling rand_xoshiro v0.7.0
[INFO] [stderr]    Compiling postgres-protocol v0.6.12
[INFO] [stderr]    Compiling regex v1.13.1
[INFO] [stderr]    Compiling left-right v0.11.7
[INFO] [stderr]    Compiling metrics-exporter-prometheus v0.18.3
[INFO] [stderr]    Compiling hashbag v0.1.13
[INFO] [stderr]    Compiling postgres-types v0.2.14
[INFO] [stderr]    Compiling sketches-ddsketch v0.3.1
[INFO] [stderr]    Compiling clap_builder v4.6.2
[INFO] [stderr]    Compiling evmap v11.0.0
[INFO] [stderr]    Compiling synstructure v0.13.2
[INFO] [stderr]    Compiling prettyplease v0.2.37
[INFO] [stderr]    Compiling quanta v0.12.6
[INFO] [stderr]    Compiling inotify v0.11.4
[INFO] [stderr]    Compiling tracing-log v0.2.0
[INFO] [stderr]    Compiling notify-types v2.1.0
[INFO] [stderr]    Compiling tellurion v0.1.0 (/opt/rustwide/workdir)
[INFO] [stderr]    Compiling notify v8.2.0
[INFO] [stderr]    Compiling sysinfo v0.33.1
[INFO] [stderr]    Compiling tokio-macros v2.7.1
[INFO] [stderr]    Compiling zerofrom-derive v0.1.7
[INFO] [stderr]    Compiling yoke-derive v0.8.2
[INFO] [stderr]    Compiling zerovec-derive v0.11.3
[INFO] [stderr]    Compiling tracing-attributes v0.1.31
[INFO] [stderr]    Compiling futures-macro v0.3.32
[INFO] [stderr]    Compiling tokio v1.53.0
[INFO] [stderr]    Compiling displaydoc v0.2.6
[INFO] [stderr]    Compiling zeroize_derive v1.5.0
[INFO] [stderr]    Compiling futures-util v0.3.32
[INFO] [stderr]    Compiling serde_derive v1.0.228
[INFO] [stderr]    Compiling zeroize v1.9.0
[INFO] [stderr]    Compiling thiserror-impl v2.0.18
[INFO] [stderr]    Compiling rustls-pki-types v1.15.0
[INFO] [stderr]    Compiling zerofrom v0.1.8
[INFO] [stderr]    Compiling prost-derive v0.14.4
[INFO] [stderr]    Compiling async-trait v0.1.89
[INFO] [stderr]    Compiling yoke v0.8.3
[INFO] [stderr]    Compiling zerovec v0.11.6
[INFO] [stderr]    Compiling tracing v0.1.44
[INFO] [stderr]    Compiling zerotrie v0.2.4
[INFO] [stderr]    Compiling rustls-native-certs v0.8.4
[INFO] [stderr]    Compiling tinystr v0.8.3
[INFO] [stderr]    Compiling potential_utf v0.1.5
[INFO] [stderr]    Compiling icu_collections v2.2.0
[INFO] [stderr]    Compiling webpki-roots v1.0.9
[INFO] [stderr]    Compiling thiserror-impl v1.0.69
[INFO] [stderr]    Compiling axum-core v0.5.6
[INFO] [stderr]    Compiling icu_locale_core v2.2.0
[INFO] [stderr]    Compiling thiserror v2.0.18
[INFO] [stderr]    Compiling ppv-lite86 v0.2.21
[INFO] [stderr]    Compiling matchers v0.2.0
[INFO] [stderr]    Compiling clap_derive v4.6.1
[INFO] [stderr]    Compiling rand_chacha v0.9.0
[INFO] [stderr]    Compiling prost v0.14.4
[INFO] [stderr]    Compiling prost-types v0.14.4
[INFO] [stderr]    Compiling rand v0.9.5
[INFO] [stderr]    Compiling serde v1.0.228
[INFO] [stderr]    Compiling thiserror v1.0.69
[INFO] [stderr]    Compiling moka v0.12.15
[INFO] [stderr]    Compiling wkt v0.14.0
[INFO] [stderr]    Compiling futures-executor v0.3.32
[INFO] [stderr]    Compiling icu_provider v2.2.0
[INFO] [stderr]    Compiling prost-build v0.14.4
[INFO] [stderr]    Compiling futures v0.3.32
[INFO] [stderr]    Compiling metrics-util v0.20.4
[INFO] [stderr]    Compiling clap v4.6.2
[INFO] [stderr]    Compiling icu_properties v2.2.0
[INFO] [stderr]    Compiling icu_normalizer v2.2.0
[INFO] [stderr]    Compiling serde_urlencoded v0.7.1
[INFO] [stderr]    Compiling serde_yaml v0.9.34+deprecated
[INFO] [stderr]    Compiling geojson v0.24.2
[INFO] [stderr]    Compiling tracing-serde v0.2.0
[INFO] [stderr]    Compiling tracing-subscriber v0.3.23
[INFO] [stderr]    Compiling geozero v0.15.1
[INFO] [stderr]    Compiling idna_adapter v1.2.2
[INFO] [stderr]    Compiling idna v1.1.0
[INFO] [stderr]    Compiling url v2.5.8
[INFO] [stderr]    Compiling tokio-util v0.7.18
[INFO] [stderr]    Compiling async-compression v0.4.42
[INFO] [stderr]    Compiling deadpool-runtime v0.1.4
[INFO] [stderr]    Compiling tellurion-render v0.1.0
[INFO] [stderr]    Compiling deadpool v0.12.3
[INFO] [stderr]    Compiling h2 v0.4.15
[INFO] [stderr]    Compiling tower v0.5.3
[INFO] [stderr]    Compiling tokio-postgres v0.7.18
[INFO] [stderr]    Compiling tower-http v0.6.11
[INFO] [stderr]    Compiling deadpool-postgres v0.14.1
[INFO] [stderr]    Compiling hyper v1.10.1
[INFO] [stderr]    Compiling hyper-util v0.1.20
[INFO] [stderr]    Compiling axum v0.8.9
[INFO] [stderr]    Compiling rustls-webpki v0.103.13
[INFO] [stderr]    Compiling jsonwebtoken v10.4.0
[INFO] [stderr]    Compiling tokio-rustls v0.26.4
[INFO] [stderr]    Compiling hyper-rustls v0.27.9
[INFO] [stderr]    Compiling reqwest v0.12.28
[INFO] [stderr]    Compiling tellurion-core v0.1.0
[INFO] [stderr]    Compiling tellurion-styles v0.1.0
[INFO] [stderr]    Compiling tellurion-stac v0.1.0
[INFO] [stderr]    Compiling tellurion-tiles v0.1.0
[INFO] [stderr]    Compiling tellurion-postgis v0.1.0
[INFO] [stderr]    Compiling tellurion-features v0.1.0
[INFO] [stderr]    Compiling tellurion-places v0.1.0
[INFO] [stderr]     Finished `release` profile [optimized] target(s) in 4m 52s
[INFO] running `Command { std: "docker" "inspect" "b17abf016815e3a513c6b4c266018bc17e0b6be991bc89a4d719ee88164ef661", kill_on_drop: false }`
[INFO] running `Command { std: "docker" "exec" "-e" "SOURCE_DIR=/opt/rustwide/workdir" "-e" "CARGO_HOME=/opt/rustwide/cargo-home" "-e" "RUSTUP_HOME=/opt/rustwide/rustup-home" "-e" "CARGO_TARGET_DIR=/opt/rustwide/target" "-e" "CARGO_INCREMENTAL=0" "-e" "RUST_BACKTRACE=full" "-e" "RUSTFLAGS=--cap-lints=warn" "-e" "RUSTDOCFLAGS=--cap-lints=warn" "-w" "/opt/rustwide/workdir" "--user" "0:0" "b17abf016815e3a513c6b4c266018bc17e0b6be991bc89a4d719ee88164ef661" "/opt/rustwide/cargo-home/bin/cargo" "+1.99.0-beta.8" "test" "--frozen" "--no-run" "--message-format=json" "--release", kill_on_drop: false }`
[INFO] [stderr]    Compiling tellurion v0.1.0 (/opt/rustwide/workdir)
[INFO] [stderr]     Finished `release` profile [optimized] target(s) in 45.68s
[INFO] running `Command { std: "docker" "inspect" "b17abf016815e3a513c6b4c266018bc17e0b6be991bc89a4d719ee88164ef661", kill_on_drop: false }`
[INFO] running `Command { std: "docker" "exec" "-e" "SOURCE_DIR=/opt/rustwide/workdir" "-e" "CARGO_HOME=/opt/rustwide/cargo-home" "-e" "RUSTUP_HOME=/opt/rustwide/rustup-home" "-e" "CARGO_TARGET_DIR=/opt/rustwide/target" "-e" "CARGO_INCREMENTAL=0" "-e" "RUST_BACKTRACE=full" "-e" "RUSTFLAGS=--cap-lints=warn" "-e" "RUSTDOCFLAGS=--cap-lints=warn" "-w" "/opt/rustwide/workdir" "--user" "0:0" "b17abf016815e3a513c6b4c266018bc17e0b6be991bc89a4d719ee88164ef661" "/opt/rustwide/cargo-home/bin/cargo" "+1.99.0-beta.8" "test" "--frozen" "--release", kill_on_drop: false }`
[INFO] [stderr]    Compiling tellurion v0.1.0 (/opt/rustwide/workdir)
[INFO] [stderr]     Finished `release` profile [optimized] target(s) in 45.91s
[INFO] [stderr]      Running unittests src/main.rs (/opt/rustwide/target/release/deps/tellurion-8dcd476cce7439d7)
[INFO] [stdout] 
[INFO] [stdout] running 57 tests
[INFO] [stdout] test app::tests::features_router_is_mounted_and_reachable ... ok
[INFO] [stdout] test app::tests::auth_never_applies_to_the_top_level_metrics_route ... ok
[INFO] [stdout] test app::tests::max_concurrency_falls_back_to_the_cores_heuristic_without_a_backend_hint ... ok
[INFO] [stdout] test app::tests::live_crs_and_advanced_cql2::like_in_and_casei_narrow_the_result_set_through_real_http ... ok
[INFO] [stdout] test app::tests::middleware_unrecognized_error_returns_a_500_problem_json ... ok
[INFO] [stdout] test app::tests::live_crs_and_advanced_cql2::bbox_crs_axis_order_both_ways_select_the_same_row_through_real_http ... ok
[INFO] [stdout] test app::tests::middleware_timeout_error_returns_a_504_problem_json ... ok
[INFO] [stdout] test app::tests::metrics_endpoint_serves_prometheus_text ... ok
[INFO] [stdout] test app::tests::no_auth_config_leaves_every_tenant_route_open ... ok
[INFO] [stdout] test app::tests::max_concurrency_is_coherent_with_a_reported_backend_capacity ... ok
[INFO] [stdout] test app::tests::a_denied_responses_body_never_contains_the_presented_token ... ok
[INFO] [stdout] test app::tests::places_router_is_mounted_and_reachable ... ok
[INFO] [stdout] test app::tests::protocol_conformance_is_scoped_to_its_own_protocol ... ok
[INFO] [stdout] test app::tests::cross_root_links_resolve_within_a_tenant ... ok
[INFO] [stdout] test app::tests::collection_capability_links_use_the_external_id_end_to_end ... ok
[INFO] [stdout] test app::tests::protocol_api_doc_serves_the_matching_embedded_document ... ok
[INFO] [stdout] test app::tests::feature_only_collection_advertises_items_but_no_tile_or_3d_links ... ok
[INFO] [stdout] test app::tests::live_crs_and_advanced_cql2::crs_header_and_storage_crs_output_through_real_http ... ok
[INFO] [stdout] test app::tests::internal_ids_never_appear_in_any_response_body ... ok
[INFO] [stdout] test app::tests::a_tenants_token_cannot_read_a_different_tenant ... ok
[INFO] [stdout] test app::tests::a_handler_panic_is_caught_as_a_problem_json_500_instead_of_killing_the_connection ... ok
[INFO] [stdout] test app::tests::middleware_load_shed_error_returns_the_precomputed_503_problem_json_body ... ok
[INFO] [stdout] test app::tests::missing_credential_on_an_auth_configured_tenant_is_401 ... ok
[INFO] [stdout] test app::tests::stac_landing_page_is_a_stac_catalog ... ok
[INFO] [stdout] test app::tests::tenant_directory_default_limit_returns_every_catalog_on_one_page ... ok
[INFO] [stdout] test app::tests::renaming_a_tenants_external_id_is_a_cache_hit_under_the_new_name ... ok
[INFO] [stdout] test app::tests::renaming_a_collections_external_id_is_a_cache_hit_under_the_new_name ... ok
[INFO] [stdout] test app::tests::tenant_directory_lists_every_protocol_for_the_catalog ... ok
[INFO] [stdout] test app::tests::tenant_directory_paginates_catalogs_with_a_limit_and_a_next_link ... ok
[INFO] [stdout] test app::tests::tiles_only_collection_advertises_tile_links_but_no_items_link ... ok
[INFO] [stdout] test app::tests::styles_router_is_mounted_and_reachable ... ok
[INFO] [stdout] test app::tests::unknown_route_is_not_found ... ok
[INFO] [stdout] test app::tests::tenant_directory_rejects_a_zero_limit ... ok
[INFO] [stdout] test app::tests::tiles_router_is_mounted_and_reachable ... ok
[INFO] [stdout] test app::tests::stac_search_is_mounted_and_reachable_over_get_and_post ... ok
[INFO] [stdout] test app::tests::right_token_on_an_auth_configured_tenant_is_200 ... ok
[INFO] [stdout] test app::tests::top_level_landing_page_is_minimal_and_never_names_a_tenant ... ok
[INFO] [stdout] test app::tests::renaming_a_catalogs_external_id_is_a_cache_hit_under_the_new_name ... ok
[INFO] [stdout] test app::tests::two_tenants_with_identical_catalog_and_collection_names_never_collide ... ok
[INFO] [stdout] test app::tests::protocol_landing_pages_carry_their_own_links ... ok
[INFO] [stdout] test app::tests::unknown_tenant_directory_is_not_found ... ok
[INFO] [stdout] test app::tests::stac_router_is_mounted_and_reachable ... ok
[INFO] [stdout] test app::tests::wrong_tenant_token_on_an_auth_configured_tenant_is_403 ... ok
[INFO] [stdout] test tests::cli_path_wins_over_env ... ok
[INFO] [stdout] test tests::e2e_config_declares_places3d_and_a_loadable_style ... FAILED
[INFO] [stdout] test tests::example_config_declares_places3d_and_a_loadable_style ... FAILED
[INFO] [stdout] test app::tests::stac_conformance_declares_core_collections_features_and_item_search ... ok
[INFO] [stdout] test tests::env_path_wins_when_cli_is_absent ... ok
[INFO] [stdout] test tests::falls_back_to_the_default_path ... ok
[INFO] [stdout] test app::tests::max_concurrency_config_override_sheds_the_second_concurrent_request ... ok
[INFO] [stdout] test metrics::linux_rss_tests::linux_rss_gauge_appears_and_moves_under_load ... ok
[INFO] [stdout] test reload::tests::renaming_a_collection_is_a_cache_hit_through_a_real_file_watch_trigger ... ok
[INFO] [stdout] test reload::tests::a_sighup_trigger_causes_a_reload_to_be_visible_on_the_next_request ... ok
[INFO] [stdout] test reload::tests::a_config_reload_picks_up_a_changed_bearer_token_and_the_old_one_stops_working ... ok
[INFO] [stdout] test reload::tests::a_valid_edit_is_visible_on_the_next_request_without_dropping_an_in_flight_one ... ok
[INFO] [stdout] test reload::tests::a_relational_registry_reload_failure_keeps_the_old_state_serving ... ok
[INFO] [stdout] test reload::tests::an_invalid_edit_is_rejected_and_the_old_config_keeps_serving ... ok
[INFO] [stdout] 
[INFO] [stdout] failures:
[INFO] [stdout] 
[INFO] [stdout] ---- tests::e2e_config_declares_places3d_and_a_loadable_style stdout ----
[INFO] [stdout] 
[INFO] [stdout] thread 'tests::e2e_config_declares_places3d_and_a_loadable_style' (5104) panicked at src/main.rs:326:35:
[INFO] [stdout] config/e2e.yaml failed to load: configuration error: reading '/opt/rustwide/workdir/../../config/e2e.yaml': No such file or directory (os error 2)
[INFO] [stdout] stack backtrace:
[INFO] [stdout]    0:     0x610ac3418891 - <<std[70759c8f55707aa4]::sys::backtrace::BacktraceLock>::print::DisplayBacktrace as core[df12db4294e9bfd3]::fmt::Display>::fmt
[INFO] [stdout]    1:     0x610ac343093a - core[df12db4294e9bfd3]::fmt::write
[INFO] [stdout]    2:     0x610ac341dcac - <alloc[2182bb758b4b3781]::vec::Vec<u8> as core[df12db4294e9bfd3]::io::write::Write>::write_fmt
[INFO] [stdout]    3:     0x610ac33f1586 - std[70759c8f55707aa4]::panicking::default_hook::{closure#0}
[INFO] [stdout]    4:     0x610ac340fb89 - std[70759c8f55707aa4]::panicking::default_hook
[INFO] [stdout]    5:     0x610ac2c07350 - test[9d35eded1c95d3be]::test_main_inner::<test[9d35eded1c95d3be]::test_main_static::{closure#0}>::{closure#0}
[INFO] [stdout]    6:     0x610ac340feb2 - std[70759c8f55707aa4]::panicking::panic_with_hook
[INFO] [stdout]    7:     0x610ac33f1632 - std[70759c8f55707aa4]::panicking::panic_handler::{closure#0}
[INFO] [stdout]    8:     0x610ac33e9869 - std[70759c8f55707aa4]::sys::backtrace::__rust_end_short_backtrace::<std[70759c8f55707aa4]::panicking::panic_handler::{closure#0}, !>
[INFO] [stdout]    9:     0x610ac33f274d - __rustc[8fa7c3cbc660c2b3]::rust_begin_unwind
[INFO] [stdout]   10:     0x610ac343109c - core[df12db4294e9bfd3]::panicking::panic_fmt
[INFO] [stdout]   11:     0x610ac2a015e4 - tellurion[d2a98e9a79ac58c7]::tests::assert_reference_config_has_3d_places::{closure#0}
[INFO] [stdout]   12:     0x610ac2a03b72 - tellurion[d2a98e9a79ac58c7]::tests::assert_reference_config_has_3d_places
[INFO] [stdout]   13:     0x610ac2a21185 - <tellurion[d2a98e9a79ac58c7]::tests::e2e_config_declares_places3d_and_a_loadable_style::{closure#0} as core[df12db4294e9bfd3]::ops::function::FnOnce<()>>::call_once
[INFO] [stdout]   14:     0x610ac2bfa63b - test[9d35eded1c95d3be]::__rust_begin_short_backtrace::<core[df12db4294e9bfd3]::result::Result<(), alloc[2182bb758b4b3781]::string::String>, fn() -> core[df12db4294e9bfd3]::result::Result<(), alloc[2182bb758b4b3781]::string::String>>
[INFO] [stdout]   15:     0x610ac2c07ca5 - test[9d35eded1c95d3be]::run_test::{closure#0}
[INFO] [stdout]   16:     0x610ac2c01564 - std[70759c8f55707aa4]::sys::backtrace::__rust_begin_short_backtrace::<test[9d35eded1c95d3be]::run_test::{closure#1}, ()>
[INFO] [stdout]   17:     0x610ac2c0ae02 - <std[70759c8f55707aa4]::thread::lifecycle::spawn_unchecked<test[9d35eded1c95d3be]::run_test::{closure#1}, ()>::{closure#1} as core[df12db4294e9bfd3]::ops::function::FnOnce<()>>::call_once::{shim:vtable#0}
[INFO] [stdout]   18:     0x610ac3417859 - <std[70759c8f55707aa4]::sys::thread::unix::Thread>::new::thread_start
[INFO] [stdout]   19:     0x70f28036cdfa - <unknown>
[INFO] [stdout]   20:     0x70f2804003d4 - clone
[INFO] [stdout]   21:                0x0 - <unknown>
[INFO] [stdout] 
[INFO] [stdout] ---- tests::example_config_declares_places3d_and_a_loadable_style stdout ----
[INFO] [stdout] 
[INFO] [stdout] thread 'tests::example_config_declares_places3d_and_a_loadable_style' (5106) panicked at src/main.rs:326:35:
[INFO] [stdout] config/example.yaml failed to load: configuration error: reading '/opt/rustwide/workdir/../../config/example.yaml': No such file or directory (os error 2)
[INFO] [stdout] stack backtrace:
[INFO] [stdout]    0:     0x610ac3418891 - <<std[70759c8f55707aa4]::sys::backtrace::BacktraceLock>::print::DisplayBacktrace as core[df12db4294e9bfd3]::fmt::Display>::fmt
[INFO] [stdout]    1:     0x610ac343093a - core[df12db4294e9bfd3]::fmt::write
[INFO] [stdout]    2:     0x610ac341dcac - <alloc[2182bb758b4b3781]::vec::Vec<u8> as core[df12db4294e9bfd3]::io::write::Write>::write_fmt
[INFO] [stdout]    3:     0x610ac33f1586 - std[70759c8f55707aa4]::panicking::default_hook::{closure#0}
[INFO] [stdout]    4:     0x610ac340fb89 - std[70759c8f55707aa4]::panicking::default_hook
[INFO] [stdout]    5:     0x610ac2c07350 - test[9d35eded1c95d3be]::test_main_inner::<test[9d35eded1c95d3be]::test_main_static::{closure#0}>::{closure#0}
[INFO] [stdout]    6:     0x610ac340feb2 - std[70759c8f55707aa4]::panicking::panic_with_hook
[INFO] [stdout]    7:     0x610ac33f1632 - std[70759c8f55707aa4]::panicking::panic_handler::{closure#0}
[INFO] [stdout]    8:     0x610ac33e9869 - std[70759c8f55707aa4]::sys::backtrace::__rust_end_short_backtrace::<std[70759c8f55707aa4]::panicking::panic_handler::{closure#0}, !>
[INFO] [stdout]    9:     0x610ac33f274d - __rustc[8fa7c3cbc660c2b3]::rust_begin_unwind
[INFO] [stdout]   10:     0x610ac343109c - core[df12db4294e9bfd3]::panicking::panic_fmt
[INFO] [stdout]   11:     0x610ac2a015e4 - tellurion[d2a98e9a79ac58c7]::tests::assert_reference_config_has_3d_places::{closure#0}
[INFO] [stdout]   12:     0x610ac2a03b72 - tellurion[d2a98e9a79ac58c7]::tests::assert_reference_config_has_3d_places
[INFO] [stdout]   13:     0x610ac2a211b5 - <tellurion[d2a98e9a79ac58c7]::tests::example_config_declares_places3d_and_a_loadable_style::{closure#0} as core[df12db4294e9bfd3]::ops::function::FnOnce<()>>::call_once
[INFO] [stdout]   14:     0x610ac2bfa63b - test[9d35eded1c95d3be]::__rust_begin_short_backtrace::<core[df12db4294e9bfd3]::result::Result<(), alloc[2182bb758b4b3781]::string::String>, fn() -> core[df12db4294e9bfd3]::result::Result<(), alloc[2182bb758b4b3781]::string::String>>
[INFO] [stdout]   15:     0x610ac2c07ca5 - test[9d35eded1c95d3be]::run_test::{closure#0}
[INFO] [stdout]   16:     0x610ac2c01564 - std[70759c8f55707aa4]::sys::backtrace::__rust_begin_short_backtrace::<test[9d35eded1c95d3be]::run_test::{closure#1}, ()>
[INFO] [stdout]   17:     0x610ac2c0ae02 - <std[70759c8f55707aa4]::thread::lifecycle::spawn_unchecked<test[9d35eded1c95d3be]::run_test::{closure#1}, ()>::{closure#1} as core[df12db4294e9bfd3]::ops::function::FnOnce<()>>::call_once::{shim:vtable#0}
[INFO] [stdout]   18:     0x610ac3417859 - <std[70759c8f55707aa4]::sys::thread::unix::Thread>::new::thread_start
[INFO] [stdout]   19:     0x70f28036cdfa - <unknown>
[INFO] [stdout]   20:     0x70f2804003d4 - clone
[INFO] [stdout]   21:                0x0 - <unknown>
[INFO] [stdout] 
[INFO] [stdout] 
[INFO] [stdout] failures:
[INFO] [stdout]     tests::e2e_config_declares_places3d_and_a_loadable_style
[INFO] [stdout]     tests::example_config_declares_places3d_and_a_loadable_style
[INFO] [stdout] 
[INFO] [stdout] test result: FAILED. 55 passed; 2 failed; 0 ignored; 0 measured; 0 filtered out; finished in 1.22s
[INFO] [stdout] 
[INFO] [stderr] error: test failed, to rerun pass `--bin tellurion`
[INFO] running `Command { std: "docker" "inspect" "b17abf016815e3a513c6b4c266018bc17e0b6be991bc89a4d719ee88164ef661", kill_on_drop: false }`
[INFO] running `Command { std: "docker" "rm" "-f" "b17abf016815e3a513c6b4c266018bc17e0b6be991bc89a4d719ee88164ef661", kill_on_drop: false }`
[INFO] [stdout] b17abf016815e3a513c6b4c266018bc17e0b6be991bc89a4d719ee88164ef661
