[INFO] fetching crate telltale-search 17.0.1...
[INFO] testing telltale-search-17.0.1 against 1.99.0-beta.8+cargoflags=--release for beta-release-1.100-2
[INFO] extracting crate telltale-search 17.0.1 into /workspace/builds/worker-3-tc1/source
[INFO] started tweaking crates.io crate telltale-search 17.0.1
[INFO] removed 0 missing examples
[INFO] removed 0 missing tests
[INFO] finished tweaking crates.io crate telltale-search 17.0.1
[INFO] tweaked toml for crates.io crate telltale-search 17.0.1 written to /workspace/builds/worker-3-tc1/source/Cargo.toml
[INFO] validating manifest of crates.io crate telltale-search 17.0.1 on toolchain 1.99.0-beta.8
[INFO] running `Command { std: CARGO_HOME="/workspace/cargo-home" RUSTUP_HOME="/workspace/rustup-home" "/workspace/cargo-home/bin/cargo" "+1.99.0-beta.8" "metadata" "--manifest-path" "Cargo.toml" "--no-deps", kill_on_drop: false }`
[INFO] crate crates.io crate telltale-search 17.0.1 already has a lockfile, it will not be regenerated
[INFO] running `Command { std: CARGO_HOME="/workspace/cargo-home" RUSTUP_HOME="/workspace/rustup-home" "/workspace/cargo-home/bin/cargo" "+1.99.0-beta.8" "fetch" "--manifest-path" "Cargo.toml", kill_on_drop: false }`
[INFO] [stderr]     Updating crates.io index
[INFO] [stderr]  Downloading crates ...
[INFO] [stderr]   Downloaded wasm-bindgen-test v0.3.68
[INFO] [stderr]   Downloaded minicov v0.3.8
[INFO] [stderr]   Downloaded wasm-bindgen-test-shared v0.2.118
[INFO] [stderr]   Downloaded wasm-bindgen-test-macro v0.3.68
[INFO] running `Command { std: "docker" "create" "-v" "/var/lib/crater-agent-workspace/builds/worker-3-tc1/source:/opt/rustwide/workdir:ro,Z" "-v" "/var/lib/crater-agent-workspace/builds/worker-3-tc1/target:/opt/rustwide/target:rw,Z" "-v" "/var/lib/crater-agent-workspace/cargo-home:/opt/rustwide/cargo-home:ro,Z" "-v" "/var/lib/crater-agent-workspace/rustup-home:/opt/rustwide/rustup-home:ro,Z" "-m" "1610612736" "--network" "none" "ghcr.io/rust-lang/crates-build-env/linux@sha256:77db811e55d90add9212f6832c23229e3de5f1c1f9905e8cb07319ea15df73ac" "sleep" "infinity", kill_on_drop: false }`
[INFO] [stdout] 1e0b061f694ea70842c78f65a637101e63a1f983bb08d711d1b600dba6a0ccf9
[INFO] running `Command { std: "docker" "start" "1e0b061f694ea70842c78f65a637101e63a1f983bb08d711d1b600dba6a0ccf9", kill_on_drop: false }`
[INFO] running `Command { std: "docker" "inspect" "1e0b061f694ea70842c78f65a637101e63a1f983bb08d711d1b600dba6a0ccf9", kill_on_drop: false }`
[INFO] running `Command { std: "docker" "exec" "-e" "SOURCE_DIR=/opt/rustwide/workdir" "-e" "CARGO_HOME=/opt/rustwide/cargo-home" "-e" "RUSTUP_HOME=/opt/rustwide/rustup-home" "-e" "CARGO_TARGET_DIR=/opt/rustwide/target" "-w" "/opt/rustwide/workdir" "--user" "0:0" "1e0b061f694ea70842c78f65a637101e63a1f983bb08d711d1b600dba6a0ccf9" "/opt/rustwide/cargo-home/bin/cargo" "+1.99.0-beta.8" "metadata" "--no-deps" "--format-version=1", kill_on_drop: false }`
[INFO] running `Command { std: "docker" "inspect" "1e0b061f694ea70842c78f65a637101e63a1f983bb08d711d1b600dba6a0ccf9", kill_on_drop: false }`
[INFO] running `Command { std: "docker" "exec" "-e" "SOURCE_DIR=/opt/rustwide/workdir" "-e" "CARGO_HOME=/opt/rustwide/cargo-home" "-e" "RUSTUP_HOME=/opt/rustwide/rustup-home" "-e" "CARGO_TARGET_DIR=/opt/rustwide/target" "-e" "CARGO_INCREMENTAL=0" "-e" "RUST_BACKTRACE=full" "-e" "RUSTFLAGS=--cap-lints=warn" "-e" "RUSTDOCFLAGS=--cap-lints=warn" "-w" "/opt/rustwide/workdir" "--user" "0:0" "1e0b061f694ea70842c78f65a637101e63a1f983bb08d711d1b600dba6a0ccf9" "/opt/rustwide/cargo-home/bin/cargo" "+1.99.0-beta.8" "build" "--frozen" "--message-format=json" "--release", kill_on_drop: false }`
[INFO] [stderr]    Compiling telltale-search v17.0.1 (/opt/rustwide/workdir)
[INFO] [stderr]     Finished `release` profile [optimized] target(s) in 3.92s
[INFO] running `Command { std: "docker" "inspect" "1e0b061f694ea70842c78f65a637101e63a1f983bb08d711d1b600dba6a0ccf9", kill_on_drop: false }`
[INFO] running `Command { std: "docker" "exec" "-e" "SOURCE_DIR=/opt/rustwide/workdir" "-e" "CARGO_HOME=/opt/rustwide/cargo-home" "-e" "RUSTUP_HOME=/opt/rustwide/rustup-home" "-e" "CARGO_TARGET_DIR=/opt/rustwide/target" "-e" "CARGO_INCREMENTAL=0" "-e" "RUST_BACKTRACE=full" "-e" "RUSTFLAGS=--cap-lints=warn" "-e" "RUSTDOCFLAGS=--cap-lints=warn" "-w" "/opt/rustwide/workdir" "--user" "0:0" "1e0b061f694ea70842c78f65a637101e63a1f983bb08d711d1b600dba6a0ccf9" "/opt/rustwide/cargo-home/bin/cargo" "+1.99.0-beta.8" "test" "--frozen" "--no-run" "--message-format=json" "--release", kill_on_drop: false }`
[INFO] [stderr]    Compiling zerocopy v0.8.48
[INFO] [stderr]    Compiling clap_lex v1.1.0
[INFO] [stderr]    Compiling serde_json v1.0.149
[INFO] [stderr]    Compiling is-terminal v0.4.17
[INFO] [stderr]    Compiling zerocopy-derive v0.8.48
[INFO] [stderr]    Compiling plotters v0.3.7
[INFO] [stderr]    Compiling rayon v1.12.0
[INFO] [stderr]    Compiling telltale-search v17.0.1 (/opt/rustwide/workdir)
[INFO] [stderr]    Compiling clap_builder v4.6.0
[INFO] [stderr]    Compiling tinytemplate v1.2.1
[INFO] [stderr]    Compiling clap v4.6.1
[INFO] [stderr]    Compiling half v2.7.1
[INFO] [stderr]    Compiling ciborium-ll v0.2.2
[INFO] [stderr]    Compiling ciborium v0.2.2
[INFO] [stderr]    Compiling criterion v0.5.1
[INFO] [stderr]     Finished `release` profile [optimized] target(s) in 1m 08s
[INFO] running `Command { std: "docker" "inspect" "1e0b061f694ea70842c78f65a637101e63a1f983bb08d711d1b600dba6a0ccf9", kill_on_drop: false }`
[INFO] running `Command { std: "docker" "exec" "-e" "SOURCE_DIR=/opt/rustwide/workdir" "-e" "CARGO_HOME=/opt/rustwide/cargo-home" "-e" "RUSTUP_HOME=/opt/rustwide/rustup-home" "-e" "CARGO_TARGET_DIR=/opt/rustwide/target" "-e" "CARGO_INCREMENTAL=0" "-e" "RUST_BACKTRACE=full" "-e" "RUSTFLAGS=--cap-lints=warn" "-e" "RUSTDOCFLAGS=--cap-lints=warn" "-w" "/opt/rustwide/workdir" "--user" "0:0" "1e0b061f694ea70842c78f65a637101e63a1f983bb08d711d1b600dba6a0ccf9" "/opt/rustwide/cargo-home/bin/cargo" "+1.99.0-beta.8" "test" "--frozen" "--release", kill_on_drop: false }`
[INFO] [stderr]     Finished `release` profile [optimized] target(s) in 0.09s
[INFO] [stderr]      Running unittests src/lib.rs (/opt/rustwide/target/release/deps/telltale_search-f38274080901a475)
[INFO] [stdout] 
[INFO] [stdout] running 9 tests
[INFO] [stdout] test admission::tests::containment_rejects_commutativity_and_frozen_replay_support_gaps ... ok
[INFO] [stdout] test observe::tests::fairness_premise_trace_mismatch_is_observable ... ok
[INFO] [stdout] test admission::tests::containment_accepts_exact_match ... ok
[INFO] [stdout] test observe::tests::canonical_parent_identity_and_incumbent_publication_are_observable ... ok
[INFO] [stdout] test admission::tests::containment_rejects_missing_observable_and_batch_width_boundary ... ok
[INFO] [stdout] test admission::tests::containment_rejects_missing_profile_scheduler_and_fairness ... ok
[INFO] [stdout] test observe::tests::full_mode_rejects_scheduler_profile_mismatch ... ok
[INFO] [stdout] test observe::tests::selected_result_helpers_expose_the_generic_alias_surface ... ok
[INFO] [stdout] test observe::tests::modulo_commutativity_accepts_reordered_commit_trace ... ok
[INFO] [stdout] 
[INFO] [stdout] test result: ok. 9 passed; 0 failed; 0 ignored; 0 measured; 0 filtered out; finished in 0.01s
[INFO] [stdout] 
[INFO] [stderr]      Running tests/machine_behavior.rs (/opt/rustwide/target/release/deps/machine_behavior-53990ad32ca05f7a)
[INFO] [stdout] 
[INFO] [stdout] running 23 tests
[INFO] [stdout] test dense_shared_successor_preserves_the_best_parent ... ok
[INFO] [stdout] test canonical_parent_tie_break_prefers_lower_source_node ... ok
[INFO] [stdout] test duplicate_target_normalization_collapses_duplicate_edges_within_and_across_sources ... ok
[INFO] [stdout] test candidate_set_query_can_publish_a_selected_result_without_a_single_goal_identity ... ok
[INFO] [stdout] test canonical_batch_extracts_only_min_key_window ... ok
[INFO] [stdout] test multi_goal_query_selects_the_best_reachable_terminal ... ok
[INFO] [stdout] test observation_artifact_reflects_canonical_state ... ok
[INFO] [stdout] test saturating_costs_produce_stable_goal_selection ... ok
[INFO] [stdout] test equal_cost_back_edges_do_not_thrash_parent_identity ... ok
[INFO] [stdout] test duplicate_target_normalization_prefers_lower_parent_on_equal_cost ... ok
[INFO] [stdout] test long_chain_search_reaches_the_tail_goal ... ok
[INFO] [stdout] test duplicate_target_normalization_prefers_lower_tentative_g ... ok
[INFO] [stdout] test epsilon_decrease_rebuilds_open_from_open_and_incons ... ok
[INFO] [stdout] test incumbent_tracks_canonical_reconstruction ... ok
[INFO] [stdout] test invariants_hold_after_each_serial_step ... ok
[INFO] [stdout] test equal_saturating_paths_keep_tie_breaking_deterministic ... ok
[INFO] [stdout] test failed_expansion_leaves_canonical_state_unchanged ... ok
[INFO] [stdout] test cycles_terminate_with_stable_parent_and_goal_cost ... ok
[INFO] [stdout] test unreachable_cyclic_region_does_not_perturb_incumbent_publication ... ok
[INFO] [stdout] test unstable_successor_order_does_not_change_serial_machine_observation ... ok
[INFO] [stdout] test unreachable_goal_leaves_incumbent_empty ... ok
[INFO] [stdout] test self_loops_do_not_create_infinite_productive_churn ... ok
[INFO] [stdout] test weighted_frontier_ordering_remains_deterministic_near_large_values ... ok
[INFO] [stdout] 
[INFO] [stdout] test result: ok. 23 passed; 0 failed; 0 ignored; 0 measured; 0 filtered out; finished in 0.01s
[INFO] [stdout] 
[INFO] [stderr]      Running tests/performance_regression.rs (/opt/rustwide/target/release/deps/performance_regression-906a6417a2e363d0)
[INFO] [stdout] 
[INFO] [stdout] running 4 tests
[INFO] [stdout] test chain_graph_has_stable_step_commit_and_publication_counts ... ok
[INFO] [stdout] test reconfiguration_run_has_stable_epoch_and_commit_accounting ... ok
[INFO] [stdout] test cyclic_trap_graph_has_stable_commit_and_publication_counts ... ok
[INFO] [stdout] test fan_in_graph_has_stable_batch_commit_shape ... ok
[INFO] [stdout] 
[INFO] [stdout] test result: ok. 4 passed; 0 failed; 0 ignored; 0 measured; 0 filtered out; finished in 0.00s
[INFO] [stdout] 
[INFO] [stderr]      Running tests/phase_one.rs (/opt/rustwide/target/release/deps/phase_one-203dad32d9f89ce3)
[INFO] [stdout] 
[INFO] [stdout] running 1 test
[INFO] [stderr]      Running tests/runtime_behavior.rs (/opt/rustwide/target/release/deps/runtime_behavior-9f747f900e20f9d2)
[INFO] [stdout] test phase_one_scaffold_exports_compile ... ok
[INFO] [stdout] 
[INFO] [stdout] test result: ok. 1 passed; 0 failed; 0 ignored; 0 measured; 0 filtered out; finished in 0.00s
[INFO] [stdout] 
[INFO] [stdout] 
[INFO] [stdout] running 31 tests
[INFO] [stdout] test budgeted_run_can_stop_before_any_progress ... ok
[INFO] [stdout] test exact_profiles_emit_observed_candidate_bounds_and_exact_route_quality ... ok
[INFO] [stdout] test fairness_classification_function_matches_reported_artifacts ... ok
[INFO] [stdout] test budgeted_run_can_stop_after_selected_result_publication ... ok
[INFO] [stdout] test incremental_reuse_remains_explicitly_rejected_until_implemented ... ok
[INFO] [stdout] test invalid_certificate_trace_is_rejected_fail_closed ... ok
[INFO] [stdout] test latest_epoch_recovery_bound_is_reported_after_reconfiguration ... ok
[INFO] [stdout] test native_parallel_executor_requires_the_multi_thread_feature ... ok
[INFO] [stdout] test replay_rejects_mismatched_batch_schedule ... ok
[INFO] [stdout] test executor_failure_does_not_consume_the_current_batch ... ok
[INFO] [stdout] test replay_fails_closed_for_domain_defined_selected_result_semantics ... ok
[INFO] [stdout] test replay_rejects_observation_drift ... ok
[INFO] [stdout] test approximation_contract_vocabulary_classifies_profiles_in_generic_terms ... ok
[INFO] [stdout] test runtime_replay_preserves_multi_goal_selected_result_observation ... ok
[INFO] [stdout] test selector_domain_can_choose_a_winner_using_discovered_state_not_raw_candidate_set ... ok
[INFO] [stdout] test canonical_serial_rejects_zero_batch_width ... ok
[INFO] [stdout] test query_try_constructors_fail_closed_on_empty_sets ... ok
[INFO] [stdout] test serial_executor_stabilizes_observation_under_unstable_successor_order ... ok
[INFO] [stdout] test theorem_pack_artifact_matches_the_expected_inventory_and_gate ... ok
[INFO] [stdout] test canonical_serial_rejects_non_serial_profile_shape ... ok
[INFO] [stdout] test budgeted_run_can_stop_with_partial_progress_before_any_selected_result ... ok
[INFO] [stdout] test reconfiguration_can_preserve_open_and_incons_frontier_state ... ok
[INFO] [stdout] test replay_rejects_tampered_round_commits ... ok
[INFO] [stdout] test goal_targeting_proposals_conflict_on_incumbent_surface ... ok
[INFO] [stdout] test fairness_artifact_classifies_profiles_with_the_expected_scope ... ok
[INFO] [stdout] test reconfiguration_commits_new_epoch_at_barrier ... ok
[INFO] [stdout] test replay_rejects_mismatched_epoch_schedule ... ok
[INFO] [stdout] test replay_artifact_carries_the_same_public_fairness_surface_as_the_report ... ok
[INFO] [stdout] test replay_artifact_records_epoch_barrier_exactly_once_across_reconfiguration ... ok
[INFO] [stdout] test replay_rejects_mismatched_snapshot_schedule ... ok
[INFO] [stderr]      Running tests/search_lean.rs (/opt/rustwide/target/release/deps/search_lean-02e13ef26dce79de)
[INFO] [stdout] test reconfiguration_preserves_progress_accounting_but_resets_search_state ... ok
[INFO] [stdout] 
[INFO] [stdout] test result: ok. 31 passed; 0 failed; 0 ignored; 0 measured; 0 filtered out; finished in 0.02s
[INFO] [stdout] 
[INFO] [stdout] 
[INFO] [stdout] running 1 test
[INFO] [stdout] test lean_fixture_matches_batch_independence_replay_and_barrier_surfaces ... FAILED
[INFO] [stdout] 
[INFO] [stdout] failures:
[INFO] [stdout] 
[INFO] [stdout] ---- lean_fixture_matches_batch_independence_replay_and_barrier_surfaces stdout ----
[INFO] [stdout] 
[INFO] [stdout] thread 'lean_fixture_matches_batch_independence_replay_and_barrier_surfaces' (1287) panicked at tests/search_lean.rs:96:10:
[INFO] [stdout] build search parity runner: Os { code: 2, kind: NotFound, message: "No such file or directory" }
[INFO] [stdout] stack backtrace:
[INFO] [stdout]    0:     0x5bfa16203231 - <<std[70759c8f55707aa4]::sys::backtrace::BacktraceLock>::print::DisplayBacktrace as core[df12db4294e9bfd3]::fmt::Display>::fmt
[INFO] [stdout]    1:     0x5bfa1621834a - core[df12db4294e9bfd3]::fmt::write
[INFO] [stdout]    2:     0x5bfa162076cc - <alloc[2182bb758b4b3781]::vec::Vec<u8> as core[df12db4294e9bfd3]::io::write::Write>::write_fmt
[INFO] [stdout]    3:     0x5bfa161df546 - std[70759c8f55707aa4]::panicking::default_hook::{closure#0}
[INFO] [stdout]    4:     0x5bfa161fb999 - std[70759c8f55707aa4]::panicking::default_hook
[INFO] [stdout]    5:     0x5bfa16193a30 - test[9d35eded1c95d3be]::test_main_inner::<test[9d35eded1c95d3be]::test_main_static::{closure#0}>::{closure#0}
[INFO] [stdout]    6:     0x5bfa161fbb52 - std[70759c8f55707aa4]::panicking::panic_with_hook
[INFO] [stdout]    7:     0x5bfa161df5f2 - std[70759c8f55707aa4]::panicking::panic_handler::{closure#0}
[INFO] [stdout]    8:     0x5bfa161d8379 - std[70759c8f55707aa4]::sys::backtrace::__rust_end_short_backtrace::<std[70759c8f55707aa4]::panicking::panic_handler::{closure#0}, !>
[INFO] [stdout]    9:     0x5bfa161e01ed - __rustc[8fa7c3cbc660c2b3]::rust_begin_unwind
[INFO] [stdout]   10:     0x5bfa16218a7c - core[df12db4294e9bfd3]::panicking::panic_fmt
[INFO] [stdout]   11:     0x5bfa16218852 - core[df12db4294e9bfd3]::result::unwrap_failed
[INFO] [stdout]   12:     0x5bfa1617284b - search_lean[4922d6c9613f48d8]::lean_fixture_matches_batch_independence_replay_and_barrier_surfaces
[INFO] [stdout]   13:     0x5bfa16173969 - <search_lean[4922d6c9613f48d8]::lean_fixture_matches_batch_independence_replay_and_barrier_surfaces::{closure#0} as core[df12db4294e9bfd3]::ops::function::FnOnce<()>>::call_once
[INFO] [stdout]   14:     0x5bfa16186d1b - test[9d35eded1c95d3be]::__rust_begin_short_backtrace::<core[df12db4294e9bfd3]::result::Result<(), alloc[2182bb758b4b3781]::string::String>, fn() -> core[df12db4294e9bfd3]::result::Result<(), alloc[2182bb758b4b3781]::string::String>>
[INFO] [stdout]   15:     0x5bfa16194385 - test[9d35eded1c95d3be]::run_test::{closure#0}
[INFO] [stdout]   16:     0x5bfa1618dc44 - std[70759c8f55707aa4]::sys::backtrace::__rust_begin_short_backtrace::<test[9d35eded1c95d3be]::run_test::{closure#1}, ()>
[INFO] [stdout]   17:     0x5bfa161974e2 - <std[70759c8f55707aa4]::thread::lifecycle::spawn_unchecked<test[9d35eded1c95d3be]::run_test::{closure#1}, ()>::{closure#1} as core[df12db4294e9bfd3]::ops::function::FnOnce<()>>::call_once::{shim:vtable#0}
[INFO] [stdout]   18:     0x5bfa16202b09 - <std[70759c8f55707aa4]::sys::thread::unix::Thread>::new::thread_start
[INFO] [stdout]   19:     0x7a7199e76dfa - <unknown>
[INFO] [stdout]   20:     0x7a7199f0a3d4 - clone
[INFO] [stdout]   21:                0x0 - <unknown>
[INFO] [stdout] 
[INFO] [stdout] 
[INFO] [stdout] failures:
[INFO] [stdout]     lean_fixture_matches_batch_independence_replay_and_barrier_surfaces
[INFO] [stdout] 
[INFO] [stdout] test result: FAILED. 0 passed; 1 failed; 0 ignored; 0 measured; 0 filtered out; finished in 0.01s
[INFO] [stdout] 
[INFO] [stderr] error: test failed, to rerun pass `--test search_lean`
[INFO] running `Command { std: "docker" "inspect" "1e0b061f694ea70842c78f65a637101e63a1f983bb08d711d1b600dba6a0ccf9", kill_on_drop: false }`
[INFO] running `Command { std: "docker" "rm" "-f" "1e0b061f694ea70842c78f65a637101e63a1f983bb08d711d1b600dba6a0ccf9", kill_on_drop: false }`
[INFO] [stdout] 1e0b061f694ea70842c78f65a637101e63a1f983bb08d711d1b600dba6a0ccf9
