[INFO] fetching crate telfhash-rs 0.1.0...
[INFO] testing telfhash-rs-0.1.0 against 1.99.0-beta.8+cargoflags=--release for beta-release-1.100-2
[INFO] extracting crate telfhash-rs 0.1.0 into /workspace/builds/worker-2-tc1/source
[INFO] started tweaking crates.io crate telfhash-rs 0.1.0
[INFO] finished tweaking crates.io crate telfhash-rs 0.1.0
[INFO] tweaked toml for crates.io crate telfhash-rs 0.1.0 written to /workspace/builds/worker-2-tc1/source/Cargo.toml
[INFO] validating manifest of crates.io crate telfhash-rs 0.1.0 on toolchain 1.99.0-beta.8
[INFO] running `Command { std: CARGO_HOME="/workspace/cargo-home" RUSTUP_HOME="/workspace/rustup-home" "/workspace/cargo-home/bin/cargo" "+1.99.0-beta.8" "metadata" "--manifest-path" "Cargo.toml" "--no-deps", kill_on_drop: false }`
[INFO] crate crates.io crate telfhash-rs 0.1.0 already has a lockfile, it will not be regenerated
[INFO] running `Command { std: CARGO_HOME="/workspace/cargo-home" RUSTUP_HOME="/workspace/rustup-home" "/workspace/cargo-home/bin/cargo" "+1.99.0-beta.8" "fetch" "--manifest-path" "Cargo.toml", kill_on_drop: false }`
[INFO] [stderr]     Updating crates.io index
[INFO] [stderr]  Downloading crates ...
[INFO] [stderr]   Downloaded tlsh-rs v0.1.0
[INFO] [stderr]   Downloaded scroll v0.13.0
[INFO] [stderr]   Downloaded scroll_derive v0.13.1
[INFO] [stderr]   Downloaded assert_cmd v2.1.2
[INFO] [stderr]   Downloaded clap v4.5.60
[INFO] [stderr]   Downloaded zerocopy-derive v0.8.41
[INFO] [stderr]   Downloaded capstone v0.14.0
[INFO] [stderr]   Downloaded goblin v0.10.5
[INFO] [stderr]   Downloaded clap_builder v4.5.60
[INFO] [stderr]   Downloaded zerocopy v0.8.41
[INFO] [stderr]   Downloaded capstone-sys v0.18.0
[INFO] running `Command { std: "docker" "create" "-v" "/var/lib/crater-agent-workspace/builds/worker-2-tc1/source:/opt/rustwide/workdir:ro,Z" "-v" "/var/lib/crater-agent-workspace/builds/worker-2-tc1/target:/opt/rustwide/target:rw,Z" "-v" "/var/lib/crater-agent-workspace/cargo-home:/opt/rustwide/cargo-home:ro,Z" "-v" "/var/lib/crater-agent-workspace/rustup-home:/opt/rustwide/rustup-home:ro,Z" "-m" "1610612736" "--network" "none" "ghcr.io/rust-lang/crates-build-env/linux@sha256:77db811e55d90add9212f6832c23229e3de5f1c1f9905e8cb07319ea15df73ac" "sleep" "infinity", kill_on_drop: false }`
[INFO] [stdout] 8e4bd01d1fe1fa897aaf8c1b588da5cbe890ad1831fee27cb414e97578dbcc2a
[INFO] running `Command { std: "docker" "start" "8e4bd01d1fe1fa897aaf8c1b588da5cbe890ad1831fee27cb414e97578dbcc2a", kill_on_drop: false }`
[INFO] running `Command { std: "docker" "inspect" "8e4bd01d1fe1fa897aaf8c1b588da5cbe890ad1831fee27cb414e97578dbcc2a", kill_on_drop: false }`
[INFO] running `Command { std: "docker" "exec" "-e" "SOURCE_DIR=/opt/rustwide/workdir" "-e" "CARGO_HOME=/opt/rustwide/cargo-home" "-e" "RUSTUP_HOME=/opt/rustwide/rustup-home" "-e" "CARGO_TARGET_DIR=/opt/rustwide/target" "-w" "/opt/rustwide/workdir" "--user" "0:0" "8e4bd01d1fe1fa897aaf8c1b588da5cbe890ad1831fee27cb414e97578dbcc2a" "/opt/rustwide/cargo-home/bin/cargo" "+1.99.0-beta.8" "metadata" "--no-deps" "--format-version=1", kill_on_drop: false }`
[INFO] running `Command { std: "docker" "inspect" "8e4bd01d1fe1fa897aaf8c1b588da5cbe890ad1831fee27cb414e97578dbcc2a", kill_on_drop: false }`
[INFO] running `Command { std: "docker" "exec" "-e" "SOURCE_DIR=/opt/rustwide/workdir" "-e" "CARGO_HOME=/opt/rustwide/cargo-home" "-e" "RUSTUP_HOME=/opt/rustwide/rustup-home" "-e" "CARGO_TARGET_DIR=/opt/rustwide/target" "-e" "CARGO_INCREMENTAL=0" "-e" "RUST_BACKTRACE=full" "-e" "RUSTFLAGS=--cap-lints=warn" "-e" "RUSTDOCFLAGS=--cap-lints=warn" "-w" "/opt/rustwide/workdir" "--user" "0:0" "8e4bd01d1fe1fa897aaf8c1b588da5cbe890ad1831fee27cb414e97578dbcc2a" "/opt/rustwide/cargo-home/bin/cargo" "+1.99.0-beta.8" "build" "--frozen" "--message-format=json" "--release", kill_on_drop: false }`
[INFO] [stderr]    Compiling anstyle v1.0.13
[INFO] [stderr]    Compiling colorchoice v1.0.4
[INFO] [stderr]    Compiling anstyle-parse v0.2.7
[INFO] [stderr]    Compiling aho-corasick v1.1.4
[INFO] [stderr]    Compiling clap_lex v1.0.0
[INFO] [stderr]    Compiling plain v0.2.3
[INFO] [stderr]    Compiling capstone-sys v0.18.0
[INFO] [stderr]    Compiling tlsh-rs v0.1.0
[INFO] [stderr]    Compiling scroll_derive v0.13.1
[INFO] [stderr]    Compiling thiserror-impl v2.0.18
[INFO] [stderr]    Compiling clap_derive v4.5.55
[INFO] [stderr]    Compiling anstream v0.6.21
[INFO] [stderr]    Compiling clap_builder v4.5.60
[INFO] [stderr]    Compiling scroll v0.13.0
[INFO] [stderr]    Compiling goblin v0.10.5
[INFO] [stderr]    Compiling thiserror v2.0.18
[INFO] [stderr]    Compiling regex-automata v0.4.14
[INFO] [stderr]    Compiling clap v4.5.60
[INFO] [stderr]    Compiling regex v1.12.3
[INFO] [stderr]    Compiling capstone v0.14.0
[INFO] [stderr]    Compiling telfhash-rs v0.1.0 (/opt/rustwide/workdir)
[INFO] [stderr]     Finished `release` profile [optimized] target(s) in 1m 05s
[INFO] running `Command { std: "docker" "inspect" "8e4bd01d1fe1fa897aaf8c1b588da5cbe890ad1831fee27cb414e97578dbcc2a", kill_on_drop: false }`
[INFO] running `Command { std: "docker" "exec" "-e" "SOURCE_DIR=/opt/rustwide/workdir" "-e" "CARGO_HOME=/opt/rustwide/cargo-home" "-e" "RUSTUP_HOME=/opt/rustwide/rustup-home" "-e" "CARGO_TARGET_DIR=/opt/rustwide/target" "-e" "CARGO_INCREMENTAL=0" "-e" "RUST_BACKTRACE=full" "-e" "RUSTFLAGS=--cap-lints=warn" "-e" "RUSTDOCFLAGS=--cap-lints=warn" "-w" "/opt/rustwide/workdir" "--user" "0:0" "8e4bd01d1fe1fa897aaf8c1b588da5cbe890ad1831fee27cb414e97578dbcc2a" "/opt/rustwide/cargo-home/bin/cargo" "+1.99.0-beta.8" "test" "--frozen" "--no-run" "--message-format=json" "--release", kill_on_drop: false }`
[INFO] [stderr]    Compiling zerocopy v0.8.41
[INFO] [stderr]    Compiling num-traits v0.2.19
[INFO] [stderr]    Compiling regex-automata v0.4.14
[INFO] [stderr]    Compiling either v1.15.0
[INFO] [stderr]    Compiling zerocopy-derive v0.8.41
[INFO] [stderr]    Compiling crossbeam-epoch v0.9.18
[INFO] [stderr]    Compiling serde_json v1.0.149
[INFO] [stderr]    Compiling predicates-core v1.0.10
[INFO] [stderr]    Compiling serde v1.0.228
[INFO] [stderr]    Compiling normalize-line-endings v0.3.0
[INFO] [stderr]    Compiling difflib v0.4.0
[INFO] [stderr]    Compiling assert_cmd v2.1.2
[INFO] [stderr]    Compiling termtree v0.5.1
[INFO] [stderr]    Compiling rustix v1.1.4
[INFO] [stderr]    Compiling is-terminal v0.4.17
[INFO] [stderr]    Compiling wait-timeout v0.2.1
[INFO] [stderr]    Compiling fastrand v2.3.0
[INFO] [stderr]    Compiling predicates-tree v1.0.13
[INFO] [stderr]    Compiling itertools v0.10.5
[INFO] [stderr]    Compiling crossbeam-deque v0.8.6
[INFO] [stderr]    Compiling rayon-core v1.13.0
[INFO] [stderr]    Compiling rayon v1.11.0
[INFO] [stderr]    Compiling tinytemplate v1.2.1
[INFO] [stderr]    Compiling float-cmp v0.10.0
[INFO] [stderr]    Compiling plotters v0.3.7
[INFO] [stderr]    Compiling criterion-plot v0.5.0
[INFO] [stderr]    Compiling tempfile v3.26.0
[INFO] [stderr]    Compiling regex v1.12.3
[INFO] [stderr]    Compiling bstr v1.12.1
[INFO] [stderr]    Compiling predicates v3.1.4
[INFO] [stderr]    Compiling telfhash-rs v0.1.0 (/opt/rustwide/workdir)
[INFO] [stderr]    Compiling half v2.7.1
[INFO] [stderr]    Compiling ciborium-ll v0.2.2
[INFO] [stderr]    Compiling ciborium v0.2.2
[INFO] [stderr]    Compiling criterion v0.5.1
[INFO] [stderr]     Finished `release` profile [optimized] target(s) in 47.76s
[INFO] running `Command { std: "docker" "inspect" "8e4bd01d1fe1fa897aaf8c1b588da5cbe890ad1831fee27cb414e97578dbcc2a", kill_on_drop: false }`
[INFO] running `Command { std: "docker" "exec" "-e" "SOURCE_DIR=/opt/rustwide/workdir" "-e" "CARGO_HOME=/opt/rustwide/cargo-home" "-e" "RUSTUP_HOME=/opt/rustwide/rustup-home" "-e" "CARGO_TARGET_DIR=/opt/rustwide/target" "-e" "CARGO_INCREMENTAL=0" "-e" "RUST_BACKTRACE=full" "-e" "RUSTFLAGS=--cap-lints=warn" "-e" "RUSTDOCFLAGS=--cap-lints=warn" "-w" "/opt/rustwide/workdir" "--user" "0:0" "8e4bd01d1fe1fa897aaf8c1b588da5cbe890ad1831fee27cb414e97578dbcc2a" "/opt/rustwide/cargo-home/bin/cargo" "+1.99.0-beta.8" "test" "--frozen" "--release", kill_on_drop: false }`
[INFO] [stderr]     Finished `release` profile [optimized] target(s) in 0.15s
[INFO] [stderr]      Running unittests src/lib.rs (/opt/rustwide/target/release/deps/telfhash_rs-f8af10455f07f311)
[INFO] [stdout] 
[INFO] [stdout] running 24 tests
[INFO] [stdout] test application::service::tests::analyze_without_grouping_returns_only_inspections ... ok
[INFO] [stdout] test application::service::tests::inspect_file_maps_invalid_elf_to_typed_failure ... ok
[INFO] [stdout] test domain::exclusions::tests::excludes_fixed_symbols ... ok
[INFO] [stdout] test domain::model::tests::normalizes_path_separators_for_legacy_outputs ... ok
[INFO] [stdout] test domain::model::tests::preserves_groupability_and_failure_messages ... ok
[INFO] [stdout] test application::service::tests::analyze_with_grouping_resolves_grouping_only_when_possible ... ok
[INFO] [stdout] test domain::grouping::compatible::tests::groups_transitively_connected_hashes ... ok
[INFO] [stdout] test domain::grouping::tests::legacy_and_native_policies_are_formally_selectable ... ok
[INFO] [stdout] test domain::grouping::compatible::tests::preserves_order_of_ungrouped_inputs ... ok
[INFO] [stdout] test domain::exclusions::tests::excludes_pattern_based_symbols ... ok
[INFO] [stdout] test domain::model::tests::exposes_digest_only_for_real_hashes ... ok
[INFO] [stdout] test infrastructure::elf::tests::executable_segment_uses_zero_offset_when_entry_is_outside_segment ... ok
[INFO] [stdout] test infrastructure::elf::tests::falls_back_to_executable_segment_without_text_section ... ok
[INFO] [stdout] test infrastructure::elf::tests::falls_back_to_text_section_when_entry_is_elsewhere ... ok
[INFO] [stdout] test interfaces::cli_mapper::tests::maps_cli_request_to_analysis_and_output_requests ... ok
[INFO] [stdout] test infrastructure::tlsh::tests::generates_and_compares_hashes ... ok
[INFO] [stdout] test infrastructure::elf::tests::prefers_executable_text_over_non_executable_text ... ok
[INFO] [stdout] test infrastructure::tlsh::tests::returns_tnull_for_low_information_inputs ... ok
[INFO] [stdout] test infrastructure::elf::tests::returns_none_when_no_executable_region_exists ... ok
[INFO] [stdout] test interfaces::legacy::tests::serializes_legacy_json_shape ... ok
[INFO] [stdout] test interfaces::legacy::tests::maps_digest_tnull_and_error_to_legacy_shape ... ok
[INFO] [stdout] test interfaces::sarif::tests::serializes_sarif_log_shape ... ok
[INFO] [stdout] test infrastructure::elf::tests::prefers_section_containing_entry ... ok
[INFO] [stdout] test infrastructure::elf::tests::collects_call_destinations_for_all_supported_architectures ... FAILED
[INFO] [stdout] 
[INFO] [stdout] failures:
[INFO] [stdout] 
[INFO] [stdout] ---- infrastructure::elf::tests::collects_call_destinations_for_all_supported_architectures stdout ----
[INFO] [stdout] 
[INFO] [stdout] thread 'infrastructure::elf::tests::collects_call_destinations_for_all_supported_architectures' (1579) panicked at src/infrastructure/elf/mod.rs:78:71:
[INFO] [stdout] called `Result::unwrap()` on an `Err` value: Os { code: 2, kind: NotFound, message: "No such file or directory" }
[INFO] [stdout] stack backtrace:
[INFO] [stdout]    0:     0x64e785ecfa71 - <<std[70759c8f55707aa4]::sys::backtrace::BacktraceLock>::print::DisplayBacktrace as core[df12db4294e9bfd3]::fmt::Display>::fmt
[INFO] [stdout]    1:     0x64e785ee541a - core[df12db4294e9bfd3]::fmt::write
[INFO] [stdout]    2:     0x64e785ed3f0c - <alloc[2182bb758b4b3781]::vec::Vec<u8> as core[df12db4294e9bfd3]::io::write::Write>::write_fmt
[INFO] [stdout]    3:     0x64e785eab8b6 - std[70759c8f55707aa4]::panicking::default_hook::{closure#0}
[INFO] [stdout]    4:     0x64e785ec7ce9 - std[70759c8f55707aa4]::panicking::default_hook
[INFO] [stdout]    5:     0x64e785d9b810 - test[9d35eded1c95d3be]::test_main_inner::<test[9d35eded1c95d3be]::test_main_static::{closure#0}>::{closure#0}
[INFO] [stdout]    6:     0x64e785ec7ea2 - std[70759c8f55707aa4]::panicking::panic_with_hook
[INFO] [stdout]    7:     0x64e785eab962 - std[70759c8f55707aa4]::panicking::panic_handler::{closure#0}
[INFO] [stdout]    8:     0x64e785ea4559 - std[70759c8f55707aa4]::sys::backtrace::__rust_end_short_backtrace::<std[70759c8f55707aa4]::panicking::panic_handler::{closure#0}, !>
[INFO] [stdout]    9:     0x64e785eac55d - __rustc[8fa7c3cbc660c2b3]::rust_begin_unwind
[INFO] [stdout]   10:     0x64e785ee5bfc - core[df12db4294e9bfd3]::panicking::panic_fmt
[INFO] [stdout]   11:     0x64e785ee59d2 - core[df12db4294e9bfd3]::result::unwrap_failed
[INFO] [stdout]   12:     0x64e785d81658 - telfhash_rs[3b9a07e74320aa45]::infrastructure::elf::tests::call_destinations
[INFO] [stdout]   13:     0x64e785d81c86 - telfhash_rs[3b9a07e74320aa45]::infrastructure::elf::tests::collects_call_destinations_for_all_supported_architectures
[INFO] [stdout]   14:     0x64e785d85849 - <telfhash_rs[3b9a07e74320aa45]::infrastructure::elf::tests::collects_call_destinations_for_all_supported_architectures::{closure#0} as core[df12db4294e9bfd3]::ops::function::FnOnce<()>>::call_once
[INFO] [stdout]   15:     0x64e785d8eafb - test[9d35eded1c95d3be]::__rust_begin_short_backtrace::<core[df12db4294e9bfd3]::result::Result<(), alloc[2182bb758b4b3781]::string::String>, fn() -> core[df12db4294e9bfd3]::result::Result<(), alloc[2182bb758b4b3781]::string::String>>
[INFO] [stdout]   16:     0x64e785d9c165 - test[9d35eded1c95d3be]::run_test::{closure#0}
[INFO] [stdout]   17:     0x64e785d95a24 - std[70759c8f55707aa4]::sys::backtrace::__rust_begin_short_backtrace::<test[9d35eded1c95d3be]::run_test::{closure#1}, ()>
[INFO] [stdout]   18:     0x64e785d9f2c2 - <std[70759c8f55707aa4]::thread::lifecycle::spawn_unchecked<test[9d35eded1c95d3be]::run_test::{closure#1}, ()>::{closure#1} as core[df12db4294e9bfd3]::ops::function::FnOnce<()>>::call_once::{shim:vtable#0}
[INFO] [stdout]   19:     0x64e785ecefa9 - <std[70759c8f55707aa4]::sys::thread::unix::Thread>::new::thread_start
[INFO] [stdout]   20:     0x70562d2c0dfa - <unknown>
[INFO] [stdout]   21:     0x70562d3543d4 - clone
[INFO] [stdout]   22:                0x0 - <unknown>
[INFO] [stdout] 
[INFO] [stdout] 
[INFO] [stdout] failures:
[INFO] [stdout]     infrastructure::elf::tests::collects_call_destinations_for_all_supported_architectures
[INFO] [stdout] 
[INFO] [stdout] test result: FAILED. 23 passed; 1 failed; 0 ignored; 0 measured; 0 filtered out; finished in 0.04s
[INFO] [stdout] 
[INFO] [stderr] error: test failed, to rerun pass `--lib`
[INFO] running `Command { std: "docker" "inspect" "8e4bd01d1fe1fa897aaf8c1b588da5cbe890ad1831fee27cb414e97578dbcc2a", kill_on_drop: false }`
[INFO] running `Command { std: "docker" "rm" "-f" "8e4bd01d1fe1fa897aaf8c1b588da5cbe890ad1831fee27cb414e97578dbcc2a", kill_on_drop: false }`
[INFO] [stdout] 8e4bd01d1fe1fa897aaf8c1b588da5cbe890ad1831fee27cb414e97578dbcc2a
