[INFO] fetching crate teleparse 0.1.2...
[INFO] testing teleparse-0.1.2 against 1.99.0-beta.8+cargoflags=--release for beta-release-1.100-2
[INFO] extracting crate teleparse 0.1.2 into /workspace/builds/worker-4-tc1/source
[INFO] started tweaking crates.io crate teleparse 0.1.2
[INFO] removed 0 missing tests
[INFO] finished tweaking crates.io crate teleparse 0.1.2
[INFO] tweaked toml for crates.io crate teleparse 0.1.2 written to /workspace/builds/worker-4-tc1/source/Cargo.toml
[INFO] validating manifest of crates.io crate teleparse 0.1.2 on toolchain 1.99.0-beta.8
[INFO] running `Command { std: CARGO_HOME="/workspace/cargo-home" RUSTUP_HOME="/workspace/rustup-home" "/workspace/cargo-home/bin/cargo" "+1.99.0-beta.8" "metadata" "--manifest-path" "Cargo.toml" "--no-deps", kill_on_drop: false }`
[INFO] crate crates.io crate teleparse 0.1.2 already has a lockfile, it will not be regenerated
[INFO] running `Command { std: CARGO_HOME="/workspace/cargo-home" RUSTUP_HOME="/workspace/rustup-home" "/workspace/cargo-home/bin/cargo" "+1.99.0-beta.8" "fetch" "--manifest-path" "Cargo.toml", kill_on_drop: false }`
[INFO] [stderr]     Updating crates.io index
[INFO] [stderr]  Downloading crates ...
[INFO] [stderr]   Downloaded hashbrown v0.15.4
[INFO] [stderr]   Downloaded deref-derive v0.1.0
[INFO] [stderr]   Downloaded beef v0.5.2
[INFO] [stderr]   Downloaded target-triple v0.1.4
[INFO] [stderr]   Downloaded glob v0.3.2
[INFO] [stderr]   Downloaded trybuild v1.0.105
[INFO] [stderr]   Downloaded teleparse-macros v0.1.0
[INFO] [stderr]   Downloaded logos-derive v0.15.0
[INFO] [stderr]   Downloaded macrotest v1.1.0
[INFO] [stderr]   Downloaded semver v1.0.24
[INFO] [stderr]   Downloaded logos-codegen v0.15.0
[INFO] [stderr]   Downloaded prettyplease v0.2.33
[INFO] [stderr]   Downloaded winnow v0.7.11
[INFO] [stderr]   Downloaded logos v0.15.0
[INFO] running `Command { std: "docker" "create" "-v" "/var/lib/crater-agent-workspace/builds/worker-4-tc1/source:/opt/rustwide/workdir:ro,Z" "-v" "/var/lib/crater-agent-workspace/builds/worker-4-tc1/target:/opt/rustwide/target:rw,Z" "-v" "/var/lib/crater-agent-workspace/cargo-home:/opt/rustwide/cargo-home:ro,Z" "-v" "/var/lib/crater-agent-workspace/rustup-home:/opt/rustwide/rustup-home:ro,Z" "-m" "1610612736" "--network" "none" "ghcr.io/rust-lang/crates-build-env/linux@sha256:77db811e55d90add9212f6832c23229e3de5f1c1f9905e8cb07319ea15df73ac" "sleep" "infinity", kill_on_drop: false }`
[INFO] [stdout] 37dec805eb2953bb96e49e515f83be1df4f9ea7c58c70498ff0adb1042864049
[INFO] running `Command { std: "docker" "start" "37dec805eb2953bb96e49e515f83be1df4f9ea7c58c70498ff0adb1042864049", kill_on_drop: false }`
[INFO] running `Command { std: "docker" "inspect" "37dec805eb2953bb96e49e515f83be1df4f9ea7c58c70498ff0adb1042864049", kill_on_drop: false }`
[INFO] running `Command { std: "docker" "exec" "-e" "SOURCE_DIR=/opt/rustwide/workdir" "-e" "CARGO_HOME=/opt/rustwide/cargo-home" "-e" "RUSTUP_HOME=/opt/rustwide/rustup-home" "-e" "CARGO_TARGET_DIR=/opt/rustwide/target" "-w" "/opt/rustwide/workdir" "--user" "0:0" "37dec805eb2953bb96e49e515f83be1df4f9ea7c58c70498ff0adb1042864049" "/opt/rustwide/cargo-home/bin/cargo" "+1.99.0-beta.8" "metadata" "--no-deps" "--format-version=1", kill_on_drop: false }`
[INFO] running `Command { std: "docker" "inspect" "37dec805eb2953bb96e49e515f83be1df4f9ea7c58c70498ff0adb1042864049", kill_on_drop: false }`
[INFO] running `Command { std: "docker" "exec" "-e" "SOURCE_DIR=/opt/rustwide/workdir" "-e" "CARGO_HOME=/opt/rustwide/cargo-home" "-e" "RUSTUP_HOME=/opt/rustwide/rustup-home" "-e" "CARGO_TARGET_DIR=/opt/rustwide/target" "-e" "CARGO_INCREMENTAL=0" "-e" "RUST_BACKTRACE=full" "-e" "RUSTFLAGS=--cap-lints=warn" "-e" "RUSTDOCFLAGS=--cap-lints=warn" "-w" "/opt/rustwide/workdir" "--user" "0:0" "37dec805eb2953bb96e49e515f83be1df4f9ea7c58c70498ff0adb1042864049" "/opt/rustwide/cargo-home/bin/cargo" "+1.99.0-beta.8" "build" "--frozen" "--message-format=json" "--release", kill_on_drop: false }`
[INFO] [stderr]    Compiling quote v1.0.40
[INFO] [stderr]    Compiling autocfg v1.4.0
[INFO] [stderr]    Compiling semver v1.0.24
[INFO] [stderr]    Compiling regex-syntax v0.8.5
[INFO] [stderr]    Compiling hashbrown v0.15.4
[INFO] [stderr]    Compiling syn v1.0.109
[INFO] [stderr]    Compiling memchr v2.7.5
[INFO] [stderr]    Compiling lazy_static v1.5.0
[INFO] [stderr]    Compiling beef v0.5.2
[INFO] [stderr]    Compiling winnow v0.7.11
[INFO] [stderr]    Compiling toml_datetime v0.6.11
[INFO] [stderr]    Compiling serde v1.0.219
[INFO] [stderr]    Compiling thiserror v2.0.12
[INFO] [stderr]    Compiling either v1.13.0
[INFO] [stderr]    Compiling syn v2.0.104
[INFO] [stderr]    Compiling num-traits v0.2.19
[INFO] [stderr]    Compiling itertools v0.14.0
[INFO] [stderr]    Compiling rustc_version v0.4.1
[INFO] [stderr]    Compiling aho-corasick v1.1.3
[INFO] [stderr]    Compiling logos-codegen v0.15.0
[INFO] [stderr]    Compiling indexmap v2.9.0
[INFO] [stderr]    Compiling num-integer v0.1.46
[INFO] [stderr]    Compiling num-complex v0.4.6
[INFO] [stderr]    Compiling num-bigint v0.4.6
[INFO] [stderr]    Compiling num-iter v0.1.45
[INFO] [stderr]    Compiling regex-automata v0.4.9
[INFO] [stderr]    Compiling toml_edit v0.22.27
[INFO] [stderr]    Compiling deref-derive v0.1.0
[INFO] [stderr]    Compiling derivative v2.2.0
[INFO] [stderr]    Compiling num-rational v0.4.2
[INFO] [stderr]    Compiling thiserror-impl v2.0.12
[INFO] [stderr]    Compiling serde_derive v1.0.219
[INFO] [stderr]    Compiling num v0.4.3
[INFO] [stderr]    Compiling proc-macro-crate v3.3.0
[INFO] [stderr]    Compiling logos-derive v0.15.0
[INFO] [stderr]    Compiling logos v0.15.0
[INFO] [stderr]    Compiling regex v1.11.1
[INFO] [stderr]    Compiling teleparse-macros v0.1.0
[INFO] [stderr]    Compiling teleparse v0.1.2 (/opt/rustwide/workdir)
[INFO] [stderr]     Finished `release` profile [optimized] target(s) in 27.99s
[INFO] running `Command { std: "docker" "inspect" "37dec805eb2953bb96e49e515f83be1df4f9ea7c58c70498ff0adb1042864049", kill_on_drop: false }`
[INFO] running `Command { std: "docker" "exec" "-e" "SOURCE_DIR=/opt/rustwide/workdir" "-e" "CARGO_HOME=/opt/rustwide/cargo-home" "-e" "RUSTUP_HOME=/opt/rustwide/rustup-home" "-e" "CARGO_TARGET_DIR=/opt/rustwide/target" "-e" "CARGO_INCREMENTAL=0" "-e" "RUST_BACKTRACE=full" "-e" "RUSTFLAGS=--cap-lints=warn" "-e" "RUSTDOCFLAGS=--cap-lints=warn" "-w" "/opt/rustwide/workdir" "--user" "0:0" "37dec805eb2953bb96e49e515f83be1df4f9ea7c58c70498ff0adb1042864049" "/opt/rustwide/cargo-home/bin/cargo" "+1.99.0-beta.8" "test" "--frozen" "--no-run" "--message-format=json" "--release", kill_on_drop: false }`
[INFO] [stderr]    Compiling proc-macro2 v1.0.95
[INFO] [stderr]    Compiling unicode-ident v1.0.18
[INFO] [stderr]    Compiling hashbrown v0.15.4
[INFO] [stderr]    Compiling serde_json v1.0.140
[INFO] [stderr]    Compiling winnow v0.7.11
[INFO] [stderr]    Compiling ryu v1.0.20
[INFO] [stderr]    Compiling memchr v2.7.5
[INFO] [stderr]    Compiling prettyplease v0.2.33
[INFO] [stderr]    Compiling target-triple v0.1.4
[INFO] [stderr]    Compiling toml_datetime v0.6.11
[INFO] [stderr]    Compiling serde_spanned v0.6.9
[INFO] [stderr]    Compiling itoa v1.0.15
[INFO] [stderr]    Compiling glob v0.3.2
[INFO] [stderr]    Compiling diff v0.1.13
[INFO] [stderr]    Compiling quote v1.0.40
[INFO] [stderr]    Compiling indexmap v2.9.0
[INFO] [stderr]    Compiling syn v2.0.104
[INFO] [stderr]    Compiling toml_edit v0.22.27
[INFO] [stderr]    Compiling toml v0.8.23
[INFO] [stderr]    Compiling macrotest v1.1.0
[INFO] [stderr]    Compiling trybuild v1.0.105
[INFO] [stderr]    Compiling teleparse v0.1.2 (/opt/rustwide/workdir)
[INFO] [stdout] warning: trailing semicolon in macro used in expression position
[INFO] [stdout]    --> tests/first_follow.rs:167:27
[INFO] [stdout]     |
[INFO] [stdout] 167 |     let follow_e_eprime = follow_set!(TokenType { e, Paren: ")" });
[INFO] [stdout]     |                           ^^^^^^^^^^^^^^^^^^^^^^^^^^^^^^^^^^^^^^^^
[INFO] [stdout]     |
[INFO] [stdout]     = warning: this was previously accepted by the compiler but is being phased out; it will become a hard error in a future release!
[INFO] [stdout]     = note: for more information, see issue #79813 <https://github.com/rust-lang/rust/issues/79813>
[INFO] [stdout]     = note: `#[warn(semicolon_in_expressions_from_non_local_macros)]` (part of `#[warn(future_incompatible)]`) on by default
[INFO] [stdout]     = note: this warning originates in the macro `follow_set` (in Nightly builds, run with -Z macro-backtrace for more info)
[INFO] [stdout] 
[INFO] [stdout] 
[INFO] [stdout] warning: trailing semicolon in macro used in expression position
[INFO] [stdout]    --> tests/first_follow.rs:168:27
[INFO] [stdout]     |
[INFO] [stdout] 168 |       let follow_t_tprime = follow_set!(TokenType {
[INFO] [stdout]     |  ___________________________^
[INFO] [stdout] 169 | |         e,
[INFO] [stdout] 170 | |         Op: "+",
[INFO] [stdout] 171 | |         Paren: ")"
[INFO] [stdout] 172 | |     });
[INFO] [stdout]     | |______^
[INFO] [stdout]     |
[INFO] [stdout]     = warning: this was previously accepted by the compiler but is being phased out; it will become a hard error in a future release!
[INFO] [stdout]     = note: for more information, see issue #79813 <https://github.com/rust-lang/rust/issues/79813>
[INFO] [stdout]     = note: this warning originates in the macro `follow_set` (in Nightly builds, run with -Z macro-backtrace for more info)
[INFO] [stdout] 
[INFO] [stdout] 
[INFO] [stdout] warning: trailing semicolon in macro used in expression position
[INFO] [stdout]    --> tests/first_follow.rs:173:20
[INFO] [stdout]     |
[INFO] [stdout] 173 |       let follow_f = follow_set!(TokenType {
[INFO] [stdout]     |  ____________________^
[INFO] [stdout] 174 | |         e,
[INFO] [stdout] 175 | |         Op: "*",
[INFO] [stdout] 176 | |         Op: "+",
[INFO] [stdout] 177 | |         Paren: ")"
[INFO] [stdout] 178 | |     });
[INFO] [stdout]     | |______^
[INFO] [stdout]     |
[INFO] [stdout]     = warning: this was previously accepted by the compiler but is being phased out; it will become a hard error in a future release!
[INFO] [stdout]     = note: for more information, see issue #79813 <https://github.com/rust-lang/rust/issues/79813>
[INFO] [stdout]     = note: this warning originates in the macro `follow_set` (in Nightly builds, run with -Z macro-backtrace for more info)
[INFO] [stdout] 
[INFO] [stdout] 
[INFO] [stderr]     Finished `release` profile [optimized] target(s) in 1m 12s
[INFO] running `Command { std: "docker" "inspect" "37dec805eb2953bb96e49e515f83be1df4f9ea7c58c70498ff0adb1042864049", kill_on_drop: false }`
[INFO] running `Command { std: "docker" "exec" "-e" "SOURCE_DIR=/opt/rustwide/workdir" "-e" "CARGO_HOME=/opt/rustwide/cargo-home" "-e" "RUSTUP_HOME=/opt/rustwide/rustup-home" "-e" "CARGO_TARGET_DIR=/opt/rustwide/target" "-e" "CARGO_INCREMENTAL=0" "-e" "RUST_BACKTRACE=full" "-e" "RUSTFLAGS=--cap-lints=warn" "-e" "RUSTDOCFLAGS=--cap-lints=warn" "-w" "/opt/rustwide/workdir" "--user" "0:0" "37dec805eb2953bb96e49e515f83be1df4f9ea7c58c70498ff0adb1042864049" "/opt/rustwide/cargo-home/bin/cargo" "+1.99.0-beta.8" "test" "--frozen" "--release", kill_on_drop: false }`
[INFO] [stderr] warning: trailing semicolon in macro used in expression position
[INFO] [stderr]    --> tests/first_follow.rs:167:27
[INFO] [stderr]     |
[INFO] [stderr] 167 |     let follow_e_eprime = follow_set!(TokenType { e, Paren: ")" });
[INFO] [stderr]     |                           ^^^^^^^^^^^^^^^^^^^^^^^^^^^^^^^^^^^^^^^^
[INFO] [stderr]     |
[INFO] [stderr]     = warning: this was previously accepted by the compiler but is being phased out; it will become a hard error in a future release!
[INFO] [stderr]     = note: for more information, see issue #79813 <https://github.com/rust-lang/rust/issues/79813>
[INFO] [stderr]     = note: `#[warn(semicolon_in_expressions_from_non_local_macros)]` (part of `#[warn(future_incompatible)]`) on by default
[INFO] [stderr]     = note: this warning originates in the macro `follow_set` (in Nightly builds, run with -Z macro-backtrace for more info)
[INFO] [stderr] 
[INFO] [stderr] warning: trailing semicolon in macro used in expression position
[INFO] [stderr]    --> tests/first_follow.rs:168:27
[INFO] [stderr]     |
[INFO] [stderr] 168 |       let follow_t_tprime = follow_set!(TokenType {
[INFO] [stderr]     |  ___________________________^
[INFO] [stderr] 169 | |         e,
[INFO] [stderr] 170 | |         Op: "+",
[INFO] [stderr] 171 | |         Paren: ")"
[INFO] [stderr] 172 | |     });
[INFO] [stderr]     | |______^
[INFO] [stderr]     |
[INFO] [stderr]     = warning: this was previously accepted by the compiler but is being phased out; it will become a hard error in a future release!
[INFO] [stderr]     = note: for more information, see issue #79813 <https://github.com/rust-lang/rust/issues/79813>
[INFO] [stderr]     = note: this warning originates in the macro `follow_set` (in Nightly builds, run with -Z macro-backtrace for more info)
[INFO] [stderr] 
[INFO] [stderr] warning: trailing semicolon in macro used in expression position
[INFO] [stderr]    --> tests/first_follow.rs:173:20
[INFO] [stderr]     |
[INFO] [stderr] 173 |       let follow_f = follow_set!(TokenType {
[INFO] [stderr]     |  ____________________^
[INFO] [stderr] 174 | |         e,
[INFO] [stderr] 175 | |         Op: "*",
[INFO] [stderr] 176 | |         Op: "+",
[INFO] [stderr] 177 | |         Paren: ")"
[INFO] [stderr] 178 | |     });
[INFO] [stderr]     | |______^
[INFO] [stderr]     |
[INFO] [stderr]     = warning: this was previously accepted by the compiler but is being phased out; it will become a hard error in a future release!
[INFO] [stderr]     = note: for more information, see issue #79813 <https://github.com/rust-lang/rust/issues/79813>
[INFO] [stderr]     = note: this warning originates in the macro `follow_set` (in Nightly builds, run with -Z macro-backtrace for more info)
[INFO] [stderr] 
[INFO] [stderr] warning: `teleparse` (test "first_follow") generated 3 warnings
[INFO] [stderr]     Finished `release` profile [optimized] target(s) in 0.11s
[INFO] [stderr]      Running unittests src/lib.rs (/opt/rustwide/target/release/deps/teleparse-bbb29e156caa6674)
[INFO] [stdout] 
[INFO] [stdout] running 184 tests
[INFO] [stdout] test lex::token::tests::test_src ... ok
[INFO] [stdout] test lex::token::tests::test_src_empty ... ok
[INFO] [stdout] test lex::vec::tests::begin_none ... ok
[INFO] [stdout] test lex::span::tests::ref_to_span ... ok
[INFO] [stdout] test lex::vec::tests::begin_single ... ok
[INFO] [stdout] test lex::vec::tests::both_end_fully_inside ... ok
[INFO] [stdout] test lex::set::tests::iter_continous ... ok
[INFO] [stdout] test lex::vec::tests::both_partially_inside ... ok
[INFO] [stdout] test lex::vec::tests::end_from_begin ... ok
[INFO] [stdout] test lex::set::tests::insert ... ok
[INFO] [stdout] test lex::set::tests::new ... ok
[INFO] [stdout] test lex::vec::tests::begin_to_end ... ok
[INFO] [stdout] test lex::set::tests::iter_single ... ok
[INFO] [stdout] test lex::vec::tests::end_many ... ok
[INFO] [stdout] test lex::vec::tests::both_fully_outside ... ok
[INFO] [stdout] test lex::set::tests::iter_skip_many ... ok
[INFO] [stdout] test lex::vec::tests::end_none ... ok
[INFO] [stdout] test lex::vec::tests::left_full_outside_touching_right_fully_outside ... ok
[INFO] [stdout] test lex::vec::tests::end_single ... ok
[INFO] [stdout] test lex::set::tests::iter_skip ... ok
[INFO] [stdout] test lex::vec::tests::left_full_outside_touching_right_fully_outside_touching ... ok
[INFO] [stdout] test lex::vec::tests::left_full_outside_touching_right_over_max ... ok
[INFO] [stdout] test lex::vec::tests::left_fully_inside_right_touching ... ok
[INFO] [stdout] test lex::vec::tests::left_fully_outside_right_fully_inside ... ok
[INFO] [stdout] test lex::vec::tests::left_fully_inside_right_over_max ... ok
[INFO] [stdout] test lex::set::tests::iter_empty ... ok
[INFO] [stdout] test lex::vec::tests::left_fully_outside_right_partially_inside ... ok
[INFO] [stdout] test lex::vec::tests::left_fully_outside_right_over_max ... ok
[INFO] [stdout] test lex::vec::tests::left_fully_outside_right_touching ... ok
[INFO] [stdout] test lex::vec::tests::left_over_min_right_fully_inside ... ok
[INFO] [stdout] test lex::vec::tests::left_over_min_right_fully_outside ... ok
[INFO] [stdout] test lex::vec::tests::left_over_min_right_over_max ... ok
[INFO] [stdout] test lex::vec::tests::left_over_min_right_partially_inside ... ok
[INFO] [stdout] test lex::vec::tests::left_over_min_right_touching ... ok
[INFO] [stdout] test lex::vec::tests::left_full_outside_touching_right_partially_inside ... ok
[INFO] [stdout] test lex::vec::tests::left_fully_inside_right_fully_outside ... ok
[INFO] [stdout] test lex::vec::tests::left_fully_inside_right_partially_inside ... ok
[INFO] [stdout] test lex::vec::tests::left_fully_outside_touching_right_fully_inside ... ok
[INFO] [stdout] test lex::vec::tests::left_partially_inside_right_fully_inside ... ok
[INFO] [stdout] test lex::vec::tests::overlap_empty_input ... ok
[INFO] [stdout] test lex::vec::tests::at_span_empty ... ok
[INFO] [stdout] test lex::token::tests::test_overflows ... ok
[INFO] [stdout] test lex::vec::tests::at_span_ok ... ok
[INFO] [stdout] test syntax::lit_set::tests::contains_static ... ok
[INFO] [stdout] test syntax::lit_set::tests::contains_static_not ... ok
[INFO] [stdout] test syntax::lit_set::tests::intersect_subset ... ok
[INFO] [stdout] test syntax::lit_set::tests::intersect_universe ... ok
[INFO] [stdout] test syntax::lit_set::tests::intersection ... ok
[INFO] [stdout] test syntax::lit_set::tests::intersect_disjoint ... ok
[INFO] [stdout] test syntax::lit_set::tests::union ... ok
[INFO] [stdout] test lex::set::tests::remove ... ok
[INFO] [stdout] test syntax::lit_set::tests::union_disjoint ... ok
[INFO] [stdout] test syntax::lit_set::tests::union_no_change_empty ... ok
[INFO] [stdout] test syntax::lit_set::tests::intersect_empty_universe ... ok
[INFO] [stdout] test lex::vec::tests::begin_many ... ok
[INFO] [stdout] test syntax::lit_set::tests::intersect_empty ... ok
[INFO] [stdout] test syntax::lit_set::tests::union_no_change_equal ... ok
[INFO] [stdout] test syntax::lit_set::tests::union_no_change_subset ... ok
[INFO] [stdout] test syntax::lit_set::tests::universe_contains_everything ... ok
[INFO] [stdout] test syntax::term_set::tests::insert_epsilon ... ok
[INFO] [stdout] test syntax::term_set::tests::union_to_any ... ok
[INFO] [stdout] test syntax::term_set::tests::union_disjoint_token ... ok
[INFO] [stdout] test tp_impl::iter::tests::IdentListStar_root_test::is_ll1 ... ok
[INFO] [stdout] test lex::vec::tests::left_partially_inside_right_over_max ... ok
[INFO] [stdout] test lex::vec::tests::left_partially_inside_right_touching ... ok
[INFO] [stdout] test lex::vec::tests::search_lo ... ok
[INFO] [stdout] test syntax::lit_set::tests::contains_dynamic ... ok
[INFO] [stdout] test syntax::term_set::tests::union_empty ... ok
[INFO] [stdout] test tp_impl::iter::tests::SeparatedList_root_test::is_ll1 ... ok
[INFO] [stdout] test lex::vec::tests::left_partially_inside_right_fully_outside ... ok
[INFO] [stdout] test tp_impl::iter::tests::list_of_option_not_ll1 ... ok
[INFO] [stdout] test tp_impl::iter::tests::LoopRecover_root_test::is_ll1 ... ok
[INFO] [stdout] test tp_impl::iter::tests::loop_option_not_ll1 ... ok
[INFO] [stdout] test syntax::lit_set::tests::union_universe_from_empty ... ok
[INFO] [stdout] test syntax::lit_set::tests::union_universe_from_some ... ok
[INFO] [stdout] test syntax::lit_set::tests::union_universe_from_universe ... ok
[INFO] [stdout] test syntax::term_set::tests::insert ... ok
[INFO] [stdout] test tp_impl::iter::tests::ListPlusList_root_test::is_ll1 ... ok
[INFO] [stdout] test tp_impl::iter::tests::parse_loop_recover ... ok
[INFO] [stdout] test tp_impl::iter::tests::parse_many ... ok
[INFO] [stdout] test tp_impl::iter::tests::loop_recover_option_not_ll1 ... ok
[INFO] [stdout] test tp_impl::iter::tests::loop_will_not_stuck ... ok
[INFO] [stdout] test tp_impl::iter::tests::LoopRoot_root_test::is_ll1 ... ok
[INFO] [stdout] test tp_impl::iter::tests::parse_separated_list ... ok
[INFO] [stdout] test syntax::term_set::tests::union_exclude_e ... ok
[INFO] [stdout] test tp_impl::iter::tests::parse_multiple_items_each ... ok
[INFO] [stdout] test tp_impl::iter::tests::IdentList_root_test::is_ll1 ... ok
[INFO] [stdout] test tp_impl::iter::tests::parse_separated_list_panic ... ok
[INFO] [stdout] test tp_impl::iter::tests::parse_loop ... ok
[INFO] [stdout] test tp_impl::iter::tests::consecutive_star_not_ll1 ... ok
[INFO] [stdout] test tp_impl::iter::tests::parse_loop_empty ... ok
[INFO] [stdout] test tp_impl::iter::tests::parse_loop_empty_all_invalid ... ok
[INFO] [stdout] test tp_impl::iter::tests::parse_single_item_each ... ok
[INFO] [stdout] test tp_impl::iter::tests::two_list_of_same_not_ll1 ... ok
[INFO] [stdout] test tp_impl::option::tests::test_seq_not_ll1 ... ok
[INFO] [stdout] test tp_impl::option::tests::test_some ... ok
[INFO] [stdout] test tp_impl::option::tests::test_use_as_option ... ok
[INFO] [stdout] test tp_impl::iter::tests::parse_single_item ... ok
[INFO] [stdout] test tp_impl::option::tests::Seq2_root_test::is_ll1 ... ok
[INFO] [stdout] test tp_impl::punct::tests::ParenPunct_root_test::is_ll1 ... ok
[INFO] [stdout] test tp_impl::option::tests::test_none ... ok
[INFO] [stdout] test tp_impl::option::tests::ExistIdent_root_test::is_ll1 ... ok
[INFO] [stdout] test tp_impl::option::tests::parse_exist ... ok
[INFO] [stdout] test tp_impl::punct::tests::ParenPunct2_root_test::is_ll1 ... ok
[INFO] [stdout] test tp_impl::punct::tests::parse_many ... ok
[INFO] [stdout] test tp_impl::punct::tests::Punct2_root_test::is_ll1 ... ok
[INFO] [stdout] test tp_impl::punct::tests::parse_one_trailing ... ok
[INFO] [stdout] test lex::vec::tests::overlap_none ... ok
[INFO] [stdout] test tp_impl::punct::tests::PunctSame_root_test::is_ll1 ... ok
[INFO] [stdout] test lex::vec::tests::search_hi ... ok
[INFO] [stdout] test tp_impl::punct::tests::parse_one ... ok
[INFO] [stdout] test tp_impl::iter::tests::parse_with_panic ... ok
[INFO] [stdout] test tp_impl::option::tests::test_nested_not_ll1 ... ok
[INFO] [stdout] test tp_impl::punct::tests::parse_partial_item_recover_autofill ... ok
[INFO] [stdout] test tp_impl::punct::tests::parse_punct_same ... ok
[INFO] [stdout] test tp_impl::punct::tests::parse_punct_same_trailing ... ok
[INFO] [stdout] test tp_impl::iter::tests::parse_separated_list_multiple ... ok
[INFO] [stdout] test tp_impl::punct::tests::parse_recover_with_follow ... ok
[INFO] [stdout] test tp_impl::punct::tests::parse_stop_expecting_item ... ok
[INFO] [stdout] test tp_impl::punct::tests::parse_stop_expecting_split ... ok
[INFO] [stdout] test tp_impl::iter::tests::parse_star ... ok
[INFO] [stdout] test tp_impl::punct::tests::PunctTest_root_test::is_ll1 ... ok
[INFO] [stdout] test tp_impl::iter::tests::parse_two_items ... ok
[INFO] [stdout] test tp_impl::punct::tests::parse_empty ... ok
[INFO] [stdout] test tp_impl::punct::tests::parse_partial_item_recover_skip ... ok
[INFO] [stdout] test tp_impl::option::tests::OptIdent_root_test::is_ll1 ... ok
[INFO] [stdout] test tp_impl::punct::tests::punct_option_not_ll1 ... ok
[INFO] [stdout] test tp_impl::recover::tests::parse_option2_none_ok ... ok
[INFO] [stdout] test tp_impl::recover::tests::RecoverTest_root_test::is_ll1 ... ok
[INFO] [stdout] test tp_impl::recover::tests::RecoverOption_root_test::is_ll1 ... ok
[INFO] [stdout] test tp_impl::recover::tests::parse_option2_none_recover ... ok
[INFO] [stdout] test tp_impl::punct::tests::parse_many_trailing ... ok
[INFO] [stdout] test tp_impl::recover::tests::Recover2_root_test::is_ll1 ... ok
[INFO] [stdout] test tp_impl::punct::tests::parse_partial_item_recover_trailing ... ok
[INFO] [stdout] test tp_impl::punct::tests::parse_partial_item_recover_autofill_trailing ... ok
[INFO] [stdout] test tp_impl::option::tests::test_seq2 ... ok
[INFO] [stdout] test tp_impl::recover::tests::parse_ok ... ok
[INFO] [stdout] test tp_impl::punct::tests::parse_two_trailing ... ok
[INFO] [stdout] test tp_impl::punct::tests::punct_both_option_conflict ... ok
[INFO] [stdout] test tp_impl::punct::tests::punct_option_sep_not_ll1 ... ok
[INFO] [stdout] test tp_impl::recover::tests::RecoverOption2_root_test::is_ll1 ... ok
[INFO] [stdout] test tp_impl::recover::tests::parse_recover_head_no_first_skip ... ok
[INFO] [stdout] test tp_impl::recover::tests::parse_recover_tail_panic_no_skip ... ok
[INFO] [stdout] test tp_impl::split::tests::SplitOfOption_root_test::is_ll1 ... ok
[INFO] [stdout] test tp_impl::split::tests::SplitSame_root_test::is_ll1 ... ok
[INFO] [stdout] test tp_impl::split::tests::parse_empty ... ok
[INFO] [stdout] test tp_impl::split::tests::parse_one ... ok
[INFO] [stdout] test tp_impl::recover::tests::parse_recover_head_no_first_no_skip ... ok
[INFO] [stdout] test tp_impl::split::tests::parse_partial_item_recover_autofill ... ok
[INFO] [stdout] test tp_impl::recover::tests::parse_panic_tail_no_first ... ok
[INFO] [stdout] test tp_impl::recover::tests::parse_recover_head_first_skip ... ok
[INFO] [stdout] test tp_impl::split::tests::Split2_root_test::is_ll1 ... ok
[INFO] [stdout] test tp_impl::split::tests::SplitTest_root_test::is_ll1 ... ok
[INFO] [stdout] test tp_impl::recover::tests::parse_option_none_ok ... ok
[INFO] [stdout] test tp_impl::recover::tests::parse_option_some_ok ... ok
[INFO] [stdout] test tp_impl::recover::tests::parse_recover_head_first_no_skip ... ok
[INFO] [stdout] test tp_impl::recover::tests::parse_recover_tail_panic_skip ... ok
[INFO] [stdout] test tp_impl::recover::tests::parse_option_some_skip_ok ... ok
[INFO] [stdout] test tp_impl::split::tests::parse_partial_item_recover_skip ... ok
[INFO] [stdout] test tp_impl::split::tests::parse_many ... ok
[INFO] [stdout] test tp_impl::string::tests::Stringified_root_test::is_ll1 ... ok
[INFO] [stdout] test tp_impl::split::tests::parse_recover_follow ... ok
[INFO] [stdout] test tp_impl::split::tests::split_option_same_conflict_sep ... ok
[INFO] [stdout] test tp_impl::split::tests::split_both_option_conflict ... ok
[INFO] [stdout] test tp_impl::string::tests::test_deref_string ... ok
[INFO] [stdout] test tp_impl::string::tests::Parsed_root_test::is_ll1 ... ok
[INFO] [stdout] test tp_impl::split::tests::parse_recover_expecting_item ... ok
[INFO] [stdout] test tp_impl::split::tests::parse_split_option ... ok
[INFO] [stdout] test tp_impl::split::tests::parse_recover_expecting_item_skip_multiple ... ok
[INFO] [stdout] test tp_impl::split::tests::parse_stop_expecting_split ... ok
[INFO] [stdout] test tp_impl::split::tests::parse_recover_skip_sees_separator ... ok
[INFO] [stdout] test tp_impl::split::tests::parse_two ... ok
[INFO] [stdout] test tp_impl::string::tests::test_stringify ... ok
[INFO] [stdout] test tp_impl::tuple::tests::Tuple2_root_test::is_ll1 ... ok
[INFO] [stdout] test tp_impl::split::tests::split_option_same_conflict ... ok
[INFO] [stdout] test tp_impl::split::tests::parse_split_same ... ok
[INFO] [stdout] test tp_impl::tuple::tests::Tuple3_root_test::is_ll1 ... ok
[INFO] [stdout] test tp_impl::string::tests::test_parse ... ok
[INFO] [stdout] test tp_impl::tuple::tests::Nested_root_test::is_ll1 ... ok
[INFO] [stdout] test tp_impl::tuple::tests::parse_tuple_3 ... ok
[INFO] [stdout] test tp_impl::tuple::tests::parse_nested ... ok
[INFO] [stdout] test tp_impl::tuple::tests::parse_tuple_2 ... ok
[INFO] [stdout] test tp_impl::punct::tests::parse_two ... ok
[INFO] [stdout] test tp_impl::split::tests::SplitTestFollow_root_test::is_ll1 ... ok
[INFO] [stdout] 
[INFO] [stdout] test result: ok. 184 passed; 0 failed; 0 ignored; 0 measured; 0 filtered out; finished in 0.23s
[INFO] [stdout] 
[INFO] [stderr]      Running tests/book_ex_recur.rs (/opt/rustwide/target/release/deps/book_ex_recur-2bba899e9fdc1dc6)
[INFO] [stdout] 
[INFO] [stdout] running 2 tests
[INFO] [stderr]      Running tests/book_ex_simple.rs (/opt/rustwide/target/release/deps/book_ex_simple-ddc05d4fa283aae2)
[INFO] [stdout] test main ... ok
[INFO] [stdout] test E_root_test::is_ll1 ... ok
[INFO] [stdout] 
[INFO] [stdout] test result: ok. 2 passed; 0 failed; 0 ignored; 0 measured; 0 filtered out; finished in 0.00s
[INFO] [stdout] 
[INFO] [stdout] 
[INFO] [stdout] running 2 tests
[INFO] [stdout] test main ... ok
[INFO] [stderr]      Running tests/book_terminal.rs (/opt/rustwide/target/release/deps/book_terminal-5f25d0091da863dc)
[INFO] [stdout] test E_root_test::is_ll1 ... ok
[INFO] [stdout] 
[INFO] [stdout] test result: ok. 2 passed; 0 failed; 0 ignored; 0 measured; 0 filtered out; finished in 0.01s
[INFO] [stdout] 
[INFO] [stdout] 
[INFO] [stdout] running 2 tests
[INFO] [stdout] test ThreeIdents_root_test::is_ll1 ... ok
[INFO] [stdout] test main ... ok
[INFO] [stdout] 
[INFO] [stdout] test result: ok. 2 passed; 0 failed; 0 ignored; 0 measured; 0 filtered out; finished in 0.00s
[INFO] [stdout] 
[INFO] [stderr]      Running tests/doc_lex_comment.rs (/opt/rustwide/target/release/deps/doc_lex_comment-cf77d7d0aadbf7f4)
[INFO] [stdout] 
[INFO] [stdout] running 0 tests
[INFO] [stdout] 
[INFO] [stdout] test result: ok. 0 passed; 0 failed; 0 ignored; 0 measured; 0 filtered out; finished in 0.00s
[INFO] [stdout] 
[INFO] [stderr]      Running tests/doc_lex_term_regex.rs (/opt/rustwide/target/release/deps/doc_lex_term_regex-134851c42a7e6f1b)
[INFO] [stdout] 
[INFO] [stdout] running 0 tests
[INFO] [stdout] 
[INFO] [stdout] test result: ok. 0 passed; 0 failed; 0 ignored; 0 measured; 0 filtered out; finished in 0.00s
[INFO] [stdout] 
[INFO] [stderr]      Running tests/doc_lex_term_simple.rs (/opt/rustwide/target/release/deps/doc_lex_term_simple-406ff7a52bd49775)
[INFO] [stdout] 
[INFO] [stdout] running 0 tests
[INFO] [stdout] 
[INFO] [stdout] test result: ok. 0 passed; 0 failed; 0 ignored; 0 measured; 0 filtered out; finished in 0.00s
[INFO] [stdout] 
[INFO] [stderr]      Running tests/first_follow.rs (/opt/rustwide/target/release/deps/first_follow-d91920b51ad757db)
[INFO] [stdout] 
[INFO] [stdout] running 6 tests
[INFO] [stdout] test E_root_test::is_ll1 ... ok
[INFO] [stdout] test follow_table ... ok
[INFO] [stdout] test first_table ... ok
[INFO] [stdout] test parse_with_error ... ok
[INFO] [stdout] test parse ... ok
[INFO] [stdout] test parse_paren ... ok
[INFO] [stdout] 
[INFO] [stdout] test result: ok. 6 passed; 0 failed; 0 ignored; 0 measured; 0 filtered out; finished in 0.00s
[INFO] [stdout] 
[INFO] [stderr]      Running tests/lexer.rs (/opt/rustwide/target/release/deps/lexer-ad969001d7892ec6)
[INFO] [stdout] 
[INFO] [stdout] running 5 tests
[INFO] [stdout] test basic ... ok
[INFO] [stdout] test empty ... ok
[INFO] [stdout] test single ... ok
[INFO] [stdout] test with_ignore ... ok
[INFO] [stderr]      Running tests/macrotest.rs (/opt/rustwide/target/release/deps/macrotest-83db75c8ff4cd85a)
[INFO] [stdout] test invalid ... ok
[INFO] [stdout] 
[INFO] [stdout] test result: ok. 5 passed; 0 failed; 0 ignored; 0 measured; 0 filtered out; finished in 0.08s
[INFO] [stdout] 
[INFO] [stdout] 
[INFO] [stdout] running 1 test
[INFO] [stderr] error: no such command: `expand`
[INFO] [stderr] 
[INFO] [stderr] help: view all installed commands with `cargo --list`
[INFO] [stderr] help: find a package to install `expand` with `cargo search cargo-expand`
[INFO] [stdout] test macro_expand ... FAILED
[INFO] [stderr] error: test failed, to rerun pass `--test macrotest`
[INFO] [stdout] 
[INFO] [stdout] failures:
[INFO] [stdout] 
[INFO] [stdout] ---- macro_expand stdout ----
[INFO] [stdout] Running 5 macro expansion tests
[INFO] [stdout] Expansion error:
[INFO] [stdout] error: no such command: `expand`
[INFO] [stdout] 
[INFO] [stdout] help: view all installed commands with `cargo --list`
[INFO] [stdout] help: find a package to install `expand` with `cargo search cargo-expand`
[INFO] [stdout] 
[INFO] [stdout] Expansion error:
[INFO] [stdout] error: no such command: `expand`
[INFO] [stdout] 
[INFO] [stdout] help: view all installed commands with `cargo --list`
[INFO] [stdout] help: find a package to install `expand` with `cargo search cargo-expand`
[INFO] [stdout] 
[INFO] [stdout] Expansion error:
[INFO] [stdout] error: no such command: `expand`
[INFO] [stdout] 
[INFO] [stdout] help: view all installed commands with `cargo --list`
[INFO] [stdout] help: find a package to install `expand` with `cargo search cargo-expand`
[INFO] [stdout] 
[INFO] [stdout] Expansion error:
[INFO] [stdout] error: no such command: `expand`
[INFO] [stdout] 
[INFO] [stdout] help: view all installed commands with `cargo --list`
[INFO] [stdout] help: find a package to install `expand` with `cargo search cargo-expand`
[INFO] [stdout] 
[INFO] [stdout] Expansion error:
[INFO] [stdout] error: no such command: `expand`
[INFO] [stdout] 
[INFO] [stdout] help: view all installed commands with `cargo --list`
[INFO] [stdout] help: find a package to install `expand` with `cargo search cargo-expand`
[INFO] [stdout] 
[INFO] [stdout] 
[INFO] [stdout] 
[INFO] [stdout] 
[INFO] [stdout] 
[INFO] [stdout] thread 'macro_expand' (2050) panicked at /opt/rustwide/cargo-home/registry/src/index.crates.io-1949cf8c6b5b557f/macrotest-1.1.0/src/expand.rs:174:9:
[INFO] [stdout] 5 of 5 tests failed
[INFO] [stdout] stack backtrace:
[INFO] [stdout]    0:     0x638277544ab1 - <<std[70759c8f55707aa4]::sys::backtrace::BacktraceLock>::print::DisplayBacktrace as core[df12db4294e9bfd3]::fmt::Display>::fmt
[INFO] [stdout]    1:     0x63827755a5da - core[df12db4294e9bfd3]::fmt::write
[INFO] [stdout]    2:     0x6382775492ac - <alloc[2182bb758b4b3781]::vec::Vec<u8> as core[df12db4294e9bfd3]::io::write::Write>::write_fmt
[INFO] [stdout]    3:     0x63827751d4d6 - std[70759c8f55707aa4]::panicking::default_hook::{closure#0}
[INFO] [stdout]    4:     0x63827753b079 - std[70759c8f55707aa4]::panicking::default_hook
[INFO] [stdout]    5:     0x6382774d5280 - test[9d35eded1c95d3be]::test_main_inner::<test[9d35eded1c95d3be]::test_main_static::{closure#0}>::{closure#0}
[INFO] [stdout]    6:     0x63827753b3a2 - std[70759c8f55707aa4]::panicking::panic_with_hook
[INFO] [stdout]    7:     0x63827751d582 - std[70759c8f55707aa4]::panicking::panic_handler::{closure#0}
[INFO] [stdout]    8:     0x638277515fb9 - std[70759c8f55707aa4]::sys::backtrace::__rust_end_short_backtrace::<std[70759c8f55707aa4]::panicking::panic_handler::{closure#0}, !>
[INFO] [stdout]    9:     0x63827751e17d - __rustc[8fa7c3cbc660c2b3]::rust_begin_unwind
[INFO] [stdout]   10:     0x63827755adbc - core[df12db4294e9bfd3]::panicking::panic_fmt
[INFO] [stdout]   11:     0x6382772e07da - macrotest[74882503cf8b2337]::expand::run_tests::<alloc[2182bb758b4b3781]::vec::Vec<alloc[2182bb758b4b3781]::string::String>, alloc[2182bb758b4b3781]::string::String, &str>
[INFO] [stdout]   12:     0x6382772e3b39 - <macrotest[492379fd9c8904a]::macro_expand::{closure#0} as core[df12db4294e9bfd3]::ops::function::FnOnce<()>>::call_once
[INFO] [stdout]   13:     0x6382774c856b - test[9d35eded1c95d3be]::__rust_begin_short_backtrace::<core[df12db4294e9bfd3]::result::Result<(), alloc[2182bb758b4b3781]::string::String>, fn() -> core[df12db4294e9bfd3]::result::Result<(), alloc[2182bb758b4b3781]::string::String>>
[INFO] [stdout]   14:     0x6382774d5bd5 - test[9d35eded1c95d3be]::run_test::{closure#0}
[INFO] [stdout]   15:     0x6382774cf494 - std[70759c8f55707aa4]::sys::backtrace::__rust_begin_short_backtrace::<test[9d35eded1c95d3be]::run_test::{closure#1}, ()>
[INFO] [stdout]   16:     0x6382774d8d32 - <std[70759c8f55707aa4]::thread::lifecycle::spawn_unchecked<test[9d35eded1c95d3be]::run_test::{closure#1}, ()>::{closure#1} as core[df12db4294e9bfd3]::ops::function::FnOnce<()>>::call_once::{shim:vtable#0}
[INFO] [stdout]   17:     0x638277543a39 - <std[70759c8f55707aa4]::sys::thread::unix::Thread>::new::thread_start
[INFO] [stdout]   18:     0x7e93c0a52dfa - <unknown>
[INFO] [stdout]   19:     0x7e93c0ae63d4 - clone
[INFO] [stdout]   20:                0x0 - <unknown>
[INFO] [stdout] 
[INFO] [stdout] 
[INFO] [stdout] failures:
[INFO] [stdout]     macro_expand
[INFO] [stdout] 
[INFO] [stdout] test result: FAILED. 0 passed; 1 failed; 0 ignored; 0 measured; 0 filtered out; finished in 0.28s
[INFO] [stdout] 
[INFO] running `Command { std: "docker" "inspect" "37dec805eb2953bb96e49e515f83be1df4f9ea7c58c70498ff0adb1042864049", kill_on_drop: false }`
[INFO] running `Command { std: "docker" "rm" "-f" "37dec805eb2953bb96e49e515f83be1df4f9ea7c58c70498ff0adb1042864049", kill_on_drop: false }`
[INFO] [stdout] 37dec805eb2953bb96e49e515f83be1df4f9ea7c58c70498ff0adb1042864049
