[INFO] fetching crate telemetry-safe-tracing 0.2.0...
[INFO] testing telemetry-safe-tracing-0.2.0 against 1.99.0-beta.8+cargoflags=--release for beta-release-1.100-2
[INFO] extracting crate telemetry-safe-tracing 0.2.0 into /workspace/builds/worker-5-tc1/source
[INFO] started tweaking crates.io crate telemetry-safe-tracing 0.2.0
[INFO] removed 0 missing tests
[INFO] finished tweaking crates.io crate telemetry-safe-tracing 0.2.0
[INFO] tweaked toml for crates.io crate telemetry-safe-tracing 0.2.0 written to /workspace/builds/worker-5-tc1/source/Cargo.toml
[INFO] validating manifest of crates.io crate telemetry-safe-tracing 0.2.0 on toolchain 1.99.0-beta.8
[INFO] running `Command { std: CARGO_HOME="/workspace/cargo-home" RUSTUP_HOME="/workspace/rustup-home" "/workspace/cargo-home/bin/cargo" "+1.99.0-beta.8" "metadata" "--manifest-path" "Cargo.toml" "--no-deps", kill_on_drop: false }`
[INFO] crate crates.io crate telemetry-safe-tracing 0.2.0 already has a lockfile, it will not be regenerated
[INFO] running `Command { std: CARGO_HOME="/workspace/cargo-home" RUSTUP_HOME="/workspace/rustup-home" "/workspace/cargo-home/bin/cargo" "+1.99.0-beta.8" "fetch" "--manifest-path" "Cargo.toml", kill_on_drop: false }`
[INFO] [stderr]     Updating crates.io index
[INFO] [stderr]  Downloading crates ...
[INFO] [stderr]   Downloaded telemetry-safe-core v0.2.0
[INFO] [stderr]   Downloaded telemetry-safe-derive v0.2.0
[INFO] [stderr]   Downloaded telemetry-safe-tracing-macros v0.2.0
[INFO] [stderr]   Downloaded telemetry-safe v0.2.0
[INFO] running `Command { std: "docker" "create" "-v" "/var/lib/crater-agent-workspace/builds/worker-5-tc1/source:/opt/rustwide/workdir:ro,Z" "-v" "/var/lib/crater-agent-workspace/builds/worker-5-tc1/target:/opt/rustwide/target:rw,Z" "-v" "/var/lib/crater-agent-workspace/cargo-home:/opt/rustwide/cargo-home:ro,Z" "-v" "/var/lib/crater-agent-workspace/rustup-home:/opt/rustwide/rustup-home:ro,Z" "-m" "1610612736" "--network" "none" "ghcr.io/rust-lang/crates-build-env/linux@sha256:77db811e55d90add9212f6832c23229e3de5f1c1f9905e8cb07319ea15df73ac" "sleep" "infinity", kill_on_drop: false }`
[INFO] [stdout] dd7cf28c0a04c98e1db7e5679d527ded18f4761ef214281916f24cd571f3e940
[INFO] running `Command { std: "docker" "start" "dd7cf28c0a04c98e1db7e5679d527ded18f4761ef214281916f24cd571f3e940", kill_on_drop: false }`
[INFO] running `Command { std: "docker" "inspect" "dd7cf28c0a04c98e1db7e5679d527ded18f4761ef214281916f24cd571f3e940", kill_on_drop: false }`
[INFO] running `Command { std: "docker" "exec" "-e" "SOURCE_DIR=/opt/rustwide/workdir" "-e" "CARGO_HOME=/opt/rustwide/cargo-home" "-e" "RUSTUP_HOME=/opt/rustwide/rustup-home" "-e" "CARGO_TARGET_DIR=/opt/rustwide/target" "-w" "/opt/rustwide/workdir" "--user" "0:0" "dd7cf28c0a04c98e1db7e5679d527ded18f4761ef214281916f24cd571f3e940" "/opt/rustwide/cargo-home/bin/cargo" "+1.99.0-beta.8" "metadata" "--no-deps" "--format-version=1", kill_on_drop: false }`
[INFO] running `Command { std: "docker" "inspect" "dd7cf28c0a04c98e1db7e5679d527ded18f4761ef214281916f24cd571f3e940", kill_on_drop: false }`
[INFO] running `Command { std: "docker" "exec" "-e" "SOURCE_DIR=/opt/rustwide/workdir" "-e" "CARGO_HOME=/opt/rustwide/cargo-home" "-e" "RUSTUP_HOME=/opt/rustwide/rustup-home" "-e" "CARGO_TARGET_DIR=/opt/rustwide/target" "-e" "CARGO_INCREMENTAL=0" "-e" "RUST_BACKTRACE=full" "-e" "RUSTFLAGS=--cap-lints=warn" "-e" "RUSTDOCFLAGS=--cap-lints=warn" "-w" "/opt/rustwide/workdir" "--user" "0:0" "dd7cf28c0a04c98e1db7e5679d527ded18f4761ef214281916f24cd571f3e940" "/opt/rustwide/cargo-home/bin/cargo" "+1.99.0-beta.8" "build" "--frozen" "--message-format=json" "--release", kill_on_drop: false }`
[INFO] [stderr]    Compiling telemetry-safe-derive v0.2.0
[INFO] [stderr]    Compiling telemetry-safe-core v0.2.0
[INFO] [stderr]    Compiling telemetry-safe-tracing-macros v0.2.0
[INFO] [stderr]    Compiling telemetry-safe v0.2.0
[INFO] [stderr]    Compiling telemetry-safe-tracing v0.2.0 (/opt/rustwide/workdir)
[INFO] [stderr]     Finished `release` profile [optimized] target(s) in 0.92s
[INFO] running `Command { std: "docker" "inspect" "dd7cf28c0a04c98e1db7e5679d527ded18f4761ef214281916f24cd571f3e940", kill_on_drop: false }`
[INFO] running `Command { std: "docker" "exec" "-e" "SOURCE_DIR=/opt/rustwide/workdir" "-e" "CARGO_HOME=/opt/rustwide/cargo-home" "-e" "RUSTUP_HOME=/opt/rustwide/rustup-home" "-e" "CARGO_TARGET_DIR=/opt/rustwide/target" "-e" "CARGO_INCREMENTAL=0" "-e" "RUST_BACKTRACE=full" "-e" "RUSTFLAGS=--cap-lints=warn" "-e" "RUSTDOCFLAGS=--cap-lints=warn" "-w" "/opt/rustwide/workdir" "--user" "0:0" "dd7cf28c0a04c98e1db7e5679d527ded18f4761ef214281916f24cd571f3e940" "/opt/rustwide/cargo-home/bin/cargo" "+1.99.0-beta.8" "test" "--frozen" "--no-run" "--message-format=json" "--release", kill_on_drop: false }`
[INFO] [stderr]    Compiling winnow v1.0.1
[INFO] [stderr]    Compiling target-triple v1.0.0
[INFO] [stderr]    Compiling serde_spanned v1.1.1
[INFO] [stderr]    Compiling toml_datetime v1.1.1+spec-1.1.0
[INFO] [stderr]    Compiling toml_writer v1.1.1+spec-1.1.0
[INFO] [stderr]    Compiling serde v1.0.228
[INFO] [stderr]    Compiling serde_json v1.0.149
[INFO] [stderr]    Compiling toml_parser v1.1.2+spec-1.1.0
[INFO] [stderr]    Compiling toml v1.1.2+spec-1.1.0
[INFO] [stderr]    Compiling trybuild v1.0.116
[INFO] [stderr]    Compiling telemetry-safe-tracing v0.2.0 (/opt/rustwide/workdir)
[INFO] [stderr]     Finished `release` profile [optimized] target(s) in 14.51s
[INFO] running `Command { std: "docker" "inspect" "dd7cf28c0a04c98e1db7e5679d527ded18f4761ef214281916f24cd571f3e940", kill_on_drop: false }`
[INFO] running `Command { std: "docker" "exec" "-e" "SOURCE_DIR=/opt/rustwide/workdir" "-e" "CARGO_HOME=/opt/rustwide/cargo-home" "-e" "RUSTUP_HOME=/opt/rustwide/rustup-home" "-e" "CARGO_TARGET_DIR=/opt/rustwide/target" "-e" "CARGO_INCREMENTAL=0" "-e" "RUST_BACKTRACE=full" "-e" "RUSTFLAGS=--cap-lints=warn" "-e" "RUSTDOCFLAGS=--cap-lints=warn" "-w" "/opt/rustwide/workdir" "--user" "0:0" "dd7cf28c0a04c98e1db7e5679d527ded18f4761ef214281916f24cd571f3e940" "/opt/rustwide/cargo-home/bin/cargo" "+1.99.0-beta.8" "test" "--frozen" "--release", kill_on_drop: false }`
[INFO] [stderr]     Finished `release` profile [optimized] target(s) in 0.07s
[INFO] [stderr]      Running unittests src/lib.rs (/opt/rustwide/target/release/deps/telemetry_safe_tracing-9e3d9c8f82a43ea7)
[INFO] [stderr]      Running tests/feature_trusted_literal.rs (/opt/rustwide/target/release/deps/feature_trusted_literal-475b1025b09cd181)
[INFO] [stdout] 
[INFO] [stdout] running 0 tests
[INFO] [stdout] 
[INFO] [stdout] test result: ok. 0 passed; 0 failed; 0 ignored; 0 measured; 0 filtered out; finished in 0.00s
[INFO] [stdout] 
[INFO] [stdout] 
[INFO] [stdout] running 0 tests
[INFO] [stdout] 
[INFO] [stdout] test result: ok. 0 passed; 0 failed; 0 ignored; 0 measured; 0 filtered out; finished in 0.00s
[INFO] [stdout] 
[INFO] [stderr]      Running tests/ui.rs (/opt/rustwide/target/release/deps/ui-572e2aebb8dbf28e)
[INFO] [stdout] 
[INFO] [stdout] running 1 test
[INFO] [stderr]    Compiling proc-macro2 v1.0.106
[INFO] [stderr]    Compiling unicode-ident v1.0.24
[INFO] [stderr]    Compiling quote v1.0.45
[INFO] [stderr]    Compiling once_cell v1.21.4
[INFO] [stderr]    Compiling telemetry-safe-core v0.2.0
[INFO] [stderr]    Compiling pin-project-lite v0.2.17
[INFO] [stderr]    Compiling tracing-core v0.1.36
[INFO] [stderr]    Compiling syn v2.0.117
[INFO] [stderr]    Compiling telemetry-safe-derive v0.2.0
[INFO] [stderr]    Compiling tracing-attributes v0.1.31
[INFO] [stderr]    Compiling telemetry-safe-tracing-macros v0.2.0
[INFO] [stderr]    Compiling telemetry-safe v0.2.0
[INFO] [stderr]    Compiling tracing v0.1.44
[INFO] [stderr]    Compiling telemetry-safe-tracing v0.2.0 (/opt/rustwide/workdir)
[INFO] [stderr]    Compiling telemetry-safe-tracing-tests v0.0.0 (/opt/rustwide/target/tests/trybuild/telemetry-safe-tracing)
[INFO] [stderr]     Finished `dev` profile [unoptimized + debuginfo] target(s) in 10.36s
[INFO] [stderr] 
[INFO] [stderr] 
[INFO] [stderr] test tests/ui/safe_instrument_pass.rs [should pass] ... ok
[INFO] [stderr] test tests/ui/safe_instrument_ret_pass.rs [should pass] ... ok
[INFO] [stderr] test tests/ui/safe_instrument_err_pass.rs [should pass] ... ok
[INFO] [stderr] test tests/ui/safe_instrument_async_ret_err_pass.rs [should pass] ... ok
[INFO] [stderr] test tests/ui/safe_instrument_fail_debug.rs [should fail to compile] ... ok
[INFO] [stderr] test tests/ui/safe_instrument_fail_err.rs [should fail to compile] ... ok
[INFO] [stderr] test tests/ui/safe_instrument_fail_ret_type.rs [should fail to compile] ... mismatch
[INFO] [stderr] 
[INFO] [stderr] EXPECTED:
[INFO] [stderr] ┈┈┈┈┈┈┈┈┈┈┈┈┈┈┈┈┈┈┈┈┈┈┈┈┈┈┈┈┈┈┈┈┈┈┈┈┈┈┈┈┈┈┈┈┈┈┈┈┈┈┈┈┈┈┈┈┈┈┈┈
[INFO] [stderr] error[E0277]: the trait bound `String: ToTelemetry` is not satisfied
[INFO] [stderr]  --> tests/ui/safe_instrument_fail_ret_type.rs:3:1
[INFO] [stderr]   |
[INFO] [stderr] 3 | #[safe_instrument(ret)]
[INFO] [stderr]   | ^^^^^^^^^^^^^^^^^^^^^^^ the trait `ToTelemetry` is not implemented for `String`
[INFO] [stderr]   |
[INFO] [stderr]   = help: the following other types implement trait `ToTelemetry`:
[INFO] [stderr]             &T
[INFO] [stderr]             BTreeMap<K, V>
[INFO] [stderr]             BTreeSet<T>
[INFO] [stderr]             Box<T>
[INFO] [stderr]             IpAddr
[INFO] [stderr]             Ipv4Addr
[INFO] [stderr]             Ipv6Addr
[INFO] [stderr]             NonZero<i128>
[INFO] [stderr]           and $N others
[INFO] [stderr] note: required by a bound in `record_ret`
[INFO] [stderr]  --> src/lib.rs
[INFO] [stderr]   |
[INFO] [stderr]   |     pub fn record_ret<T: ToTelemetry>(span: &Span, value: &T) {
[INFO] [stderr]   |                          ^^^^^^^^^^^ required by this bound in `record_ret`
[INFO] [stderr]   = note: this error originates in the attribute macro `safe_instrument` (in Nightly builds, run with -Z macro-backtrace for more info)
[INFO] [stderr] ┈┈┈┈┈┈┈┈┈┈┈┈┈┈┈┈┈┈┈┈┈┈┈┈┈┈┈┈┈┈┈┈┈┈┈┈┈┈┈┈┈┈┈┈┈┈┈┈┈┈┈┈┈┈┈┈┈┈┈┈
[INFO] [stderr] 
[INFO] [stderr] ACTUAL OUTPUT:
[INFO] [stderr] ┈┈┈┈┈┈┈┈┈┈┈┈┈┈┈┈┈┈┈┈┈┈┈┈┈┈┈┈┈┈┈┈┈┈┈┈┈┈┈┈┈┈┈┈┈┈┈┈┈┈┈┈┈┈┈┈┈┈┈┈
[INFO] [stderr] error[E0277]: the trait bound `String: ToTelemetry` is not satisfied
[INFO] [stderr]  --> tests/ui/safe_instrument_fail_ret_type.rs:3:1
[INFO] [stderr]   |
[INFO] [stderr] 3 | #[safe_instrument(ret)]
[INFO] [stderr]   | ^^^^^^^^^^^^^^^^^^^^^^^ the trait `ToTelemetry` is not implemented for `String`
[INFO] [stderr]   |
[INFO] [stderr]   = help: the following other types implement trait `ToTelemetry`:
[INFO] [stderr]             &T
[INFO] [stderr]             BTreeMap<K, V>
[INFO] [stderr]             BTreeSet<T>
[INFO] [stderr]             Box<T>
[INFO] [stderr]             IpAddr
[INFO] [stderr]             Ipv4Addr
[INFO] [stderr]             Ipv6Addr
[INFO] [stderr]             NonZero<i128>
[INFO] [stderr]           and $N others
[INFO] [stderr] note: required by a bound in `telemetry_safe_tracing::__private::record_ret`
[INFO] [stderr]  --> src/lib.rs
[INFO] [stderr]   |
[INFO] [stderr]   |     pub fn record_ret<T: ToTelemetry>(span: &Span, value: &T) {
[INFO] [stderr]   |                          ^^^^^^^^^^^ required by this bound in `record_ret`
[INFO] [stderr]   = note: this error originates in the attribute macro `safe_instrument` (in Nightly builds, run with -Z macro-backtrace for more info)
[INFO] [stderr] ┈┈┈┈┈┈┈┈┈┈┈┈┈┈┈┈┈┈┈┈┈┈┈┈┈┈┈┈┈┈┈┈┈┈┈┈┈┈┈┈┈┈┈┈┈┈┈┈┈┈┈┈┈┈┈┈┈┈┈┈
[INFO] [stderr] note: If the actual output is the correct output you can bless it by rerunning
[INFO] [stderr]       your test with the environment variable TRYBUILD=overwrite
[INFO] [stderr] 
[INFO] [stderr] test tests/ui/safe_instrument_fail_err_type.rs [should fail to compile] ... mismatch
[INFO] [stderr] 
[INFO] [stderr] EXPECTED:
[INFO] [stderr] ┈┈┈┈┈┈┈┈┈┈┈┈┈┈┈┈┈┈┈┈┈┈┈┈┈┈┈┈┈┈┈┈┈┈┈┈┈┈┈┈┈┈┈┈┈┈┈┈┈┈┈┈┈┈┈┈┈┈┈┈
[INFO] [stderr] error[E0277]: the trait bound `String: ToTelemetry` is not satisfied
[INFO] [stderr]  --> tests/ui/safe_instrument_fail_err_type.rs:3:1
[INFO] [stderr]   |
[INFO] [stderr] 3 | #[safe_instrument(err)]
[INFO] [stderr]   | ^^^^^^^^^^^^^^^^^^^^^^^ the trait `ToTelemetry` is not implemented for `String`
[INFO] [stderr]   |
[INFO] [stderr]   = help: the following other types implement trait `ToTelemetry`:
[INFO] [stderr]             &T
[INFO] [stderr]             BTreeMap<K, V>
[INFO] [stderr]             BTreeSet<T>
[INFO] [stderr]             Box<T>
[INFO] [stderr]             IpAddr
[INFO] [stderr]             Ipv4Addr
[INFO] [stderr]             Ipv6Addr
[INFO] [stderr]             NonZero<i128>
[INFO] [stderr]           and $N others
[INFO] [stderr]   = note: required for `Result<_, String>` to implement `SafeInstrumentResult`
[INFO] [stderr] note: required by a bound in `telemetry_safe_tracing::__private::record_err`
[INFO] [stderr]  --> src/lib.rs
[INFO] [stderr]   |
[INFO] [stderr]   |     pub fn record_err<R: SafeInstrumentResult>(span: &Span, result: &R) {
[INFO] [stderr]   |                          ^^^^^^^^^^^^^^^^^^^^ required by this bound in `record_err`
[INFO] [stderr]   = note: this error originates in the attribute macro `safe_instrument` (in Nightly builds, run with -Z macro-backtrace for more info)
[INFO] [stderr] ┈┈┈┈┈┈┈┈┈┈┈┈┈┈┈┈┈┈┈┈┈┈┈┈┈┈┈┈┈┈┈┈┈┈┈┈┈┈┈┈┈┈┈┈┈┈┈┈┈┈┈┈┈┈┈┈┈┈┈┈
[INFO] [stderr] 
[INFO] [stderr] ACTUAL OUTPUT:
[INFO] [stderr] ┈┈┈┈┈┈┈┈┈┈┈┈┈┈┈┈┈┈┈┈┈┈┈┈┈┈┈┈┈┈┈┈┈┈┈┈┈┈┈┈┈┈┈┈┈┈┈┈┈┈┈┈┈┈┈┈┈┈┈┈
[INFO] [stderr] error[E0277]: the trait bound `String: ToTelemetry` is not satisfied
[INFO] [stderr]  --> tests/ui/safe_instrument_fail_err_type.rs:3:1
[INFO] [stderr]   |
[INFO] [stderr] 3 | #[safe_instrument(err)]
[INFO] [stderr]   | ^^^^^^^^^^^^^^^^^^^^^^^ the trait `ToTelemetry` is not implemented for `String`
[INFO] [stderr]   |
[INFO] [stderr]   = help: the following other types implement trait `ToTelemetry`:
[INFO] [stderr]             &T
[INFO] [stderr]             BTreeMap<K, V>
[INFO] [stderr]             BTreeSet<T>
[INFO] [stderr]             Box<T>
[INFO] [stderr]             IpAddr
[INFO] [stderr]             Ipv4Addr
[INFO] [stderr]             Ipv6Addr
[INFO] [stderr]             NonZero<i128>
[INFO] [stderr]           and $N others
[INFO] [stderr]   = note: required for `Result<_, String>` to implement `telemetry_safe_tracing::__private::SafeInstrumentResult`
[INFO] [stderr] note: required by a bound in `telemetry_safe_tracing::__private::record_err`
[INFO] [stderr]  --> src/lib.rs
[INFO] [stderr]   |
[INFO] [stderr]   |     pub fn record_err<R: SafeInstrumentResult>(span: &Span, result: &R) {
[INFO] [stderr]   |                          ^^^^^^^^^^^^^^^^^^^^ required by this bound in `record_err`
[INFO] [stderr]   = note: this error originates in the attribute macro `safe_instrument` (in Nightly builds, run with -Z macro-backtrace for more info)
[INFO] [stderr] ┈┈┈┈┈┈┈┈┈┈┈┈┈┈┈┈┈┈┈┈┈┈┈┈┈┈┈┈┈┈┈┈┈┈┈┈┈┈┈┈┈┈┈┈┈┈┈┈┈┈┈┈┈┈┈┈┈┈┈┈
[INFO] [stderr] note: If the actual output is the correct output you can bless it by rerunning
[INFO] [stderr]       your test with the environment variable TRYBUILD=overwrite
[INFO] [stderr] 
[INFO] [stderr] test tests/ui/safe_instrument_fail_err_non_result.rs [should fail to compile] ... mismatch
[INFO] [stdout] test ui ... FAILED
[INFO] [stderr] 
[INFO] [stdout] 
[INFO] [stderr] EXPECTED:
[INFO] [stdout] failures:
[INFO] [stderr] ┈┈┈┈┈┈┈┈┈┈┈┈┈┈┈┈┈┈┈┈┈┈┈┈┈┈┈┈┈┈┈┈┈┈┈┈┈┈┈┈┈┈┈┈┈┈┈┈┈┈┈┈┈┈┈┈┈┈┈┈
[INFO] [stdout] 
[INFO] [stderr] error[E0277]: the trait bound `{integer}: SafeInstrumentResult` is not satisfied
[INFO] [stdout] ---- ui stdout ----
[INFO] [stderr]  --> tests/ui/safe_instrument_fail_err_non_result.rs:3:1
[INFO] [stdout] 
[INFO] [stderr]   |
[INFO] [stdout] thread 'ui' (470) panicked at /opt/rustwide/cargo-home/registry/src/index.crates.io-1949cf8c6b5b557f/trybuild-1.0.116/src/run.rs:102:13:
[INFO] [stderr] 3 | #[safe_instrument(err)]
[INFO] [stdout] 3 of 9 tests failed
[INFO] [stderr]   | ^^^^^^^^^^^^^^^^^^^^^^^ the trait `SafeInstrumentResult` is not implemented for `{integer}`
[INFO] [stdout] stack backtrace:
[INFO] [stderr]   |
[INFO] [stdout]    0:     0x5c4bae319cc1 - <<std[70759c8f55707aa4]::sys::backtrace::BacktraceLock>::print::DisplayBacktrace as core[df12db4294e9bfd3]::fmt::Display>::fmt
[INFO] [stderr] help: the trait `SafeInstrumentResult` is implemented for `Result<T, E>`
[INFO] [stdout]    1:     0x5c4bae33034a - core[df12db4294e9bfd3]::fmt::write
[INFO] [stderr]  --> src/lib.rs
[INFO] [stdout]    2:     0x5c4bae31e78c - <alloc[2182bb758b4b3781]::vec::Vec<u8> as core[df12db4294e9bfd3]::io::write::Write>::write_fmt
[INFO] [stderr]   |
[INFO] [stdout]    3:     0x5c4bae2f31a6 - std[70759c8f55707aa4]::panicking::default_hook::{closure#0}
[INFO] [stderr]   |     impl<T, E: ToTelemetry> SafeInstrumentResult for Result<T, E> {
[INFO] [stdout]    4:     0x5c4bae311339 - std[70759c8f55707aa4]::panicking::default_hook
[INFO] [stderr]   |     ^^^^^^^^^^^^^^^^^^^^^^^^^^^^^^^^^^^^^^^^^^^^^^^^^^^^^^^^^^^^^
[INFO] [stdout]    5:     0x5c4bae2aa610 - test[9d35eded1c95d3be]::test_main_inner::<test[9d35eded1c95d3be]::test_main_static::{closure#0}>::{closure#0}
[INFO] [stderr] note: required by a bound in `telemetry_safe_tracing::__private::record_err`
[INFO] [stdout]    6:     0x5c4bae3114f2 - std[70759c8f55707aa4]::panicking::panic_with_hook
[INFO] [stderr]  --> src/lib.rs
[INFO] [stdout]    7:     0x5c4bae2f3252 - std[70759c8f55707aa4]::panicking::panic_handler::{closure#0}
[INFO] [stderr]   |
[INFO] [stdout]    8:     0x5c4bae2ebb19 - std[70759c8f55707aa4]::sys::backtrace::__rust_end_short_backtrace::<std[70759c8f55707aa4]::panicking::panic_handler::{closure#0}, !>
[INFO] [stderr]   |     pub fn record_err<R: SafeInstrumentResult>(span: &Span, result: &R) {
[INFO] [stdout]    9:     0x5c4bae2f3e4d - __rustc[8fa7c3cbc660c2b3]::rust_begin_unwind
[INFO] [stderr]   |                          ^^^^^^^^^^^^^^^^^^^^ required by this bound in `record_err`
[INFO] [stdout]   10:     0x5c4bae330abc - core[df12db4294e9bfd3]::panicking::panic_fmt
[INFO] [stderr]   = note: this error originates in the attribute macro `safe_instrument` (in Nightly builds, run with -Z macro-backtrace for more info)
[INFO] [stdout]   11:     0x5c4bae1fa6f8 - <trybuild[e6a21e960a0af5f]::Runner>::run
[INFO] [stderr] ┈┈┈┈┈┈┈┈┈┈┈┈┈┈┈┈┈┈┈┈┈┈┈┈┈┈┈┈┈┈┈┈┈┈┈┈┈┈┈┈┈┈┈┈┈┈┈┈┈┈┈┈┈┈┈┈┈┈┈┈
[INFO] [stdout]   12:     0x5c4bae1fe200 - <trybuild[e6a21e960a0af5f]::TestCases as core[df12db4294e9bfd3]::ops::drop::Drop>::drop
[INFO] [stderr] 
[INFO] [stdout]   13:     0x5c4bae1f53b6 - <ui[98855da28924a33f]::ui::{closure#0} as core[df12db4294e9bfd3]::ops::function::FnOnce<()>>::call_once
[INFO] [stderr] ACTUAL OUTPUT:
[INFO] [stdout]   14:     0x5c4bae29d8fb - test[9d35eded1c95d3be]::__rust_begin_short_backtrace::<core[df12db4294e9bfd3]::result::Result<(), alloc[2182bb758b4b3781]::string::String>, fn() -> core[df12db4294e9bfd3]::result::Result<(), alloc[2182bb758b4b3781]::string::String>>
[INFO] [stderr] ┈┈┈┈┈┈┈┈┈┈┈┈┈┈┈┈┈┈┈┈┈┈┈┈┈┈┈┈┈┈┈┈┈┈┈┈┈┈┈┈┈┈┈┈┈┈┈┈┈┈┈┈┈┈┈┈┈┈┈┈
[INFO] [stdout]   15:     0x5c4bae2aaf65 - test[9d35eded1c95d3be]::run_test::{closure#0}
[INFO] [stderr] error[E0277]: the trait bound `{integer}: telemetry_safe_tracing::__private::SafeInstrumentResult` is not satisfied
[INFO] [stdout]   16:     0x5c4bae2a4824 - std[70759c8f55707aa4]::sys::backtrace::__rust_begin_short_backtrace::<test[9d35eded1c95d3be]::run_test::{closure#1}, ()>
[INFO] [stderr]  --> tests/ui/safe_instrument_fail_err_non_result.rs:3:1
[INFO] [stdout]   17:     0x5c4bae2ae0c2 - <std[70759c8f55707aa4]::thread::lifecycle::spawn_unchecked<test[9d35eded1c95d3be]::run_test::{closure#1}, ()>::{closure#1} as core[df12db4294e9bfd3]::ops::function::FnOnce<()>>::call_once::{shim:vtable#0}
[INFO] [stderr]   |
[INFO] [stdout]   18:     0x5c4bae318f79 - <std[70759c8f55707aa4]::sys::thread::unix::Thread>::new::thread_start
[INFO] [stderr] 3 | #[safe_instrument(err)]
[INFO] [stdout]   19:     0x712a4671bdfa - <unknown>
[INFO] [stderr]   | ^^^^^^^^^^^^^^^^^^^^^^^ the trait `telemetry_safe_tracing::__private::SafeInstrumentResult` is not implemented for `{integer}`
[INFO] [stdout]   20:     0x712a467af3d4 - clone
[INFO] [stderr]   |
[INFO] [stdout]   21:                0x0 - <unknown>
[INFO] [stderr] help: the trait `telemetry_safe_tracing::__private::SafeInstrumentResult` is implemented for `Result<T, E>`
[INFO] [stdout] 
[INFO] [stderr]  --> src/lib.rs
[INFO] [stdout] 
[INFO] [stderr]   |
[INFO] [stdout] failures:
[INFO] [stderr]   |     impl<T, E: ToTelemetry> SafeInstrumentResult for Result<T, E> {
[INFO] [stdout]     ui
[INFO] [stderr]   |     ^^^^^^^^^^^^^^^^^^^^^^^^^^^^^^^^^^^^^^^^^^^^^^^^^^^^^^^^^^^^^
[INFO] [stdout] 
[INFO] [stderr] note: required by a bound in `telemetry_safe_tracing::__private::record_err`
[INFO] [stdout] test result: FAILED. 0 passed; 1 failed; 0 ignored; 0 measured; 0 filtered out; finished in 14.88s
[INFO] [stderr]  --> src/lib.rs
[INFO] [stdout] 
[INFO] [stderr]   |
[INFO] [stderr]   |     pub fn record_err<R: SafeInstrumentResult>(span: &Span, result: &R) {
[INFO] [stderr]   |                          ^^^^^^^^^^^^^^^^^^^^ required by this bound in `record_err`
[INFO] [stderr]   = note: this error originates in the attribute macro `safe_instrument` (in Nightly builds, run with -Z macro-backtrace for more info)
[INFO] [stderr] ┈┈┈┈┈┈┈┈┈┈┈┈┈┈┈┈┈┈┈┈┈┈┈┈┈┈┈┈┈┈┈┈┈┈┈┈┈┈┈┈┈┈┈┈┈┈┈┈┈┈┈┈┈┈┈┈┈┈┈┈
[INFO] [stderr] note: If the actual output is the correct output you can bless it by rerunning
[INFO] [stderr]       your test with the environment variable TRYBUILD=overwrite
[INFO] [stderr] 
[INFO] [stderr] 
[INFO] [stderr] 
[INFO] [stderr] error: test failed, to rerun pass `--test ui`
[INFO] running `Command { std: "docker" "inspect" "dd7cf28c0a04c98e1db7e5679d527ded18f4761ef214281916f24cd571f3e940", kill_on_drop: false }`
[INFO] running `Command { std: "docker" "rm" "-f" "dd7cf28c0a04c98e1db7e5679d527ded18f4761ef214281916f24cd571f3e940", kill_on_drop: false }`
[INFO] [stdout] dd7cf28c0a04c98e1db7e5679d527ded18f4761ef214281916f24cd571f3e940
