[INFO] fetching crate telemaco-net 0.2.0...
[INFO] testing telemaco-net-0.2.0 against 1.99.0-beta.8+cargoflags=--release for beta-release-1.100-2
[INFO] extracting crate telemaco-net 0.2.0 into /workspace/builds/worker-6-tc1/source
[INFO] started tweaking crates.io crate telemaco-net 0.2.0
[INFO] finished tweaking crates.io crate telemaco-net 0.2.0
[INFO] tweaked toml for crates.io crate telemaco-net 0.2.0 written to /workspace/builds/worker-6-tc1/source/Cargo.toml
[INFO] validating manifest of crates.io crate telemaco-net 0.2.0 on toolchain 1.99.0-beta.8
[INFO] running `Command { std: CARGO_HOME="/workspace/cargo-home" RUSTUP_HOME="/workspace/rustup-home" "/workspace/cargo-home/bin/cargo" "+1.99.0-beta.8" "metadata" "--manifest-path" "Cargo.toml" "--no-deps", kill_on_drop: false }`
[INFO] crate crates.io crate telemaco-net 0.2.0 already has a lockfile, it will not be regenerated
[INFO] running `Command { std: CARGO_HOME="/workspace/cargo-home" RUSTUP_HOME="/workspace/rustup-home" "/workspace/cargo-home/bin/cargo" "+1.99.0-beta.8" "fetch" "--manifest-path" "Cargo.toml", kill_on_drop: false }`
[INFO] [stderr]     Updating crates.io index
[INFO] [stderr]  Downloading crates ...
[INFO] [stderr]   Downloaded cc v1.2.64
[INFO] [stderr]   Downloaded compression-core v0.4.32
[INFO] [stderr]   Downloaded wreq-util v3.0.0-rc.12
[INFO] [stderr]   Downloaded tokio-socks v0.5.3
[INFO] [stderr]   Downloaded compression-codecs v0.4.38
[INFO] [stderr]   Downloaded async-compression v0.4.42
[INFO] [stderr]   Downloaded webpki-root-certs v1.0.7
[INFO] [stderr]   Downloaded http2 v0.5.18
[INFO] [stderr]   Downloaded rcgen v0.13.2
[INFO] [stderr]   Downloaded time v0.3.54
[INFO] running `Command { std: "docker" "create" "-v" "/var/lib/crater-agent-workspace/builds/worker-6-tc1/source:/opt/rustwide/workdir:ro,Z" "-v" "/var/lib/crater-agent-workspace/builds/worker-6-tc1/target:/opt/rustwide/target:rw,Z" "-v" "/var/lib/crater-agent-workspace/cargo-home:/opt/rustwide/cargo-home:ro,Z" "-v" "/var/lib/crater-agent-workspace/rustup-home:/opt/rustwide/rustup-home:ro,Z" "-m" "1610612736" "--network" "none" "ghcr.io/rust-lang/crates-build-env/linux@sha256:77db811e55d90add9212f6832c23229e3de5f1c1f9905e8cb07319ea15df73ac" "sleep" "infinity", kill_on_drop: false }`
[INFO] [stdout] b64618074f7114715f561efa829b6c8bd4e72db0f5b9ee186d6a144818598800
[INFO] running `Command { std: "docker" "start" "b64618074f7114715f561efa829b6c8bd4e72db0f5b9ee186d6a144818598800", kill_on_drop: false }`
[INFO] running `Command { std: "docker" "inspect" "b64618074f7114715f561efa829b6c8bd4e72db0f5b9ee186d6a144818598800", kill_on_drop: false }`
[INFO] running `Command { std: "docker" "exec" "-e" "SOURCE_DIR=/opt/rustwide/workdir" "-e" "CARGO_HOME=/opt/rustwide/cargo-home" "-e" "RUSTUP_HOME=/opt/rustwide/rustup-home" "-e" "CARGO_TARGET_DIR=/opt/rustwide/target" "-w" "/opt/rustwide/workdir" "--user" "0:0" "b64618074f7114715f561efa829b6c8bd4e72db0f5b9ee186d6a144818598800" "/opt/rustwide/cargo-home/bin/cargo" "+1.99.0-beta.8" "metadata" "--no-deps" "--format-version=1", kill_on_drop: false }`
[INFO] running `Command { std: "docker" "inspect" "b64618074f7114715f561efa829b6c8bd4e72db0f5b9ee186d6a144818598800", kill_on_drop: false }`
[INFO] running `Command { std: "docker" "exec" "-e" "SOURCE_DIR=/opt/rustwide/workdir" "-e" "CARGO_HOME=/opt/rustwide/cargo-home" "-e" "RUSTUP_HOME=/opt/rustwide/rustup-home" "-e" "CARGO_TARGET_DIR=/opt/rustwide/target" "-e" "CARGO_INCREMENTAL=0" "-e" "RUST_BACKTRACE=full" "-e" "RUSTFLAGS=--cap-lints=warn" "-e" "RUSTDOCFLAGS=--cap-lints=warn" "-w" "/opt/rustwide/workdir" "--user" "0:0" "b64618074f7114715f561efa829b6c8bd4e72db0f5b9ee186d6a144818598800" "/opt/rustwide/cargo-home/bin/cargo" "+1.99.0-beta.8" "build" "--frozen" "--message-format=json" "--release", kill_on_drop: false }`
[INFO] [stderr]    Compiling cc v1.2.64
[INFO] [stderr]    Compiling alloc-no-stdlib v2.0.4
[INFO] [stderr]    Compiling rustls-pki-types v1.14.1
[INFO] [stderr]    Compiling simd-adler32 v0.3.9
[INFO] [stderr]    Compiling parking_lot_core v0.9.12
[INFO] [stderr]    Compiling memchr v2.8.2
[INFO] [stderr]    Compiling bitflags v2.13.0
[INFO] [stderr]    Compiling compression-core v0.4.32
[INFO] [stderr]    Compiling tracing v0.1.44
[INFO] [stderr]    Compiling rustix v1.1.4
[INFO] [stderr]    Compiling getrandom v0.4.2
[INFO] [stderr]    Compiling serde v1.0.228
[INFO] [stderr]    Compiling serde_json v1.0.150
[INFO] [stderr]    Compiling icu_normalizer v2.2.0
[INFO] [stderr]    Compiling thiserror-impl v2.0.18
[INFO] [stderr]    Compiling fastrand v2.4.1
[INFO] [stderr]    Compiling alloc-stdlib v0.2.2
[INFO] [stderr]    Compiling log v0.4.32
[INFO] [stderr]    Compiling encoding_rs v0.8.35
[INFO] [stderr]    Compiling parking_lot v0.12.5
[INFO] [stderr]    Compiling miniz_oxide v0.8.9
[INFO] [stderr]    Compiling brotli-decompressor v5.0.1
[INFO] [stderr]    Compiling tokio v1.52.3
[INFO] [stderr]    Compiling idna_adapter v1.2.2
[INFO] [stderr]    Compiling idna v1.1.0
[INFO] [stderr]    Compiling webpki-roots v1.0.7
[INFO] [stderr]    Compiling url v2.5.8
[INFO] [stderr]    Compiling serde_urlencoded v0.7.1
[INFO] [stderr]    Compiling flate2 v1.1.9
[INFO] [stderr]    Compiling thiserror v2.0.18
[INFO] [stderr]    Compiling brotli v8.0.3
[INFO] [stderr]    Compiling ring v0.17.14
[INFO] [stderr]    Compiling tempfile v3.27.0
[INFO] [stderr]    Compiling compression-codecs v0.4.38
[INFO] [stderr]    Compiling hyper v1.10.1
[INFO] [stderr]    Compiling tokio-util v0.7.18
[INFO] [stderr]    Compiling async-compression v0.4.42
[INFO] [stderr]    Compiling tower v0.5.3
[INFO] [stderr]    Compiling tower-http v0.6.11
[INFO] [stderr]    Compiling hyper-util v0.1.20
[INFO] [stderr]    Compiling rustls v0.23.40
[INFO] [stderr]    Compiling rustls-webpki v0.103.13
[INFO] [stderr]    Compiling tokio-rustls v0.26.4
[INFO] [stderr]    Compiling hyper-rustls v0.27.9
[INFO] [stderr]    Compiling reqwest v0.12.28
[INFO] [stderr]    Compiling telemaco-net v0.2.0 (/opt/rustwide/workdir)
[INFO] [stderr]     Finished `release` profile [optimized] target(s) in 1m 18s
[INFO] running `Command { std: "docker" "inspect" "b64618074f7114715f561efa829b6c8bd4e72db0f5b9ee186d6a144818598800", kill_on_drop: false }`
[INFO] running `Command { std: "docker" "exec" "-e" "SOURCE_DIR=/opt/rustwide/workdir" "-e" "CARGO_HOME=/opt/rustwide/cargo-home" "-e" "RUSTUP_HOME=/opt/rustwide/rustup-home" "-e" "CARGO_TARGET_DIR=/opt/rustwide/target" "-e" "CARGO_INCREMENTAL=0" "-e" "RUST_BACKTRACE=full" "-e" "RUSTFLAGS=--cap-lints=warn" "-e" "RUSTDOCFLAGS=--cap-lints=warn" "-w" "/opt/rustwide/workdir" "--user" "0:0" "b64618074f7114715f561efa829b6c8bd4e72db0f5b9ee186d6a144818598800" "/opt/rustwide/cargo-home/bin/cargo" "+1.99.0-beta.8" "test" "--frozen" "--no-run" "--message-format=json" "--release", kill_on_drop: false }`
[INFO] [stderr]    Compiling rustls v0.23.40
[INFO] [stderr]    Compiling deranged v0.5.8
[INFO] [stderr]    Compiling time v0.3.54
[INFO] [stderr]    Compiling yasna v0.5.2
[INFO] [stderr]    Compiling rcgen v0.13.2
[INFO] [stderr]    Compiling tokio-rustls v0.26.4
[INFO] [stderr]    Compiling hyper-rustls v0.27.9
[INFO] [stderr]    Compiling reqwest v0.12.28
[INFO] [stderr]    Compiling telemaco-net v0.2.0 (/opt/rustwide/workdir)
[INFO] [stdout] warning: unused import: `std::io::Write`
[INFO] [stdout]     --> src/cookies.rs:1112:13
[INFO] [stdout]      |
[INFO] [stdout] 1112 |         use std::io::Write;
[INFO] [stdout]      |             ^^^^^^^^^^^^^^
[INFO] [stdout]      |
[INFO] [stdout]      = note: `#[warn(unused_imports)]` (part of `#[warn(unused)]`) on by default
[INFO] [stdout] 
[INFO] [stdout] 
[INFO] [stderr]     Finished `release` profile [optimized] target(s) in 42.83s
[INFO] running `Command { std: "docker" "inspect" "b64618074f7114715f561efa829b6c8bd4e72db0f5b9ee186d6a144818598800", kill_on_drop: false }`
[INFO] running `Command { std: "docker" "exec" "-e" "SOURCE_DIR=/opt/rustwide/workdir" "-e" "CARGO_HOME=/opt/rustwide/cargo-home" "-e" "RUSTUP_HOME=/opt/rustwide/rustup-home" "-e" "CARGO_TARGET_DIR=/opt/rustwide/target" "-e" "CARGO_INCREMENTAL=0" "-e" "RUST_BACKTRACE=full" "-e" "RUSTFLAGS=--cap-lints=warn" "-e" "RUSTDOCFLAGS=--cap-lints=warn" "-w" "/opt/rustwide/workdir" "--user" "0:0" "b64618074f7114715f561efa829b6c8bd4e72db0f5b9ee186d6a144818598800" "/opt/rustwide/cargo-home/bin/cargo" "+1.99.0-beta.8" "test" "--frozen" "--release", kill_on_drop: false }`
[INFO] [stderr] warning: unused import: `std::io::Write`
[INFO] [stderr]     --> src/cookies.rs:1112:13
[INFO] [stderr]      |
[INFO] [stderr] 1112 |         use std::io::Write;
[INFO] [stderr]      |             ^^^^^^^^^^^^^^
[INFO] [stderr]      |
[INFO] [stderr]      = note: `#[warn(unused_imports)]` (part of `#[warn(unused)]`) on by default
[INFO] [stderr] 
[INFO] [stderr] warning: `telemaco-net` (lib test) generated 1 warning (run `cargo fix --lib -p telemaco-net --tests` to apply 1 suggestion)
[INFO] [stderr]     Finished `release` profile [optimized] target(s) in 0.25s
[INFO] [stderr]      Running unittests src/lib.rs (/opt/rustwide/target/release/deps/telemaco_net-65cc3f02f489198a)
[INFO] [stdout] 
[INFO] [stdout] running 87 tests
[INFO] [stdout] test client::cert_env_tests::empty_ssl_cert_env_is_treated_as_unset ... ok
[INFO] [stdout] test blocklist::tests::test_exact_match ... ok
[INFO] [stdout] test blocklist::tests::test_subdomain_match ... ok
[INFO] [stdout] test blocklist::tests::test_not_blocked ... ok
[INFO] [stdout] test client::ssrf_tests::ipv4_private_and_special_ranges_are_forbidden ... ok
[INFO] [stdout] test client::ssrf_tests::ipv6_loopback_ula_linklocal_and_mapped_are_forbidden ... ok
[INFO] [stdout] test blocklist::tests::test_pgl_domains ... ok
[INFO] [stdout] test blocklist::tests::test_blocklist_size ... ok
[INFO] [stdout] test client::ssrf_tests::public_ipv4_is_allowed ... ok
[INFO] [stdout] test client::ssrf_tests::public_ipv6_is_allowed ... ok
[INFO] [stdout] test client::ssrf_tests::resolver_blocks_hostname_that_resolves_to_loopback ... ok
[INFO] [stdout] test client::ssrf_tests::resolver_does_not_ssrf_block_public_host ... ok
[INFO] [stdout] test client::ssrf_tests::resource_profiles_use_type_specific_fetch_metadata ... ok
[INFO] [stdout] test client::ssrf_tests::callbacks_fire_once_across_redirects ... ok
[INFO] [stdout] test client::ssrf_tests::credentialed_cors_rejects_wildcard_and_accepts_exact_origin ... ok
[INFO] [stdout] test client::ssrf_tests::cross_origin_module_uses_cors_script_profile_without_credentials ... ok
[INFO] [stdout] test client::ssrf_tests::cancellation_returns_active_requests_to_zero ... ok
[INFO] [stdout] test client::ssrf_tests::subresource_referrer_and_fetch_site_follow_default_browser_policy ... ok
[INFO] [stdout] test client::ssrf_tests::accept_language_override_reaches_the_wire ... ok
[INFO] [stdout] test cookies::tests::cookie_path_requires_slash_boundary ... ok
[INFO] [stdout] test client::ssrf_tests::validate_url_blocks_unspecified_and_allows_public ... ok
[INFO] [stdout] test client::ssrf_tests::same_origin_font_needs_no_cors_header_and_sends_cookies ... ok
[INFO] [stdout] test cookies::tests::cookie_without_path_defaults_to_directory_not_full_path ... ok
[INFO] [stdout] test cookies::tests::host_only_cookie_not_sent_to_subdomain ... ok
[INFO] [stdout] test client::ssrf_tests::private_ca_is_still_rejected_without_ssl_cert_file ... ok
[INFO] [stdout] test cookies::tests::public_suffix_domain_attribute_is_ignored ... ok
[INFO] [stdout] test cookies::tests::test_cdp_cookie_with_leading_dot_domain_matches_requests ... ok
[INFO] [stdout] test cookies::tests::test_cdp_domain_leading_dot_is_not_a_separate_cookie ... ok
[INFO] [stdout] test cookies::tests::js_cookie_without_path_also_defaults_to_directory ... ok
[INFO] [stdout] test cookies::tests::test_cdp_domain_leading_dot_repairs_a_persisted_store ... ok
[INFO] [stdout] test cookies::tests::test_cdp_zero_expiry_deletes_across_domain_spellings ... ok
[INFO] [stdout] test client::ssrf_tests::response_limits_reject_content_length_and_streamed_overflow ... ok
[INFO] [stdout] test cookies::tests::attacker_response_cannot_set_unrelated_victim_domain_cookie ... ok
[INFO] [stdout] test cookies::tests::default_cookie_path_is_request_directory ... ok
[INFO] [stdout] test client::ssrf_tests::cancelled_shared_subresource_leader_wakes_follower_and_clears_slot ... ok
[INFO] [stdout] test client::ssrf_tests::configured_roots_trust_a_private_ca_via_ssl_cert_file ... FAILED
[INFO] [stdout] test client::ssrf_tests::configured_roots_trust_a_private_ca_via_ssl_cert_dir ... FAILED
[INFO] [stdout] test client::ssrf_tests::cross_origin_font_sends_origin_and_omits_cross_origin_cookies ... ok
[INFO] [stdout] test cookies::tests::test_cookie_from_file_load_then_send_in_request ... ok
[INFO] [stdout] test cookies::tests::test_delete_cookies_filtered_no_path_deletes_regardless ... ok
[INFO] [stdout] test cookies::tests::test_delete_cookies_filtered_path_mismatch_preserves_cookie ... ok
[INFO] [stdout] test cookies::tests::test_domain_matches_subdomain_without_leading_dot ... ok
[INFO] [stdout] test cookies::tests::test_cdp_stored_domain_field_carries_no_dot ... ok
[INFO] [stdout] test cookies::tests::test_cookie_domain_matching ... ok
[INFO] [stdout] test cookies::tests::test_expired_cookie_not_sent ... ok
[INFO] [stdout] test cookies::tests::test_delete_cookie_canonicalizes_its_lookup ... ok
[INFO] [stdout] test cookies::tests::test_max_age_zero_deletes_cookie ... ok
[INFO] [stdout] test cookies::tests::test_max_age_zero_deletes_only_matching_path ... ok
[INFO] [stdout] test cookies::tests::test_same_name_cookies_with_different_paths_coexist ... ok
[INFO] [stdout] test cookies::tests::test_same_name_same_path_cookie_is_replaced ... ok
[INFO] [stdout] test cookies::tests::document_cookie_cannot_set_unrelated_victim_domain_cookie ... ok
[INFO] [stdout] test cookies::tests::test_samesite_parsed ... ok
[INFO] [stdout] test cookies::tests::test_set_and_get_cookie ... ok
[INFO] [stdout] test cookies::tests::test_set_cookies_from_cdp_expired_does_not_persist ... ok
[INFO] [stdout] test cookies::tests::test_set_cookies_from_cdp_minus_one_is_a_session_cookie ... ok
[INFO] [stdout] test cookies::tests::test_set_cookies_from_cdp_session_when_expires_none ... ok
[INFO] [stdout] test cookies::tests::test_set_cookies_from_cdp_zero_expiry_deletes_matching_cookie ... ok
[INFO] [stdout] test cookies::tests::valid_subdomain_can_set_parent_domain_cookie ... ok
[INFO] [stdout] test encoding::tests::content_type_charset_wins ... ok
[INFO] [stdout] test encoding::tests::content_type_quoted_charset_is_parsed ... ok
[INFO] [stdout] test encoding::tests::decode_non_html_skips_meta_sniff ... ok
[INFO] [stdout] test cookies::tests::test_expired_js_cookie_deletes_existing_cookie ... ok
[INFO] [stdout] test cookies::tests::test_clear_cookies ... ok
[INFO] [stdout] test cookies::tests::test_load_nonexistent_file_returns_zero ... ok
[INFO] [stdout] test cookies::tests::test_max_age_sets_expiry ... ok
[INFO] [stdout] test cookies::tests::test_save_load_roundtrip ... ok
[INFO] [stdout] test cookies::tests::test_secure_cookie_not_sent_over_http ... ok
[INFO] [stdout] test encoding::tests::meta_http_equiv_charset_is_recognized ... ok
[INFO] [stdout] test cookies::tests::test_set_cookies_from_cdp_preserves_same_site_and_expires ... ok
[INFO] [stdout] test encoding::tests::unrelated_meta_attributes_do_not_declare_a_charset ... ok
[INFO] [stdout] test encoding::tests::url_encode_query_big5_low_trail_byte_is_escaped ... ok
[INFO] [stdout] test encoding::tests::url_encode_query_eucjp_high_bytes ... ok
[INFO] [stdout] test encoding::tests::url_encode_query_keeps_ascii_structure ... ok
[INFO] [stdout] test encoding::tests::url_encode_query_unmappable_becomes_ncr ... ok
[INFO] [stdout] test robots::tests::test_disallow_all ... ok
[INFO] [stdout] test robots::tests::test_no_rules_means_allowed ... ok
[INFO] [stdout] test robots::tests::test_parse_basic_robots ... ok
[INFO] [stdout] test encoding::tests::meta_charset_used_when_header_missing ... ok
[INFO] [stdout] test encoding::tests::decode_response_gbk_bytes_roundtrip ... ok
[INFO] [stdout] test encoding::tests::meta_sniff_only_scans_first_1kb ... ok
[INFO] [stdout] test encoding::tests::no_charset_anywhere_falls_back_to_utf8 ... ok
[INFO] [stdout] test client::ssrf_tests::transport_timeout_returns_active_requests_to_zero ... ok
[INFO] [stdout] test client::ssrf_tests::cacheable_identical_module_scripts_share_one_in_flight_request ... ok
[INFO] [stdout] test client::ssrf_tests::cacheable_identical_subresources_share_one_in_flight_request ... ok
[INFO] [stdout] test client::ssrf_tests::distinct_subresource_urls_do_not_coalesce ... ok
[INFO] [stdout] test client::ssrf_tests::authorization_and_cookie_bearing_requests_bypass_resource_cache ... ok
[INFO] [stdout] test client::ssrf_tests::no_store_vary_star_and_error_responses_are_not_reused ... ok
[INFO] [stdout] 
[INFO] [stdout] failures:
[INFO] [stdout] 
[INFO] [stdout] ---- client::ssrf_tests::configured_roots_trust_a_private_ca_via_ssl_cert_file stdout ----
[INFO] [stdout] 
[INFO] [stdout] thread 'client::ssrf_tests::configured_roots_trust_a_private_ca_via_ssl_cert_file' (1385) panicked at src/client.rs:2545:45:
[INFO] [stdout] private CA in SSL_CERT_FILE must be trusted: Network("https://127.0.0.1:42341/: error sending request for url (https://127.0.0.1:42341/)")
[INFO] [stdout] stack backtrace:
[INFO] [stdout]    0:     0x5d565100f1c1 - <<std[70759c8f55707aa4]::sys::backtrace::BacktraceLock>::print::DisplayBacktrace as core[df12db4294e9bfd3]::fmt::Display>::fmt
[INFO] [stdout]    1:     0x5d5651026a7a - core[df12db4294e9bfd3]::fmt::write
[INFO] [stdout]    2:     0x5d565101430c - <alloc[2182bb758b4b3781]::vec::Vec<u8> as core[df12db4294e9bfd3]::io::write::Write>::write_fmt
[INFO] [stdout]    3:     0x5d5650fe7c46 - std[70759c8f55707aa4]::panicking::default_hook::{closure#0}
[INFO] [stdout]    4:     0x5d5651005c19 - std[70759c8f55707aa4]::panicking::default_hook
[INFO] [stdout]    5:     0x5d5650d58f50 - test[9d35eded1c95d3be]::test_main_inner::<test[9d35eded1c95d3be]::test_main_static::{closure#0}>::{closure#0}
[INFO] [stdout]    6:     0x5d5651005f42 - std[70759c8f55707aa4]::panicking::panic_with_hook
[INFO] [stdout]    7:     0x5d5650fe7cf2 - std[70759c8f55707aa4]::panicking::panic_handler::{closure#0}
[INFO] [stdout]    8:     0x5d5650fe0449 - std[70759c8f55707aa4]::sys::backtrace::__rust_end_short_backtrace::<std[70759c8f55707aa4]::panicking::panic_handler::{closure#0}, !>
[INFO] [stdout]    9:     0x5d5650fe8c6d - __rustc[8fa7c3cbc660c2b3]::rust_begin_unwind
[INFO] [stdout]   10:     0x5d56510271dc - core[df12db4294e9bfd3]::panicking::panic_fmt
[INFO] [stdout]   11:     0x5d5651026fb2 - core[df12db4294e9bfd3]::result::unwrap_failed
[INFO] [stdout]   12:     0x5d5650c86d80 - telemaco_net[a6dac5c579f8728a]::client::ssrf_tests::configured_roots_trust_a_private_ca_via_ssl_cert_file::{closure#0}
[INFO] [stdout]   13:     0x5d5650ce7783 - <tokio[4af2e1f748d62959]::runtime::scheduler::current_thread::Context>::enter::<core[df12db4294e9bfd3]::task::poll::Poll<()>, <tokio[4af2e1f748d62959]::runtime::scheduler::current_thread::CoreGuard>::block_on<core[df12db4294e9bfd3]::pin::Pin<&mut core[df12db4294e9bfd3]::pin::Pin<&mut dyn core[df12db4294e9bfd3]::future::future::Future<Output = ()>>>>::{closure#0}::{closure#0}>
[INFO] [stdout]   14:     0x5d5650d10b2c - <tokio[4af2e1f748d62959]::runtime::context::scoped::Scoped<tokio[4af2e1f748d62959]::runtime::scheduler::Context>>::set::<<tokio[4af2e1f748d62959]::runtime::scheduler::current_thread::CoreGuard>::enter<<tokio[4af2e1f748d62959]::runtime::scheduler::current_thread::CoreGuard>::block_on<core[df12db4294e9bfd3]::pin::Pin<&mut core[df12db4294e9bfd3]::pin::Pin<&mut dyn core[df12db4294e9bfd3]::future::future::Future<Output = ()>>>>::{closure#0}, core[df12db4294e9bfd3]::option::Option<()>>::{closure#0}, (alloc[2182bb758b4b3781]::boxed::Box<tokio[4af2e1f748d62959]::runtime::scheduler::current_thread::Core>, core[df12db4294e9bfd3]::option::Option<()>)>
[INFO] [stdout]   15:     0x5d5650ce87d7 - <tokio[4af2e1f748d62959]::runtime::scheduler::current_thread::CoreGuard>::block_on::<core[df12db4294e9bfd3]::pin::Pin<&mut core[df12db4294e9bfd3]::pin::Pin<&mut dyn core[df12db4294e9bfd3]::future::future::Future<Output = ()>>>>
[INFO] [stdout]   16:     0x5d5650d1f54d - tokio[4af2e1f748d62959]::runtime::context::runtime::enter_runtime::<<tokio[4af2e1f748d62959]::runtime::scheduler::current_thread::CurrentThread>::block_on<core[df12db4294e9bfd3]::pin::Pin<&mut dyn core[df12db4294e9bfd3]::future::future::Future<Output = ()>>>::{closure#0}, ()>
[INFO] [stdout]   17:     0x5d5650ce7665 - <tokio[4af2e1f748d62959]::runtime::runtime::Runtime>::block_on::<core[df12db4294e9bfd3]::pin::Pin<&mut dyn core[df12db4294e9bfd3]::future::future::Future<Output = ()>>>
[INFO] [stdout]   18:     0x5d5650c936eb - telemaco_net[a6dac5c579f8728a]::client::ssrf_tests::configured_roots_trust_a_private_ca_via_ssl_cert_file
[INFO] [stdout]   19:     0x5d5650d1ce29 - <telemaco_net[a6dac5c579f8728a]::client::ssrf_tests::configured_roots_trust_a_private_ca_via_ssl_cert_file::{closure#0} as core[df12db4294e9bfd3]::ops::function::FnOnce<()>>::call_once
[INFO] [stdout]   20:     0x5d5650d4c23b - test[9d35eded1c95d3be]::__rust_begin_short_backtrace::<core[df12db4294e9bfd3]::result::Result<(), alloc[2182bb758b4b3781]::string::String>, fn() -> core[df12db4294e9bfd3]::result::Result<(), alloc[2182bb758b4b3781]::string::String>>
[INFO] [stdout]   21:     0x5d5650d598a5 - test[9d35eded1c95d3be]::run_test::{closure#0}
[INFO] [stdout]   22:     0x5d5650d53164 - std[70759c8f55707aa4]::sys::backtrace::__rust_begin_short_backtrace::<test[9d35eded1c95d3be]::run_test::{closure#1}, ()>
[INFO] [stdout]   23:     0x5d5650d5ca02 - <std[70759c8f55707aa4]::thread::lifecycle::spawn_unchecked<test[9d35eded1c95d3be]::run_test::{closure#1}, ()>::{closure#1} as core[df12db4294e9bfd3]::ops::function::FnOnce<()>>::call_once::{shim:vtable#0}
[INFO] [stdout]   24:     0x5d565100de69 - <std[70759c8f55707aa4]::sys::thread::unix::Thread>::new::thread_start
[INFO] [stdout]   25:     0x75823e9dfdfa - <unknown>
[INFO] [stdout]   26:     0x75823ea733d4 - clone
[INFO] [stdout]   27:                0x0 - <unknown>
[INFO] [stdout] 
[INFO] [stdout] ---- client::ssrf_tests::configured_roots_trust_a_private_ca_via_ssl_cert_dir stdout ----
[INFO] [stdout] 
[INFO] [stdout] thread 'client::ssrf_tests::configured_roots_trust_a_private_ca_via_ssl_cert_dir' (1384) panicked at src/client.rs:2563:14:
[INFO] [stdout] private CA in SSL_CERT_DIR must be trusted: Network("https://127.0.0.1:40543/: error sending request for url (https://127.0.0.1:40543/)")
[INFO] [stdout] stack backtrace:
[INFO] [stdout]    0:     0x5d565100f1c1 - <<std[70759c8f55707aa4]::sys::backtrace::BacktraceLock>::print::DisplayBacktrace as core[df12db4294e9bfd3]::fmt::Display>::fmt
[INFO] [stdout]    1:     0x5d5651026a7a - core[df12db4294e9bfd3]::fmt::write
[INFO] [stdout]    2:     0x5d565101430c - <alloc[2182bb758b4b3781]::vec::Vec<u8> as core[df12db4294e9bfd3]::io::write::Write>::write_fmt
[INFO] [stdout]    3:     0x5d5650fe7c46 - std[70759c8f55707aa4]::panicking::default_hook::{closure#0}
[INFO] [stdout]    4:     0x5d5651005c19 - std[70759c8f55707aa4]::panicking::default_hook
[INFO] [stdout]    5:     0x5d5650d58f50 - test[9d35eded1c95d3be]::test_main_inner::<test[9d35eded1c95d3be]::test_main_static::{closure#0}>::{closure#0}
[INFO] [stdout]    6:     0x5d5651005f42 - std[70759c8f55707aa4]::panicking::panic_with_hook
[INFO] [stdout]    7:     0x5d5650fe7cf2 - std[70759c8f55707aa4]::panicking::panic_handler::{closure#0}
[INFO] [stdout]    8:     0x5d5650fe0449 - std[70759c8f55707aa4]::sys::backtrace::__rust_end_short_backtrace::<std[70759c8f55707aa4]::panicking::panic_handler::{closure#0}, !>
[INFO] [stdout]    9:     0x5d5650fe8c6d - __rustc[8fa7c3cbc660c2b3]::rust_begin_unwind
[INFO] [stdout]   10:     0x5d56510271dc - core[df12db4294e9bfd3]::panicking::panic_fmt
[INFO] [stdout]   11:     0x5d5651026fb2 - core[df12db4294e9bfd3]::result::unwrap_failed
[INFO] [stdout]   12:     0x5d5650c86404 - telemaco_net[a6dac5c579f8728a]::client::ssrf_tests::configured_roots_trust_a_private_ca_via_ssl_cert_dir::{closure#0}
[INFO] [stdout]   13:     0x5d5650ce7783 - <tokio[4af2e1f748d62959]::runtime::scheduler::current_thread::Context>::enter::<core[df12db4294e9bfd3]::task::poll::Poll<()>, <tokio[4af2e1f748d62959]::runtime::scheduler::current_thread::CoreGuard>::block_on<core[df12db4294e9bfd3]::pin::Pin<&mut core[df12db4294e9bfd3]::pin::Pin<&mut dyn core[df12db4294e9bfd3]::future::future::Future<Output = ()>>>>::{closure#0}::{closure#0}>
[INFO] [stdout]   14:     0x5d5650d10b2c - <tokio[4af2e1f748d62959]::runtime::context::scoped::Scoped<tokio[4af2e1f748d62959]::runtime::scheduler::Context>>::set::<<tokio[4af2e1f748d62959]::runtime::scheduler::current_thread::CoreGuard>::enter<<tokio[4af2e1f748d62959]::runtime::scheduler::current_thread::CoreGuard>::block_on<core[df12db4294e9bfd3]::pin::Pin<&mut core[df12db4294e9bfd3]::pin::Pin<&mut dyn core[df12db4294e9bfd3]::future::future::Future<Output = ()>>>>::{closure#0}, core[df12db4294e9bfd3]::option::Option<()>>::{closure#0}, (alloc[2182bb758b4b3781]::boxed::Box<tokio[4af2e1f748d62959]::runtime::scheduler::current_thread::Core>, core[df12db4294e9bfd3]::option::Option<()>)>
[INFO] [stdout]   15:     0x5d5650ce87d7 - <tokio[4af2e1f748d62959]::runtime::scheduler::current_thread::CoreGuard>::block_on::<core[df12db4294e9bfd3]::pin::Pin<&mut core[df12db4294e9bfd3]::pin::Pin<&mut dyn core[df12db4294e9bfd3]::future::future::Future<Output = ()>>>>
[INFO] [stdout]   16:     0x5d5650d1f54d - tokio[4af2e1f748d62959]::runtime::context::runtime::enter_runtime::<<tokio[4af2e1f748d62959]::runtime::scheduler::current_thread::CurrentThread>::block_on<core[df12db4294e9bfd3]::pin::Pin<&mut dyn core[df12db4294e9bfd3]::future::future::Future<Output = ()>>>::{closure#0}, ()>
[INFO] [stdout]   17:     0x5d5650ce7665 - <tokio[4af2e1f748d62959]::runtime::runtime::Runtime>::block_on::<core[df12db4294e9bfd3]::pin::Pin<&mut dyn core[df12db4294e9bfd3]::future::future::Future<Output = ()>>>
[INFO] [stdout]   18:     0x5d5650c932eb - telemaco_net[a6dac5c579f8728a]::client::ssrf_tests::configured_roots_trust_a_private_ca_via_ssl_cert_dir
[INFO] [stdout]   19:     0x5d5650d1cde9 - <telemaco_net[a6dac5c579f8728a]::client::ssrf_tests::configured_roots_trust_a_private_ca_via_ssl_cert_dir::{closure#0} as core[df12db4294e9bfd3]::ops::function::FnOnce<()>>::call_once
[INFO] [stdout]   20:     0x5d5650d4c23b - test[9d35eded1c95d3be]::__rust_begin_short_backtrace::<core[df12db4294e9bfd3]::result::Result<(), alloc[2182bb758b4b3781]::string::String>, fn() -> core[df12db4294e9bfd3]::result::Result<(), alloc[2182bb758b4b3781]::string::String>>
[INFO] [stdout]   21:     0x5d5650d598a5 - test[9d35eded1c95d3be]::run_test::{closure#0}
[INFO] [stdout]   22:     0x5d5650d53164 - std[70759c8f55707aa4]::sys::backtrace::__rust_begin_short_backtrace::<test[9d35eded1c95d3be]::run_test::{closure#1}, ()>
[INFO] [stdout]   23:     0x5d5650d5ca02 - <std[70759c8f55707aa4]::thread::lifecycle::spawn_unchecked<test[9d35eded1c95d3be]::run_test::{closure#1}, ()>::{closure#1} as core[df12db4294e9bfd3]::ops::function::FnOnce<()>>::call_once::{shim:vtable#0}
[INFO] [stdout]   24:     0x5d565100de69 - <std[70759c8f55707aa4]::sys::thread::unix::Thread>::new::thread_start
[INFO] [stdout]   25:     0x75823e9dfdfa - <unknown>
[INFO] [stdout]   26:     0x75823ea733d4 - clone
[INFO] [stdout]   27:                0x0 - <unknown>
[INFO] [stdout] 
[INFO] [stdout] 
[INFO] [stdout] failures:
[INFO] [stdout]     client::ssrf_tests::configured_roots_trust_a_private_ca_via_ssl_cert_dir
[INFO] [stdout]     client::ssrf_tests::configured_roots_trust_a_private_ca_via_ssl_cert_file
[INFO] [stdout] 
[INFO] [stdout] test result: FAILED. 85 passed; 2 failed; 0 ignored; 0 measured; 0 filtered out; finished in 0.56s
[INFO] [stdout] 
[INFO] [stderr] error: test failed, to rerun pass `--lib`
[INFO] running `Command { std: "docker" "inspect" "b64618074f7114715f561efa829b6c8bd4e72db0f5b9ee186d6a144818598800", kill_on_drop: false }`
[INFO] running `Command { std: "docker" "rm" "-f" "b64618074f7114715f561efa829b6c8bd4e72db0f5b9ee186d6a144818598800", kill_on_drop: false }`
[INFO] [stdout] b64618074f7114715f561efa829b6c8bd4e72db0f5b9ee186d6a144818598800
