[INFO] fetching crate teip 2.2.0...
[INFO] testing teip-2.2.0 against 1.99.0-beta.8+cargoflags=--release for beta-release-1.100-2
[INFO] extracting crate teip 2.2.0 into /workspace/builds/worker-5-tc1/source
[INFO] started tweaking crates.io crate teip 2.2.0
[INFO] finished tweaking crates.io crate teip 2.2.0
[INFO] tweaked toml for crates.io crate teip 2.2.0 written to /workspace/builds/worker-5-tc1/source/Cargo.toml
[INFO] validating manifest of crates.io crate teip 2.2.0 on toolchain 1.99.0-beta.8
[INFO] running `Command { std: CARGO_HOME="/workspace/cargo-home" RUSTUP_HOME="/workspace/rustup-home" "/workspace/cargo-home/bin/cargo" "+1.99.0-beta.8" "metadata" "--manifest-path" "Cargo.toml" "--no-deps", kill_on_drop: false }`
[INFO] crate crates.io crate teip 2.2.0 already has a lockfile, it will not be regenerated
[INFO] running `Command { std: CARGO_HOME="/workspace/cargo-home" RUSTUP_HOME="/workspace/rustup-home" "/workspace/cargo-home/bin/cargo" "+1.99.0-beta.8" "fetch" "--manifest-path" "Cargo.toml", kill_on_drop: false }`
[INFO] [stderr]  Downloading crates ...
[INFO] [stderr]   Downloaded which v4.4.0
[INFO] [stderr]   Downloaded clang-sys v1.6.0
[INFO] [stderr]   Downloaded crossbeam-channel v0.5.7
[INFO] [stderr]   Downloaded wait-timeout v0.2.0
[INFO] [stderr]   Downloaded predicates-tree v1.0.7
[INFO] [stderr]   Downloaded termtree v0.4.0
[INFO] [stderr]   Downloaded assert_cmd v1.0.8
[INFO] [stderr]   Downloaded predicates-core v1.0.5
[INFO] [stderr]   Downloaded csv v1.2.0
[INFO] running `Command { std: "docker" "create" "-v" "/var/lib/crater-agent-workspace/builds/worker-5-tc1/source:/opt/rustwide/workdir:ro,Z" "-v" "/var/lib/crater-agent-workspace/builds/worker-5-tc1/target:/opt/rustwide/target:rw,Z" "-v" "/var/lib/crater-agent-workspace/cargo-home:/opt/rustwide/cargo-home:ro,Z" "-v" "/var/lib/crater-agent-workspace/rustup-home:/opt/rustwide/rustup-home:ro,Z" "-m" "1610612736" "--network" "none" "ghcr.io/rust-lang/crates-build-env/linux@sha256:77db811e55d90add9212f6832c23229e3de5f1c1f9905e8cb07319ea15df73ac" "sleep" "infinity", kill_on_drop: false }`
[INFO] [stdout] d6edf25b693b936c27f9e481785dbaf627aac81267074545d0affddbc2aa0aa2
[INFO] running `Command { std: "docker" "start" "d6edf25b693b936c27f9e481785dbaf627aac81267074545d0affddbc2aa0aa2", kill_on_drop: false }`
[INFO] running `Command { std: "docker" "inspect" "d6edf25b693b936c27f9e481785dbaf627aac81267074545d0affddbc2aa0aa2", kill_on_drop: false }`
[INFO] running `Command { std: "docker" "exec" "-e" "SOURCE_DIR=/opt/rustwide/workdir" "-e" "CARGO_HOME=/opt/rustwide/cargo-home" "-e" "RUSTUP_HOME=/opt/rustwide/rustup-home" "-e" "CARGO_TARGET_DIR=/opt/rustwide/target" "-w" "/opt/rustwide/workdir" "--user" "0:0" "d6edf25b693b936c27f9e481785dbaf627aac81267074545d0affddbc2aa0aa2" "/opt/rustwide/cargo-home/bin/cargo" "+1.99.0-beta.8" "metadata" "--no-deps" "--format-version=1", kill_on_drop: false }`
[INFO] running `Command { std: "docker" "inspect" "d6edf25b693b936c27f9e481785dbaf627aac81267074545d0affddbc2aa0aa2", kill_on_drop: false }`
[INFO] running `Command { std: "docker" "exec" "-e" "SOURCE_DIR=/opt/rustwide/workdir" "-e" "CARGO_HOME=/opt/rustwide/cargo-home" "-e" "RUSTUP_HOME=/opt/rustwide/rustup-home" "-e" "CARGO_TARGET_DIR=/opt/rustwide/target" "-e" "CARGO_INCREMENTAL=0" "-e" "RUST_BACKTRACE=full" "-e" "RUSTFLAGS=--cap-lints=warn" "-e" "RUSTDOCFLAGS=--cap-lints=warn" "-w" "/opt/rustwide/workdir" "--user" "0:0" "d6edf25b693b936c27f9e481785dbaf627aac81267074545d0affddbc2aa0aa2" "/opt/rustwide/cargo-home/bin/cargo" "+1.99.0-beta.8" "build" "--frozen" "--message-format=json" "--release", kill_on_drop: false }`
[INFO] [stderr]    Compiling proc-macro2 v1.0.51
[INFO] [stderr]    Compiling quote v1.0.23
[INFO] [stderr]    Compiling unicode-ident v1.0.6
[INFO] [stderr]    Compiling syn v1.0.109
[INFO] [stderr]    Compiling libc v0.2.139
[INFO] [stderr]    Compiling serde_derive v1.0.152
[INFO] [stderr]    Compiling unicode-width v0.1.10
[INFO] [stderr]    Compiling unicode-segmentation v1.10.1
[INFO] [stderr]    Compiling log v0.4.17
[INFO] [stderr]    Compiling regex-syntax v0.6.28
[INFO] [stderr]    Compiling serde v1.0.152
[INFO] [stderr]    Compiling ansi_term v0.12.1
[INFO] [stderr]    Compiling strsim v0.8.0
[INFO] [stderr]    Compiling aho-corasick v0.7.20
[INFO] [stderr]    Compiling vec_map v0.8.2
[INFO] [stderr]    Compiling termcolor v1.2.0
[INFO] [stderr]    Compiling cfg-if v0.1.10
[INFO] [stderr]    Compiling textwrap v0.11.0
[INFO] [stderr]    Compiling heck v0.3.3
[INFO] [stderr]    Compiling atty v0.2.14
[INFO] [stderr]    Compiling clap v2.34.0
[INFO] [stderr]    Compiling proc-macro-error-attr v1.0.4
[INFO] [stderr]    Compiling regex v1.7.1
[INFO] [stderr]    Compiling env_logger v0.7.1
[INFO] [stderr]    Compiling proc-macro-error v1.0.4
[INFO] [stderr]    Compiling structopt-derive v0.4.18
[INFO] [stderr]    Compiling structopt v0.3.26
[INFO] [stderr]    Compiling teip v2.2.0 (/opt/rustwide/workdir)
[INFO] [stdout] warning: unnecessary parentheses around type
[INFO] [stdout]    --> src/spawnutils.rs:132:12
[INFO] [stdout]     |
[INFO] [stdout] 132 |     input: (impl Read + Send + 'static),
[INFO] [stdout]     |            ^                          ^
[INFO] [stdout]     |
[INFO] [stdout]     = note: `#[warn(unused_parens)]` (part of `#[warn(unused)]`) on by default
[INFO] [stdout] help: remove these parentheses
[INFO] [stdout]     |
[INFO] [stdout] 132 -     input: (impl Read + Send + 'static),
[INFO] [stdout] 132 +     input: impl Read + Send + 'static,
[INFO] [stdout]     |
[INFO] [stdout] 
[INFO] [stdout] 
[INFO] [stdout] warning: use of deprecated constant `std::usize::MAX`: replaced by the `MAX` associated constant on this type
[INFO] [stdout]   --> src/list/ranges.rs:22:25
[INFO] [stdout]    |
[INFO] [stdout] 22 |         use std::usize::MAX;
[INFO] [stdout]    |                         ^^^
[INFO] [stdout]    |
[INFO] [stdout]    = note: `#[warn(deprecated)]` on by default
[INFO] [stdout] 
[INFO] [stdout] 
[INFO] [stdout] warning: use of deprecated constant `std::usize::MAX`: replaced by the `MAX` associated constant on this type
[INFO] [stdout]    --> src/list/ranges.rs:134:39
[INFO] [stdout]     |
[INFO] [stdout] 134 |                 if last.high < usize::MAX - 1 {
[INFO] [stdout]     |                                       ^^^
[INFO] [stdout] 
[INFO] [stdout] 
[INFO] [stdout] warning: use of deprecated constant `std::usize::MAX`: replaced by the `MAX` associated constant on this type
[INFO] [stdout]    --> src/list/ranges.rs:137:38
[INFO] [stdout]     |
[INFO] [stdout] 137 |                         high: usize::MAX - 1,
[INFO] [stdout]     |                                      ^^^
[INFO] [stdout] 
[INFO] [stdout] 
[INFO] [stdout] warning: use of deprecated module `std::usize`: all constants in this module replaced by associated constants on the type
[INFO] [stdout]    --> src/list/ranges.rs:111:14
[INFO] [stdout]     |
[INFO] [stdout] 111 |     use std::usize;
[INFO] [stdout]     |              ^^^^^
[INFO] [stdout] 
[INFO] [stdout] 
[INFO] [stdout] warning: use of deprecated constant `std::usize::MAX`: replaced by the `MAX` associated constant on this type
[INFO] [stdout]   --> src/list/ranges.rs:45:47
[INFO] [stdout]    |
[INFO] [stdout] 45 |                         Ok(Range { low, high: MAX - 1 })
[INFO] [stdout]    |                                               ^^^
[INFO] [stdout] 
[INFO] [stdout] 
[INFO] [stderr]     Finished `release` profile [optimized] target(s) in 34.98s
[INFO] running `Command { std: "docker" "inspect" "d6edf25b693b936c27f9e481785dbaf627aac81267074545d0affddbc2aa0aa2", kill_on_drop: false }`
[INFO] running `Command { std: "docker" "exec" "-e" "SOURCE_DIR=/opt/rustwide/workdir" "-e" "CARGO_HOME=/opt/rustwide/cargo-home" "-e" "RUSTUP_HOME=/opt/rustwide/rustup-home" "-e" "CARGO_TARGET_DIR=/opt/rustwide/target" "-e" "CARGO_INCREMENTAL=0" "-e" "RUST_BACKTRACE=full" "-e" "RUSTFLAGS=--cap-lints=warn" "-e" "RUSTDOCFLAGS=--cap-lints=warn" "-w" "/opt/rustwide/workdir" "--user" "0:0" "d6edf25b693b936c27f9e481785dbaf627aac81267074545d0affddbc2aa0aa2" "/opt/rustwide/cargo-home/bin/cargo" "+1.99.0-beta.8" "test" "--frozen" "--no-run" "--message-format=json" "--release", kill_on_drop: false }`
[INFO] [stderr]    Compiling crossbeam-utils v0.8.15
[INFO] [stderr]    Compiling memoffset v0.8.0
[INFO] [stderr]    Compiling crossbeam-epoch v0.9.14
[INFO] [stderr]    Compiling either v1.8.1
[INFO] [stderr]    Compiling num-traits v0.2.15
[INFO] [stderr]    Compiling serde_json v1.0.93
[INFO] [stderr]    Compiling ryu v1.0.12
[INFO] [stderr]    Compiling rayon-core v1.10.2
[INFO] [stderr]    Compiling itoa v1.0.5
[INFO] [stderr]    Compiling num_cpus v1.15.0
[INFO] [stderr]    Compiling doc-comment v0.3.3
[INFO] [stderr]    Compiling predicates-core v1.0.5
[INFO] [stderr]    Compiling plotters-backend v0.3.4
[INFO] [stderr]    Compiling csv-core v0.1.10
[INFO] [stderr]    Compiling termtree v0.4.0
[INFO] [stderr]    Compiling regex-automata v0.1.10
[INFO] [stderr]    Compiling half v1.8.2
[INFO] [stderr]    Compiling walkdir v2.3.2
[INFO] [stderr]    Compiling wait-timeout v0.2.0
[INFO] [stderr]    Compiling oorandom v11.1.3
[INFO] [stderr]    Compiling itertools v0.10.5
[INFO] [stderr]    Compiling predicates-tree v1.0.7
[INFO] [stdout] warning: unnecessary parentheses around type
[INFO] [stdout]    --> src/spawnutils.rs:132:12
[INFO] [stdout]     |
[INFO] [stdout] 132 |     input: (impl Read + Send + 'static),
[INFO] [stdout]     |            ^                          ^
[INFO] [stdout]     |
[INFO] [stdout]     = note: `#[warn(unused_parens)]` (part of `#[warn(unused)]`) on by default
[INFO] [stdout] help: remove these parentheses
[INFO] [stdout]     |
[INFO] [stdout] 132 -     input: (impl Read + Send + 'static),
[INFO] [stdout] 132 +     input: impl Read + Send + 'static,
[INFO] [stdout]     |
[INFO] [stdout] 
[INFO] [stdout] 
[INFO] [stdout] warning: use of deprecated constant `std::usize::MAX`: replaced by the `MAX` associated constant on this type
[INFO] [stdout]   --> src/list/ranges.rs:22:25
[INFO] [stdout]    |
[INFO] [stdout] 22 |         use std::usize::MAX;
[INFO] [stdout]    |                         ^^^
[INFO] [stdout]    |
[INFO] [stdout]    = note: `#[warn(deprecated)]` on by default
[INFO] [stdout] 
[INFO] [stdout] 
[INFO] [stdout] warning: use of deprecated constant `std::usize::MAX`: replaced by the `MAX` associated constant on this type
[INFO] [stdout]    --> src/list/ranges.rs:134:39
[INFO] [stdout]     |
[INFO] [stdout] 134 |                 if last.high < usize::MAX - 1 {
[INFO] [stdout]     |                                       ^^^
[INFO] [stdout] 
[INFO] [stdout] 
[INFO] [stdout] warning: use of deprecated constant `std::usize::MAX`: replaced by the `MAX` associated constant on this type
[INFO] [stdout]    --> src/list/ranges.rs:137:38
[INFO] [stdout]     |
[INFO] [stdout] 137 |                         high: usize::MAX - 1,
[INFO] [stdout]     |                                      ^^^
[INFO] [stdout] 
[INFO] [stdout] 
[INFO] [stdout] warning: use of deprecated module `std::usize`: all constants in this module replaced by associated constants on the type
[INFO] [stdout]    --> src/list/ranges.rs:111:14
[INFO] [stdout]     |
[INFO] [stdout] 111 |     use std::usize;
[INFO] [stdout]     |              ^^^^^
[INFO] [stdout] 
[INFO] [stdout] 
[INFO] [stdout] warning: use of deprecated constant `std::usize::MAX`: replaced by the `MAX` associated constant on this type
[INFO] [stdout]   --> src/list/ranges.rs:45:47
[INFO] [stdout]    |
[INFO] [stdout] 45 |                         Ok(Range { low, high: MAX - 1 })
[INFO] [stdout]    |                                               ^^^
[INFO] [stdout] 
[INFO] [stdout] 
[INFO] [stderr]    Compiling csv v1.2.0
[INFO] [stderr]    Compiling plotters-svg v0.3.3
[INFO] [stderr]    Compiling bstr v0.2.17
[INFO] [stderr]    Compiling serde_cbor v0.11.2
[INFO] [stderr]    Compiling crossbeam-channel v0.5.7
[INFO] [stderr]    Compiling crossbeam-deque v0.8.3
[INFO] [stderr]    Compiling plotters v0.3.4
[INFO] [stderr]    Compiling tinytemplate v1.2.1
[INFO] [stderr]    Compiling predicates v2.1.5
[INFO] [stderr]    Compiling criterion-plot v0.4.5
[INFO] [stderr]    Compiling rayon v1.6.1
[INFO] [stderr]    Compiling assert_cmd v1.0.8
[INFO] [stderr]    Compiling criterion v0.3.6
[INFO] [stderr]    Compiling teip v2.2.0 (/opt/rustwide/workdir)
[INFO] [stdout] warning: unnecessary parentheses around type
[INFO] [stdout]    --> src/spawnutils.rs:132:12
[INFO] [stdout]     |
[INFO] [stdout] 132 |     input: (impl Read + Send + 'static),
[INFO] [stdout]     |            ^                          ^
[INFO] [stdout]     |
[INFO] [stdout]     = note: `#[warn(unused_parens)]` (part of `#[warn(unused)]`) on by default
[INFO] [stdout] help: remove these parentheses
[INFO] [stdout]     |
[INFO] [stdout] 132 -     input: (impl Read + Send + 'static),
[INFO] [stdout] 132 +     input: impl Read + Send + 'static,
[INFO] [stdout]     |
[INFO] [stdout] 
[INFO] [stdout] 
[INFO] [stdout] warning: use of deprecated constant `std::usize::MAX`: replaced by the `MAX` associated constant on this type
[INFO] [stdout]   --> src/list/ranges.rs:22:25
[INFO] [stdout]    |
[INFO] [stdout] 22 |         use std::usize::MAX;
[INFO] [stdout]    |                         ^^^
[INFO] [stdout]    |
[INFO] [stdout]    = note: `#[warn(deprecated)]` on by default
[INFO] [stdout] 
[INFO] [stdout] 
[INFO] [stdout] warning: use of deprecated constant `std::usize::MAX`: replaced by the `MAX` associated constant on this type
[INFO] [stdout]    --> src/list/ranges.rs:134:39
[INFO] [stdout]     |
[INFO] [stdout] 134 |                 if last.high < usize::MAX - 1 {
[INFO] [stdout]     |                                       ^^^
[INFO] [stdout] 
[INFO] [stdout] 
[INFO] [stdout] warning: use of deprecated constant `std::usize::MAX`: replaced by the `MAX` associated constant on this type
[INFO] [stdout]    --> src/list/ranges.rs:137:38
[INFO] [stdout]     |
[INFO] [stdout] 137 |                         high: usize::MAX - 1,
[INFO] [stdout]     |                                      ^^^
[INFO] [stdout] 
[INFO] [stdout] 
[INFO] [stdout] warning: use of deprecated module `std::usize`: all constants in this module replaced by associated constants on the type
[INFO] [stdout]    --> src/list/ranges.rs:111:14
[INFO] [stdout]     |
[INFO] [stdout] 111 |     use std::usize;
[INFO] [stdout]     |              ^^^^^
[INFO] [stdout] 
[INFO] [stdout] 
[INFO] [stdout] warning: use of deprecated constant `std::usize::MAX`: replaced by the `MAX` associated constant on this type
[INFO] [stdout]   --> src/list/ranges.rs:45:47
[INFO] [stdout]    |
[INFO] [stdout] 45 |                         Ok(Range { low, high: MAX - 1 })
[INFO] [stdout]    |                                               ^^^
[INFO] [stdout] 
[INFO] [stdout] 
[INFO] [stderr]     Finished `release` profile [optimized] target(s) in 36.05s
[INFO] running `Command { std: "docker" "inspect" "d6edf25b693b936c27f9e481785dbaf627aac81267074545d0affddbc2aa0aa2", kill_on_drop: false }`
[INFO] running `Command { std: "docker" "exec" "-e" "SOURCE_DIR=/opt/rustwide/workdir" "-e" "CARGO_HOME=/opt/rustwide/cargo-home" "-e" "RUSTUP_HOME=/opt/rustwide/rustup-home" "-e" "CARGO_TARGET_DIR=/opt/rustwide/target" "-e" "CARGO_INCREMENTAL=0" "-e" "RUST_BACKTRACE=full" "-e" "RUSTFLAGS=--cap-lints=warn" "-e" "RUSTDOCFLAGS=--cap-lints=warn" "-w" "/opt/rustwide/workdir" "--user" "0:0" "d6edf25b693b936c27f9e481785dbaf627aac81267074545d0affddbc2aa0aa2" "/opt/rustwide/cargo-home/bin/cargo" "+1.99.0-beta.8" "test" "--frozen" "--release", kill_on_drop: false }`
[INFO] [stderr] warning: unnecessary parentheses around type
[INFO] [stderr]    --> src/spawnutils.rs:132:12
[INFO] [stderr]     |
[INFO] [stderr] 132 |     input: (impl Read + Send + 'static),
[INFO] [stderr]     |            ^                          ^
[INFO] [stderr]     |
[INFO] [stderr]     = note: `#[warn(unused_parens)]` (part of `#[warn(unused)]`) on by default
[INFO] [stderr] help: remove these parentheses
[INFO] [stderr]     |
[INFO] [stderr] 132 -     input: (impl Read + Send + 'static),
[INFO] [stderr] 132 +     input: impl Read + Send + 'static,
[INFO] [stderr]     |
[INFO] [stderr] 
[INFO] [stderr] warning: use of deprecated constant `std::usize::MAX`: replaced by the `MAX` associated constant on this type
[INFO] [stderr]   --> src/list/ranges.rs:22:25
[INFO] [stderr]    |
[INFO] [stderr] 22 |         use std::usize::MAX;
[INFO] [stderr]    |                         ^^^
[INFO] [stderr]    |
[INFO] [stderr]    = note: `#[warn(deprecated)]` on by default
[INFO] [stderr] 
[INFO] [stderr] warning: use of deprecated constant `std::usize::MAX`: replaced by the `MAX` associated constant on this type
[INFO] [stderr]    --> src/list/ranges.rs:134:39
[INFO] [stderr]     |
[INFO] [stderr] 134 |                 if last.high < usize::MAX - 1 {
[INFO] [stderr]     |                                       ^^^
[INFO] [stderr] 
[INFO] [stderr] warning: use of deprecated constant `std::usize::MAX`: replaced by the `MAX` associated constant on this type
[INFO] [stderr]    --> src/list/ranges.rs:137:38
[INFO] [stderr]     |
[INFO] [stderr] 137 |                         high: usize::MAX - 1,
[INFO] [stderr]     |                                      ^^^
[INFO] [stderr] 
[INFO] [stderr] warning: use of deprecated module `std::usize`: all constants in this module replaced by associated constants on the type
[INFO] [stderr]    --> src/list/ranges.rs:111:14
[INFO] [stderr]     |
[INFO] [stderr] 111 |     use std::usize;
[INFO] [stderr]     |              ^^^^^
[INFO] [stderr] 
[INFO] [stderr] warning: use of deprecated constant `std::usize::MAX`: replaced by the `MAX` associated constant on this type
[INFO] [stderr]   --> src/list/ranges.rs:45:47
[INFO] [stderr]    |
[INFO] [stderr] 45 |                         Ok(Range { low, high: MAX - 1 })
[INFO] [stderr]    |                                               ^^^
[INFO] [stderr] 
[INFO] [stderr] warning: `teip` (bin "teip") generated 6 warnings (run `cargo fix --bin "teip" -p teip` to apply 1 suggestion)
[INFO] [stderr] warning: `teip` (bin "teip" test) generated 6 warnings (6 duplicates)
[INFO] [stderr]     Finished `release` profile [optimized] target(s) in 0.14s
[INFO] [stderr]      Running unittests src/main.rs (/opt/rustwide/target/release/deps/teip-56da316647941c7b)
[INFO] [stdout] 
[INFO] [stdout] running 8 tests
[INFO] [stdout] test list::converter::test::test_to_ranges ... ok
[INFO] [stdout] test csv::parser::test::test_parse_csv ... ok
[INFO] [stdout] test csv::parser::test::test_parse_csv_utf8 ... ok
[INFO] [stdout] test spawnutils::test::test_tee ... ok
[INFO] [stdout] test stringutils::test::test_trim_eol ... ok
[INFO] [stdout] test stringutils::test::test_extract_number ... ok
[INFO] [stdout] test spawnutils::test::test_clean_numbers ... ok
[INFO] [stdout] test spawnutils::test::test_messy_numbers ... ok
[INFO] [stdout] 
[INFO] [stdout] test result: ok. 8 passed; 0 failed; 0 ignored; 0 measured; 0 filtered out; finished in 0.01s
[INFO] [stdout] 
[INFO] [stderr]      Running tests/lib.rs (/opt/rustwide/target/release/deps/lib-8c47418ca3de6e18)
[INFO] [stdout] 
[INFO] [stdout] running 85 tests
[INFO] [stdout] test cmdtest::test_character_range_error_c ... ok
[INFO] [stdout] test cmdtest::test_csv ... ok
[INFO] [stdout] test cmdtest::test_csv_double_quotation ... ok
[INFO] [stdout] test cmdtest::test_csv_non_delim_comma ... ok
[INFO] [stdout] test cmdtest::test_exoffload_echo ... ok
[INFO] [stdout] test cmdtest::test_character_separate ... ok
[INFO] [stdout] test cmdtest::test_csv_non_delim_comma_utf8 ... FAILED
[INFO] [stdout] test cmdtest::test_csv_double_quotation_utf8 ... FAILED
[INFO] [stdout] test cmdtest::test_csv_utf8 ... FAILED
[INFO] [stdout] test cmdtest::test_character_range ... ok
[INFO] [stdout] test cmdtest::test_character_range_invert ... ok
[INFO] [stdout] test cmdtest::test_character_be_empty ... ok
[INFO] [stdout] test cmdtest::test_csv_end_nolf_utf8 ... FAILED
[INFO] [stdout] test cmdtest::test_field_be_empty ... ok
[INFO] [stdout] test cmdtest::test_csv_end_nolf ... ok
[INFO] [stdout] test cmdtest::test_field ... ok
[INFO] [stdout] test cmdtest::test_exoffload_grep_invert ... ok
[INFO] [stdout] test cmdtest::test_character_null_invert ... ok
[INFO] [stdout] test cmdtest::test_csv_crlf ... ok
[INFO] [stdout] test cmdtest::test_no_argument ... ok
[INFO] [stdout] test cmdtest::test_field_range ... ok
[INFO] [stdout] test cmdtest::test_field_range_invert ... ok
[INFO] [stdout] test cmdtest::test_field_null_invert ... ok
[INFO] [stdout] test cmdtest::test_field_ws_invert ... ok
[INFO] [stdout] test cmdtest::test_exoffload_echo_solid ... ok
[INFO] [stdout] test cmdtest::test_field_ws_empty ... ok
[INFO] [stdout] test cmdtest::test_exoffload_grep ... ok
[INFO] [stdout] test cmdtest::test_field_regex_empty ... ok
[INFO] [stdout] test cmdtest::test_field_ws ... ok
[INFO] [stdout] test cmdtest::test_regex_only_invert ... ok
[INFO] [stdout] test cmdtest::test_line ... ok
[INFO] [stdout] test cmdtest::test_field_empty ... ok
[INFO] [stdout] test cmdtest::test_field_range_to_last ... ok
[INFO] [stdout] test cmdtest::test_regex_only ... ok
[INFO] [stdout] test cmdtest::test_regex_line ... ok
[INFO] [stdout] test cmdtest::test_solid_character_null_invert ... ok
[INFO] [stdout] test cmdtest::test_solid_character_null ... ok
[INFO] [stdout] test cmdtest::test_regex_only_multiple ... ok
[INFO] [stdout] test cmdtest::test_regex_only_null_invert ... ok
[INFO] [stdout] test cmdtest::test_solid_character_be_empty ... ok
[INFO] [stdout] test cmdtest::test_solid_character_separate ... ok
[INFO] [stdout] test cmdtest::test_solid_csv_end_nolf_utf8 ... FAILED
[INFO] [stdout] test cmdtest::test_exoffload_nl_solid ... ok
[INFO] [stdout] test cmdtest::test_solid_character_range ... ok
[INFO] [stdout] test cmdtest::test_solid_csv ... ok
[INFO] [stdout] test cmdtest::test_solid_csv_end_nolf ... ok
[INFO] [stdout] test cmdtest::test_solid_character_range_invert ... ok
[INFO] [stdout] test cmdtest::test_solid_csv_double_quotation_utf8 ... FAILED
[INFO] [stdout] test cmdtest::test_solid_csv_non_delim_comma ... ok
[INFO] [stdout] test cmdtest::test_solid_csv_double_quotation ... ok
[INFO] [stdout] test cmdtest::test_solid_csv_non_delim_comma_utf8 ... FAILED
[INFO] [stdout] test cmdtest::test_exoffload_nl_invert ... ok
[INFO] [stdout] test cmdtest::test_solid_csv_utf8 ... FAILED
[INFO] [stdout] test cmdtest::test_exoffload_nl ... ok
[INFO] [stdout] test cmdtest::test_solid_field_be_empty ... ok
[INFO] [stdout] test cmdtest::test_solid_field ... ok
[INFO] [stdout] test cmdtest::test_solid_csv_remove_newlines ... ok
[INFO] [stdout] test cmdtest::test_solid_csv_remove_newlines_utf8 ... ok
[INFO] [stdout] test cmdtest::test_solid_csv_crlf ... ok
[INFO] [stdout] test cmdtest::test_solid_csv_nochomp_utf8 ... ok
[INFO] [stdout] test cmdtest::test_solid_field_empty ... ok
[INFO] [stdout] test cmdtest::test_solid_chomp ... ok
[INFO] [stdout] test cmdtest::test_solid_field_range_invert ... ok
[INFO] [stdout] test cmdtest::test_solid_field_ws ... ok
[INFO] [stdout] test cmdtest::test_solid_field_ws_invert ... ok
[INFO] [stdout] test cmdtest::test_solid_field_ws_empty ... ok
[INFO] [stdout] test cmdtest::test_solid_field_range ... ok
[INFO] [stdout] test cmdtest::test_solid_line ... ok
[INFO] [stdout] test cmdtest::test_solid_regex_line ... ok
[INFO] [stdout] test cmdtest::test_solid_field_range_to_last ... ok
[INFO] [stdout] test cmdtest::test_solid_csv_crlf_utf8 ... ok
[INFO] [stdout] test cmdtest::test_solid_field_null ... ok
[INFO] [stdout] test cmdtest::test_solid_nochomp ... ok
[INFO] [stdout] test cmdtest::test_solid_regex_only_multiple ... ok
[INFO] [stdout] test cmdtest::test_solid_field_null_invert ... ok
[INFO] [stdout] test cmdtest::test_solid_csv_chomp_utf8 ... ok
[INFO] [stdout] test cmdtest::test_solid_csv_chomp ... ok
[INFO] [stdout] test cmdtest::test_solid_csv_nochomp ... ok
[INFO] [stdout] test cmdtest::test_solid_regex_only ... ok
[INFO] [stdout] test cmdtest::test_solid_regex_only_invert ... ok
[INFO] [stdout] test cmdtest::test_solid_regex_only_null2 ... ok
[INFO] [stdout] test cmdtest::test_regex_only_null ... ok
[INFO] [stdout] test cmdtest::test_solid_field_regex_empty ... ok
[INFO] [stdout] test cmdtest::test_solid_regex_only_null_invert ... ok
[INFO] [stdout] test cmdtest::test_solid_regex_only_null ... ok
[INFO] [stdout] 
[INFO] [stdout] failures:
[INFO] [stdout] 
[INFO] [stdout] ---- cmdtest::test_csv_non_delim_comma_utf8 stdout ----
[INFO] [stdout] 
[INFO] [stdout] thread 'cmdtest::test_csv_non_delim_comma_utf8' (1607) panicked at /opt/rustwide/cargo-home/registry/src/index.crates.io-1949cf8c6b5b557f/assert_cmd-1.0.8/src/assert.rs:124:9:
[INFO] [stdout] Unexpected stdout, failed diff original var
[INFO] [stdout] ├── original: @@@@@,作者,ノート
[INFO] [stdout] │   @@@@@@,"あいう
[INFO] [stdout] │   えお",かきく
[INFO] [stdout] │   @@@@@@@@@,"さしす
[INFO] [stdout] │   せそ","たちつ
[INFO] [stdout] │   てと"
[INFO] [stdout] ├── diff: 
[INFO] [stdout] │   --- 	orig
[INFO] [stdout] │   +++ 	var
[INFO] [stdout] │   @@ -1,2 +1,2 @@
[INFO] [stdout] │   -@@@@@,作者,ノート
[INFO] [stdout] │   -@@@@@@,"あいう
[INFO] [stdout] │   +@@@@@@@@@,作者,ノート
[INFO] [stdout] │   +@@@@@@@@@@@@@@@@@@,"あいう
[INFO] [stdout] │   @@ -4 +4 @@
[INFO] [stdout] │   -@@@@@@@@@,"さしす
[INFO] [stdout] │   +@@@@@@@@@@@@@@@@@@@@@,"さしす
[INFO] [stdout] └── var as str: @@@@@@@@@,作者,ノート
[INFO] [stdout]     @@@@@@@@@@@@@@@@@@,"あいう
[INFO] [stdout]     えお",かきく
[INFO] [stdout]     @@@@@@@@@@@@@@@@@@@@@,"さしす
[INFO] [stdout]     せそ","たちつ
[INFO] [stdout]     てと"
[INFO] [stdout] 
[INFO] [stdout] command=`"/opt/rustwide/target/release/teip" "--csv" "-f" "1" "--" "sed" "s/./@/g"`
[INFO] [stdout] stdin=`"\"名,前\",作者,ノート\n１レコード目,\"あいう\nえお\",かきく\n\"２レコード,目\",\"さしす\nせそ\",\"たちつ\nてと\""`
[INFO] [stdout] code=0
[INFO] [stdout] stdout=```"@@@@@@@@@,作者,ノート\n@@@@@@@@@@@@@@@@@@,\"あいう\nえお\",かきく\n@@@@@@@@@@@@@@@@@@@@@,\"さしす\nせそ\",\"たちつ\nてと\""```
[INFO] [stdout] stderr=```""```
[INFO] [stdout] 
[INFO] [stdout] stack backtrace:
[INFO] [stdout]    0:     0x5723bf455771 - <<std[70759c8f55707aa4]::sys::backtrace::BacktraceLock>::print::DisplayBacktrace as core[df12db4294e9bfd3]::fmt::Display>::fmt
[INFO] [stdout]    1:     0x5723bf46b38a - core[df12db4294e9bfd3]::fmt::write
[INFO] [stdout]    2:     0x5723bf45b01c - <alloc[2182bb758b4b3781]::vec::Vec<u8> as core[df12db4294e9bfd3]::io::write::Write>::write_fmt
[INFO] [stdout]    3:     0x5723bf431366 - std[70759c8f55707aa4]::panicking::default_hook::{closure#0}
[INFO] [stdout]    4:     0x5723bf44dda9 - std[70759c8f55707aa4]::panicking::default_hook
[INFO] [stdout]    5:     0x5723bf3e96d0 - test[9d35eded1c95d3be]::test_main_inner::<test[9d35eded1c95d3be]::test_main_static::{closure#0}>::{closure#0}
[INFO] [stdout]    6:     0x5723bf44df62 - std[70759c8f55707aa4]::panicking::panic_with_hook
[INFO] [stdout]    7:     0x5723bf431412 - std[70759c8f55707aa4]::panicking::panic_handler::{closure#0}
[INFO] [stdout]    8:     0x5723bf42a199 - std[70759c8f55707aa4]::sys::backtrace::__rust_end_short_backtrace::<std[70759c8f55707aa4]::panicking::panic_handler::{closure#0}, !>
[INFO] [stdout]    9:     0x5723bf43200d - __rustc[8fa7c3cbc660c2b3]::rust_begin_unwind
[INFO] [stdout]   10:     0x5723bf46babc - core[df12db4294e9bfd3]::panicking::panic_fmt
[INFO] [stdout]   11:     0x5723bf3b5c08 - <assert_cmd[2919ca0258d353f]::assert::AssertError>::panic::<assert_cmd[2919ca0258d353f]::assert::Assert>
[INFO] [stdout]   12:     0x5723bf3c4984 - lib[796c4de022da09a5]::cmdtest::test_csv_non_delim_comma_utf8
[INFO] [stdout]   13:     0x5723bf3b7229 - <lib[796c4de022da09a5]::cmdtest::test_csv_non_delim_comma_utf8::{closure#0} as core[df12db4294e9bfd3]::ops::function::FnOnce<()>>::call_once
[INFO] [stdout]   14:     0x5723bf3dc9bb - test[9d35eded1c95d3be]::__rust_begin_short_backtrace::<core[df12db4294e9bfd3]::result::Result<(), alloc[2182bb758b4b3781]::string::String>, fn() -> core[df12db4294e9bfd3]::result::Result<(), alloc[2182bb758b4b3781]::string::String>>
[INFO] [stdout]   15:     0x5723bf3ea025 - test[9d35eded1c95d3be]::run_test::{closure#0}
[INFO] [stdout]   16:     0x5723bf3e38e4 - std[70759c8f55707aa4]::sys::backtrace::__rust_begin_short_backtrace::<test[9d35eded1c95d3be]::run_test::{closure#1}, ()>
[INFO] [stdout]   17:     0x5723bf3ed182 - <std[70759c8f55707aa4]::thread::lifecycle::spawn_unchecked<test[9d35eded1c95d3be]::run_test::{closure#1}, ()>::{closure#1} as core[df12db4294e9bfd3]::ops::function::FnOnce<()>>::call_once::{shim:vtable#0}
[INFO] [stdout]   18:     0x5723bf454fc9 - <std[70759c8f55707aa4]::sys::thread::unix::Thread>::new::thread_start
[INFO] [stdout]   19:     0x71cf8f91ddfa - <unknown>
[INFO] [stdout]   20:     0x71cf8f9b13d4 - clone
[INFO] [stdout]   21:                0x0 - <unknown>
[INFO] [stdout] 
[INFO] [stdout] ---- cmdtest::test_csv_double_quotation_utf8 stdout ----
[INFO] [stdout] 
[INFO] [stdout] thread 'cmdtest::test_csv_double_quotation_utf8' (1603) panicked at /opt/rustwide/cargo-home/registry/src/index.crates.io-1949cf8c6b5b557f/assert_cmd-1.0.8/src/assert.rs:124:9:
[INFO] [stdout] Unexpected stdout, failed diff original var
[INFO] [stdout] ├── original: 名前,@@@@@@,ノート
[INFO] [stdout] │   １レコード目,@@@@@@@@
[INFO] [stdout] │   @@@,かきく
[INFO] [stdout] │   ２レコード目,@@@@@@
[INFO] [stdout] │   @@@@@,"たちつ
[INFO] [stdout] │   てと"
[INFO] [stdout] ├── diff: 
[INFO] [stdout] │   --- 	orig
[INFO] [stdout] │   +++ 	var
[INFO] [stdout] │   @@ -1,5 +1,5 @@
[INFO] [stdout] │   -名前,@@@@@@,ノート
[INFO] [stdout] │   -１レコード目,@@@@@@@@
[INFO] [stdout] │   -@@@,かきく
[INFO] [stdout] │   -２レコード目,@@@@@@
[INFO] [stdout] │   -@@@@@,"たちつ
[INFO] [stdout] │   +名前,@@@@@@@@@@,ノート
[INFO] [stdout] │   +１レコード目,@@@@@@@@@@@@@@
[INFO] [stdout] │   +@@@@@@@,かきく
[INFO] [stdout] │   +２レコード目,@@@@@@@@@@@@
[INFO] [stdout] │   +@@@@@@@@@,"たちつ
[INFO] [stdout] └── var as str: 名前,@@@@@@@@@@,ノート
[INFO] [stdout]     １レコード目,@@@@@@@@@@@@@@
[INFO] [stdout]     @@@@@@@,かきく
[INFO] [stdout]     ２レコード目,@@@@@@@@@@@@
[INFO] [stdout]     @@@@@@@@@,"たちつ
[INFO] [stdout]     てと"
[INFO] [stdout] 
[INFO] [stdout] command=`"/opt/rustwide/target/release/teip" "--csv" "-f" "2" "--" "sed" "s/./@/g"`
[INFO] [stdout] stdin=`"名前,\"作\"\"者\",ノート\n１レコード目,\"あ\"\"いう\"\"\nえお\",かきく\n２レコード目,\"\"\"さしす\n\"\"せそ\",\"たちつ\nてと\"\n"`
[INFO] [stdout] code=0
[INFO] [stdout] stdout=```"名前,@@@@@@@@@@,ノート\n１レコード目,@@@@@@@@@@@@@@\n@@@@@@@,かきく\n２レコード目,@@@@@@@@@@@@\n@@@@@@@@@,\"たちつ\nてと\"\n"```
[INFO] [stdout] stderr=```""```
[INFO] [stdout] 
[INFO] [stdout] stack backtrace:
[INFO] [stdout]    0:     0x5723bf455771 - <<std[70759c8f55707aa4]::sys::backtrace::BacktraceLock>::print::DisplayBacktrace as core[df12db4294e9bfd3]::fmt::Display>::fmt
[INFO] [stdout]    1:     0x5723bf46b38a - core[df12db4294e9bfd3]::fmt::write
[INFO] [stdout]    2:     0x5723bf45b01c - <alloc[2182bb758b4b3781]::vec::Vec<u8> as core[df12db4294e9bfd3]::io::write::Write>::write_fmt
[INFO] [stdout]    3:     0x5723bf431366 - std[70759c8f55707aa4]::panicking::default_hook::{closure#0}
[INFO] [stdout]    4:     0x5723bf44dda9 - std[70759c8f55707aa4]::panicking::default_hook
[INFO] [stdout]    5:     0x5723bf3e96d0 - test[9d35eded1c95d3be]::test_main_inner::<test[9d35eded1c95d3be]::test_main_static::{closure#0}>::{closure#0}
[INFO] [stdout]    6:     0x5723bf44df62 - std[70759c8f55707aa4]::panicking::panic_with_hook
[INFO] [stdout]    7:     0x5723bf431412 - std[70759c8f55707aa4]::panicking::panic_handler::{closure#0}
[INFO] [stdout]    8:     0x5723bf42a199 - std[70759c8f55707aa4]::sys::backtrace::__rust_end_short_backtrace::<std[70759c8f55707aa4]::panicking::panic_handler::{closure#0}, !>
[INFO] [stdout]    9:     0x5723bf43200d - __rustc[8fa7c3cbc660c2b3]::rust_begin_unwind
[INFO] [stdout]   10:     0x5723bf46babc - core[df12db4294e9bfd3]::panicking::panic_fmt
[INFO] [stdout]   11:     0x5723bf3b5c08 - <assert_cmd[2919ca0258d353f]::assert::AssertError>::panic::<assert_cmd[2919ca0258d353f]::assert::Assert>
[INFO] [stdout]   12:     0x5723bf3c5594 - lib[796c4de022da09a5]::cmdtest::test_csv_double_quotation_utf8
[INFO] [stdout]   13:     0x5723bf3b72a9 - <lib[796c4de022da09a5]::cmdtest::test_csv_double_quotation_utf8::{closure#0} as core[df12db4294e9bfd3]::ops::function::FnOnce<()>>::call_once
[INFO] [stdout]   14:     0x5723bf3dc9bb - test[9d35eded1c95d3be]::__rust_begin_short_backtrace::<core[df12db4294e9bfd3]::result::Result<(), alloc[2182bb758b4b3781]::string::String>, fn() -> core[df12db4294e9bfd3]::result::Result<(), alloc[2182bb758b4b3781]::string::String>>
[INFO] [stdout]   15:     0x5723bf3ea025 - test[9d35eded1c95d3be]::run_test::{closure#0}
[INFO] [stdout]   16:     0x5723bf3e38e4 - std[70759c8f55707aa4]::sys::backtrace::__rust_begin_short_backtrace::<test[9d35eded1c95d3be]::run_test::{closure#1}, ()>
[INFO] [stdout]   17:     0x5723bf3ed182 - <std[70759c8f55707aa4]::thread::lifecycle::spawn_unchecked<test[9d35eded1c95d3be]::run_test::{closure#1}, ()>::{closure#1} as core[df12db4294e9bfd3]::ops::function::FnOnce<()>>::call_once::{shim:vtable#0}
[INFO] [stdout]   18:     0x5723bf454fc9 - <std[70759c8f55707aa4]::sys::thread::unix::Thread>::new::thread_start
[INFO] [stdout]   19:     0x71cf8f91ddfa - <unknown>
[INFO] [stdout]   20:     0x71cf8f9b13d4 - clone
[INFO] [stdout]   21:                0x0 - <unknown>
[INFO] [stdout] 
[INFO] [stdout] ---- cmdtest::test_csv_utf8 stdout ----
[INFO] [stdout] 
[INFO] [stdout] thread 'cmdtest::test_csv_utf8' (1608) panicked at /opt/rustwide/cargo-home/registry/src/index.crates.io-1949cf8c6b5b557f/assert_cmd-1.0.8/src/assert.rs:124:9:
[INFO] [stdout] Unexpected stdout, failed diff original var
[INFO] [stdout] ├── original: 名前,@@,ノート
[INFO] [stdout] │   １レコード目,@@@@
[INFO] [stdout] │   @@@,かきく
[INFO] [stdout] │   ２レコード目,@@@@
[INFO] [stdout] │   @@@,"たちつ
[INFO] [stdout] │   てと"
[INFO] [stdout] ├── diff: 
[INFO] [stdout] │   --- 	orig
[INFO] [stdout] │   +++ 	var
[INFO] [stdout] │   @@ -1,5 +1,5 @@
[INFO] [stdout] │   -名前,@@,ノート
[INFO] [stdout] │   -１レコード目,@@@@
[INFO] [stdout] │   -@@@,かきく
[INFO] [stdout] │   -２レコード目,@@@@
[INFO] [stdout] │   -@@@,"たちつ
[INFO] [stdout] │   +名前,@@@@@@,ノート
[INFO] [stdout] │   +１レコード目,@@@@@@@@@@
[INFO] [stdout] │   +@@@@@@@,かきく
[INFO] [stdout] │   +２レコード目,@@@@@@@@@@
[INFO] [stdout] │   +@@@@@@@,"たちつ
[INFO] [stdout] └── var as str: 名前,@@@@@@,ノート
[INFO] [stdout]     １レコード目,@@@@@@@@@@
[INFO] [stdout]     @@@@@@@,かきく
[INFO] [stdout]     ２レコード目,@@@@@@@@@@
[INFO] [stdout]     @@@@@@@,"たちつ
[INFO] [stdout]     てと"
[INFO] [stdout] 
[INFO] [stdout] command=`"/opt/rustwide/target/release/teip" "--csv" "-f" "2" "--" "sed" "s/./@/g"`
[INFO] [stdout] stdin=`"名前,作者,ノート\n１レコード目,\"あいう\nえお\",かきく\n２レコード目,\"さしす\nせそ\",\"たちつ\nてと\"\n"`
[INFO] [stdout] code=0
[INFO] [stdout] stdout=```"名前,@@@@@@,ノート\n１レコード目,@@@@@@@@@@\n@@@@@@@,かきく\n２レコード目,@@@@@@@@@@\n@@@@@@@,\"たちつ\nてと\"\n"```
[INFO] [stdout] stderr=```""```
[INFO] [stdout] 
[INFO] [stdout] stack backtrace:
[INFO] [stdout]    0:     0x5723bf455771 - <<std[70759c8f55707aa4]::sys::backtrace::BacktraceLock>::print::DisplayBacktrace as core[df12db4294e9bfd3]::fmt::Display>::fmt
[INFO] [stdout]    1:     0x5723bf46b38a - core[df12db4294e9bfd3]::fmt::write
[INFO] [stdout]    2:     0x5723bf45b01c - <alloc[2182bb758b4b3781]::vec::Vec<u8> as core[df12db4294e9bfd3]::io::write::Write>::write_fmt
[INFO] [stdout]    3:     0x5723bf431366 - std[70759c8f55707aa4]::panicking::default_hook::{closure#0}
[INFO] [stdout]    4:     0x5723bf44dda9 - std[70759c8f55707aa4]::panicking::default_hook
[INFO] [stdout]    5:     0x5723bf3e96d0 - test[9d35eded1c95d3be]::test_main_inner::<test[9d35eded1c95d3be]::test_main_static::{closure#0}>::{closure#0}
[INFO] [stdout]    6:     0x5723bf44df62 - std[70759c8f55707aa4]::panicking::panic_with_hook
[INFO] [stdout]    7:     0x5723bf431412 - std[70759c8f55707aa4]::panicking::panic_handler::{closure#0}
[INFO] [stdout]    8:     0x5723bf42a199 - std[70759c8f55707aa4]::sys::backtrace::__rust_end_short_backtrace::<std[70759c8f55707aa4]::panicking::panic_handler::{closure#0}, !>
[INFO] [stdout]    9:     0x5723bf43200d - __rustc[8fa7c3cbc660c2b3]::rust_begin_unwind
[INFO] [stdout]   10:     0x5723bf46babc - core[df12db4294e9bfd3]::panicking::panic_fmt
[INFO] [stdout]   11:     0x5723bf3b5c08 - <assert_cmd[2919ca0258d353f]::assert::AssertError>::panic::<assert_cmd[2919ca0258d353f]::assert::Assert>
[INFO] [stdout]   12:     0x5723bf3b81a4 - lib[796c4de022da09a5]::cmdtest::test_csv_utf8
[INFO] [stdout]   13:     0x5723bf3b6a09 - <lib[796c4de022da09a5]::cmdtest::test_csv_utf8::{closure#0} as core[df12db4294e9bfd3]::ops::function::FnOnce<()>>::call_once
[INFO] [stdout]   14:     0x5723bf3dc9bb - test[9d35eded1c95d3be]::__rust_begin_short_backtrace::<core[df12db4294e9bfd3]::result::Result<(), alloc[2182bb758b4b3781]::string::String>, fn() -> core[df12db4294e9bfd3]::result::Result<(), alloc[2182bb758b4b3781]::string::String>>
[INFO] [stdout]   15:     0x5723bf3ea025 - test[9d35eded1c95d3be]::run_test::{closure#0}
[INFO] [stdout]   16:     0x5723bf3e38e4 - std[70759c8f55707aa4]::sys::backtrace::__rust_begin_short_backtrace::<test[9d35eded1c95d3be]::run_test::{closure#1}, ()>
[INFO] [stdout]   17:     0x5723bf3ed182 - <std[70759c8f55707aa4]::thread::lifecycle::spawn_unchecked<test[9d35eded1c95d3be]::run_test::{closure#1}, ()>::{closure#1} as core[df12db4294e9bfd3]::ops::function::FnOnce<()>>::call_once::{shim:vtable#0}
[INFO] [stdout]   18:     0x5723bf454fc9 - <std[70759c8f55707aa4]::sys::thread::unix::Thread>::new::thread_start
[INFO] [stdout]   19:     0x71cf8f91ddfa - <unknown>
[INFO] [stdout]   20:     0x71cf8f9b13d4 - clone
[INFO] [stdout]   21:                0x0 - <unknown>
[INFO] [stdout] 
[INFO] [stdout] ---- cmdtest::test_csv_end_nolf_utf8 stdout ----
[INFO] [stdout] 
[INFO] [stdout] thread 'cmdtest::test_csv_end_nolf_utf8' (1605) panicked at /opt/rustwide/cargo-home/registry/src/index.crates.io-1949cf8c6b5b557f/assert_cmd-1.0.8/src/assert.rs:124:9:
[INFO] [stdout] Unexpected stdout, failed diff original var
[INFO] [stdout] ├── original: 名前,作者,@@@
[INFO] [stdout] │   １レコード目,"あいう
[INFO] [stdout] │   えお",@@@
[INFO] [stdout] │   ２レコード目,"さしす
[INFO] [stdout] │   せそ",@@@@
[INFO] [stdout] │   @@@
[INFO] [stdout] ├── diff: 
[INFO] [stdout] │   --- 	orig
[INFO] [stdout] │   +++ 	var
[INFO] [stdout] │   @@ -1 +1 @@
[INFO] [stdout] │   -名前,作者,@@@
[INFO] [stdout] │   +名前,作者,@@@@@@@@@
[INFO] [stdout] │   @@ -3 +3 @@
[INFO] [stdout] │   -えお",@@@
[INFO] [stdout] │   +えお",@@@@@@@@@
[INFO] [stdout] │   @@ -5,2 +5,2 @@
[INFO] [stdout] │   -せそ",@@@@
[INFO] [stdout] │   -@@@
[INFO] [stdout] │   +せそ",@@@@@@@@@@
[INFO] [stdout] │   +@@@@@@@
[INFO] [stdout] └── var as str: 名前,作者,@@@@@@@@@
[INFO] [stdout]     １レコード目,"あいう
[INFO] [stdout]     えお",@@@@@@@@@
[INFO] [stdout]     ２レコード目,"さしす
[INFO] [stdout]     せそ",@@@@@@@@@@
[INFO] [stdout]     @@@@@@@
[INFO] [stdout] 
[INFO] [stdout] command=`"/opt/rustwide/target/release/teip" "--csv" "-f" "3" "--" "sed" "s/./@/g"`
[INFO] [stdout] stdin=`"名前,作者,ノート\n１レコード目,\"あいう\nえお\",かきく\n２レコード目,\"さしす\nせそ\",\"たちつ\nてと\""`
[INFO] [stdout] code=0
[INFO] [stdout] stdout=```"名前,作者,@@@@@@@@@\n１レコード目,\"あいう\nえお\",@@@@@@@@@\n２レコード目,\"さしす\nせそ\",@@@@@@@@@@\n@@@@@@@"```
[INFO] [stdout] stderr=```""```
[INFO] [stdout] 
[INFO] [stdout] stack backtrace:
[INFO] [stdout]    0:     0x5723bf455771 - <<std[70759c8f55707aa4]::sys::backtrace::BacktraceLock>::print::DisplayBacktrace as core[df12db4294e9bfd3]::fmt::Display>::fmt
[INFO] [stdout]    1:     0x5723bf46b38a - core[df12db4294e9bfd3]::fmt::write
[INFO] [stdout]    2:     0x5723bf45b01c - <alloc[2182bb758b4b3781]::vec::Vec<u8> as core[df12db4294e9bfd3]::io::write::Write>::write_fmt
[INFO] [stdout]    3:     0x5723bf431366 - std[70759c8f55707aa4]::panicking::default_hook::{closure#0}
[INFO] [stdout]    4:     0x5723bf44dda9 - std[70759c8f55707aa4]::panicking::default_hook
[INFO] [stdout]    5:     0x5723bf3e96d0 - test[9d35eded1c95d3be]::test_main_inner::<test[9d35eded1c95d3be]::test_main_static::{closure#0}>::{closure#0}
[INFO] [stdout]    6:     0x5723bf44df62 - std[70759c8f55707aa4]::panicking::panic_with_hook
[INFO] [stdout]    7:     0x5723bf431412 - std[70759c8f55707aa4]::panicking::panic_handler::{closure#0}
[INFO] [stdout]    8:     0x5723bf42a199 - std[70759c8f55707aa4]::sys::backtrace::__rust_end_short_backtrace::<std[70759c8f55707aa4]::panicking::panic_handler::{closure#0}, !>
[INFO] [stdout]    9:     0x5723bf43200d - __rustc[8fa7c3cbc660c2b3]::rust_begin_unwind
[INFO] [stdout]   10:     0x5723bf46babc - core[df12db4294e9bfd3]::panicking::panic_fmt
[INFO] [stdout]   11:     0x5723bf3b5c08 - <assert_cmd[2919ca0258d353f]::assert::AssertError>::panic::<assert_cmd[2919ca0258d353f]::assert::Assert>
[INFO] [stdout]   12:     0x5723bf3bd6f4 - lib[796c4de022da09a5]::cmdtest::test_csv_end_nolf_utf8
[INFO] [stdout]   13:     0x5723bf3b6d89 - <lib[796c4de022da09a5]::cmdtest::test_csv_end_nolf_utf8::{closure#0} as core[df12db4294e9bfd3]::ops::function::FnOnce<()>>::call_once
[INFO] [stdout]   14:     0x5723bf3dc9bb - test[9d35eded1c95d3be]::__rust_begin_short_backtrace::<core[df12db4294e9bfd3]::result::Result<(), alloc[2182bb758b4b3781]::string::String>, fn() -> core[df12db4294e9bfd3]::result::Result<(), alloc[2182bb758b4b3781]::string::String>>
[INFO] [stdout]   15:     0x5723bf3ea025 - test[9d35eded1c95d3be]::run_test::{closure#0}
[INFO] [stdout]   16:     0x5723bf3e38e4 - std[70759c8f55707aa4]::sys::backtrace::__rust_begin_short_backtrace::<test[9d35eded1c95d3be]::run_test::{closure#1}, ()>
[INFO] [stdout]   17:     0x5723bf3ed182 - <std[70759c8f55707aa4]::thread::lifecycle::spawn_unchecked<test[9d35eded1c95d3be]::run_test::{closure#1}, ()>::{closure#1} as core[df12db4294e9bfd3]::ops::function::FnOnce<()>>::call_once::{shim:vtable#0}
[INFO] [stdout]   18:     0x5723bf454fc9 - <std[70759c8f55707aa4]::sys::thread::unix::Thread>::new::thread_start
[INFO] [stdout]   19:     0x71cf8f91ddfa - <unknown>
[INFO] [stdout]   20:     0x71cf8f9b13d4 - clone
[INFO] [stdout]   21:                0x0 - <unknown>
[INFO] [stdout] 
[INFO] [stdout] ---- cmdtest::test_solid_csv_end_nolf_utf8 stdout ----
[INFO] [stdout] 
[INFO] [stdout] thread 'cmdtest::test_solid_csv_end_nolf_utf8' (2014) panicked at /opt/rustwide/cargo-home/registry/src/index.crates.io-1949cf8c6b5b557f/assert_cmd-1.0.8/src/assert.rs:124:9:
[INFO] [stdout] Unexpected stdout, failed diff original var
[INFO] [stdout] ├── original: 名前,作者,@@@
[INFO] [stdout] │   １レコード目,"あいう
[INFO] [stdout] │   えお",@@@
[INFO] [stdout] │   ２レコード目,"さしす
[INFO] [stdout] │   せそ",@@@@
[INFO] [stdout] │   @@@
[INFO] [stdout] ├── diff: 
[INFO] [stdout] │   --- 	orig
[INFO] [stdout] │   +++ 	var
[INFO] [stdout] │   @@ -1 +1 @@
[INFO] [stdout] │   -名前,作者,@@@
[INFO] [stdout] │   +名前,作者,@@@@@@@@@
[INFO] [stdout] │   @@ -3 +3 @@
[INFO] [stdout] │   -えお",@@@
[INFO] [stdout] │   +えお",@@@@@@@@@
[INFO] [stdout] │   @@ -5,2 +5,2 @@
[INFO] [stdout] │   -せそ",@@@@
[INFO] [stdout] │   -@@@
[INFO] [stdout] │   +せそ",@@@@@@@@@@
[INFO] [stdout] │   +@@@@@@@
[INFO] [stdout] └── var as str: 名前,作者,@@@@@@@@@
[INFO] [stdout]     １レコード目,"あいう
[INFO] [stdout]     えお",@@@@@@@@@
[INFO] [stdout]     ２レコード目,"さしす
[INFO] [stdout]     せそ",@@@@@@@@@@
[INFO] [stdout]     @@@@@@@
[INFO] [stdout] 
[INFO] [stdout] command=`"/opt/rustwide/target/release/teip" "--csv" "-s" "-f" "3" "--" "sed" "s/./@/g"`
[INFO] [stdout] stdin=`"名前,作者,ノート\n１レコード目,\"あいう\nえお\",かきく\n２レコード目,\"さしす\nせそ\",\"たちつ\nてと\""`
[INFO] [stdout] code=0
[INFO] [stdout] stdout=```"名前,作者,@@@@@@@@@\n１レコード目,\"あいう\nえお\",@@@@@@@@@\n２レコード目,\"さしす\nせそ\",@@@@@@@@@@\n@@@@@@@"```
[INFO] [stdout] stderr=```""```
[INFO] [stdout] 
[INFO] [stdout] stack backtrace:
[INFO] [stdout]    0:     0x5723bf455771 - <<std[70759c8f55707aa4]::sys::backtrace::BacktraceLock>::print::DisplayBacktrace as core[df12db4294e9bfd3]::fmt::Display>::fmt
[INFO] [stdout]    1:     0x5723bf46b38a - core[df12db4294e9bfd3]::fmt::write
[INFO] [stdout]    2:     0x5723bf45b01c - <alloc[2182bb758b4b3781]::vec::Vec<u8> as core[df12db4294e9bfd3]::io::write::Write>::write_fmt
[INFO] [stdout]    3:     0x5723bf431366 - std[70759c8f55707aa4]::panicking::default_hook::{closure#0}
[INFO] [stdout]    4:     0x5723bf44dda9 - std[70759c8f55707aa4]::panicking::default_hook
[INFO] [stdout]    5:     0x5723bf3e96d0 - test[9d35eded1c95d3be]::test_main_inner::<test[9d35eded1c95d3be]::test_main_static::{closure#0}>::{closure#0}
[INFO] [stdout]    6:     0x5723bf44df62 - std[70759c8f55707aa4]::panicking::panic_with_hook
[INFO] [stdout]    7:     0x5723bf431412 - std[70759c8f55707aa4]::panicking::panic_handler::{closure#0}
[INFO] [stdout]    8:     0x5723bf42a199 - std[70759c8f55707aa4]::sys::backtrace::__rust_end_short_backtrace::<std[70759c8f55707aa4]::panicking::panic_handler::{closure#0}, !>
[INFO] [stdout]    9:     0x5723bf43200d - __rustc[8fa7c3cbc660c2b3]::rust_begin_unwind
[INFO] [stdout]   10:     0x5723bf46babc - core[df12db4294e9bfd3]::panicking::panic_fmt
[INFO] [stdout]   11:     0x5723bf3b5c08 - <assert_cmd[2919ca0258d353f]::assert::AssertError>::panic::<assert_cmd[2919ca0258d353f]::assert::Assert>
[INFO] [stdout]   12:     0x5723bf3c3cfe - lib[796c4de022da09a5]::cmdtest::test_solid_csv_end_nolf_utf8
[INFO] [stdout]   13:     0x5723bf3b71a9 - <lib[796c4de022da09a5]::cmdtest::test_solid_csv_end_nolf_utf8::{closure#0} as core[df12db4294e9bfd3]::ops::function::FnOnce<()>>::call_once
[INFO] [stdout]   14:     0x5723bf3dc9bb - test[9d35eded1c95d3be]::__rust_begin_short_backtrace::<core[df12db4294e9bfd3]::result::Result<(), alloc[2182bb758b4b3781]::string::String>, fn() -> core[df12db4294e9bfd3]::result::Result<(), alloc[2182bb758b4b3781]::string::String>>
[INFO] [stdout]   15:     0x5723bf3ea025 - test[9d35eded1c95d3be]::run_test::{closure#0}
[INFO] [stdout]   16:     0x5723bf3e38e4 - std[70759c8f55707aa4]::sys::backtrace::__rust_begin_short_backtrace::<test[9d35eded1c95d3be]::run_test::{closure#1}, ()>
[INFO] [stdout]   17:     0x5723bf3ed182 - <std[70759c8f55707aa4]::thread::lifecycle::spawn_unchecked<test[9d35eded1c95d3be]::run_test::{closure#1}, ()>::{closure#1} as core[df12db4294e9bfd3]::ops::function::FnOnce<()>>::call_once::{shim:vtable#0}
[INFO] [stdout]   18:     0x5723bf454fc9 - <std[70759c8f55707aa4]::sys::thread::unix::Thread>::new::thread_start
[INFO] [stdout]   19:     0x71cf8f91ddfa - <unknown>
[INFO] [stdout]   20:     0x71cf8f9b13d4 - clone
[INFO] [stdout]   21:                0x0 - <unknown>
[INFO] [stdout] 
[INFO] [stdout] ---- cmdtest::test_solid_csv_double_quotation_utf8 stdout ----
[INFO] [stdout] 
[INFO] [stdout] thread 'cmdtest::test_solid_csv_double_quotation_utf8' (2004) panicked at /opt/rustwide/cargo-home/registry/src/index.crates.io-1949cf8c6b5b557f/assert_cmd-1.0.8/src/assert.rs:124:9:
[INFO] [stdout] Unexpected stdout, failed diff original var
[INFO] [stdout] ├── original: 名前,@@@@@@,ノート
[INFO] [stdout] │   １レコード目,@@@@@@@@
[INFO] [stdout] │   @@@,かきく
[INFO] [stdout] │   ２レコード目,@@@@@@
[INFO] [stdout] │   @@@@@,"たちつ
[INFO] [stdout] │   てと"
[INFO] [stdout] ├── diff: 
[INFO] [stdout] │   --- 	orig
[INFO] [stdout] │   +++ 	var
[INFO] [stdout] │   @@ -1,5 +1,5 @@
[INFO] [stdout] │   -名前,@@@@@@,ノート
[INFO] [stdout] │   -１レコード目,@@@@@@@@
[INFO] [stdout] │   -@@@,かきく
[INFO] [stdout] │   -２レコード目,@@@@@@
[INFO] [stdout] │   -@@@@@,"たちつ
[INFO] [stdout] │   +名前,@@@@@@@@@@,ノート
[INFO] [stdout] │   +１レコード目,@@@@@@@@@@@@@@
[INFO] [stdout] │   +@@@@@@@,かきく
[INFO] [stdout] │   +２レコード目,@@@@@@@@@@@@
[INFO] [stdout] │   +@@@@@@@@@,"たちつ
[INFO] [stdout] └── var as str: 名前,@@@@@@@@@@,ノート
[INFO] [stdout]     １レコード目,@@@@@@@@@@@@@@
[INFO] [stdout]     @@@@@@@,かきく
[INFO] [stdout]     ２レコード目,@@@@@@@@@@@@
[INFO] [stdout]     @@@@@@@@@,"たちつ
[INFO] [stdout]     てと"
[INFO] [stdout] 
[INFO] [stdout] command=`"/opt/rustwide/target/release/teip" "--csv" "-s" "-f" "2" "--" "sed" "s/./@/g"`
[INFO] [stdout] stdin=`"名前,\"作\"\"者\",ノート\n１レコード目,\"あ\"\"いう\"\"\nえお\",かきく\n２レコード目,\"\"\"さしす\n\"\"せそ\",\"たちつ\nてと\"\n"`
[INFO] [stdout] code=0
[INFO] [stdout] stdout=```"名前,@@@@@@@@@@,ノート\n１レコード目,@@@@@@@@@@@@@@\n@@@@@@@,かきく\n２レコード目,@@@@@@@@@@@@\n@@@@@@@@@,\"たちつ\nてと\"\n"```
[INFO] [stdout] stderr=```""```
[INFO] [stdout] 
[INFO] [stdout] stack backtrace:
[INFO] [stdout]    0:     0x5723bf455771 - <<std[70759c8f55707aa4]::sys::backtrace::BacktraceLock>::print::DisplayBacktrace as core[df12db4294e9bfd3]::fmt::Display>::fmt
[INFO] [stdout]    1:     0x5723bf46b38a - core[df12db4294e9bfd3]::fmt::write
[INFO] [stdout]    2:     0x5723bf45b01c - <alloc[2182bb758b4b3781]::vec::Vec<u8> as core[df12db4294e9bfd3]::io::write::Write>::write_fmt
[INFO] [stdout]    3:     0x5723bf431366 - std[70759c8f55707aa4]::panicking::default_hook::{closure#0}
[INFO] [stdout]    4:     0x5723bf44dda9 - std[70759c8f55707aa4]::panicking::default_hook
[INFO] [stdout]    5:     0x5723bf3e96d0 - test[9d35eded1c95d3be]::test_main_inner::<test[9d35eded1c95d3be]::test_main_static::{closure#0}>::{closure#0}
[INFO] [stdout]    6:     0x5723bf44df62 - std[70759c8f55707aa4]::panicking::panic_with_hook
[INFO] [stdout]    7:     0x5723bf431412 - std[70759c8f55707aa4]::panicking::panic_handler::{closure#0}
[INFO] [stdout]    8:     0x5723bf42a199 - std[70759c8f55707aa4]::sys::backtrace::__rust_end_short_backtrace::<std[70759c8f55707aa4]::panicking::panic_handler::{closure#0}, !>
[INFO] [stdout]    9:     0x5723bf43200d - __rustc[8fa7c3cbc660c2b3]::rust_begin_unwind
[INFO] [stdout]   10:     0x5723bf46babc - core[df12db4294e9bfd3]::panicking::panic_fmt
[INFO] [stdout]   11:     0x5723bf3b5c08 - <assert_cmd[2919ca0258d353f]::assert::AssertError>::panic::<assert_cmd[2919ca0258d353f]::assert::Assert>
[INFO] [stdout]   12:     0x5723bf3c77ce - lib[796c4de022da09a5]::cmdtest::test_solid_csv_double_quotation_utf8
[INFO] [stdout]   13:     0x5723bf3b7409 - <lib[796c4de022da09a5]::cmdtest::test_solid_csv_double_quotation_utf8::{closure#0} as core[df12db4294e9bfd3]::ops::function::FnOnce<()>>::call_once
[INFO] [stdout]   14:     0x5723bf3dc9bb - test[9d35eded1c95d3be]::__rust_begin_short_backtrace::<core[df12db4294e9bfd3]::result::Result<(), alloc[2182bb758b4b3781]::string::String>, fn() -> core[df12db4294e9bfd3]::result::Result<(), alloc[2182bb758b4b3781]::string::String>>
[INFO] [stdout]   15:     0x5723bf3ea025 - test[9d35eded1c95d3be]::run_test::{closure#0}
[INFO] [stdout]   16:     0x5723bf3e38e4 - std[70759c8f55707aa4]::sys::backtrace::__rust_begin_short_backtrace::<test[9d35eded1c95d3be]::run_test::{closure#1}, ()>
[INFO] [stdout]   17:     0x5723bf3ed182 - <std[70759c8f55707aa4]::thread::lifecycle::spawn_unchecked<test[9d35eded1c95d3be]::run_test::{closure#1}, ()>::{closure#1} as core[df12db4294e9bfd3]::ops::function::FnOnce<()>>::call_once::{shim:vtable#0}
[INFO] [stdout]   18:     0x5723bf454fc9 - <std[70759c8f55707aa4]::sys::thread::unix::Thread>::new::thread_start
[INFO] [stdout]   19:     0x71cf8f91ddfa - <unknown>
[INFO] [stdout]   20:     0x71cf8f9b13d4 - clone
[INFO] [stdout]   21:                0x0 - <unknown>
[INFO] [stdout] 
[INFO] [stdout] ---- cmdtest::test_solid_csv_non_delim_comma_utf8 stdout ----
[INFO] [stdout] 
[INFO] [stdout] thread 'cmdtest::test_solid_csv_non_delim_comma_utf8' (2061) panicked at /opt/rustwide/cargo-home/registry/src/index.crates.io-1949cf8c6b5b557f/assert_cmd-1.0.8/src/assert.rs:124:9:
[INFO] [stdout] Unexpected stdout, failed diff original var
[INFO] [stdout] ├── original: @@@@@,作者,ノート
[INFO] [stdout] │   @@@@@@,"あいう
[INFO] [stdout] │   えお",かきく
[INFO] [stdout] │   @@@@@@@@@,"さしす
[INFO] [stdout] │   せそ","たちつ
[INFO] [stdout] │   てと"
[INFO] [stdout] ├── diff: 
[INFO] [stdout] │   --- 	orig
[INFO] [stdout] │   +++ 	var
[INFO] [stdout] │   @@ -1,2 +1,2 @@
[INFO] [stdout] │   -@@@@@,作者,ノート
[INFO] [stdout] │   -@@@@@@,"あいう
[INFO] [stdout] │   +@@@@@@@@@,作者,ノート
[INFO] [stdout] │   +@@@@@@@@@@@@@@@@@@,"あいう
[INFO] [stdout] │   @@ -4 +4 @@
[INFO] [stdout] │   -@@@@@@@@@,"さしす
[INFO] [stdout] │   +@@@@@@@@@@@@@@@@@@@@@,"さしす
[INFO] [stdout] └── var as str: @@@@@@@@@,作者,ノート
[INFO] [stdout]     @@@@@@@@@@@@@@@@@@,"あいう
[INFO] [stdout]     えお",かきく
[INFO] [stdout]     @@@@@@@@@@@@@@@@@@@@@,"さしす
[INFO] [stdout]     せそ","たちつ
[INFO] [stdout]     てと"
[INFO] [stdout] 
[INFO] [stdout] command=`"/opt/rustwide/target/release/teip" "--csv" "-s" "-f" "1" "--" "sed" "s/./@/g"`
[INFO] [stdout] stdin=`"\"名,前\",作者,ノート\n１レコード目,\"あいう\nえお\",かきく\n\"２レコード,目\",\"さしす\nせそ\",\"たちつ\nてと\""`
[INFO] [stdout] code=0
[INFO] [stdout] stdout=```"@@@@@@@@@,作者,ノート\n@@@@@@@@@@@@@@@@@@,\"あいう\nえお\",かきく\n@@@@@@@@@@@@@@@@@@@@@,\"さしす\nせそ\",\"たちつ\nてと\""```
[INFO] [stdout] stderr=```""```
[INFO] [stdout] 
[INFO] [stdout] stack backtrace:
[INFO] [stdout]    0:     0x5723bf455771 - <<std[70759c8f55707aa4]::sys::backtrace::BacktraceLock>::print::DisplayBacktrace as core[df12db4294e9bfd3]::fmt::Display>::fmt
[INFO] [stdout]    1:     0x5723bf46b38a - core[df12db4294e9bfd3]::fmt::write
[INFO] [stdout]    2:     0x5723bf45b01c - <alloc[2182bb758b4b3781]::vec::Vec<u8> as core[df12db4294e9bfd3]::io::write::Write>::write_fmt
[INFO] [stdout]    3:     0x5723bf431366 - std[70759c8f55707aa4]::panicking::default_hook::{closure#0}
[INFO] [stdout]    4:     0x5723bf44dda9 - std[70759c8f55707aa4]::panicking::default_hook
[INFO] [stdout]    5:     0x5723bf3e96d0 - test[9d35eded1c95d3be]::test_main_inner::<test[9d35eded1c95d3be]::test_main_static::{closure#0}>::{closure#0}
[INFO] [stdout]    6:     0x5723bf44df62 - std[70759c8f55707aa4]::panicking::panic_with_hook
[INFO] [stdout]    7:     0x5723bf431412 - std[70759c8f55707aa4]::panicking::panic_handler::{closure#0}
[INFO] [stdout]    8:     0x5723bf42a199 - std[70759c8f55707aa4]::sys::backtrace::__rust_end_short_backtrace::<std[70759c8f55707aa4]::panicking::panic_handler::{closure#0}, !>
[INFO] [stdout]    9:     0x5723bf43200d - __rustc[8fa7c3cbc660c2b3]::rust_begin_unwind
[INFO] [stdout]   10:     0x5723bf46babc - core[df12db4294e9bfd3]::panicking::panic_fmt
[INFO] [stdout]   11:     0x5723bf3b5c08 - <assert_cmd[2919ca0258d353f]::assert::AssertError>::panic::<assert_cmd[2919ca0258d353f]::assert::Assert>
[INFO] [stdout]   12:     0x5723bf3c717e - lib[796c4de022da09a5]::cmdtest::test_solid_csv_non_delim_comma_utf8
[INFO] [stdout]   13:     0x5723bf3b73c9 - <lib[796c4de022da09a5]::cmdtest::test_solid_csv_non_delim_comma_utf8::{closure#0} as core[df12db4294e9bfd3]::ops::function::FnOnce<()>>::call_once
[INFO] [stdout]   14:     0x5723bf3dc9bb - test[9d35eded1c95d3be]::__rust_begin_short_backtrace::<core[df12db4294e9bfd3]::result::Result<(), alloc[2182bb758b4b3781]::string::String>, fn() -> core[df12db4294e9bfd3]::result::Result<(), alloc[2182bb758b4b3781]::string::String>>
[INFO] [stdout]   15:     0x5723bf3ea025 - test[9d35eded1c95d3be]::run_test::{closure#0}
[INFO] [stdout]   16:     0x5723bf3e38e4 - std[70759c8f55707aa4]::sys::backtrace::__rust_begin_short_backtrace::<test[9d35eded1c95d3be]::run_test::{closure#1}, ()>
[INFO] [stdout]   17:     0x5723bf3ed182 - <std[70759c8f55707aa4]::thread::lifecycle::spawn_unchecked<test[9d35eded1c95d3be]::run_test::{closure#1}, ()>::{closure#1} as core[df12db4294e9bfd3]::ops::function::FnOnce<()>>::call_once::{shim:vtable#0}
[INFO] [stdout]   18:     0x5723bf454fc9 - <std[70759c8f55707aa4]::sys::thread::unix::Thread>::new::thread_start
[INFO] [stdout]   19:     0x71cf8f91ddfa - <unknown>
[INFO] [stdout]   20:     0x71cf8f9b13d4 - clone
[INFO] [stdout]   21:                0x0 - <unknown>
[INFO] [stdout] 
[INFO] [stdout] ---- cmdtest::test_solid_csv_utf8 stdout ----
[INFO] [stdout] 
[INFO] [stdout] thread 'cmdtest::test_solid_csv_utf8' (2084) panicked at /opt/rustwide/cargo-home/registry/src/index.crates.io-1949cf8c6b5b557f/assert_cmd-1.0.8/src/assert.rs:124:9:
[INFO] [stdout] Unexpected stdout, failed diff original var
[INFO] [stdout] ├── original: 名前,@@,ノート
[INFO] [stdout] │   １レコード目,@@@@
[INFO] [stdout] │   @@@,かきく
[INFO] [stdout] │   ２レコード目,@@@@
[INFO] [stdout] │   @@@,"たちつ
[INFO] [stdout] │   てと"
[INFO] [stdout] ├── diff: 
[INFO] [stdout] │   --- 	orig
[INFO] [stdout] │   +++ 	var
[INFO] [stdout] │   @@ -1,5 +1,5 @@
[INFO] [stdout] │   -名前,@@,ノート
[INFO] [stdout] │   -１レコード目,@@@@
[INFO] [stdout] │   -@@@,かきく
[INFO] [stdout] │   -２レコード目,@@@@
[INFO] [stdout] │   -@@@,"たちつ
[INFO] [stdout] │   +名前,@@@@@@,ノート
[INFO] [stdout] │   +１レコード目,@@@@@@@@@@
[INFO] [stdout] │   +@@@@@@@,かきく
[INFO] [stdout] │   +２レコード目,@@@@@@@@@@
[INFO] [stdout] │   +@@@@@@@,"たちつ
[INFO] [stdout] └── var as str: 名前,@@@@@@,ノート
[INFO] [stdout]     １レコード目,@@@@@@@@@@
[INFO] [stdout]     @@@@@@@,かきく
[INFO] [stdout]     ２レコード目,@@@@@@@@@@
[INFO] [stdout]     @@@@@@@,"たちつ
[INFO] [stdout]     てと"
[INFO] [stdout] 
[INFO] [stdout] command=`"/opt/rustwide/target/release/teip" "--csv" "-s" "-f" "2" "--" "sed" "s/./@/g"`
[INFO] [stdout] stdin=`"名前,作者,ノート\n１レコード目,\"あいう\nえお\",かきく\n２レコード目,\"さしす\nせそ\",\"たちつ\nてと\"\n"`
[INFO] [stdout] code=0
[INFO] [stdout] stdout=```"名前,@@@@@@,ノート\n１レコード目,@@@@@@@@@@\n@@@@@@@,かきく\n２レコード目,@@@@@@@@@@\n@@@@@@@,\"たちつ\nてと\"\n"```
[INFO] [stdout] stderr=```""```
[INFO] [stdout] 
[INFO] [stdout] stack backtrace:
[INFO] [stdout]    0:     0x5723bf455771 - <<std[70759c8f55707aa4]::sys::backtrace::BacktraceLock>::print::DisplayBacktrace as core[df12db4294e9bfd3]::fmt::Display>::fmt
[INFO] [stdout]    1:     0x5723bf46b38a - core[df12db4294e9bfd3]::fmt::write
[INFO] [stdout]    2:     0x5723bf45b01c - <alloc[2182bb758b4b3781]::vec::Vec<u8> as core[df12db4294e9bfd3]::io::write::Write>::write_fmt
[INFO] [stdout]    3:     0x5723bf431366 - std[70759c8f55707aa4]::panicking::default_hook::{closure#0}
[INFO] [stdout]    4:     0x5723bf44dda9 - std[70759c8f55707aa4]::panicking::default_hook
[INFO] [stdout]    5:     0x5723bf3e96d0 - test[9d35eded1c95d3be]::test_main_inner::<test[9d35eded1c95d3be]::test_main_static::{closure#0}>::{closure#0}
[INFO] [stdout]    6:     0x5723bf44df62 - std[70759c8f55707aa4]::panicking::panic_with_hook
[INFO] [stdout]    7:     0x5723bf431412 - std[70759c8f55707aa4]::panicking::panic_handler::{closure#0}
[INFO] [stdout]    8:     0x5723bf42a199 - std[70759c8f55707aa4]::sys::backtrace::__rust_end_short_backtrace::<std[70759c8f55707aa4]::panicking::panic_handler::{closure#0}, !>
[INFO] [stdout]    9:     0x5723bf43200d - __rustc[8fa7c3cbc660c2b3]::rust_begin_unwind
[INFO] [stdout]   10:     0x5723bf46babc - core[df12db4294e9bfd3]::panicking::panic_fmt
[INFO] [stdout]   11:     0x5723bf3b5c08 - <assert_cmd[2919ca0258d353f]::assert::AssertError>::panic::<assert_cmd[2919ca0258d353f]::assert::Assert>
[INFO] [stdout]   12:     0x5723bf3bbb9e - lib[796c4de022da09a5]::cmdtest::test_solid_csv_utf8
[INFO] [stdout]   13:     0x5723bf3b6c69 - <lib[796c4de022da09a5]::cmdtest::test_solid_csv_utf8::{closure#0} as core[df12db4294e9bfd3]::ops::function::FnOnce<()>>::call_once
[INFO] [stdout]   14:     0x5723bf3dc9bb - test[9d35eded1c95d3be]::__rust_begin_short_backtrace::<core[df12db4294e9bfd3]::result::Result<(), alloc[2182bb758b4b3781]::string::String>, fn() -> core[df12db4294e9bfd3]::result::Result<(), alloc[2182bb758b4b3781]::string::String>>
[INFO] [stdout]   15:     0x5723bf3ea025 - test[9d35eded1c95d3be]::run_test::{closure#0}
[INFO] [stdout]   16:     0x5723bf3e38e4 - std[70759c8f55707aa4]::sys::backtrace::__rust_begin_short_backtrace::<test[9d35eded1c95d3be]::run_test::{closure#1}, ()>
[INFO] [stdout]   17:     0x5723bf3ed182 - <std[70759c8f55707aa4]::thread::lifecycle::spawn_unchecked<test[9d35eded1c95d3be]::run_test::{closure#1}, ()>::{closure#1} as core[df12db4294e9bfd3]::ops::function::FnOnce<()>>::call_once::{shim:vtable#0}
[INFO] [stdout]   18:     0x5723bf454fc9 - <std[70759c8f55707aa4]::sys::thread::unix::Thread>::new::thread_start
[INFO] [stdout]   19:     0x71cf8f91ddfa - <unknown>
[INFO] [stdout]   20:     0x71cf8f9b13d4 - clone
[INFO] [stdout]   21:                0x0 - <unknown>
[INFO] [stdout] 
[INFO] [stdout] 
[INFO] [stdout] failures:
[INFO] [stdout]     cmdtest::test_csv_double_quotation_utf8
[INFO] [stdout]     cmdtest::test_csv_end_nolf_utf8
[INFO] [stdout]     cmdtest::test_csv_non_delim_comma_utf8
[INFO] [stdout]     cmdtest::test_csv_utf8
[INFO] [stdout]     cmdtest::test_solid_csv_double_quotation_utf8
[INFO] [stdout]     cmdtest::test_solid_csv_end_nolf_utf8
[INFO] [stdout]     cmdtest::test_solid_csv_non_delim_comma_utf8
[INFO] [stdout]     cmdtest::test_solid_csv_utf8
[INFO] [stdout] 
[INFO] [stdout] test result: FAILED. 77 passed; 8 failed; 0 ignored; 0 measured; 0 filtered out; finished in 0.26s
[INFO] [stdout] 
[INFO] [stderr] error: test failed, to rerun pass `--test lib`
[INFO] running `Command { std: "docker" "inspect" "d6edf25b693b936c27f9e481785dbaf627aac81267074545d0affddbc2aa0aa2", kill_on_drop: false }`
[INFO] running `Command { std: "docker" "rm" "-f" "d6edf25b693b936c27f9e481785dbaf627aac81267074545d0affddbc2aa0aa2", kill_on_drop: false }`
[INFO] [stdout] d6edf25b693b936c27f9e481785dbaf627aac81267074545d0affddbc2aa0aa2
