[INFO] fetching crate tebex_headless_rust 0.1.3...
[INFO] testing tebex_headless_rust-0.1.3 against 1.100.0-beta.1+cargoflags=--release for beta-release-1.100-2
[INFO] extracting crate tebex_headless_rust 0.1.3 into /workspace/builds/worker-5-tc2/source
[INFO] started tweaking crates.io crate tebex_headless_rust 0.1.3
[INFO] finished tweaking crates.io crate tebex_headless_rust 0.1.3
[INFO] tweaked toml for crates.io crate tebex_headless_rust 0.1.3 written to /workspace/builds/worker-5-tc2/source/Cargo.toml
[INFO] validating manifest of crates.io crate tebex_headless_rust 0.1.3 on toolchain 1.100.0-beta.1
[INFO] running `Command { std: CARGO_HOME="/workspace/cargo-home" RUSTUP_HOME="/workspace/rustup-home" "/workspace/cargo-home/bin/cargo" "+1.100.0-beta.1" "metadata" "--manifest-path" "Cargo.toml" "--no-deps", kill_on_drop: false }`
[INFO] running `Command { std: CARGO_HOME="/workspace/cargo-home" RUSTUP_HOME="/workspace/rustup-home" "/workspace/cargo-home/bin/cargo" "+1.100.0-beta.1" "generate-lockfile" "--manifest-path" "Cargo.toml", kill_on_drop: false }`
[INFO] [stderr]     Updating crates.io index
[INFO] [stderr]      Locking 163 packages to highest compatible versions
[INFO] [stderr]       Adding local-ip-address v0.5.7 (available: v0.6.13)
[INFO] [stderr]       Adding reqwest v0.11.27 (available: v0.13.5)
[INFO] running `Command { std: CARGO_HOME="/workspace/cargo-home" RUSTUP_HOME="/workspace/rustup-home" "/workspace/cargo-home/bin/cargo" "+1.100.0-beta.1" "fetch" "--manifest-path" "Cargo.toml", kill_on_drop: false }`
[INFO] running `Command { std: "docker" "create" "-v" "/var/lib/crater-agent-workspace/builds/worker-5-tc2/source:/opt/rustwide/workdir:ro,Z" "-v" "/var/lib/crater-agent-workspace/builds/worker-5-tc2/target:/opt/rustwide/target:rw,Z" "-v" "/var/lib/crater-agent-workspace/cargo-home:/opt/rustwide/cargo-home:ro,Z" "-v" "/var/lib/crater-agent-workspace/rustup-home:/opt/rustwide/rustup-home:ro,Z" "-m" "1610612736" "--network" "none" "ghcr.io/rust-lang/crates-build-env/linux@sha256:77db811e55d90add9212f6832c23229e3de5f1c1f9905e8cb07319ea15df73ac" "sleep" "infinity", kill_on_drop: false }`
[INFO] [stdout] f502b6345381bb69fb189f82524a032ec8f07701f761a4a6968a3154f370156f
[INFO] running `Command { std: "docker" "start" "f502b6345381bb69fb189f82524a032ec8f07701f761a4a6968a3154f370156f", kill_on_drop: false }`
[INFO] running `Command { std: "docker" "inspect" "f502b6345381bb69fb189f82524a032ec8f07701f761a4a6968a3154f370156f", kill_on_drop: false }`
[INFO] running `Command { std: "docker" "exec" "-e" "SOURCE_DIR=/opt/rustwide/workdir" "-e" "CARGO_HOME=/opt/rustwide/cargo-home" "-e" "RUSTUP_HOME=/opt/rustwide/rustup-home" "-e" "CARGO_TARGET_DIR=/opt/rustwide/target" "-w" "/opt/rustwide/workdir" "--user" "0:0" "f502b6345381bb69fb189f82524a032ec8f07701f761a4a6968a3154f370156f" "/opt/rustwide/cargo-home/bin/cargo" "+1.100.0-beta.1" "metadata" "--no-deps" "--format-version=1", kill_on_drop: false }`
[INFO] running `Command { std: "docker" "inspect" "f502b6345381bb69fb189f82524a032ec8f07701f761a4a6968a3154f370156f", kill_on_drop: false }`
[INFO] running `Command { std: "docker" "exec" "-e" "SOURCE_DIR=/opt/rustwide/workdir" "-e" "CARGO_HOME=/opt/rustwide/cargo-home" "-e" "RUSTUP_HOME=/opt/rustwide/rustup-home" "-e" "CARGO_TARGET_DIR=/opt/rustwide/target" "-e" "CARGO_INCREMENTAL=0" "-e" "RUST_BACKTRACE=full" "-e" "RUSTFLAGS=--cap-lints=warn" "-e" "RUSTDOCFLAGS=--cap-lints=warn" "-w" "/opt/rustwide/workdir" "--user" "0:0" "f502b6345381bb69fb189f82524a032ec8f07701f761a4a6968a3154f370156f" "/opt/rustwide/cargo-home/bin/cargo" "+1.100.0-beta.1" "build" "--frozen" "--message-format=json" "--release", kill_on_drop: false }`
[INFO] [stderr]    Compiling parking_lot_core v0.9.12
[INFO] [stderr]    Compiling errno v0.3.14
[INFO] [stderr]    Compiling serde v1.0.229
[INFO] [stderr]    Compiling either v1.19.0
[INFO] [stderr]    Compiling dotenv v0.15.0
[INFO] [stderr]    Compiling signal-hook-registry v1.4.8
[INFO] [stderr]    Compiling parking_lot v0.12.5
[INFO] [stderr]    Compiling neli-proc-macros v0.1.4
[INFO] [stderr]    Compiling tokio v1.53.3
[INFO] [stderr]    Compiling neli v0.6.5
[INFO] [stderr]    Compiling local-ip-address v0.5.7
[INFO] [stderr]    Compiling tokio-util v0.7.20
[INFO] [stderr]    Compiling tokio-native-tls v0.3.1
[INFO] [stderr]    Compiling h2 v0.3.27
[INFO] [stderr]    Compiling hyper v0.14.32
[INFO] [stderr]    Compiling hyper-tls v0.5.0
[INFO] [stderr]    Compiling reqwest v0.11.27
[INFO] [stderr]    Compiling tebex_headless_rust v0.1.3 (/opt/rustwide/workdir)
[INFO] [stderr] warning: unused dependency `local-ip-address`
[INFO] [stderr]  --> Cargo.toml:4:15
[INFO] [stderr]   |
[INFO] [stderr] 4 | [dependencies.local-ip-address]
[INFO] [stderr]   |               ^^^^^^^^^^^^^^^^^
[INFO] [stderr]   |
[INFO] [stderr]   = note: `cargo::unused_dependencies` is set to `warn` by default
[INFO] [stderr] help: consider removing the dependency on `local-ip-address`
[INFO] [stderr] warning: `tebex_headless_rust` (manifest) generated 1 warning
[INFO] [stderr]     Finished `release` profile [optimized] target(s) in 41.31s
[INFO] running `Command { std: "docker" "inspect" "f502b6345381bb69fb189f82524a032ec8f07701f761a4a6968a3154f370156f", kill_on_drop: false }`
[INFO] running `Command { std: "docker" "exec" "-e" "SOURCE_DIR=/opt/rustwide/workdir" "-e" "CARGO_HOME=/opt/rustwide/cargo-home" "-e" "RUSTUP_HOME=/opt/rustwide/rustup-home" "-e" "CARGO_TARGET_DIR=/opt/rustwide/target" "-e" "CARGO_INCREMENTAL=0" "-e" "RUST_BACKTRACE=full" "-e" "RUSTFLAGS=--cap-lints=warn" "-e" "RUSTDOCFLAGS=--cap-lints=warn" "-w" "/opt/rustwide/workdir" "--user" "0:0" "f502b6345381bb69fb189f82524a032ec8f07701f761a4a6968a3154f370156f" "/opt/rustwide/cargo-home/bin/cargo" "+1.100.0-beta.1" "test" "--frozen" "--no-run" "--message-format=json" "--release", kill_on_drop: false }`
[INFO] [stderr]    Compiling tebex_headless_rust v0.1.3 (/opt/rustwide/workdir)
[INFO] [stderr] warning: unused dependency `local-ip-address`
[INFO] [stderr]  --> Cargo.toml:4:15
[INFO] [stderr]   |
[INFO] [stderr] 4 | [dependencies.local-ip-address]
[INFO] [stderr]   |               ^^^^^^^^^^^^^^^^^
[INFO] [stderr]   |
[INFO] [stderr]   = note: `cargo::unused_dependencies` is set to `warn` by default
[INFO] [stderr] help: consider removing the dependency on `local-ip-address`
[INFO] [stderr] help: to still use for development builds, move to `dev-dependencies`
[INFO] [stderr] warning: `tebex_headless_rust` (manifest) generated 1 warning
[INFO] [stderr]     Finished `release` profile [optimized] target(s) in 7.05s
[INFO] running `Command { std: "docker" "inspect" "f502b6345381bb69fb189f82524a032ec8f07701f761a4a6968a3154f370156f", kill_on_drop: false }`
[INFO] running `Command { std: "docker" "exec" "-e" "SOURCE_DIR=/opt/rustwide/workdir" "-e" "CARGO_HOME=/opt/rustwide/cargo-home" "-e" "RUSTUP_HOME=/opt/rustwide/rustup-home" "-e" "CARGO_TARGET_DIR=/opt/rustwide/target" "-e" "CARGO_INCREMENTAL=0" "-e" "RUST_BACKTRACE=full" "-e" "RUSTFLAGS=--cap-lints=warn" "-e" "RUSTDOCFLAGS=--cap-lints=warn" "-w" "/opt/rustwide/workdir" "--user" "0:0" "f502b6345381bb69fb189f82524a032ec8f07701f761a4a6968a3154f370156f" "/opt/rustwide/cargo-home/bin/cargo" "+1.100.0-beta.1" "test" "--frozen" "--release", kill_on_drop: false }`
[INFO] [stderr] warning: unused dependency `local-ip-address`
[INFO] [stderr]  --> Cargo.toml:4:15
[INFO] [stderr]   |
[INFO] [stderr] 4 | [dependencies.local-ip-address]
[INFO] [stderr]   |               ^^^^^^^^^^^^^^^^^
[INFO] [stderr]   |
[INFO] [stderr]   = note: `cargo::unused_dependencies` is set to `warn` by default
[INFO] [stderr] help: consider removing the dependency on `local-ip-address`
[INFO] [stderr] help: to still use for development builds, move to `dev-dependencies`
[INFO] [stderr] warning: `tebex_headless_rust` (manifest) generated 1 warning
[INFO] [stderr]     Finished `release` profile [optimized] target(s) in 0.17s
[INFO] [stderr]      Running unittests src/lib.rs (/opt/rustwide/target/release/build/tebex_headless_rust/f322399681ce9b60/out/tebex_headless_rust-f322399681ce9b60)
[INFO] [stdout] 
[INFO] [stdout] running 18 tests
[INFO] [stdout] test tests::basket::tests::try_add_package_to_basket ... FAILED
[INFO] [stdout] test tests::coupons::tests::try_apply_coupon ... FAILED
[INFO] [stdout] test tests::category::tests::try_fetch_category ... FAILED
[INFO] [stdout] test tests::category::tests::try_fetch_categories ... FAILED
[INFO] [stdout] test tests::package::tests::try_fetch_package ... FAILED
[INFO] [stdout] test tests::creator_codes::tests::try_apply_creator_code ... FAILED
[INFO] [stdout] test tests::basket::tests::try_get_basket ... FAILED
[INFO] [stdout] test tests::basket::tests::try_update_package_basket_quantity ... FAILED
[INFO] [stdout] test tests::coupons::tests::try_remove_coupon ... FAILED
[INFO] [stdout] test tests::creator_codes::tests::try_remove_creator_code ... FAILED
[INFO] [stdout] test tests::misc::tests::check_env_vars ... FAILED
[INFO] [stdout] test tests::gift_cards::tests::try_remove_gift_card ... FAILED
[INFO] [stdout] test tests::basket::tests::try_get_basket_auth_url ... FAILED
[INFO] [stdout] test tests::basket::tests::try_remove_package_from_basket ... FAILED
[INFO] [stdout] test tests::basket::tests::try_create_basket ... FAILED
[INFO] [stdout] test tests::package::tests::try_fetch_packages ... FAILED
[INFO] [stdout] test tests::gift_cards::tests::try_apply_gift_card ... FAILED
[INFO] [stdout] test tests::webstores::tests::try_get_webstore ... FAILED
[INFO] [stdout] 
[INFO] [stdout] failures:
[INFO] [stdout] 
[INFO] [stdout] ---- tests::basket::tests::try_add_package_to_basket stdout ----
[INFO] [stdout] 
[INFO] [stdout] thread 'tests::basket::tests::try_add_package_to_basket' (511) panicked at src/tests/basket.rs:52:65:
[INFO] [stdout] called `Result::unwrap()` on an `Err` value: LocalIpAddressNotFound
[INFO] [stdout] stack backtrace:
[INFO] [stdout]    0:     0x5b389dc985b1 - <<std[617be2ca0a6fd877]::sys::backtrace::BacktraceLock>::print::DisplayBacktrace as core[a373ad73a504971]::fmt::Display>::fmt
[INFO] [stdout]    1:     0x5b389dcae34a - core[a373ad73a504971]::fmt::write
[INFO] [stdout]    2:     0x5b389dc9ce4c - <alloc[2e1b2a31b91974c5]::vec::Vec<u8> as core[a373ad73a504971]::io::write::Write>::write_fmt
[INFO] [stdout]    3:     0x5b389dc73576 - std[617be2ca0a6fd877]::panicking::default_hook::{closure#0}
[INFO] [stdout]    4:     0x5b389dc90419 - std[617be2ca0a6fd877]::panicking::default_hook
[INFO] [stdout]    5:     0x5b389dbfa7b0 - test[aada8e7e76ba119b]::test_main_inner::{closure#0}
[INFO] [stdout]    6:     0x5b389dc90742 - std[617be2ca0a6fd877]::panicking::panic_with_hook
[INFO] [stdout]    7:     0x5b389dc73622 - std[617be2ca0a6fd877]::panicking::panic_handler::{closure#0}
[INFO] [stdout]    8:     0x5b389dc6c019 - std[617be2ca0a6fd877]::sys::backtrace::__rust_end_short_backtrace::<std[617be2ca0a6fd877]::panicking::panic_handler::{closure#0}, !>
[INFO] [stdout]    9:     0x5b389dc744bd - __rustc[ea4f61d10b84890b]::rust_begin_unwind
[INFO] [stdout]   10:     0x5b389dcaeaac - core[a373ad73a504971]::panicking::panic_fmt
[INFO] [stdout]   11:     0x5b389dcae882 - core[a373ad73a504971]::result::unwrap_failed
[INFO] [stdout]   12:     0x5b389da9318f - tebex_headless_rust[af341a34296b2f69]::tests::basket::tests::try_add_package_to_basket::{closure#0}
[INFO] [stdout]   13:     0x5b389dab959d - <tokio[6d42b074fde3f578]::runtime::scheduler::current_thread::Context>::enter::<core[a373ad73a504971]::task::poll::Poll<core[a373ad73a504971]::result::Result<(), alloc[2e1b2a31b91974c5]::string::String>>, <tokio[6d42b074fde3f578]::runtime::scheduler::current_thread::CoreGuard>::block_on<core[a373ad73a504971]::pin::Pin<&mut core[a373ad73a504971]::pin::Pin<&mut dyn core[a373ad73a504971]::future::future::Future<Output = core[a373ad73a504971]::result::Result<(), alloc[2e1b2a31b91974c5]::string::String>>>>>::{closure#0}::{closure#0}>
[INFO] [stdout]   14:     0x5b389dabb6e8 - <tokio[6d42b074fde3f578]::runtime::context::scoped::Scoped<tokio[6d42b074fde3f578]::runtime::scheduler::Context>>::set::<<tokio[6d42b074fde3f578]::runtime::scheduler::current_thread::CoreGuard>::enter<<tokio[6d42b074fde3f578]::runtime::scheduler::current_thread::CoreGuard>::block_on<core[a373ad73a504971]::pin::Pin<&mut core[a373ad73a504971]::pin::Pin<&mut dyn core[a373ad73a504971]::future::future::Future<Output = core[a373ad73a504971]::result::Result<(), alloc[2e1b2a31b91974c5]::string::String>>>>>::{closure#0}, core[a373ad73a504971]::option::Option<core[a373ad73a504971]::result::Result<(), alloc[2e1b2a31b91974c5]::string::String>>>::{closure#0}, (alloc[2e1b2a31b91974c5]::boxed::Box<tokio[6d42b074fde3f578]::runtime::scheduler::current_thread::Core>, core[a373ad73a504971]::option::Option<core[a373ad73a504971]::result::Result<(), alloc[2e1b2a31b91974c5]::string::String>>)>
[INFO] [stdout]   15:     0x5b389dab9942 - <tokio[6d42b074fde3f578]::runtime::scheduler::current_thread::CoreGuard>::block_on::<core[a373ad73a504971]::pin::Pin<&mut core[a373ad73a504971]::pin::Pin<&mut dyn core[a373ad73a504971]::future::future::Future<Output = core[a373ad73a504971]::result::Result<(), alloc[2e1b2a31b91974c5]::string::String>>>>>
[INFO] [stdout]   16:     0x5b389dab8a83 - tokio[6d42b074fde3f578]::runtime::context::runtime::enter_runtime::<<tokio[6d42b074fde3f578]::runtime::scheduler::current_thread::CurrentThread>::block_on<core[a373ad73a504971]::pin::Pin<&mut dyn core[a373ad73a504971]::future::future::Future<Output = core[a373ad73a504971]::result::Result<(), alloc[2e1b2a31b91974c5]::string::String>>>>::{closure#0}, core[a373ad73a504971]::result::Result<(), alloc[2e1b2a31b91974c5]::string::String>>
[INFO] [stdout]   17:     0x5b389daba5fa - <tokio[6d42b074fde3f578]::runtime::runtime::Runtime>::block_on::<core[a373ad73a504971]::pin::Pin<&mut dyn core[a373ad73a504971]::future::future::Future<Output = core[a373ad73a504971]::result::Result<(), alloc[2e1b2a31b91974c5]::string::String>>>>
[INFO] [stdout]   18:     0x5b389da965b3 - <tebex_headless_rust[af341a34296b2f69]::tests::basket::tests::try_add_package_to_basket::{closure#0} as core[a373ad73a504971]::ops::function::FnOnce<()>>::call_once
[INFO] [stdout]   19:     0x5b389dbedbfb - test[aada8e7e76ba119b]::__rust_begin_short_backtrace::<core[a373ad73a504971]::result::Result<(), alloc[2e1b2a31b91974c5]::string::String>, fn() -> core[a373ad73a504971]::result::Result<(), alloc[2e1b2a31b91974c5]::string::String>>
[INFO] [stdout]   20:     0x5b389dbfadd5 - test[aada8e7e76ba119b]::run_test::{closure#0}
[INFO] [stdout]   21:     0x5b389dbf46c4 - std[617be2ca0a6fd877]::sys::backtrace::__rust_begin_short_backtrace::<test[aada8e7e76ba119b]::run_test::{closure#1}, ()>
[INFO] [stdout]   22:     0x5b389dbfde62 - <std[617be2ca0a6fd877]::thread::lifecycle::spawn_unchecked<test[aada8e7e76ba119b]::run_test::{closure#1}, ()>::{closure#1} as core[a373ad73a504971]::ops::function::FnOnce<()>>::call_once::{shim:vtable#0}
[INFO] [stdout]   23:     0x5b389dc97a5f - <std[617be2ca0a6fd877]::sys::thread::unix::Thread>::new::thread_start
[INFO] [stdout]   24:     0x73afc5483dfa - <unknown>
[INFO] [stdout]   25:     0x73afc55173d4 - clone
[INFO] [stdout]   26:                0x0 - <unknown>
[INFO] [stdout] 
[INFO] [stdout] ---- tests::coupons::tests::try_apply_coupon stdout ----
[INFO] [stdout] 
[INFO] [stdout] thread 'tests::coupons::tests::try_apply_coupon' (519) panicked at src/tests/coupons.rs:7:65:
[INFO] [stdout] called `Result::unwrap()` on an `Err` value: LocalIpAddressNotFound
[INFO] [stdout] stack backtrace:
[INFO] [stdout]    0:     0x5b389dc985b1 - <<std[617be2ca0a6fd877]::sys::backtrace::BacktraceLock>::print::DisplayBacktrace as core[a373ad73a504971]::fmt::Display>::fmt
[INFO] [stdout]    1:     0x5b389dcae34a - core[a373ad73a504971]::fmt::write
[INFO] [stdout]    2:     0x5b389dc9ce4c - <alloc[2e1b2a31b91974c5]::vec::Vec<u8> as core[a373ad73a504971]::io::write::Write>::write_fmt
[INFO] [stdout]    3:     0x5b389dc73576 - std[617be2ca0a6fd877]::panicking::default_hook::{closure#0}
[INFO] [stdout]    4:     0x5b389dc90419 - std[617be2ca0a6fd877]::panicking::default_hook
[INFO] [stdout]    5:     0x5b389dbfa7b0 - test[aada8e7e76ba119b]::test_main_inner::{closure#0}
[INFO] [stdout]    6:     0x5b389dc90742 - std[617be2ca0a6fd877]::panicking::panic_with_hook
[INFO] [stdout]    7:     0x5b389dc73622 - std[617be2ca0a6fd877]::panicking::panic_handler::{closure#0}
[INFO] [stdout]    8:     0x5b389dc6c019 - std[617be2ca0a6fd877]::sys::backtrace::__rust_end_short_backtrace::<std[617be2ca0a6fd877]::panicking::panic_handler::{closure#0}, !>
[INFO] [stdout]    9:     0x5b389dc744bd - __rustc[ea4f61d10b84890b]::rust_begin_unwind
[INFO] [stdout]   10:     0x5b389dcaeaac - core[a373ad73a504971]::panicking::panic_fmt
[INFO] [stdout]   11:     0x5b389dcae882 - core[a373ad73a504971]::result::unwrap_failed
[INFO] [stdout]   12:     0x5b389daa10dc - tebex_headless_rust[af341a34296b2f69]::tests::coupons::tests::try_apply_coupon::{closure#0}
[INFO] [stdout]   13:     0x5b389dab959d - <tokio[6d42b074fde3f578]::runtime::scheduler::current_thread::Context>::enter::<core[a373ad73a504971]::task::poll::Poll<core[a373ad73a504971]::result::Result<(), alloc[2e1b2a31b91974c5]::string::String>>, <tokio[6d42b074fde3f578]::runtime::scheduler::current_thread::CoreGuard>::block_on<core[a373ad73a504971]::pin::Pin<&mut core[a373ad73a504971]::pin::Pin<&mut dyn core[a373ad73a504971]::future::future::Future<Output = core[a373ad73a504971]::result::Result<(), alloc[2e1b2a31b91974c5]::string::String>>>>>::{closure#0}::{closure#0}>
[INFO] [stdout]   14:     0x5b389dabb6e8 - <tokio[6d42b074fde3f578]::runtime::context::scoped::Scoped<tokio[6d42b074fde3f578]::runtime::scheduler::Context>>::set::<<tokio[6d42b074fde3f578]::runtime::scheduler::current_thread::CoreGuard>::enter<<tokio[6d42b074fde3f578]::runtime::scheduler::current_thread::CoreGuard>::block_on<core[a373ad73a504971]::pin::Pin<&mut core[a373ad73a504971]::pin::Pin<&mut dyn core[a373ad73a504971]::future::future::Future<Output = core[a373ad73a504971]::result::Result<(), alloc[2e1b2a31b91974c5]::string::String>>>>>::{closure#0}, core[a373ad73a504971]::option::Option<core[a373ad73a504971]::result::Result<(), alloc[2e1b2a31b91974c5]::string::String>>>::{closure#0}, (alloc[2e1b2a31b91974c5]::boxed::Box<tokio[6d42b074fde3f578]::runtime::scheduler::current_thread::Core>, core[a373ad73a504971]::option::Option<core[a373ad73a504971]::result::Result<(), alloc[2e1b2a31b91974c5]::string::String>>)>
[INFO] [stdout]   15:     0x5b389dab9942 - <tokio[6d42b074fde3f578]::runtime::scheduler::current_thread::CoreGuard>::block_on::<core[a373ad73a504971]::pin::Pin<&mut core[a373ad73a504971]::pin::Pin<&mut dyn core[a373ad73a504971]::future::future::Future<Output = core[a373ad73a504971]::result::Result<(), alloc[2e1b2a31b91974c5]::string::String>>>>>
[INFO] [stdout]   16:     0x5b389dab8a83 - tokio[6d42b074fde3f578]::runtime::context::runtime::enter_runtime::<<tokio[6d42b074fde3f578]::runtime::scheduler::current_thread::CurrentThread>::block_on<core[a373ad73a504971]::pin::Pin<&mut dyn core[a373ad73a504971]::future::future::Future<Output = core[a373ad73a504971]::result::Result<(), alloc[2e1b2a31b91974c5]::string::String>>>>::{closure#0}, core[a373ad73a504971]::result::Result<(), alloc[2e1b2a31b91974c5]::string::String>>
[INFO] [stdout]   17:     0x5b389daba5fa - <tokio[6d42b074fde3f578]::runtime::runtime::Runtime>::block_on::<core[a373ad73a504971]::pin::Pin<&mut dyn core[a373ad73a504971]::future::future::Future<Output = core[a373ad73a504971]::result::Result<(), alloc[2e1b2a31b91974c5]::string::String>>>>
[INFO] [stdout]   18:     0x5b389daa2833 - <tebex_headless_rust[af341a34296b2f69]::tests::coupons::tests::try_apply_coupon::{closure#0} as core[a373ad73a504971]::ops::function::FnOnce<()>>::call_once
[INFO] [stdout]   19:     0x5b389dbedbfb - test[aada8e7e76ba119b]::__rust_begin_short_backtrace::<core[a373ad73a504971]::result::Result<(), alloc[2e1b2a31b91974c5]::string::String>, fn() -> core[a373ad73a504971]::result::Result<(), alloc[2e1b2a31b91974c5]::string::String>>
[INFO] [stdout]   20:     0x5b389dbfadd5 - test[aada8e7e76ba119b]::run_test::{closure#0}
[INFO] [stdout]   21:     0x5b389dbf46c4 - std[617be2ca0a6fd877]::sys::backtrace::__rust_begin_short_backtrace::<test[aada8e7e76ba119b]::run_test::{closure#1}, ()>
[INFO] [stdout]   22:     0x5b389dbfde62 - <std[617be2ca0a6fd877]::thread::lifecycle::spawn_unchecked<test[aada8e7e76ba119b]::run_test::{closure#1}, ()>::{closure#1} as core[a373ad73a504971]::ops::function::FnOnce<()>>::call_once::{shim:vtable#0}
[INFO] [stdout]   23:     0x5b389dc97a5f - <std[617be2ca0a6fd877]::sys::thread::unix::Thread>::new::thread_start
[INFO] [stdout]   24:     0x73afc5483dfa - <unknown>
[INFO] [stdout]   25:     0x73afc55173d4 - clone
[INFO] [stdout]   26:                0x0 - <unknown>
[INFO] [stdout] 
[INFO] [stdout] ---- tests::category::tests::try_fetch_category stdout ----
[INFO] [stdout] 
[INFO] [stdout] thread 'tests::category::tests::try_fetch_category' (518) panicked at src/tests/category.rs:12:90:
[INFO] [stdout] Packages could not be fetched.: "Unknown error occured"
[INFO] [stdout] stack backtrace:
[INFO] [stdout]    0:     0x5b389dc985b1 - <<std[617be2ca0a6fd877]::sys::backtrace::BacktraceLock>::print::DisplayBacktrace as core[a373ad73a504971]::fmt::Display>::fmt
[INFO] [stdout]    1:     0x5b389dcae34a - core[a373ad73a504971]::fmt::write
[INFO] [stdout]    2:     0x5b389dc9ce4c - <alloc[2e1b2a31b91974c5]::vec::Vec<u8> as core[a373ad73a504971]::io::write::Write>::write_fmt
[INFO] [stdout]    3:     0x5b389dc73576 - std[617be2ca0a6fd877]::panicking::default_hook::{closure#0}
[INFO] [stdout]    4:     0x5b389dc90419 - std[617be2ca0a6fd877]::panicking::default_hook
[INFO] [stdout]    5:     0x5b389dbfa7b0 - test[aada8e7e76ba119b]::test_main_inner::{closure#0}
[INFO] [stdout]    6:     0x5b389dc90742 - std[617be2ca0a6fd877]::panicking::panic_with_hook
[INFO] [stdout]    7:     0x5b389dc73622 - std[617be2ca0a6fd877]::panicking::panic_handler::{closure#0}
[INFO] [stdout]    8:     0x5b389dc6c019 - std[617be2ca0a6fd877]::sys::backtrace::__rust_end_short_backtrace::<std[617be2ca0a6fd877]::panicking::panic_handler::{closure#0}, !>
[INFO] [stdout]    9:     0x5b389dc744bd - __rustc[ea4f61d10b84890b]::rust_begin_unwind
[INFO] [stdout]   10:     0x5b389dcaeaac - core[a373ad73a504971]::panicking::panic_fmt
[INFO] [stdout]   11:     0x5b389dcae882 - core[a373ad73a504971]::result::unwrap_failed
[INFO] [stdout]   12:     0x5b389daac237 - tebex_headless_rust[af341a34296b2f69]::tests::category::tests::try_fetch_category::{closure#0}
[INFO] [stdout]   13:     0x5b389dab959d - <tokio[6d42b074fde3f578]::runtime::scheduler::current_thread::Context>::enter::<core[a373ad73a504971]::task::poll::Poll<core[a373ad73a504971]::result::Result<(), alloc[2e1b2a31b91974c5]::string::String>>, <tokio[6d42b074fde3f578]::runtime::scheduler::current_thread::CoreGuard>::block_on<core[a373ad73a504971]::pin::Pin<&mut core[a373ad73a504971]::pin::Pin<&mut dyn core[a373ad73a504971]::future::future::Future<Output = core[a373ad73a504971]::result::Result<(), alloc[2e1b2a31b91974c5]::string::String>>>>>::{closure#0}::{closure#0}>
[INFO] [stdout]   14:     0x5b389dabb6e8 - <tokio[6d42b074fde3f578]::runtime::context::scoped::Scoped<tokio[6d42b074fde3f578]::runtime::scheduler::Context>>::set::<<tokio[6d42b074fde3f578]::runtime::scheduler::current_thread::CoreGuard>::enter<<tokio[6d42b074fde3f578]::runtime::scheduler::current_thread::CoreGuard>::block_on<core[a373ad73a504971]::pin::Pin<&mut core[a373ad73a504971]::pin::Pin<&mut dyn core[a373ad73a504971]::future::future::Future<Output = core[a373ad73a504971]::result::Result<(), alloc[2e1b2a31b91974c5]::string::String>>>>>::{closure#0}, core[a373ad73a504971]::option::Option<core[a373ad73a504971]::result::Result<(), alloc[2e1b2a31b91974c5]::string::String>>>::{closure#0}, (alloc[2e1b2a31b91974c5]::boxed::Box<tokio[6d42b074fde3f578]::runtime::scheduler::current_thread::Core>, core[a373ad73a504971]::option::Option<core[a373ad73a504971]::result::Result<(), alloc[2e1b2a31b91974c5]::string::String>>)>
[INFO] [stdout]   15:     0x5b389dab9942 - <tokio[6d42b074fde3f578]::runtime::scheduler::current_thread::CoreGuard>::block_on::<core[a373ad73a504971]::pin::Pin<&mut core[a373ad73a504971]::pin::Pin<&mut dyn core[a373ad73a504971]::future::future::Future<Output = core[a373ad73a504971]::result::Result<(), alloc[2e1b2a31b91974c5]::string::String>>>>>
[INFO] [stdout]   16:     0x5b389dab8a83 - tokio[6d42b074fde3f578]::runtime::context::runtime::enter_runtime::<<tokio[6d42b074fde3f578]::runtime::scheduler::current_thread::CurrentThread>::block_on<core[a373ad73a504971]::pin::Pin<&mut dyn core[a373ad73a504971]::future::future::Future<Output = core[a373ad73a504971]::result::Result<(), alloc[2e1b2a31b91974c5]::string::String>>>>::{closure#0}, core[a373ad73a504971]::result::Result<(), alloc[2e1b2a31b91974c5]::string::String>>
[INFO] [stdout]   17:     0x5b389daba5fa - <tokio[6d42b074fde3f578]::runtime::runtime::Runtime>::block_on::<core[a373ad73a504971]::pin::Pin<&mut dyn core[a373ad73a504971]::future::future::Future<Output = core[a373ad73a504971]::result::Result<(), alloc[2e1b2a31b91974c5]::string::String>>>>
[INFO] [stdout]   18:     0x5b389daac993 - <tebex_headless_rust[af341a34296b2f69]::tests::category::tests::try_fetch_category::{closure#0} as core[a373ad73a504971]::ops::function::FnOnce<()>>::call_once
[INFO] [stdout]   19:     0x5b389dbedbfb - test[aada8e7e76ba119b]::__rust_begin_short_backtrace::<core[a373ad73a504971]::result::Result<(), alloc[2e1b2a31b91974c5]::string::String>, fn() -> core[a373ad73a504971]::result::Result<(), alloc[2e1b2a31b91974c5]::string::String>>
[INFO] [stdout]   20:     0x5b389dbfadd5 - test[aada8e7e76ba119b]::run_test::{closure#0}
[INFO] [stdout]   21:     0x5b389dbf46c4 - std[617be2ca0a6fd877]::sys::backtrace::__rust_begin_short_backtrace::<test[aada8e7e76ba119b]::run_test::{closure#1}, ()>
[INFO] [stdout]   22:     0x5b389dbfde62 - <std[617be2ca0a6fd877]::thread::lifecycle::spawn_unchecked<test[aada8e7e76ba119b]::run_test::{closure#1}, ()>::{closure#1} as core[a373ad73a504971]::ops::function::FnOnce<()>>::call_once::{shim:vtable#0}
[INFO] [stdout]   23:     0x5b389dc97a5f - <std[617be2ca0a6fd877]::sys::thread::unix::Thread>::new::thread_start
[INFO] [stdout]   24:     0x73afc5483dfa - <unknown>
[INFO] [stdout]   25:     0x73afc55173d4 - clone
[INFO] [stdout]   26:                0x0 - <unknown>
[INFO] [stdout] 
[INFO] [stdout] ---- tests::category::tests::try_fetch_categories stdout ----
[INFO] [stdout] 
[INFO] [stdout] thread 'tests::category::tests::try_fetch_categories' (517) panicked at src/tests/category.rs:7:73:
[INFO] [stdout] Categories could not be fetched.: "Unknown error occured"
[INFO] [stdout] stack backtrace:
[INFO] [stdout]    0:     0x5b389dc985b1 - <<std[617be2ca0a6fd877]::sys::backtrace::BacktraceLock>::print::DisplayBacktrace as core[a373ad73a504971]::fmt::Display>::fmt
[INFO] [stdout]    1:     0x5b389dcae34a - core[a373ad73a504971]::fmt::write
[INFO] [stdout]    2:     0x5b389dc9ce4c - <alloc[2e1b2a31b91974c5]::vec::Vec<u8> as core[a373ad73a504971]::io::write::Write>::write_fmt
[INFO] [stdout]    3:     0x5b389dc73576 - std[617be2ca0a6fd877]::panicking::default_hook::{closure#0}
[INFO] [stdout]    4:     0x5b389dc90419 - std[617be2ca0a6fd877]::panicking::default_hook
[INFO] [stdout]    5:     0x5b389dbfa7b0 - test[aada8e7e76ba119b]::test_main_inner::{closure#0}
[INFO] [stdout]    6:     0x5b389dc90742 - std[617be2ca0a6fd877]::panicking::panic_with_hook
[INFO] [stdout]    7:     0x5b389dc73622 - std[617be2ca0a6fd877]::panicking::panic_handler::{closure#0}
[INFO] [stdout]    8:     0x5b389dc6c019 - std[617be2ca0a6fd877]::sys::backtrace::__rust_end_short_backtrace::<std[617be2ca0a6fd877]::panicking::panic_handler::{closure#0}, !>
[INFO] [stdout]    9:     0x5b389dc744bd - __rustc[ea4f61d10b84890b]::rust_begin_unwind
[INFO] [stdout]   10:     0x5b389dcaeaac - core[a373ad73a504971]::panicking::panic_fmt
[INFO] [stdout]   11:     0x5b389dcae882 - core[a373ad73a504971]::result::unwrap_failed
[INFO] [stdout]   12:     0x5b389daac7b6 - tebex_headless_rust[af341a34296b2f69]::tests::category::tests::try_fetch_categories::{closure#0}
[INFO] [stdout]   13:     0x5b389dab9783 - <tokio[6d42b074fde3f578]::runtime::scheduler::current_thread::Context>::enter::<core[a373ad73a504971]::task::poll::Poll<()>, <tokio[6d42b074fde3f578]::runtime::scheduler::current_thread::CoreGuard>::block_on<core[a373ad73a504971]::pin::Pin<&mut core[a373ad73a504971]::pin::Pin<&mut dyn core[a373ad73a504971]::future::future::Future<Output = ()>>>>::{closure#0}::{closure#0}>
[INFO] [stdout]   14:     0x5b389dabb8dc - <tokio[6d42b074fde3f578]::runtime::context::scoped::Scoped<tokio[6d42b074fde3f578]::runtime::scheduler::Context>>::set::<<tokio[6d42b074fde3f578]::runtime::scheduler::current_thread::CoreGuard>::enter<<tokio[6d42b074fde3f578]::runtime::scheduler::current_thread::CoreGuard>::block_on<core[a373ad73a504971]::pin::Pin<&mut core[a373ad73a504971]::pin::Pin<&mut dyn core[a373ad73a504971]::future::future::Future<Output = ()>>>>::{closure#0}, core[a373ad73a504971]::option::Option<()>>::{closure#0}, (alloc[2e1b2a31b91974c5]::boxed::Box<tokio[6d42b074fde3f578]::runtime::scheduler::current_thread::Core>, core[a373ad73a504971]::option::Option<()>)>
[INFO] [stdout]   15:     0x5b389dab9b87 - <tokio[6d42b074fde3f578]::runtime::scheduler::current_thread::CoreGuard>::block_on::<core[a373ad73a504971]::pin::Pin<&mut core[a373ad73a504971]::pin::Pin<&mut dyn core[a373ad73a504971]::future::future::Future<Output = ()>>>>
[INFO] [stdout]   16:     0x5b389dab8f3b - tokio[6d42b074fde3f578]::runtime::context::runtime::enter_runtime::<<tokio[6d42b074fde3f578]::runtime::scheduler::current_thread::CurrentThread>::block_on<core[a373ad73a504971]::pin::Pin<&mut dyn core[a373ad73a504971]::future::future::Future<Output = ()>>>::{closure#0}, ()>
[INFO] [stdout]   17:     0x5b389daba705 - <tokio[6d42b074fde3f578]::runtime::runtime::Runtime>::block_on::<core[a373ad73a504971]::pin::Pin<&mut dyn core[a373ad73a504971]::future::future::Future<Output = ()>>>
[INFO] [stdout]   18:     0x5b389daacaee - <tebex_headless_rust[af341a34296b2f69]::tests::category::tests::try_fetch_categories::{closure#0} as core[a373ad73a504971]::ops::function::FnOnce<()>>::call_once
[INFO] [stdout]   19:     0x5b389dbedbfb - test[aada8e7e76ba119b]::__rust_begin_short_backtrace::<core[a373ad73a504971]::result::Result<(), alloc[2e1b2a31b91974c5]::string::String>, fn() -> core[a373ad73a504971]::result::Result<(), alloc[2e1b2a31b91974c5]::string::String>>
[INFO] [stdout]   20:     0x5b389dbfadd5 - test[aada8e7e76ba119b]::run_test::{closure#0}
[INFO] [stdout]   21:     0x5b389dbf46c4 - std[617be2ca0a6fd877]::sys::backtrace::__rust_begin_short_backtrace::<test[aada8e7e76ba119b]::run_test::{closure#1}, ()>
[INFO] [stdout]   22:     0x5b389dbfde62 - <std[617be2ca0a6fd877]::thread::lifecycle::spawn_unchecked<test[aada8e7e76ba119b]::run_test::{closure#1}, ()>::{closure#1} as core[a373ad73a504971]::ops::function::FnOnce<()>>::call_once::{shim:vtable#0}
[INFO] [stdout]   23:     0x5b389dc97a5f - <std[617be2ca0a6fd877]::sys::thread::unix::Thread>::new::thread_start
[INFO] [stdout]   24:     0x73afc5483dfa - <unknown>
[INFO] [stdout]   25:     0x73afc55173d4 - clone
[INFO] [stdout]   26:                0x0 - <unknown>
[INFO] [stdout] 
[INFO] [stdout] ---- tests::package::tests::try_fetch_package stdout ----
[INFO] [stdout] 
[INFO] [stdout] thread 'tests::package::tests::try_fetch_package' (526) panicked at src/tests/package.rs:12:78:
[INFO] [stdout] Packages could not be fetched.: "Unknown error occured"
[INFO] [stdout] stack backtrace:
[INFO] [stdout]    0:     0x5b389dc985b1 - <<std[617be2ca0a6fd877]::sys::backtrace::BacktraceLock>::print::DisplayBacktrace as core[a373ad73a504971]::fmt::Display>::fmt
[INFO] [stdout]    1:     0x5b389dcae34a - core[a373ad73a504971]::fmt::write
[INFO] [stdout]    2:     0x5b389dc9ce4c - <alloc[2e1b2a31b91974c5]::vec::Vec<u8> as core[a373ad73a504971]::io::write::Write>::write_fmt
[INFO] [stdout]    3:     0x5b389dc73576 - std[617be2ca0a6fd877]::panicking::default_hook::{closure#0}
[INFO] [stdout]    4:     0x5b389dc90419 - std[617be2ca0a6fd877]::panicking::default_hook
[INFO] [stdout]    5:     0x5b389dbfa7b0 - test[aada8e7e76ba119b]::test_main_inner::{closure#0}
[INFO] [stdout]    6:     0x5b389dc90742 - std[617be2ca0a6fd877]::panicking::panic_with_hook
[INFO] [stdout]    7:     0x5b389dc73622 - std[617be2ca0a6fd877]::panicking::panic_handler::{closure#0}
[INFO] [stdout]    8:     0x5b389dc6c019 - std[617be2ca0a6fd877]::sys::backtrace::__rust_end_short_backtrace::<std[617be2ca0a6fd877]::panicking::panic_handler::{closure#0}, !>
[INFO] [stdout]    9:     0x5b389dc744bd - __rustc[ea4f61d10b84890b]::rust_begin_unwind
[INFO] [stdout]   10:     0x5b389dcaeaac - core[a373ad73a504971]::panicking::panic_fmt
[INFO] [stdout]   11:     0x5b389dcae882 - core[a373ad73a504971]::result::unwrap_failed
[INFO] [stdout]   12:     0x5b389dab06d7 - tebex_headless_rust[af341a34296b2f69]::tests::package::tests::try_fetch_package::{closure#0}
[INFO] [stdout]   13:     0x5b389dab959d - <tokio[6d42b074fde3f578]::runtime::scheduler::current_thread::Context>::enter::<core[a373ad73a504971]::task::poll::Poll<core[a373ad73a504971]::result::Result<(), alloc[2e1b2a31b91974c5]::string::String>>, <tokio[6d42b074fde3f578]::runtime::scheduler::current_thread::CoreGuard>::block_on<core[a373ad73a504971]::pin::Pin<&mut core[a373ad73a504971]::pin::Pin<&mut dyn core[a373ad73a504971]::future::future::Future<Output = core[a373ad73a504971]::result::Result<(), alloc[2e1b2a31b91974c5]::string::String>>>>>::{closure#0}::{closure#0}>
[INFO] [stdout]   14:     0x5b389dabb6e8 - <tokio[6d42b074fde3f578]::runtime::context::scoped::Scoped<tokio[6d42b074fde3f578]::runtime::scheduler::Context>>::set::<<tokio[6d42b074fde3f578]::runtime::scheduler::current_thread::CoreGuard>::enter<<tokio[6d42b074fde3f578]::runtime::scheduler::current_thread::CoreGuard>::block_on<core[a373ad73a504971]::pin::Pin<&mut core[a373ad73a504971]::pin::Pin<&mut dyn core[a373ad73a504971]::future::future::Future<Output = core[a373ad73a504971]::result::Result<(), alloc[2e1b2a31b91974c5]::string::String>>>>>::{closure#0}, core[a373ad73a504971]::option::Option<core[a373ad73a504971]::result::Result<(), alloc[2e1b2a31b91974c5]::string::String>>>::{closure#0}, (alloc[2e1b2a31b91974c5]::boxed::Box<tokio[6d42b074fde3f578]::runtime::scheduler::current_thread::Core>, core[a373ad73a504971]::option::Option<core[a373ad73a504971]::result::Result<(), alloc[2e1b2a31b91974c5]::string::String>>)>
[INFO] [stdout]   15:     0x5b389dab9942 - <tokio[6d42b074fde3f578]::runtime::scheduler::current_thread::CoreGuard>::block_on::<core[a373ad73a504971]::pin::Pin<&mut core[a373ad73a504971]::pin::Pin<&mut dyn core[a373ad73a504971]::future::future::Future<Output = core[a373ad73a504971]::result::Result<(), alloc[2e1b2a31b91974c5]::string::String>>>>>
[INFO] [stdout]   16:     0x5b389dab8a83 - tokio[6d42b074fde3f578]::runtime::context::runtime::enter_runtime::<<tokio[6d42b074fde3f578]::runtime::scheduler::current_thread::CurrentThread>::block_on<core[a373ad73a504971]::pin::Pin<&mut dyn core[a373ad73a504971]::future::future::Future<Output = core[a373ad73a504971]::result::Result<(), alloc[2e1b2a31b91974c5]::string::String>>>>::{closure#0}, core[a373ad73a504971]::result::Result<(), alloc[2e1b2a31b91974c5]::string::String>>
[INFO] [stdout]   17:     0x5b389daba5fa - <tokio[6d42b074fde3f578]::runtime::runtime::Runtime>::block_on::<core[a373ad73a504971]::pin::Pin<&mut dyn core[a373ad73a504971]::future::future::Future<Output = core[a373ad73a504971]::result::Result<(), alloc[2e1b2a31b91974c5]::string::String>>>>
[INFO] [stdout]   18:     0x5b389dab0e13 - <tebex_headless_rust[af341a34296b2f69]::tests::package::tests::try_fetch_package::{closure#0} as core[a373ad73a504971]::ops::function::FnOnce<()>>::call_once
[INFO] [stdout]   19:     0x5b389dbedbfb - test[aada8e7e76ba119b]::__rust_begin_short_backtrace::<core[a373ad73a504971]::result::Result<(), alloc[2e1b2a31b91974c5]::string::String>, fn() -> core[a373ad73a504971]::result::Result<(), alloc[2e1b2a31b91974c5]::string::String>>
[INFO] [stdout]   20:     0x5b389dbfadd5 - test[aada8e7e76ba119b]::run_test::{closure#0}
[INFO] [stdout]   21:     0x5b389dbf46c4 - std[617be2ca0a6fd877]::sys::backtrace::__rust_begin_short_backtrace::<test[aada8e7e76ba119b]::run_test::{closure#1}, ()>
[INFO] [stdout]   22:     0x5b389dbfde62 - <std[617be2ca0a6fd877]::thread::lifecycle::spawn_unchecked<test[aada8e7e76ba119b]::run_test::{closure#1}, ()>::{closure#1} as core[a373ad73a504971]::ops::function::FnOnce<()>>::call_once::{shim:vtable#0}
[INFO] [stdout]   23:     0x5b389dc97a5f - <std[617be2ca0a6fd877]::sys::thread::unix::Thread>::new::thread_start
[INFO] [stdout]   24:     0x73afc5483dfa - <unknown>
[INFO] [stdout]   25:     0x73afc55173d4 - clone
[INFO] [stdout]   26:                0x0 - <unknown>
[INFO] [stdout] 
[INFO] [stdout] ---- tests::creator_codes::tests::try_apply_creator_code stdout ----
[INFO] [stdout] 
[INFO] [stdout] thread 'tests::creator_codes::tests::try_apply_creator_code' (521) panicked at src/tests/creator_codes.rs:7:65:
[INFO] [stdout] called `Result::unwrap()` on an `Err` value: LocalIpAddressNotFound
[INFO] [stdout] stack backtrace:
[INFO] [stdout]    0:     0x5b389dc985b1 - <<std[617be2ca0a6fd877]::sys::backtrace::BacktraceLock>::print::DisplayBacktrace as core[a373ad73a504971]::fmt::Display>::fmt
[INFO] [stdout]    1:     0x5b389dcae34a - core[a373ad73a504971]::fmt::write
[INFO] [stdout]    2:     0x5b389dc9ce4c - <alloc[2e1b2a31b91974c5]::vec::Vec<u8> as core[a373ad73a504971]::io::write::Write>::write_fmt
[INFO] [stdout]    3:     0x5b389dc73576 - std[617be2ca0a6fd877]::panicking::default_hook::{closure#0}
[INFO] [stdout]    4:     0x5b389dc90419 - std[617be2ca0a6fd877]::panicking::default_hook
[INFO] [stdout]    5:     0x5b389dbfa7b0 - test[aada8e7e76ba119b]::test_main_inner::{closure#0}
[INFO] [stdout]    6:     0x5b389dc90742 - std[617be2ca0a6fd877]::panicking::panic_with_hook
[INFO] [stdout]    7:     0x5b389dc73622 - std[617be2ca0a6fd877]::panicking::panic_handler::{closure#0}
[INFO] [stdout]    8:     0x5b389dc6c019 - std[617be2ca0a6fd877]::sys::backtrace::__rust_end_short_backtrace::<std[617be2ca0a6fd877]::panicking::panic_handler::{closure#0}, !>
[INFO] [stdout]    9:     0x5b389dc744bd - __rustc[ea4f61d10b84890b]::rust_begin_unwind
[INFO] [stdout]   10:     0x5b389dcaeaac - core[a373ad73a504971]::panicking::panic_fmt
[INFO] [stdout]   11:     0x5b389dcae882 - core[a373ad73a504971]::result::unwrap_failed
[INFO] [stdout]   12:     0x5b389daa738c - tebex_headless_rust[af341a34296b2f69]::tests::creator_codes::tests::try_apply_creator_code::{closure#0}
[INFO] [stdout]   13:     0x5b389dab959d - <tokio[6d42b074fde3f578]::runtime::scheduler::current_thread::Context>::enter::<core[a373ad73a504971]::task::poll::Poll<core[a373ad73a504971]::result::Result<(), alloc[2e1b2a31b91974c5]::string::String>>, <tokio[6d42b074fde3f578]::runtime::scheduler::current_thread::CoreGuard>::block_on<core[a373ad73a504971]::pin::Pin<&mut core[a373ad73a504971]::pin::Pin<&mut dyn core[a373ad73a504971]::future::future::Future<Output = core[a373ad73a504971]::result::Result<(), alloc[2e1b2a31b91974c5]::string::String>>>>>::{closure#0}::{closure#0}>
[INFO] [stdout]   14:     0x5b389dabb6e8 - <tokio[6d42b074fde3f578]::runtime::context::scoped::Scoped<tokio[6d42b074fde3f578]::runtime::scheduler::Context>>::set::<<tokio[6d42b074fde3f578]::runtime::scheduler::current_thread::CoreGuard>::enter<<tokio[6d42b074fde3f578]::runtime::scheduler::current_thread::CoreGuard>::block_on<core[a373ad73a504971]::pin::Pin<&mut core[a373ad73a504971]::pin::Pin<&mut dyn core[a373ad73a504971]::future::future::Future<Output = core[a373ad73a504971]::result::Result<(), alloc[2e1b2a31b91974c5]::string::String>>>>>::{closure#0}, core[a373ad73a504971]::option::Option<core[a373ad73a504971]::result::Result<(), alloc[2e1b2a31b91974c5]::string::String>>>::{closure#0}, (alloc[2e1b2a31b91974c5]::boxed::Box<tokio[6d42b074fde3f578]::runtime::scheduler::current_thread::Core>, core[a373ad73a504971]::option::Option<core[a373ad73a504971]::result::Result<(), alloc[2e1b2a31b91974c5]::string::String>>)>
[INFO] [stdout]   15:     0x5b389dab9942 - <tokio[6d42b074fde3f578]::runtime::scheduler::current_thread::CoreGuard>::block_on::<core[a373ad73a504971]::pin::Pin<&mut core[a373ad73a504971]::pin::Pin<&mut dyn core[a373ad73a504971]::future::future::Future<Output = core[a373ad73a504971]::result::Result<(), alloc[2e1b2a31b91974c5]::string::String>>>>>
[INFO] [stdout]   16:     0x5b389dab8a83 - tokio[6d42b074fde3f578]::runtime::context::runtime::enter_runtime::<<tokio[6d42b074fde3f578]::runtime::scheduler::current_thread::CurrentThread>::block_on<core[a373ad73a504971]::pin::Pin<&mut dyn core[a373ad73a504971]::future::future::Future<Output = core[a373ad73a504971]::result::Result<(), alloc[2e1b2a31b91974c5]::string::String>>>>::{closure#0}, core[a373ad73a504971]::result::Result<(), alloc[2e1b2a31b91974c5]::string::String>>
[INFO] [stdout]   17:     0x5b389daba5fa - <tokio[6d42b074fde3f578]::runtime::runtime::Runtime>::block_on::<core[a373ad73a504971]::pin::Pin<&mut dyn core[a373ad73a504971]::future::future::Future<Output = core[a373ad73a504971]::result::Result<(), alloc[2e1b2a31b91974c5]::string::String>>>>
[INFO] [stdout]   18:     0x5b389daa8583 - <tebex_headless_rust[af341a34296b2f69]::tests::creator_codes::tests::try_apply_creator_code::{closure#0} as core[a373ad73a504971]::ops::function::FnOnce<()>>::call_once
[INFO] [stdout]   19:     0x5b389dbedbfb - test[aada8e7e76ba119b]::__rust_begin_short_backtrace::<core[a373ad73a504971]::result::Result<(), alloc[2e1b2a31b91974c5]::string::String>, fn() -> core[a373ad73a504971]::result::Result<(), alloc[2e1b2a31b91974c5]::string::String>>
[INFO] [stdout]   20:     0x5b389dbfadd5 - test[aada8e7e76ba119b]::run_test::{closure#0}
[INFO] [stdout]   21:     0x5b389dbf46c4 - std[617be2ca0a6fd877]::sys::backtrace::__rust_begin_short_backtrace::<test[aada8e7e76ba119b]::run_test::{closure#1}, ()>
[INFO] [stdout]   22:     0x5b389dbfde62 - <std[617be2ca0a6fd877]::thread::lifecycle::spawn_unchecked<test[aada8e7e76ba119b]::run_test::{closure#1}, ()>::{closure#1} as core[a373ad73a504971]::ops::function::FnOnce<()>>::call_once::{shim:vtable#0}
[INFO] [stdout]   23:     0x5b389dc97a5f - <std[617be2ca0a6fd877]::sys::thread::unix::Thread>::new::thread_start
[INFO] [stdout]   24:     0x73afc5483dfa - <unknown>
[INFO] [stdout]   25:     0x73afc55173d4 - clone
[INFO] [stdout]   26:                0x0 - <unknown>
[INFO] [stdout] 
[INFO] [stdout] ---- tests::basket::tests::try_get_basket stdout ----
[INFO] [stdout] 
[INFO] [stdout] thread 'tests::basket::tests::try_get_basket' (513) panicked at src/tests/basket.rs:14:65:
[INFO] [stdout] called `Result::unwrap()` on an `Err` value: LocalIpAddressNotFound
[INFO] [stdout] stack backtrace:
[INFO] [stdout]    0:     0x5b389dc985b1 - <<std[617be2ca0a6fd877]::sys::backtrace::BacktraceLock>::print::DisplayBacktrace as core[a373ad73a504971]::fmt::Display>::fmt
[INFO] [stdout]    1:     0x5b389dcae34a - core[a373ad73a504971]::fmt::write
[INFO] [stdout]    2:     0x5b389dc9ce4c - <alloc[2e1b2a31b91974c5]::vec::Vec<u8> as core[a373ad73a504971]::io::write::Write>::write_fmt
[INFO] [stdout]    3:     0x5b389dc73576 - std[617be2ca0a6fd877]::panicking::default_hook::{closure#0}
[INFO] [stdout]    4:     0x5b389dc90419 - std[617be2ca0a6fd877]::panicking::default_hook
[INFO] [stdout]    5:     0x5b389dbfa7b0 - test[aada8e7e76ba119b]::test_main_inner::{closure#0}
[INFO] [stdout]    6:     0x5b389dc90742 - std[617be2ca0a6fd877]::panicking::panic_with_hook
[INFO] [stdout]    7:     0x5b389dc73622 - std[617be2ca0a6fd877]::panicking::panic_handler::{closure#0}
[INFO] [stdout]    8:     0x5b389dc6c019 - std[617be2ca0a6fd877]::sys::backtrace::__rust_end_short_backtrace::<std[617be2ca0a6fd877]::panicking::panic_handler::{closure#0}, !>
[INFO] [stdout]    9:     0x5b389dc744bd - __rustc[ea4f61d10b84890b]::rust_begin_unwind
[INFO] [stdout]   10:     0x5b389dcaeaac - core[a373ad73a504971]::panicking::panic_fmt
[INFO] [stdout]   11:     0x5b389dcae882 - core[a373ad73a504971]::result::unwrap_failed
[INFO] [stdout]   12:     0x5b389da911ff - tebex_headless_rust[af341a34296b2f69]::tests::basket::tests::try_get_basket::{closure#0}
[INFO] [stdout]   13:     0x5b389dab959d - <tokio[6d42b074fde3f578]::runtime::scheduler::current_thread::Context>::enter::<core[a373ad73a504971]::task::poll::Poll<core[a373ad73a504971]::result::Result<(), alloc[2e1b2a31b91974c5]::string::String>>, <tokio[6d42b074fde3f578]::runtime::scheduler::current_thread::CoreGuard>::block_on<core[a373ad73a504971]::pin::Pin<&mut core[a373ad73a504971]::pin::Pin<&mut dyn core[a373ad73a504971]::future::future::Future<Output = core[a373ad73a504971]::result::Result<(), alloc[2e1b2a31b91974c5]::string::String>>>>>::{closure#0}::{closure#0}>
[INFO] [stdout]   14:     0x5b389dabb6e8 - <tokio[6d42b074fde3f578]::runtime::context::scoped::Scoped<tokio[6d42b074fde3f578]::runtime::scheduler::Context>>::set::<<tokio[6d42b074fde3f578]::runtime::scheduler::current_thread::CoreGuard>::enter<<tokio[6d42b074fde3f578]::runtime::scheduler::current_thread::CoreGuard>::block_on<core[a373ad73a504971]::pin::Pin<&mut core[a373ad73a504971]::pin::Pin<&mut dyn core[a373ad73a504971]::future::future::Future<Output = core[a373ad73a504971]::result::Result<(), alloc[2e1b2a31b91974c5]::string::String>>>>>::{closure#0}, core[a373ad73a504971]::option::Option<core[a373ad73a504971]::result::Result<(), alloc[2e1b2a31b91974c5]::string::String>>>::{closure#0}, (alloc[2e1b2a31b91974c5]::boxed::Box<tokio[6d42b074fde3f578]::runtime::scheduler::current_thread::Core>, core[a373ad73a504971]::option::Option<core[a373ad73a504971]::result::Result<(), alloc[2e1b2a31b91974c5]::string::String>>)>
[INFO] [stdout]   15:     0x5b389dab9942 - <tokio[6d42b074fde3f578]::runtime::scheduler::current_thread::CoreGuard>::block_on::<core[a373ad73a504971]::pin::Pin<&mut core[a373ad73a504971]::pin::Pin<&mut dyn core[a373ad73a504971]::future::future::Future<Output = core[a373ad73a504971]::result::Result<(), alloc[2e1b2a31b91974c5]::string::String>>>>>
[INFO] [stdout]   16:     0x5b389dab8a83 - tokio[6d42b074fde3f578]::runtime::context::runtime::enter_runtime::<<tokio[6d42b074fde3f578]::runtime::scheduler::current_thread::CurrentThread>::block_on<core[a373ad73a504971]::pin::Pin<&mut dyn core[a373ad73a504971]::future::future::Future<Output = core[a373ad73a504971]::result::Result<(), alloc[2e1b2a31b91974c5]::string::String>>>>::{closure#0}, core[a373ad73a504971]::result::Result<(), alloc[2e1b2a31b91974c5]::string::String>>
[INFO] [stdout]   17:     0x5b389daba5fa - <tokio[6d42b074fde3f578]::runtime::runtime::Runtime>::block_on::<core[a373ad73a504971]::pin::Pin<&mut dyn core[a373ad73a504971]::future::future::Future<Output = core[a373ad73a504971]::result::Result<(), alloc[2e1b2a31b91974c5]::string::String>>>>
[INFO] [stdout]   18:     0x5b389da96183 - <tebex_headless_rust[af341a34296b2f69]::tests::basket::tests::try_get_basket::{closure#0} as core[a373ad73a504971]::ops::function::FnOnce<()>>::call_once
[INFO] [stdout]   19:     0x5b389dbedbfb - test[aada8e7e76ba119b]::__rust_begin_short_backtrace::<core[a373ad73a504971]::result::Result<(), alloc[2e1b2a31b91974c5]::string::String>, fn() -> core[a373ad73a504971]::result::Result<(), alloc[2e1b2a31b91974c5]::string::String>>
[INFO] [stdout]   20:     0x5b389dbfadd5 - test[aada8e7e76ba119b]::run_test::{closure#0}
[INFO] [stdout]   21:     0x5b389dbf46c4 - std[617be2ca0a6fd877]::sys::backtrace::__rust_begin_short_backtrace::<test[aada8e7e76ba119b]::run_test::{closure#1}, ()>
[INFO] [stdout]   22:     0x5b389dbfde62 - <std[617be2ca0a6fd877]::thread::lifecycle::spawn_unchecked<test[aada8e7e76ba119b]::run_test::{closure#1}, ()>::{closure#1} as core[a373ad73a504971]::ops::function::FnOnce<()>>::call_once::{shim:vtable#0}
[INFO] [stdout]   23:     0x5b389dc97a5f - <std[617be2ca0a6fd877]::sys::thread::unix::Thread>::new::thread_start
[INFO] [stdout]   24:     0x73afc5483dfa - <unknown>
[INFO] [stdout]   25:     0x73afc55173d4 - clone
[INFO] [stdout]   26:                0x0 - <unknown>
[INFO] [stdout] 
[INFO] [stdout] ---- tests::basket::tests::try_update_package_basket_quantity stdout ----
[INFO] [stdout] 
[INFO] [stdout] thread 'tests::basket::tests::try_update_package_basket_quantity' (516) panicked at src/tests/basket.rs:156:65:
[INFO] [stdout] called `Result::unwrap()` on an `Err` value: LocalIpAddressNotFound
[INFO] [stdout] stack backtrace:
[INFO] [stdout]    0:     0x5b389dc985b1 - <<std[617be2ca0a6fd877]::sys::backtrace::BacktraceLock>::print::DisplayBacktrace as core[a373ad73a504971]::fmt::Display>::fmt
[INFO] [stdout]    1:     0x5b389dcae34a - core[a373ad73a504971]::fmt::write
[INFO] [stdout]    2:     0x5b389dc9ce4c - <alloc[2e1b2a31b91974c5]::vec::Vec<u8> as core[a373ad73a504971]::io::write::Write>::write_fmt
[INFO] [stdout]    3:     0x5b389dc73576 - std[617be2ca0a6fd877]::panicking::default_hook::{closure#0}
[INFO] [stdout]    4:     0x5b389dc90419 - std[617be2ca0a6fd877]::panicking::default_hook
[INFO] [stdout]    5:     0x5b389dbfa7b0 - test[aada8e7e76ba119b]::test_main_inner::{closure#0}
[INFO] [stdout]    6:     0x5b389dc90742 - std[617be2ca0a6fd877]::panicking::panic_with_hook
[INFO] [stdout]    7:     0x5b389dc73622 - std[617be2ca0a6fd877]::panicking::panic_handler::{closure#0}
[INFO] [stdout]    8:     0x5b389dc6c019 - std[617be2ca0a6fd877]::sys::backtrace::__rust_end_short_backtrace::<std[617be2ca0a6fd877]::panicking::panic_handler::{closure#0}, !>
[INFO] [stdout]    9:     0x5b389dc744bd - __rustc[ea4f61d10b84890b]::rust_begin_unwind
[INFO] [stdout]   10:     0x5b389dcaeaac - core[a373ad73a504971]::panicking::panic_fmt
[INFO] [stdout]   11:     0x5b389dcae882 - core[a373ad73a504971]::result::unwrap_failed
[INFO] [stdout]   12:     0x5b389da950e7 - tebex_headless_rust[af341a34296b2f69]::tests::basket::tests::try_update_package_basket_quantity::{closure#0}
[INFO] [stdout]   13:     0x5b389dab959d - <tokio[6d42b074fde3f578]::runtime::scheduler::current_thread::Context>::enter::<core[a373ad73a504971]::task::poll::Poll<core[a373ad73a504971]::result::Result<(), alloc[2e1b2a31b91974c5]::string::String>>, <tokio[6d42b074fde3f578]::runtime::scheduler::current_thread::CoreGuard>::block_on<core[a373ad73a504971]::pin::Pin<&mut core[a373ad73a504971]::pin::Pin<&mut dyn core[a373ad73a504971]::future::future::Future<Output = core[a373ad73a504971]::result::Result<(), alloc[2e1b2a31b91974c5]::string::String>>>>>::{closure#0}::{closure#0}>
[INFO] [stdout]   14:     0x5b389dabb6e8 - <tokio[6d42b074fde3f578]::runtime::context::scoped::Scoped<tokio[6d42b074fde3f578]::runtime::scheduler::Context>>::set::<<tokio[6d42b074fde3f578]::runtime::scheduler::current_thread::CoreGuard>::enter<<tokio[6d42b074fde3f578]::runtime::scheduler::current_thread::CoreGuard>::block_on<core[a373ad73a504971]::pin::Pin<&mut core[a373ad73a504971]::pin::Pin<&mut dyn core[a373ad73a504971]::future::future::Future<Output = core[a373ad73a504971]::result::Result<(), alloc[2e1b2a31b91974c5]::string::String>>>>>::{closure#0}, core[a373ad73a504971]::option::Option<core[a373ad73a504971]::result::Result<(), alloc[2e1b2a31b91974c5]::string::String>>>::{closure#0}, (alloc[2e1b2a31b91974c5]::boxed::Box<tokio[6d42b074fde3f578]::runtime::scheduler::current_thread::Core>, core[a373ad73a504971]::option::Option<core[a373ad73a504971]::result::Result<(), alloc[2e1b2a31b91974c5]::string::String>>)>
[INFO] [stdout]   15:     0x5b389dab9942 - <tokio[6d42b074fde3f578]::runtime::scheduler::current_thread::CoreGuard>::block_on::<core[a373ad73a504971]::pin::Pin<&mut core[a373ad73a504971]::pin::Pin<&mut dyn core[a373ad73a504971]::future::future::Future<Output = core[a373ad73a504971]::result::Result<(), alloc[2e1b2a31b91974c5]::string::String>>>>>
[INFO] [stdout]   16:     0x5b389dab8a83 - tokio[6d42b074fde3f578]::runtime::context::runtime::enter_runtime::<<tokio[6d42b074fde3f578]::runtime::scheduler::current_thread::CurrentThread>::block_on<core[a373ad73a504971]::pin::Pin<&mut dyn core[a373ad73a504971]::future::future::Future<Output = core[a373ad73a504971]::result::Result<(), alloc[2e1b2a31b91974c5]::string::String>>>>::{closure#0}, core[a373ad73a504971]::result::Result<(), alloc[2e1b2a31b91974c5]::string::String>>
[INFO] [stdout]   17:     0x5b389daba5fa - <tokio[6d42b074fde3f578]::runtime::runtime::Runtime>::block_on::<core[a373ad73a504971]::pin::Pin<&mut dyn core[a373ad73a504971]::future::future::Future<Output = core[a373ad73a504971]::result::Result<(), alloc[2e1b2a31b91974c5]::string::String>>>>
[INFO] [stdout]   18:     0x5b389da96873 - <tebex_headless_rust[af341a34296b2f69]::tests::basket::tests::try_update_package_basket_quantity::{closure#0} as core[a373ad73a504971]::ops::function::FnOnce<()>>::call_once
[INFO] [stdout]   19:     0x5b389dbedbfb - test[aada8e7e76ba119b]::__rust_begin_short_backtrace::<core[a373ad73a504971]::result::Result<(), alloc[2e1b2a31b91974c5]::string::String>, fn() -> core[a373ad73a504971]::result::Result<(), alloc[2e1b2a31b91974c5]::string::String>>
[INFO] [stdout]   20:     0x5b389dbfadd5 - test[aada8e7e76ba119b]::run_test::{closure#0}
[INFO] [stdout]   21:     0x5b389dbf46c4 - std[617be2ca0a6fd877]::sys::backtrace::__rust_begin_short_backtrace::<test[aada8e7e76ba119b]::run_test::{closure#1}, ()>
[INFO] [stdout]   22:     0x5b389dbfde62 - <std[617be2ca0a6fd877]::thread::lifecycle::spawn_unchecked<test[aada8e7e76ba119b]::run_test::{closure#1}, ()>::{closure#1} as core[a373ad73a504971]::ops::function::FnOnce<()>>::call_once::{shim:vtable#0}
[INFO] [stdout]   23:     0x5b389dc97a5f - <std[617be2ca0a6fd877]::sys::thread::unix::Thread>::new::thread_start
[INFO] [stdout]   24:     0x73afc5483dfa - <unknown>
[INFO] [stdout]   25:     0x73afc55173d4 - clone
[INFO] [stdout]   26:                0x0 - <unknown>
[INFO] [stdout] 
[INFO] [stdout] ---- tests::coupons::tests::try_remove_coupon stdout ----
[INFO] [stdout] 
[INFO] [stdout] thread 'tests::coupons::tests::try_remove_coupon' (520) panicked at src/tests/coupons.rs:33:65:
[INFO] [stdout] called `Result::unwrap()` on an `Err` value: LocalIpAddressNotFound
[INFO] [stdout] stack backtrace:
[INFO] [stdout]    0:     0x5b389dc985b1 - <<std[617be2ca0a6fd877]::sys::backtrace::BacktraceLock>::print::DisplayBacktrace as core[a373ad73a504971]::fmt::Display>::fmt
[INFO] [stdout]    1:     0x5b389dcae34a - core[a373ad73a504971]::fmt::write
[INFO] [stdout]    2:     0x5b389dc9ce4c - <alloc[2e1b2a31b91974c5]::vec::Vec<u8> as core[a373ad73a504971]::io::write::Write>::write_fmt
[INFO] [stdout]    3:     0x5b389dc73576 - std[617be2ca0a6fd877]::panicking::default_hook::{closure#0}
[INFO] [stdout]    4:     0x5b389dc90419 - std[617be2ca0a6fd877]::panicking::default_hook
[INFO] [stdout]    5:     0x5b389dbfa7b0 - test[aada8e7e76ba119b]::test_main_inner::{closure#0}
[INFO] [stdout]    6:     0x5b389dc90742 - std[617be2ca0a6fd877]::panicking::panic_with_hook
[INFO] [stdout]    7:     0x5b389dc73622 - std[617be2ca0a6fd877]::panicking::panic_handler::{closure#0}
[INFO] [stdout]    8:     0x5b389dc6c019 - std[617be2ca0a6fd877]::sys::backtrace::__rust_end_short_backtrace::<std[617be2ca0a6fd877]::panicking::panic_handler::{closure#0}, !>
[INFO] [stdout]    9:     0x5b389dc744bd - __rustc[ea4f61d10b84890b]::rust_begin_unwind
[INFO] [stdout]   10:     0x5b389dcaeaac - core[a373ad73a504971]::panicking::panic_fmt
[INFO] [stdout]   11:     0x5b389dcae882 - core[a373ad73a504971]::result::unwrap_failed
[INFO] [stdout]   12:     0x5b389daa2024 - tebex_headless_rust[af341a34296b2f69]::tests::coupons::tests::try_remove_coupon::{closure#0}
[INFO] [stdout]   13:     0x5b389dab959d - <tokio[6d42b074fde3f578]::runtime::scheduler::current_thread::Context>::enter::<core[a373ad73a504971]::task::poll::Poll<core[a373ad73a504971]::result::Result<(), alloc[2e1b2a31b91974c5]::string::String>>, <tokio[6d42b074fde3f578]::runtime::scheduler::current_thread::CoreGuard>::block_on<core[a373ad73a504971]::pin::Pin<&mut core[a373ad73a504971]::pin::Pin<&mut dyn core[a373ad73a504971]::future::future::Future<Output = core[a373ad73a504971]::result::Result<(), alloc[2e1b2a31b91974c5]::string::String>>>>>::{closure#0}::{closure#0}>
[INFO] [stdout]   14:     0x5b389dabb6e8 - <tokio[6d42b074fde3f578]::runtime::context::scoped::Scoped<tokio[6d42b074fde3f578]::runtime::scheduler::Context>>::set::<<tokio[6d42b074fde3f578]::runtime::scheduler::current_thread::CoreGuard>::enter<<tokio[6d42b074fde3f578]::runtime::scheduler::current_thread::CoreGuard>::block_on<core[a373ad73a504971]::pin::Pin<&mut core[a373ad73a504971]::pin::Pin<&mut dyn core[a373ad73a504971]::future::future::Future<Output = core[a373ad73a504971]::result::Result<(), alloc[2e1b2a31b91974c5]::string::String>>>>>::{closure#0}, core[a373ad73a504971]::option::Option<core[a373ad73a504971]::result::Result<(), alloc[2e1b2a31b91974c5]::string::String>>>::{closure#0}, (alloc[2e1b2a31b91974c5]::boxed::Box<tokio[6d42b074fde3f578]::runtime::scheduler::current_thread::Core>, core[a373ad73a504971]::option::Option<core[a373ad73a504971]::result::Result<(), alloc[2e1b2a31b91974c5]::string::String>>)>
[INFO] [stdout]   15:     0x5b389dab9942 - <tokio[6d42b074fde3f578]::runtime::scheduler::current_thread::CoreGuard>::block_on::<core[a373ad73a504971]::pin::Pin<&mut core[a373ad73a504971]::pin::Pin<&mut dyn core[a373ad73a504971]::future::future::Future<Output = core[a373ad73a504971]::result::Result<(), alloc[2e1b2a31b91974c5]::string::String>>>>>
[INFO] [stdout]   16:     0x5b389dab8a83 - tokio[6d42b074fde3f578]::runtime::context::runtime::enter_runtime::<<tokio[6d42b074fde3f578]::runtime::scheduler::current_thread::CurrentThread>::block_on<core[a373ad73a504971]::pin::Pin<&mut dyn core[a373ad73a504971]::future::future::Future<Output = core[a373ad73a504971]::result::Result<(), alloc[2e1b2a31b91974c5]::string::String>>>>::{closure#0}, core[a373ad73a504971]::result::Result<(), alloc[2e1b2a31b91974c5]::string::String>>
[INFO] [stdout]   17:     0x5b389daba5fa - <tokio[6d42b074fde3f578]::runtime::runtime::Runtime>::block_on::<core[a373ad73a504971]::pin::Pin<&mut dyn core[a373ad73a504971]::future::future::Future<Output = core[a373ad73a504971]::result::Result<(), alloc[2e1b2a31b91974c5]::string::String>>>>
[INFO] [stdout]   18:     0x5b389daa29e3 - <tebex_headless_rust[af341a34296b2f69]::tests::coupons::tests::try_remove_coupon::{closure#0} as core[a373ad73a504971]::ops::function::FnOnce<()>>::call_once
[INFO] [stdout]   19:     0x5b389dbedbfb - test[aada8e7e76ba119b]::__rust_begin_short_backtrace::<core[a373ad73a504971]::result::Result<(), alloc[2e1b2a31b91974c5]::string::String>, fn() -> core[a373ad73a504971]::result::Result<(), alloc[2e1b2a31b91974c5]::string::String>>
[INFO] [stdout]   20:     0x5b389dbfadd5 - test[aada8e7e76ba119b]::run_test::{closure#0}
[INFO] [stdout]   21:     0x5b389dbf46c4 - std[617be2ca0a6fd877]::sys::backtrace::__rust_begin_short_backtrace::<test[aada8e7e76ba119b]::run_test::{closure#1}, ()>
[INFO] [stdout]   22:     0x5b389dbfde62 - <std[617be2ca0a6fd877]::thread::lifecycle::spawn_unchecked<test[aada8e7e76ba119b]::run_test::{closure#1}, ()>::{closure#1} as core[a373ad73a504971]::ops::function::FnOnce<()>>::call_once::{shim:vtable#0}
[INFO] [stdout]   23:     0x5b389dc97a5f - <std[617be2ca0a6fd877]::sys::thread::unix::Thread>::new::thread_start
[INFO] [stdout]   24:     0x73afc5483dfa - <unknown>
[INFO] [stdout]   25:     0x73afc55173d4 - clone
[INFO] [stdout]   26:                0x0 - <unknown>
[INFO] [stdout] 
[INFO] [stdout] ---- tests::creator_codes::tests::try_remove_creator_code stdout ----
[INFO] [stdout] 
[INFO] [stdout] thread 'tests::creator_codes::tests::try_remove_creator_code' (522) panicked at src/tests/creator_codes.rs:33:65:
[INFO] [stdout] called `Result::unwrap()` on an `Err` value: LocalIpAddressNotFound
[INFO] [stdout] stack backtrace:
[INFO] [stdout]    0:     0x5b389dc985b1 - <<std[617be2ca0a6fd877]::sys::backtrace::BacktraceLock>::print::DisplayBacktrace as core[a373ad73a504971]::fmt::Display>::fmt
[INFO] [stdout]    1:     0x5b389dcae34a - core[a373ad73a504971]::fmt::write
[INFO] [stdout]    2:     0x5b389dc9ce4c - <alloc[2e1b2a31b91974c5]::vec::Vec<u8> as core[a373ad73a504971]::io::write::Write>::write_fmt
[INFO] [stdout]    3:     0x5b389dc73576 - std[617be2ca0a6fd877]::panicking::default_hook::{closure#0}
[INFO] [stdout]    4:     0x5b389dc90419 - std[617be2ca0a6fd877]::panicking::default_hook
[INFO] [stdout]    5:     0x5b389dbfa7b0 - test[aada8e7e76ba119b]::test_main_inner::{closure#0}
[INFO] [stdout]    6:     0x5b389dc90742 - std[617be2ca0a6fd877]::panicking::panic_with_hook
[INFO] [stdout]    7:     0x5b389dc73622 - std[617be2ca0a6fd877]::panicking::panic_handler::{closure#0}
[INFO] [stdout]    8:     0x5b389dc6c019 - std[617be2ca0a6fd877]::sys::backtrace::__rust_end_short_backtrace::<std[617be2ca0a6fd877]::panicking::panic_handler::{closure#0}, !>
[INFO] [stdout]    9:     0x5b389dc744bd - __rustc[ea4f61d10b84890b]::rust_begin_unwind
[INFO] [stdout]   10:     0x5b389dcaeaac - core[a373ad73a504971]::panicking::panic_fmt
[INFO] [stdout]   11:     0x5b389dcae882 - core[a373ad73a504971]::result::unwrap_failed
[INFO] [stdout]   12:     0x5b389daa7f68 - tebex_headless_rust[af341a34296b2f69]::tests::creator_codes::tests::try_remove_creator_code::{closure#0}
[INFO] [stdout]   13:     0x5b389dab959d - <tokio[6d42b074fde3f578]::runtime::scheduler::current_thread::Context>::enter::<core[a373ad73a504971]::task::poll::Poll<core[a373ad73a504971]::result::Result<(), alloc[2e1b2a31b91974c5]::string::String>>, <tokio[6d42b074fde3f578]::runtime::scheduler::current_thread::CoreGuard>::block_on<core[a373ad73a504971]::pin::Pin<&mut core[a373ad73a504971]::pin::Pin<&mut dyn core[a373ad73a504971]::future::future::Future<Output = core[a373ad73a504971]::result::Result<(), alloc[2e1b2a31b91974c5]::string::String>>>>>::{closure#0}::{closure#0}>
[INFO] [stdout]   14:     0x5b389dabb6e8 - <tokio[6d42b074fde3f578]::runtime::context::scoped::Scoped<tokio[6d42b074fde3f578]::runtime::scheduler::Context>>::set::<<tokio[6d42b074fde3f578]::runtime::scheduler::current_thread::CoreGuard>::enter<<tokio[6d42b074fde3f578]::runtime::scheduler::current_thread::CoreGuard>::block_on<core[a373ad73a504971]::pin::Pin<&mut core[a373ad73a504971]::pin::Pin<&mut dyn core[a373ad73a504971]::future::future::Future<Output = core[a373ad73a504971]::result::Result<(), alloc[2e1b2a31b91974c5]::string::String>>>>>::{closure#0}, core[a373ad73a504971]::option::Option<core[a373ad73a504971]::result::Result<(), alloc[2e1b2a31b91974c5]::string::String>>>::{closure#0}, (alloc[2e1b2a31b91974c5]::boxed::Box<tokio[6d42b074fde3f578]::runtime::scheduler::current_thread::Core>, core[a373ad73a504971]::option::Option<core[a373ad73a504971]::result::Result<(), alloc[2e1b2a31b91974c5]::string::String>>)>
[INFO] [stdout]   15:     0x5b389dab9942 - <tokio[6d42b074fde3f578]::runtime::scheduler::current_thread::CoreGuard>::block_on::<core[a373ad73a504971]::pin::Pin<&mut core[a373ad73a504971]::pin::Pin<&mut dyn core[a373ad73a504971]::future::future::Future<Output = core[a373ad73a504971]::result::Result<(), alloc[2e1b2a31b91974c5]::string::String>>>>>
[INFO] [stdout]   16:     0x5b389dab8a83 - tokio[6d42b074fde3f578]::runtime::context::runtime::enter_runtime::<<tokio[6d42b074fde3f578]::runtime::scheduler::current_thread::CurrentThread>::block_on<core[a373ad73a504971]::pin::Pin<&mut dyn core[a373ad73a504971]::future::future::Future<Output = core[a373ad73a504971]::result::Result<(), alloc[2e1b2a31b91974c5]::string::String>>>>::{closure#0}, core[a373ad73a504971]::result::Result<(), alloc[2e1b2a31b91974c5]::string::String>>
[INFO] [stdout]   17:     0x5b389daba5fa - <tokio[6d42b074fde3f578]::runtime::runtime::Runtime>::block_on::<core[a373ad73a504971]::pin::Pin<&mut dyn core[a373ad73a504971]::future::future::Future<Output = core[a373ad73a504971]::result::Result<(), alloc[2e1b2a31b91974c5]::string::String>>>>
[INFO] [stdout]   18:     0x5b389daa8733 - <tebex_headless_rust[af341a34296b2f69]::tests::creator_codes::tests::try_remove_creator_code::{closure#0} as core[a373ad73a504971]::ops::function::FnOnce<()>>::call_once
[INFO] [stdout]   19:     0x5b389dbedbfb - test[aada8e7e76ba119b]::__rust_begin_short_backtrace::<core[a373ad73a504971]::result::Result<(), alloc[2e1b2a31b91974c5]::string::String>, fn() -> core[a373ad73a504971]::result::Result<(), alloc[2e1b2a31b91974c5]::string::String>>
[INFO] [stdout]   20:     0x5b389dbfadd5 - test[aada8e7e76ba119b]::run_test::{closure#0}
[INFO] [stdout]   21:     0x5b389dbf46c4 - std[617be2ca0a6fd877]::sys::backtrace::__rust_begin_short_backtrace::<test[aada8e7e76ba119b]::run_test::{closure#1}, ()>
[INFO] [stdout]   22:     0x5b389dbfde62 - <std[617be2ca0a6fd877]::thread::lifecycle::spawn_unchecked<test[aada8e7e76ba119b]::run_test::{closure#1}, ()>::{closure#1} as core[a373ad73a504971]::ops::function::FnOnce<()>>::call_once::{shim:vtable#0}
[INFO] [stdout]   23:     0x5b389dc97a5f - <std[617be2ca0a6fd877]::sys::thread::unix::Thread>::new::thread_start
[INFO] [stdout]   24:     0x73afc5483dfa - <unknown>
[INFO] [stdout]   25:     0x73afc55173d4 - clone
[INFO] [stdout]   26:                0x0 - <unknown>
[INFO] [stdout] 
[INFO] [stdout] ---- tests::misc::tests::check_env_vars stdout ----
[INFO] [stdout] 
[INFO] [stdout] thread 'tests::misc::tests::check_env_vars' (525) panicked at src/tests/misc.rs:9:20:
[INFO] [stdout] TEBEX_PUBLIC_KEY is not present in your .env file: NotPresent
[INFO] [stdout] stack backtrace:
[INFO] [stdout]    0:     0x5b389dc985b1 - <<std[617be2ca0a6fd877]::sys::backtrace::BacktraceLock>::print::DisplayBacktrace as core[a373ad73a504971]::fmt::Display>::fmt
[INFO] [stdout]    1:     0x5b389dcae34a - core[a373ad73a504971]::fmt::write
[INFO] [stdout]    2:     0x5b389dc9ce4c - <alloc[2e1b2a31b91974c5]::vec::Vec<u8> as core[a373ad73a504971]::io::write::Write>::write_fmt
[INFO] [stdout]    3:     0x5b389dc73576 - std[617be2ca0a6fd877]::panicking::default_hook::{closure#0}
[INFO] [stdout]    4:     0x5b389dc90419 - std[617be2ca0a6fd877]::panicking::default_hook
[INFO] [stdout]    5:     0x5b389dbfa7b0 - test[aada8e7e76ba119b]::test_main_inner::{closure#0}
[INFO] [stdout]    6:     0x5b389dc90742 - std[617be2ca0a6fd877]::panicking::panic_with_hook
[INFO] [stdout]    7:     0x5b389dc73622 - std[617be2ca0a6fd877]::panicking::panic_handler::{closure#0}
[INFO] [stdout]    8:     0x5b389dc6c019 - std[617be2ca0a6fd877]::sys::backtrace::__rust_end_short_backtrace::<std[617be2ca0a6fd877]::panicking::panic_handler::{closure#0}, !>
[INFO] [stdout]    9:     0x5b389dc744bd - __rustc[ea4f61d10b84890b]::rust_begin_unwind
[INFO] [stdout]   10:     0x5b389dcaeaac - core[a373ad73a504971]::panicking::panic_fmt
[INFO] [stdout]   11:     0x5b389dcae882 - core[a373ad73a504971]::result::unwrap_failed
[INFO] [stdout]   12:     0x5b389dab7a75 - <tebex_headless_rust[af341a34296b2f69]::tests::misc::tests::check_env_vars::{closure#0} as core[a373ad73a504971]::ops::function::FnOnce<()>>::call_once
[INFO] [stdout]   13:     0x5b389dbedbfb - test[aada8e7e76ba119b]::__rust_begin_short_backtrace::<core[a373ad73a504971]::result::Result<(), alloc[2e1b2a31b91974c5]::string::String>, fn() -> core[a373ad73a504971]::result::Result<(), alloc[2e1b2a31b91974c5]::string::String>>
[INFO] [stdout]   14:     0x5b389dbfadd5 - test[aada8e7e76ba119b]::run_test::{closure#0}
[INFO] [stdout]   15:     0x5b389dbf46c4 - std[617be2ca0a6fd877]::sys::backtrace::__rust_begin_short_backtrace::<test[aada8e7e76ba119b]::run_test::{closure#1}, ()>
[INFO] [stdout]   16:     0x5b389dbfde62 - <std[617be2ca0a6fd877]::thread::lifecycle::spawn_unchecked<test[aada8e7e76ba119b]::run_test::{closure#1}, ()>::{closure#1} as core[a373ad73a504971]::ops::function::FnOnce<()>>::call_once::{shim:vtable#0}
[INFO] [stdout]   17:     0x5b389dc97a5f - <std[617be2ca0a6fd877]::sys::thread::unix::Thread>::new::thread_start
[INFO] [stdout]   18:     0x73afc5483dfa - <unknown>
[INFO] [stdout]   19:     0x73afc55173d4 - clone
[INFO] [stdout]   20:                0x0 - <unknown>
[INFO] [stdout] 
[INFO] [stdout] ---- tests::gift_cards::tests::try_remove_gift_card stdout ----
[INFO] [stdout] 
[INFO] [stdout] thread 'tests::gift_cards::tests::try_remove_gift_card' (524) panicked at src/tests/gift_cards.rs:33:65:
[INFO] [stdout] called `Result::unwrap()` on an `Err` value: LocalIpAddressNotFound
[INFO] [stdout] stack backtrace:
[INFO] [stdout]    0:     0x5b389dc985b1 - <<std[617be2ca0a6fd877]::sys::backtrace::BacktraceLock>::print::DisplayBacktrace as core[a373ad73a504971]::fmt::Display>::fmt
[INFO] [stdout]    1:     0x5b389dcae34a - core[a373ad73a504971]::fmt::write
[INFO] [stdout]    2:     0x5b389dc9ce4c - <alloc[2e1b2a31b91974c5]::vec::Vec<u8> as core[a373ad73a504971]::io::write::Write>::write_fmt
[INFO] [stdout]    3:     0x5b389dc73576 - std[617be2ca0a6fd877]::panicking::default_hook::{closure#0}
[INFO] [stdout]    4:     0x5b389dc90419 - std[617be2ca0a6fd877]::panicking::default_hook
[INFO] [stdout]    5:     0x5b389dbfa7b0 - test[aada8e7e76ba119b]::test_main_inner::{closure#0}
[INFO] [stdout]    6:     0x5b389dc90742 - std[617be2ca0a6fd877]::panicking::panic_with_hook
[INFO] [stdout]    7:     0x5b389dc73622 - std[617be2ca0a6fd877]::panicking::panic_handler::{closure#0}
[INFO] [stdout]    8:     0x5b389dc6c019 - std[617be2ca0a6fd877]::sys::backtrace::__rust_end_short_backtrace::<std[617be2ca0a6fd877]::panicking::panic_handler::{closure#0}, !>
[INFO] [stdout]    9:     0x5b389dc744bd - __rustc[ea4f61d10b84890b]::rust_begin_unwind
[INFO] [stdout]   10:     0x5b389dcaeaac - core[a373ad73a504971]::panicking::panic_fmt
[INFO] [stdout]   11:     0x5b389dcae882 - core[a373ad73a504971]::result::unwrap_failed
[INFO] [stdout]   12:     0x5b389da9bf6e - tebex_headless_rust[af341a34296b2f69]::tests::gift_cards::tests::try_remove_gift_card::{closure#0}
[INFO] [stdout]   13:     0x5b389dab959d - <tokio[6d42b074fde3f578]::runtime::scheduler::current_thread::Context>::enter::<core[a373ad73a504971]::task::poll::Poll<core[a373ad73a504971]::result::Result<(), alloc[2e1b2a31b91974c5]::string::String>>, <tokio[6d42b074fde3f578]::runtime::scheduler::current_thread::CoreGuard>::block_on<core[a373ad73a504971]::pin::Pin<&mut core[a373ad73a504971]::pin::Pin<&mut dyn core[a373ad73a504971]::future::future::Future<Output = core[a373ad73a504971]::result::Result<(), alloc[2e1b2a31b91974c5]::string::String>>>>>::{closure#0}::{closure#0}>
[INFO] [stdout]   14:     0x5b389dabb6e8 - <tokio[6d42b074fde3f578]::runtime::context::scoped::Scoped<tokio[6d42b074fde3f578]::runtime::scheduler::Context>>::set::<<tokio[6d42b074fde3f578]::runtime::scheduler::current_thread::CoreGuard>::enter<<tokio[6d42b074fde3f578]::runtime::scheduler::current_thread::CoreGuard>::block_on<core[a373ad73a504971]::pin::Pin<&mut core[a373ad73a504971]::pin::Pin<&mut dyn core[a373ad73a504971]::future::future::Future<Output = core[a373ad73a504971]::result::Result<(), alloc[2e1b2a31b91974c5]::string::String>>>>>::{closure#0}, core[a373ad73a504971]::option::Option<core[a373ad73a504971]::result::Result<(), alloc[2e1b2a31b91974c5]::string::String>>>::{closure#0}, (alloc[2e1b2a31b91974c5]::boxed::Box<tokio[6d42b074fde3f578]::runtime::scheduler::current_thread::Core>, core[a373ad73a504971]::option::Option<core[a373ad73a504971]::result::Result<(), alloc[2e1b2a31b91974c5]::string::String>>)>
[INFO] [stdout]   15:     0x5b389dab9942 - <tokio[6d42b074fde3f578]::runtime::scheduler::current_thread::CoreGuard>::block_on::<core[a373ad73a504971]::pin::Pin<&mut core[a373ad73a504971]::pin::Pin<&mut dyn core[a373ad73a504971]::future::future::Future<Output = core[a373ad73a504971]::result::Result<(), alloc[2e1b2a31b91974c5]::string::String>>>>>
[INFO] [stdout]   16:     0x5b389dab8a83 - tokio[6d42b074fde3f578]::runtime::context::runtime::enter_runtime::<<tokio[6d42b074fde3f578]::runtime::scheduler::current_thread::CurrentThread>::block_on<core[a373ad73a504971]::pin::Pin<&mut dyn core[a373ad73a504971]::future::future::Future<Output = core[a373ad73a504971]::result::Result<(), alloc[2e1b2a31b91974c5]::string::String>>>>::{closure#0}, core[a373ad73a504971]::result::Result<(), alloc[2e1b2a31b91974c5]::string::String>>
[INFO] [stdout]   17:     0x5b389daba5fa - <tokio[6d42b074fde3f578]::runtime::runtime::Runtime>::block_on::<core[a373ad73a504971]::pin::Pin<&mut dyn core[a373ad73a504971]::future::future::Future<Output = core[a373ad73a504971]::result::Result<(), alloc[2e1b2a31b91974c5]::string::String>>>>
[INFO] [stdout]   18:     0x5b389da9c923 - <tebex_headless_rust[af341a34296b2f69]::tests::gift_cards::tests::try_remove_gift_card::{closure#0} as core[a373ad73a504971]::ops::function::FnOnce<()>>::call_once
[INFO] [stdout]   19:     0x5b389dbedbfb - test[aada8e7e76ba119b]::__rust_begin_short_backtrace::<core[a373ad73a504971]::result::Result<(), alloc[2e1b2a31b91974c5]::string::String>, fn() -> core[a373ad73a504971]::result::Result<(), alloc[2e1b2a31b91974c5]::string::String>>
[INFO] [stdout]   20:     0x5b389dbfadd5 - test[aada8e7e76ba119b]::run_test::{closure#0}
[INFO] [stdout]   21:     0x5b389dbf46c4 - std[617be2ca0a6fd877]::sys::backtrace::__rust_begin_short_backtrace::<test[aada8e7e76ba119b]::run_test::{closure#1}, ()>
[INFO] [stdout]   22:     0x5b389dbfde62 - <std[617be2ca0a6fd877]::thread::lifecycle::spawn_unchecked<test[aada8e7e76ba119b]::run_test::{closure#1}, ()>::{closure#1} as core[a373ad73a504971]::ops::function::FnOnce<()>>::call_once::{shim:vtable#0}
[INFO] [stdout]   23:     0x5b389dc97a5f - <std[617be2ca0a6fd877]::sys::thread::unix::Thread>::new::thread_start
[INFO] [stdout]   24:     0x73afc5483dfa - <unknown>
[INFO] [stdout]   25:     0x73afc55173d4 - clone
[INFO] [stdout]   26:                0x0 - <unknown>
[INFO] [stdout] 
[INFO] [stdout] ---- tests::basket::tests::try_get_basket_auth_url stdout ----
[INFO] [stdout] 
[INFO] [stdout] thread 'tests::basket::tests::try_get_basket_auth_url' (514) panicked at src/tests/basket.rs:31:65:
[INFO] [stdout] called `Result::unwrap()` on an `Err` value: LocalIpAddressNotFound
[INFO] [stdout] stack backtrace:
[INFO] [stdout]    0:     0x5b389dc985b1 - <<std[617be2ca0a6fd877]::sys::backtrace::BacktraceLock>::print::DisplayBacktrace as core[a373ad73a504971]::fmt::Display>::fmt
[INFO] [stdout]    1:     0x5b389dcae34a - core[a373ad73a504971]::fmt::write
[INFO] [stdout]    2:     0x5b389dc9ce4c - <alloc[2e1b2a31b91974c5]::vec::Vec<u8> as core[a373ad73a504971]::io::write::Write>::write_fmt
[INFO] [stdout]    3:     0x5b389dc73576 - std[617be2ca0a6fd877]::panicking::default_hook::{closure#0}
[INFO] [stdout]    4:     0x5b389dc90419 - std[617be2ca0a6fd877]::panicking::default_hook
[INFO] [stdout]    5:     0x5b389dbfa7b0 - test[aada8e7e76ba119b]::test_main_inner::{closure#0}
[INFO] [stdout]    6:     0x5b389dc90742 - std[617be2ca0a6fd877]::panicking::panic_with_hook
[INFO] [stdout]    7:     0x5b389dc73622 - std[617be2ca0a6fd877]::panicking::panic_handler::{closure#0}
[INFO] [stdout]    8:     0x5b389dc6c019 - std[617be2ca0a6fd877]::sys::backtrace::__rust_end_short_backtrace::<std[617be2ca0a6fd877]::panicking::panic_handler::{closure#0}, !>
[INFO] [stdout]    9:     0x5b389dc744bd - __rustc[ea4f61d10b84890b]::rust_begin_unwind
[INFO] [stdout]   10:     0x5b389dcaeaac - core[a373ad73a504971]::panicking::panic_fmt
[INFO] [stdout]   11:     0x5b389dcae882 - core[a373ad73a504971]::result::unwrap_failed
[INFO] [stdout]   12:     0x5b389da92462 - tebex_headless_rust[af341a34296b2f69]::tests::basket::tests::try_get_basket_auth_url::{closure#0}
[INFO] [stdout]   13:     0x5b389dab959d - <tokio[6d42b074fde3f578]::runtime::scheduler::current_thread::Context>::enter::<core[a373ad73a504971]::task::poll::Poll<core[a373ad73a504971]::result::Result<(), alloc[2e1b2a31b91974c5]::string::String>>, <tokio[6d42b074fde3f578]::runtime::scheduler::current_thread::CoreGuard>::block_on<core[a373ad73a504971]::pin::Pin<&mut core[a373ad73a504971]::pin::Pin<&mut dyn core[a373ad73a504971]::future::future::Future<Output = core[a373ad73a504971]::result::Result<(), alloc[2e1b2a31b91974c5]::string::String>>>>>::{closure#0}::{closure#0}>
[INFO] [stdout]   14:     0x5b389dabb6e8 - <tokio[6d42b074fde3f578]::runtime::context::scoped::Scoped<tokio[6d42b074fde3f578]::runtime::scheduler::Context>>::set::<<tokio[6d42b074fde3f578]::runtime::scheduler::current_thread::CoreGuard>::enter<<tokio[6d42b074fde3f578]::runtime::scheduler::current_thread::CoreGuard>::block_on<core[a373ad73a504971]::pin::Pin<&mut core[a373ad73a504971]::pin::Pin<&mut dyn core[a373ad73a504971]::future::future::Future<Output = core[a373ad73a504971]::result::Result<(), alloc[2e1b2a31b91974c5]::string::String>>>>>::{closure#0}, core[a373ad73a504971]::option::Option<core[a373ad73a504971]::result::Result<(), alloc[2e1b2a31b91974c5]::string::String>>>::{closure#0}, (alloc[2e1b2a31b91974c5]::boxed::Box<tokio[6d42b074fde3f578]::runtime::scheduler::current_thread::Core>, core[a373ad73a504971]::option::Option<core[a373ad73a504971]::result::Result<(), alloc[2e1b2a31b91974c5]::string::String>>)>
[INFO] [stdout]   15:     0x5b389dab9942 - <tokio[6d42b074fde3f578]::runtime::scheduler::current_thread::CoreGuard>::block_on::<core[a373ad73a504971]::pin::Pin<&mut core[a373ad73a504971]::pin::Pin<&mut dyn core[a373ad73a504971]::future::future::Future<Output = core[a373ad73a504971]::result::Result<(), alloc[2e1b2a31b91974c5]::string::String>>>>>
[INFO] [stdout]   16:     0x5b389dab8a83 - tokio[6d42b074fde3f578]::runtime::context::runtime::enter_runtime::<<tokio[6d42b074fde3f578]::runtime::scheduler::current_thread::CurrentThread>::block_on<core[a373ad73a504971]::pin::Pin<&mut dyn core[a373ad73a504971]::future::future::Future<Output = core[a373ad73a504971]::result::Result<(), alloc[2e1b2a31b91974c5]::string::String>>>>::{closure#0}, core[a373ad73a504971]::result::Result<(), alloc[2e1b2a31b91974c5]::string::String>>
[INFO] [stdout]   17:     0x5b389daba5fa - <tokio[6d42b074fde3f578]::runtime::runtime::Runtime>::block_on::<core[a373ad73a504971]::pin::Pin<&mut dyn core[a373ad73a504971]::future::future::Future<Output = core[a373ad73a504971]::result::Result<(), alloc[2e1b2a31b91974c5]::string::String>>>>
[INFO] [stdout]   18:     0x5b389da96453 - <tebex_headless_rust[af341a34296b2f69]::tests::basket::tests::try_get_basket_auth_url::{closure#0} as core[a373ad73a504971]::ops::function::FnOnce<()>>::call_once
[INFO] [stdout]   19:     0x5b389dbedbfb - test[aada8e7e76ba119b]::__rust_begin_short_backtrace::<core[a373ad73a504971]::result::Result<(), alloc[2e1b2a31b91974c5]::string::String>, fn() -> core[a373ad73a504971]::result::Result<(), alloc[2e1b2a31b91974c5]::string::String>>
[INFO] [stdout]   20:     0x5b389dbfadd5 - test[aada8e7e76ba119b]::run_test::{closure#0}
[INFO] [stdout]   21:     0x5b389dbf46c4 - std[617be2ca0a6fd877]::sys::backtrace::__rust_begin_short_backtrace::<test[aada8e7e76ba119b]::run_test::{closure#1}, ()>
[INFO] [stdout]   22:     0x5b389dbfde62 - <std[617be2ca0a6fd877]::thread::lifecycle::spawn_unchecked<test[aada8e7e76ba119b]::run_test::{closure#1}, ()>::{closure#1} as core[a373ad73a504971]::ops::function::FnOnce<()>>::call_once::{shim:vtable#0}
[INFO] [stdout]   23:     0x5b389dc97a5f - <std[617be2ca0a6fd877]::sys::thread::unix::Thread>::new::thread_start
[INFO] [stdout]   24:     0x73afc5483dfa - <unknown>
[INFO] [stdout]   25:     0x73afc55173d4 - clone
[INFO] [stdout]   26:                0x0 - <unknown>
[INFO] [stdout] 
[INFO] [stdout] ---- tests::basket::tests::try_remove_package_from_basket stdout ----
[INFO] [stdout] 
[INFO] [stdout] thread 'tests::basket::tests::try_remove_package_from_basket' (515) panicked at src/tests/basket.rs:113:65:
[INFO] [stdout] called `Result::unwrap()` on an `Err` value: LocalIpAddressNotFound
[INFO] [stdout] stack backtrace:
[INFO] [stdout]    0:     0x5b389dc985b1 - <<std[617be2ca0a6fd877]::sys::backtrace::BacktraceLock>::print::DisplayBacktrace as core[a373ad73a504971]::fmt::Display>::fmt
[INFO] [stdout]    1:     0x5b389dcae34a - core[a373ad73a504971]::fmt::write
[INFO] [stdout]    2:     0x5b389dc9ce4c - <alloc[2e1b2a31b91974c5]::vec::Vec<u8> as core[a373ad73a504971]::io::write::Write>::write_fmt
[INFO] [stdout]    3:     0x5b389dc73576 - std[617be2ca0a6fd877]::panicking::default_hook::{closure#0}
[INFO] [stdout]    4:     0x5b389dc90419 - std[617be2ca0a6fd877]::panicking::default_hook
[INFO] [stdout]    5:     0x5b389dbfa7b0 - test[aada8e7e76ba119b]::test_main_inner::{closure#0}
[INFO] [stdout]    6:     0x5b389dc90742 - std[617be2ca0a6fd877]::panicking::panic_with_hook
[INFO] [stdout]    7:     0x5b389dc73622 - std[617be2ca0a6fd877]::panicking::panic_handler::{closure#0}
[INFO] [stdout]    8:     0x5b389dc6c019 - std[617be2ca0a6fd877]::sys::backtrace::__rust_end_short_backtrace::<std[617be2ca0a6fd877]::panicking::panic_handler::{closure#0}, !>
[INFO] [stdout]    9:     0x5b389dc744bd - __rustc[ea4f61d10b84890b]::rust_begin_unwind
[INFO] [stdout]   10:     0x5b389dcaeaac - core[a373ad73a504971]::panicking::panic_fmt
[INFO] [stdout]   11:     0x5b389dcae882 - core[a373ad73a504971]::result::unwrap_failed
[INFO] [stdout]   12:     0x5b389da93d09 - tebex_headless_rust[af341a34296b2f69]::tests::basket::tests::try_remove_package_from_basket::{closure#0}
[INFO] [stdout]   13:     0x5b389dab959d - <tokio[6d42b074fde3f578]::runtime::scheduler::current_thread::Context>::enter::<core[a373ad73a504971]::task::poll::Poll<core[a373ad73a504971]::result::Result<(), alloc[2e1b2a31b91974c5]::string::String>>, <tokio[6d42b074fde3f578]::runtime::scheduler::current_thread::CoreGuard>::block_on<core[a373ad73a504971]::pin::Pin<&mut core[a373ad73a504971]::pin::Pin<&mut dyn core[a373ad73a504971]::future::future::Future<Output = core[a373ad73a504971]::result::Result<(), alloc[2e1b2a31b91974c5]::string::String>>>>>::{closure#0}::{closure#0}>
[INFO] [stdout]   14:     0x5b389dabb6e8 - <tokio[6d42b074fde3f578]::runtime::context::scoped::Scoped<tokio[6d42b074fde3f578]::runtime::scheduler::Context>>::set::<<tokio[6d42b074fde3f578]::runtime::scheduler::current_thread::CoreGuard>::enter<<tokio[6d42b074fde3f578]::runtime::scheduler::current_thread::CoreGuard>::block_on<core[a373ad73a504971]::pin::Pin<&mut core[a373ad73a504971]::pin::Pin<&mut dyn core[a373ad73a504971]::future::future::Future<Output = core[a373ad73a504971]::result::Result<(), alloc[2e1b2a31b91974c5]::string::String>>>>>::{closure#0}, core[a373ad73a504971]::option::Option<core[a373ad73a504971]::result::Result<(), alloc[2e1b2a31b91974c5]::string::String>>>::{closure#0}, (alloc[2e1b2a31b91974c5]::boxed::Box<tokio[6d42b074fde3f578]::runtime::scheduler::current_thread::Core>, core[a373ad73a504971]::option::Option<core[a373ad73a504971]::result::Result<(), alloc[2e1b2a31b91974c5]::string::String>>)>
[INFO] [stdout]   15:     0x5b389dab9942 - <tokio[6d42b074fde3f578]::runtime::scheduler::current_thread::CoreGuard>::block_on::<core[a373ad73a504971]::pin::Pin<&mut core[a373ad73a504971]::pin::Pin<&mut dyn core[a373ad73a504971]::future::future::Future<Output = core[a373ad73a504971]::result::Result<(), alloc[2e1b2a31b91974c5]::string::String>>>>>
[INFO] [stdout]   16:     0x5b389dab8a83 - tokio[6d42b074fde3f578]::runtime::context::runtime::enter_runtime::<<tokio[6d42b074fde3f578]::runtime::scheduler::current_thread::CurrentThread>::block_on<core[a373ad73a504971]::pin::Pin<&mut dyn core[a373ad73a504971]::future::future::Future<Output = core[a373ad73a504971]::result::Result<(), alloc[2e1b2a31b91974c5]::string::String>>>>::{closure#0}, core[a373ad73a504971]::result::Result<(), alloc[2e1b2a31b91974c5]::string::String>>
[INFO] [stdout]   17:     0x5b389daba5fa - <tokio[6d42b074fde3f578]::runtime::runtime::Runtime>::block_on::<core[a373ad73a504971]::pin::Pin<&mut dyn core[a373ad73a504971]::future::future::Future<Output = core[a373ad73a504971]::result::Result<(), alloc[2e1b2a31b91974c5]::string::String>>>>
[INFO] [stdout]   18:     0x5b389da96713 - <tebex_headless_rust[af341a34296b2f69]::tests::basket::tests::try_remove_package_from_basket::{closure#0} as core[a373ad73a504971]::ops::function::FnOnce<()>>::call_once
[INFO] [stdout]   19:     0x5b389dbedbfb - test[aada8e7e76ba119b]::__rust_begin_short_backtrace::<core[a373ad73a504971]::result::Result<(), alloc[2e1b2a31b91974c5]::string::String>, fn() -> core[a373ad73a504971]::result::Result<(), alloc[2e1b2a31b91974c5]::string::String>>
[INFO] [stdout]   20:     0x5b389dbfadd5 - test[aada8e7e76ba119b]::run_test::{closure#0}
[INFO] [stdout]   21:     0x5b389dbf46c4 - std[617be2ca0a6fd877]::sys::backtrace::__rust_begin_short_backtrace::<test[aada8e7e76ba119b]::run_test::{closure#1}, ()>
[INFO] [stdout]   22:     0x5b389dbfde62 - <std[617be2ca0a6fd877]::thread::lifecycle::spawn_unchecked<test[aada8e7e76ba119b]::run_test::{closure#1}, ()>::{closure#1} as core[a373ad73a504971]::ops::function::FnOnce<()>>::call_once::{shim:vtable#0}
[INFO] [stdout]   23:     0x5b389dc97a5f - <std[617be2ca0a6fd877]::sys::thread::unix::Thread>::new::thread_start
[INFO] [stdout]   24:     0x73afc5483dfa - <unknown>
[INFO] [stdout]   25:     0x73afc55173d4 - clone
[INFO] [stdout]   26:                0x0 - <unknown>
[INFO] [stdout] 
[INFO] [stdout] ---- tests::basket::tests::try_create_basket stdout ----
[INFO] [stdout] 
[INFO] [stdout] thread 'tests::basket::tests::try_create_basket' (512) panicked at src/tests/basket.rs:7:52:
[INFO] [stdout] called `Result::unwrap()` on an `Err` value: LocalIpAddressNotFound
[INFO] [stdout] stack backtrace:
[INFO] [stderr] error: test failed, to rerun pass `--lib`
[INFO] [stdout]    0:     0x5b389dc985b1 - <<std[617be2ca0a6fd877]::sys::backtrace::BacktraceLock>::print::DisplayBacktrace as core[a373ad73a504971]::fmt::Display>::fmt
[INFO] [stdout]    1:     0x5b389dcae34a - core[a373ad73a504971]::fmt::write
[INFO] [stdout]    2:     0x5b389dc9ce4c - <alloc[2e1b2a31b91974c5]::vec::Vec<u8> as core[a373ad73a504971]::io::write::Write>::write_fmt
[INFO] [stdout]    3:     0x5b389dc73576 - std[617be2ca0a6fd877]::panicking::default_hook::{closure#0}
[INFO] [stdout]    4:     0x5b389dc90419 - std[617be2ca0a6fd877]::panicking::default_hook
[INFO] [stdout]    5:     0x5b389dbfa7b0 - test[aada8e7e76ba119b]::test_main_inner::{closure#0}
[INFO] [stdout]    6:     0x5b389dc90742 - std[617be2ca0a6fd877]::panicking::panic_with_hook
[INFO] [stdout]    7:     0x5b389dc73622 - std[617be2ca0a6fd877]::panicking::panic_handler::{closure#0}
[INFO] [stdout]    8:     0x5b389dc6c019 - std[617be2ca0a6fd877]::sys::backtrace::__rust_end_short_backtrace::<std[617be2ca0a6fd877]::panicking::panic_handler::{closure#0}, !>
[INFO] [stdout]    9:     0x5b389dc744bd - __rustc[ea4f61d10b84890b]::rust_begin_unwind
[INFO] [stdout]   10:     0x5b389dcaeaac - core[a373ad73a504971]::panicking::panic_fmt
[INFO] [stdout]   11:     0x5b389dcae882 - core[a373ad73a504971]::result::unwrap_failed
[INFO] [stdout]   12:     0x5b389da9179e - tebex_headless_rust[af341a34296b2f69]::tests::basket::tests::try_create_basket::{closure#0}
[INFO] [stdout]   13:     0x5b389dab959d - <tokio[6d42b074fde3f578]::runtime::scheduler::current_thread::Context>::enter::<core[a373ad73a504971]::task::poll::Poll<core[a373ad73a504971]::result::Result<(), alloc[2e1b2a31b91974c5]::string::String>>, <tokio[6d42b074fde3f578]::runtime::scheduler::current_thread::CoreGuard>::block_on<core[a373ad73a504971]::pin::Pin<&mut core[a373ad73a504971]::pin::Pin<&mut dyn core[a373ad73a504971]::future::future::Future<Output = core[a373ad73a504971]::result::Result<(), alloc[2e1b2a31b91974c5]::string::String>>>>>::{closure#0}::{closure#0}>
[INFO] [stdout]   14:     0x5b389dabb6e8 - <tokio[6d42b074fde3f578]::runtime::context::scoped::Scoped<tokio[6d42b074fde3f578]::runtime::scheduler::Context>>::set::<<tokio[6d42b074fde3f578]::runtime::scheduler::current_thread::CoreGuard>::enter<<tokio[6d42b074fde3f578]::runtime::scheduler::current_thread::CoreGuard>::block_on<core[a373ad73a504971]::pin::Pin<&mut core[a373ad73a504971]::pin::Pin<&mut dyn core[a373ad73a504971]::future::future::Future<Output = core[a373ad73a504971]::result::Result<(), alloc[2e1b2a31b91974c5]::string::String>>>>>::{closure#0}, core[a373ad73a504971]::option::Option<core[a373ad73a504971]::result::Result<(), alloc[2e1b2a31b91974c5]::string::String>>>::{closure#0}, (alloc[2e1b2a31b91974c5]::boxed::Box<tokio[6d42b074fde3f578]::runtime::scheduler::current_thread::Core>, core[a373ad73a504971]::option::Option<core[a373ad73a504971]::result::Result<(), alloc[2e1b2a31b91974c5]::string::String>>)>
[INFO] [stdout]   15:     0x5b389dab9942 - <tokio[6d42b074fde3f578]::runtime::scheduler::current_thread::CoreGuard>::block_on::<core[a373ad73a504971]::pin::Pin<&mut core[a373ad73a504971]::pin::Pin<&mut dyn core[a373ad73a504971]::future::future::Future<Output = core[a373ad73a504971]::result::Result<(), alloc[2e1b2a31b91974c5]::string::String>>>>>
[INFO] [stdout]   16:     0x5b389dab8a83 - tokio[6d42b074fde3f578]::runtime::context::runtime::enter_runtime::<<tokio[6d42b074fde3f578]::runtime::scheduler::current_thread::CurrentThread>::block_on<core[a373ad73a504971]::pin::Pin<&mut dyn core[a373ad73a504971]::future::future::Future<Output = core[a373ad73a504971]::result::Result<(), alloc[2e1b2a31b91974c5]::string::String>>>>::{closure#0}, core[a373ad73a504971]::result::Result<(), alloc[2e1b2a31b91974c5]::string::String>>
[INFO] [stdout]   17:     0x5b389daba5fa - <tokio[6d42b074fde3f578]::runtime::runtime::Runtime>::block_on::<core[a373ad73a504971]::pin::Pin<&mut dyn core[a373ad73a504971]::future::future::Future<Output = core[a373ad73a504971]::result::Result<(), alloc[2e1b2a31b91974c5]::string::String>>>>
[INFO] [stdout]   18:     0x5b389da962e3 - <tebex_headless_rust[af341a34296b2f69]::tests::basket::tests::try_create_basket::{closure#0} as core[a373ad73a504971]::ops::function::FnOnce<()>>::call_once
[INFO] [stdout]   19:     0x5b389dbedbfb - test[aada8e7e76ba119b]::__rust_begin_short_backtrace::<core[a373ad73a504971]::result::Result<(), alloc[2e1b2a31b91974c5]::string::String>, fn() -> core[a373ad73a504971]::result::Result<(), alloc[2e1b2a31b91974c5]::string::String>>
[INFO] [stdout]   20:     0x5b389dbfadd5 - test[aada8e7e76ba119b]::run_test::{closure#0}
[INFO] [stdout]   21:     0x5b389dbf46c4 - std[617be2ca0a6fd877]::sys::backtrace::__rust_begin_short_backtrace::<test[aada8e7e76ba119b]::run_test::{closure#1}, ()>
[INFO] [stdout]   22:     0x5b389dbfde62 - <std[617be2ca0a6fd877]::thread::lifecycle::spawn_unchecked<test[aada8e7e76ba119b]::run_test::{closure#1}, ()>::{closure#1} as core[a373ad73a504971]::ops::function::FnOnce<()>>::call_once::{shim:vtable#0}
[INFO] [stdout]   23:     0x5b389dc97a5f - <std[617be2ca0a6fd877]::sys::thread::unix::Thread>::new::thread_start
[INFO] [stdout]   24:     0x73afc5483dfa - <unknown>
[INFO] [stdout]   25:     0x73afc55173d4 - clone
[INFO] [stdout]   26:                0x0 - <unknown>
[INFO] [stdout] 
[INFO] [stdout] ---- tests::package::tests::try_fetch_packages stdout ----
[INFO] [stdout] 
[INFO] [stdout] thread 'tests::package::tests::try_fetch_packages' (527) panicked at src/tests/package.rs:7:63:
[INFO] [stdout] Packages could not be fetched.: "Unknown error occured"
[INFO] [stdout] stack backtrace:
[INFO] [stdout]    0:     0x5b389dc985b1 - <<std[617be2ca0a6fd877]::sys::backtrace::BacktraceLock>::print::DisplayBacktrace as core[a373ad73a504971]::fmt::Display>::fmt
[INFO] [stdout]    1:     0x5b389dcae34a - core[a373ad73a504971]::fmt::write
[INFO] [stdout]    2:     0x5b389dc9ce4c - <alloc[2e1b2a31b91974c5]::vec::Vec<u8> as core[a373ad73a504971]::io::write::Write>::write_fmt
[INFO] [stdout]    3:     0x5b389dc73576 - std[617be2ca0a6fd877]::panicking::default_hook::{closure#0}
[INFO] [stdout]    4:     0x5b389dc90419 - std[617be2ca0a6fd877]::panicking::default_hook
[INFO] [stdout]    5:     0x5b389dbfa7b0 - test[aada8e7e76ba119b]::test_main_inner::{closure#0}
[INFO] [stdout]    6:     0x5b389dc90742 - std[617be2ca0a6fd877]::panicking::panic_with_hook
[INFO] [stdout]    7:     0x5b389dc73622 - std[617be2ca0a6fd877]::panicking::panic_handler::{closure#0}
[INFO] [stdout]    8:     0x5b389dc6c019 - std[617be2ca0a6fd877]::sys::backtrace::__rust_end_short_backtrace::<std[617be2ca0a6fd877]::panicking::panic_handler::{closure#0}, !>
[INFO] [stdout]    9:     0x5b389dc744bd - __rustc[ea4f61d10b84890b]::rust_begin_unwind
[INFO] [stdout]   10:     0x5b389dcaeaac - core[a373ad73a504971]::panicking::panic_fmt
[INFO] [stdout]   11:     0x5b389dcae882 - core[a373ad73a504971]::result::unwrap_failed
[INFO] [stdout]   12:     0x5b389dab0c36 - tebex_headless_rust[af341a34296b2f69]::tests::package::tests::try_fetch_packages::{closure#0}
[INFO] [stdout]   13:     0x5b389dab9783 - <tokio[6d42b074fde3f578]::runtime::scheduler::current_thread::Context>::enter::<core[a373ad73a504971]::task::poll::Poll<()>, <tokio[6d42b074fde3f578]::runtime::scheduler::current_thread::CoreGuard>::block_on<core[a373ad73a504971]::pin::Pin<&mut core[a373ad73a504971]::pin::Pin<&mut dyn core[a373ad73a504971]::future::future::Future<Output = ()>>>>::{closure#0}::{closure#0}>
[INFO] [stdout]   14:     0x5b389dabb8dc - <tokio[6d42b074fde3f578]::runtime::context::scoped::Scoped<tokio[6d42b074fde3f578]::runtime::scheduler::Context>>::set::<<tokio[6d42b074fde3f578]::runtime::scheduler::current_thread::CoreGuard>::enter<<tokio[6d42b074fde3f578]::runtime::scheduler::current_thread::CoreGuard>::block_on<core[a373ad73a504971]::pin::Pin<&mut core[a373ad73a504971]::pin::Pin<&mut dyn core[a373ad73a504971]::future::future::Future<Output = ()>>>>::{closure#0}, core[a373ad73a504971]::option::Option<()>>::{closure#0}, (alloc[2e1b2a31b91974c5]::boxed::Box<tokio[6d42b074fde3f578]::runtime::scheduler::current_thread::Core>, core[a373ad73a504971]::option::Option<()>)>
[INFO] [stdout]   15:     0x5b389dab9b87 - <tokio[6d42b074fde3f578]::runtime::scheduler::current_thread::CoreGuard>::block_on::<core[a373ad73a504971]::pin::Pin<&mut core[a373ad73a504971]::pin::Pin<&mut dyn core[a373ad73a504971]::future::future::Future<Output = ()>>>>
[INFO] [stdout]   16:     0x5b389dab8f3b - tokio[6d42b074fde3f578]::runtime::context::runtime::enter_runtime::<<tokio[6d42b074fde3f578]::runtime::scheduler::current_thread::CurrentThread>::block_on<core[a373ad73a504971]::pin::Pin<&mut dyn core[a373ad73a504971]::future::future::Future<Output = ()>>>::{closure#0}, ()>
[INFO] [stdout]   17:     0x5b389daba705 - <tokio[6d42b074fde3f578]::runtime::runtime::Runtime>::block_on::<core[a373ad73a504971]::pin::Pin<&mut dyn core[a373ad73a504971]::future::future::Future<Output = ()>>>
[INFO] [stdout]   18:     0x5b389dab0f6e - <tebex_headless_rust[af341a34296b2f69]::tests::package::tests::try_fetch_packages::{closure#0} as core[a373ad73a504971]::ops::function::FnOnce<()>>::call_once
[INFO] [stdout]   19:     0x5b389dbedbfb - test[aada8e7e76ba119b]::__rust_begin_short_backtrace::<core[a373ad73a504971]::result::Result<(), alloc[2e1b2a31b91974c5]::string::String>, fn() -> core[a373ad73a504971]::result::Result<(), alloc[2e1b2a31b91974c5]::string::String>>
[INFO] [stdout]   20:     0x5b389dbfadd5 - test[aada8e7e76ba119b]::run_test::{closure#0}
[INFO] [stdout]   21:     0x5b389dbf46c4 - std[617be2ca0a6fd877]::sys::backtrace::__rust_begin_short_backtrace::<test[aada8e7e76ba119b]::run_test::{closure#1}, ()>
[INFO] [stdout]   22:     0x5b389dbfde62 - <std[617be2ca0a6fd877]::thread::lifecycle::spawn_unchecked<test[aada8e7e76ba119b]::run_test::{closure#1}, ()>::{closure#1} as core[a373ad73a504971]::ops::function::FnOnce<()>>::call_once::{shim:vtable#0}
[INFO] [stdout]   23:     0x5b389dc97a5f - <std[617be2ca0a6fd877]::sys::thread::unix::Thread>::new::thread_start
[INFO] [stdout]   24:     0x73afc5483dfa - <unknown>
[INFO] [stdout]   25:     0x73afc55173d4 - clone
[INFO] [stdout]   26:                0x0 - <unknown>
[INFO] [stdout] 
[INFO] [stdout] ---- tests::gift_cards::tests::try_apply_gift_card stdout ----
[INFO] [stdout] 
[INFO] [stdout] thread 'tests::gift_cards::tests::try_apply_gift_card' (523) panicked at src/tests/gift_cards.rs:7:65:
[INFO] [stdout] called `Result::unwrap()` on an `Err` value: LocalIpAddressNotFound
[INFO] [stdout] stack backtrace:
[INFO] [stdout]    0:     0x5b389dc985b1 - <<std[617be2ca0a6fd877]::sys::backtrace::BacktraceLock>::print::DisplayBacktrace as core[a373ad73a504971]::fmt::Display>::fmt
[INFO] [stdout]    1:     0x5b389dcae34a - core[a373ad73a504971]::fmt::write
[INFO] [stdout]    2:     0x5b389dc9ce4c - <alloc[2e1b2a31b91974c5]::vec::Vec<u8> as core[a373ad73a504971]::io::write::Write>::write_fmt
[INFO] [stdout]    3:     0x5b389dc73576 - std[617be2ca0a6fd877]::panicking::default_hook::{closure#0}
[INFO] [stdout]    4:     0x5b389dc90419 - std[617be2ca0a6fd877]::panicking::default_hook
[INFO] [stdout]    5:     0x5b389dbfa7b0 - test[aada8e7e76ba119b]::test_main_inner::{closure#0}
[INFO] [stdout]    6:     0x5b389dc90742 - std[617be2ca0a6fd877]::panicking::panic_with_hook
[INFO] [stdout]    7:     0x5b389dc73622 - std[617be2ca0a6fd877]::panicking::panic_handler::{closure#0}
[INFO] [stdout]    8:     0x5b389dc6c019 - std[617be2ca0a6fd877]::sys::backtrace::__rust_end_short_backtrace::<std[617be2ca0a6fd877]::panicking::panic_handler::{closure#0}, !>
[INFO] [stdout]    9:     0x5b389dc744bd - __rustc[ea4f61d10b84890b]::rust_begin_unwind
[INFO] [stdout]   10:     0x5b389dcaeaac - core[a373ad73a504971]::panicking::panic_fmt
[INFO] [stdout]   11:     0x5b389dcae882 - core[a373ad73a504971]::result::unwrap_failed
[INFO] [stdout]   12:     0x5b389da9b029 - tebex_headless_rust[af341a34296b2f69]::tests::gift_cards::tests::try_apply_gift_card::{closure#0}
[INFO] [stdout]   13:     0x5b389dab959d - <tokio[6d42b074fde3f578]::runtime::scheduler::current_thread::Context>::enter::<core[a373ad73a504971]::task::poll::Poll<core[a373ad73a504971]::result::Result<(), alloc[2e1b2a31b91974c5]::string::String>>, <tokio[6d42b074fde3f578]::runtime::scheduler::current_thread::CoreGuard>::block_on<core[a373ad73a504971]::pin::Pin<&mut core[a373ad73a504971]::pin::Pin<&mut dyn core[a373ad73a504971]::future::future::Future<Output = core[a373ad73a504971]::result::Result<(), alloc[2e1b2a31b91974c5]::string::String>>>>>::{closure#0}::{closure#0}>
[INFO] [stdout]   14:     0x5b389dabb6e8 - <tokio[6d42b074fde3f578]::runtime::context::scoped::Scoped<tokio[6d42b074fde3f578]::runtime::scheduler::Context>>::set::<<tokio[6d42b074fde3f578]::runtime::scheduler::current_thread::CoreGuard>::enter<<tokio[6d42b074fde3f578]::runtime::scheduler::current_thread::CoreGuard>::block_on<core[a373ad73a504971]::pin::Pin<&mut core[a373ad73a504971]::pin::Pin<&mut dyn core[a373ad73a504971]::future::future::Future<Output = core[a373ad73a504971]::result::Result<(), alloc[2e1b2a31b91974c5]::string::String>>>>>::{closure#0}, core[a373ad73a504971]::option::Option<core[a373ad73a504971]::result::Result<(), alloc[2e1b2a31b91974c5]::string::String>>>::{closure#0}, (alloc[2e1b2a31b91974c5]::boxed::Box<tokio[6d42b074fde3f578]::runtime::scheduler::current_thread::Core>, core[a373ad73a504971]::option::Option<core[a373ad73a504971]::result::Result<(), alloc[2e1b2a31b91974c5]::string::String>>)>
[INFO] [stdout]   15:     0x5b389dab9942 - <tokio[6d42b074fde3f578]::runtime::scheduler::current_thread::CoreGuard>::block_on::<core[a373ad73a504971]::pin::Pin<&mut core[a373ad73a504971]::pin::Pin<&mut dyn core[a373ad73a504971]::future::future::Future<Output = core[a373ad73a504971]::result::Result<(), alloc[2e1b2a31b91974c5]::string::String>>>>>
[INFO] [stdout]   16:     0x5b389dab8a83 - tokio[6d42b074fde3f578]::runtime::context::runtime::enter_runtime::<<tokio[6d42b074fde3f578]::runtime::scheduler::current_thread::CurrentThread>::block_on<core[a373ad73a504971]::pin::Pin<&mut dyn core[a373ad73a504971]::future::future::Future<Output = core[a373ad73a504971]::result::Result<(), alloc[2e1b2a31b91974c5]::string::String>>>>::{closure#0}, core[a373ad73a504971]::result::Result<(), alloc[2e1b2a31b91974c5]::string::String>>
[INFO] [stdout]   17:     0x5b389daba5fa - <tokio[6d42b074fde3f578]::runtime::runtime::Runtime>::block_on::<core[a373ad73a504971]::pin::Pin<&mut dyn core[a373ad73a504971]::future::future::Future<Output = core[a373ad73a504971]::result::Result<(), alloc[2e1b2a31b91974c5]::string::String>>>>
[INFO] [stdout]   18:     0x5b389da9c773 - <tebex_headless_rust[af341a34296b2f69]::tests::gift_cards::tests::try_apply_gift_card::{closure#0} as core[a373ad73a504971]::ops::function::FnOnce<()>>::call_once
[INFO] [stdout]   19:     0x5b389dbedbfb - test[aada8e7e76ba119b]::__rust_begin_short_backtrace::<core[a373ad73a504971]::result::Result<(), alloc[2e1b2a31b91974c5]::string::String>, fn() -> core[a373ad73a504971]::result::Result<(), alloc[2e1b2a31b91974c5]::string::String>>
[INFO] [stdout]   20:     0x5b389dbfadd5 - test[aada8e7e76ba119b]::run_test::{closure#0}
[INFO] [stdout]   21:     0x5b389dbf46c4 - std[617be2ca0a6fd877]::sys::backtrace::__rust_begin_short_backtrace::<test[aada8e7e76ba119b]::run_test::{closure#1}, ()>
[INFO] [stdout]   22:     0x5b389dbfde62 - <std[617be2ca0a6fd877]::thread::lifecycle::spawn_unchecked<test[aada8e7e76ba119b]::run_test::{closure#1}, ()>::{closure#1} as core[a373ad73a504971]::ops::function::FnOnce<()>>::call_once::{shim:vtable#0}
[INFO] [stdout]   23:     0x5b389dc97a5f - <std[617be2ca0a6fd877]::sys::thread::unix::Thread>::new::thread_start
[INFO] [stdout]   24:     0x73afc5483dfa - <unknown>
[INFO] [stdout]   25:     0x73afc55173d4 - clone
[INFO] [stdout]   26:                0x0 - <unknown>
[INFO] [stdout] 
[INFO] [stdout] ---- tests::webstores::tests::try_get_webstore stdout ----
[INFO] [stdout] 
[INFO] [stdout] thread 'tests::webstores::tests::try_get_webstore' (528) panicked at src/tests/webstores.rs:7:30:
[INFO] [stdout] Could not get webstore: "Unknown error occured"
[INFO] [stdout] stack backtrace:
[INFO] [stdout]    0:     0x5b389dc985b1 - <<std[617be2ca0a6fd877]::sys::backtrace::BacktraceLock>::print::DisplayBacktrace as core[a373ad73a504971]::fmt::Display>::fmt
[INFO] [stdout]    1:     0x5b389dcae34a - core[a373ad73a504971]::fmt::write
[INFO] [stdout]    2:     0x5b389dc9ce4c - <alloc[2e1b2a31b91974c5]::vec::Vec<u8> as core[a373ad73a504971]::io::write::Write>::write_fmt
[INFO] [stdout]    3:     0x5b389dc73576 - std[617be2ca0a6fd877]::panicking::default_hook::{closure#0}
[INFO] [stdout]    4:     0x5b389dc90419 - std[617be2ca0a6fd877]::panicking::default_hook
[INFO] [stdout]    5:     0x5b389dbfa7b0 - test[aada8e7e76ba119b]::test_main_inner::{closure#0}
[INFO] [stdout]    6:     0x5b389dc90742 - std[617be2ca0a6fd877]::panicking::panic_with_hook
[INFO] [stdout]    7:     0x5b389dc73622 - std[617be2ca0a6fd877]::panicking::panic_handler::{closure#0}
[INFO] [stdout]    8:     0x5b389dc6c019 - std[617be2ca0a6fd877]::sys::backtrace::__rust_end_short_backtrace::<std[617be2ca0a6fd877]::panicking::panic_handler::{closure#0}, !>
[INFO] [stdout]    9:     0x5b389dc744bd - __rustc[ea4f61d10b84890b]::rust_begin_unwind
[INFO] [stdout]   10:     0x5b389dcaeaac - core[a373ad73a504971]::panicking::panic_fmt
[INFO] [stdout]   11:     0x5b389dcae882 - core[a373ad73a504971]::result::unwrap_failed
[INFO] [stdout]   12:     0x5b389dab31eb - tebex_headless_rust[af341a34296b2f69]::tests::webstores::tests::try_get_webstore::{closure#0}
[INFO] [stdout]   13:     0x5b389dab959d - <tokio[6d42b074fde3f578]::runtime::scheduler::current_thread::Context>::enter::<core[a373ad73a504971]::task::poll::Poll<core[a373ad73a504971]::result::Result<(), alloc[2e1b2a31b91974c5]::string::String>>, <tokio[6d42b074fde3f578]::runtime::scheduler::current_thread::CoreGuard>::block_on<core[a373ad73a504971]::pin::Pin<&mut core[a373ad73a504971]::pin::Pin<&mut dyn core[a373ad73a504971]::future::future::Future<Output = core[a373ad73a504971]::result::Result<(), alloc[2e1b2a31b91974c5]::string::String>>>>>::{closure#0}::{closure#0}>
[INFO] [stdout]   14:     0x5b389dabb6e8 - <tokio[6d42b074fde3f578]::runtime::context::scoped::Scoped<tokio[6d42b074fde3f578]::runtime::scheduler::Context>>::set::<<tokio[6d42b074fde3f578]::runtime::scheduler::current_thread::CoreGuard>::enter<<tokio[6d42b074fde3f578]::runtime::scheduler::current_thread::CoreGuard>::block_on<core[a373ad73a504971]::pin::Pin<&mut core[a373ad73a504971]::pin::Pin<&mut dyn core[a373ad73a504971]::future::future::Future<Output = core[a373ad73a504971]::result::Result<(), alloc[2e1b2a31b91974c5]::string::String>>>>>::{closure#0}, core[a373ad73a504971]::option::Option<core[a373ad73a504971]::result::Result<(), alloc[2e1b2a31b91974c5]::string::String>>>::{closure#0}, (alloc[2e1b2a31b91974c5]::boxed::Box<tokio[6d42b074fde3f578]::runtime::scheduler::current_thread::Core>, core[a373ad73a504971]::option::Option<core[a373ad73a504971]::result::Result<(), alloc[2e1b2a31b91974c5]::string::String>>)>
[INFO] [stdout]   15:     0x5b389dab9942 - <tokio[6d42b074fde3f578]::runtime::scheduler::current_thread::CoreGuard>::block_on::<core[a373ad73a504971]::pin::Pin<&mut core[a373ad73a504971]::pin::Pin<&mut dyn core[a373ad73a504971]::future::future::Future<Output = core[a373ad73a504971]::result::Result<(), alloc[2e1b2a31b91974c5]::string::String>>>>>
[INFO] [stdout]   16:     0x5b389dab8a83 - tokio[6d42b074fde3f578]::runtime::context::runtime::enter_runtime::<<tokio[6d42b074fde3f578]::runtime::scheduler::current_thread::CurrentThread>::block_on<core[a373ad73a504971]::pin::Pin<&mut dyn core[a373ad73a504971]::future::future::Future<Output = core[a373ad73a504971]::result::Result<(), alloc[2e1b2a31b91974c5]::string::String>>>>::{closure#0}, core[a373ad73a504971]::result::Result<(), alloc[2e1b2a31b91974c5]::string::String>>
[INFO] [stdout]   17:     0x5b389daba5fa - <tokio[6d42b074fde3f578]::runtime::runtime::Runtime>::block_on::<core[a373ad73a504971]::pin::Pin<&mut dyn core[a373ad73a504971]::future::future::Future<Output = core[a373ad73a504971]::result::Result<(), alloc[2e1b2a31b91974c5]::string::String>>>>
[INFO] [stdout]   18:     0x5b389dab3953 - <tebex_headless_rust[af341a34296b2f69]::tests::webstores::tests::try_get_webstore::{closure#0} as core[a373ad73a504971]::ops::function::FnOnce<()>>::call_once
[INFO] [stdout]   19:     0x5b389dbedbfb - test[aada8e7e76ba119b]::__rust_begin_short_backtrace::<core[a373ad73a504971]::result::Result<(), alloc[2e1b2a31b91974c5]::string::String>, fn() -> core[a373ad73a504971]::result::Result<(), alloc[2e1b2a31b91974c5]::string::String>>
[INFO] [stdout]   20:     0x5b389dbfadd5 - test[aada8e7e76ba119b]::run_test::{closure#0}
[INFO] [stdout]   21:     0x5b389dbf46c4 - std[617be2ca0a6fd877]::sys::backtrace::__rust_begin_short_backtrace::<test[aada8e7e76ba119b]::run_test::{closure#1}, ()>
[INFO] [stdout]   22:     0x5b389dbfde62 - <std[617be2ca0a6fd877]::thread::lifecycle::spawn_unchecked<test[aada8e7e76ba119b]::run_test::{closure#1}, ()>::{closure#1} as core[a373ad73a504971]::ops::function::FnOnce<()>>::call_once::{shim:vtable#0}
[INFO] [stdout]   23:     0x5b389dc97a5f - <std[617be2ca0a6fd877]::sys::thread::unix::Thread>::new::thread_start
[INFO] [stdout]   24:     0x73afc5483dfa - <unknown>
[INFO] [stdout]   25:     0x73afc55173d4 - clone
[INFO] [stdout]   26:                0x0 - <unknown>
[INFO] [stdout] 
[INFO] [stdout] 
[INFO] [stdout] failures:
[INFO] [stdout]     tests::basket::tests::try_add_package_to_basket
[INFO] [stdout]     tests::basket::tests::try_create_basket
[INFO] [stdout]     tests::basket::tests::try_get_basket
[INFO] [stdout]     tests::basket::tests::try_get_basket_auth_url
[INFO] [stdout]     tests::basket::tests::try_remove_package_from_basket
[INFO] [stdout]     tests::basket::tests::try_update_package_basket_quantity
[INFO] [stdout]     tests::category::tests::try_fetch_categories
[INFO] [stdout]     tests::category::tests::try_fetch_category
[INFO] [stdout]     tests::coupons::tests::try_apply_coupon
[INFO] [stdout]     tests::coupons::tests::try_remove_coupon
[INFO] [stdout]     tests::creator_codes::tests::try_apply_creator_code
[INFO] [stdout]     tests::creator_codes::tests::try_remove_creator_code
[INFO] [stdout]     tests::gift_cards::tests::try_apply_gift_card
[INFO] [stdout]     tests::gift_cards::tests::try_remove_gift_card
[INFO] [stdout]     tests::misc::tests::check_env_vars
[INFO] [stdout]     tests::package::tests::try_fetch_package
[INFO] [stdout]     tests::package::tests::try_fetch_packages
[INFO] [stdout]     tests::webstores::tests::try_get_webstore
[INFO] [stdout] 
[INFO] [stdout] test result: FAILED. 0 passed; 18 failed; 0 ignored; 0 measured; 0 filtered out; finished in 0.01s
[INFO] [stdout] 
[INFO] running `Command { std: "docker" "inspect" "f502b6345381bb69fb189f82524a032ec8f07701f761a4a6968a3154f370156f", kill_on_drop: false }`
[INFO] running `Command { std: "docker" "rm" "-f" "f502b6345381bb69fb189f82524a032ec8f07701f761a4a6968a3154f370156f", kill_on_drop: false }`
[INFO] [stdout] f502b6345381bb69fb189f82524a032ec8f07701f761a4a6968a3154f370156f
