[INFO] fetching crate tea-orm 2.2.1...
[INFO] testing tea-orm-2.2.1 against 1.99.0-beta.8+cargoflags=--release for beta-release-1.100-2
[INFO] extracting crate tea-orm 2.2.1 into /workspace/builds/worker-7-tc1/source
[INFO] removed /workspace/builds/worker-7-tc1/source/rust-toolchain
[INFO] started tweaking crates.io crate tea-orm 2.2.1
[INFO] finished tweaking crates.io crate tea-orm 2.2.1
[INFO] tweaked toml for crates.io crate tea-orm 2.2.1 written to /workspace/builds/worker-7-tc1/source/Cargo.toml
[INFO] validating manifest of crates.io crate tea-orm 2.2.1 on toolchain 1.99.0-beta.8
[INFO] running `Command { std: CARGO_HOME="/workspace/cargo-home" RUSTUP_HOME="/workspace/rustup-home" "/workspace/cargo-home/bin/cargo" "+1.99.0-beta.8" "metadata" "--manifest-path" "Cargo.toml" "--no-deps", kill_on_drop: false }`
[INFO] running `Command { std: CARGO_HOME="/workspace/cargo-home" RUSTUP_HOME="/workspace/rustup-home" "/workspace/cargo-home/bin/cargo" "+1.99.0-beta.8" "generate-lockfile" "--manifest-path" "Cargo.toml", kill_on_drop: false }`
[INFO] [stderr]     Updating crates.io index
[INFO] [stderr]      Locking 329 packages to highest compatible versions
[INFO] [stderr]       Adding generic-array v0.14.7 (available: v0.14.9)
[INFO] [stderr]       Adding sea-orm v1.1.20 (available: v2.0.4)
[INFO] running `Command { std: CARGO_HOME="/workspace/cargo-home" RUSTUP_HOME="/workspace/rustup-home" "/workspace/cargo-home/bin/cargo" "+1.99.0-beta.8" "fetch" "--manifest-path" "Cargo.toml", kill_on_drop: false }`
[INFO] [stderr]  Downloading crates ...
[INFO] [stderr]   Downloaded sea-query-binder v0.7.0
[INFO] [stderr]   Downloaded sea-orm-macros v1.1.20
[INFO] [stderr]   Downloaded inherent v1.0.14
[INFO] [stderr]   Downloaded mac_address v1.2.1
[INFO] [stderr]   Downloaded sea-query v0.32.7
[INFO] [stderr]   Downloaded names v0.14.0
[INFO] [stderr]   Downloaded sea-orm v1.1.20
[INFO] running `Command { std: "docker" "create" "-v" "/var/lib/crater-agent-workspace/builds/worker-7-tc1/source:/opt/rustwide/workdir:ro,Z" "-v" "/var/lib/crater-agent-workspace/builds/worker-7-tc1/target:/opt/rustwide/target:rw,Z" "-v" "/var/lib/crater-agent-workspace/cargo-home:/opt/rustwide/cargo-home:ro,Z" "-v" "/var/lib/crater-agent-workspace/rustup-home:/opt/rustwide/rustup-home:ro,Z" "-m" "1610612736" "--network" "none" "ghcr.io/rust-lang/crates-build-env/linux@sha256:77db811e55d90add9212f6832c23229e3de5f1c1f9905e8cb07319ea15df73ac" "sleep" "infinity", kill_on_drop: false }`
[INFO] [stdout] 8fb78383127c3477985f18d85884168ea21632f13229dd2a2cad36bcad56849d
[INFO] running `Command { std: "docker" "start" "8fb78383127c3477985f18d85884168ea21632f13229dd2a2cad36bcad56849d", kill_on_drop: false }`
[INFO] running `Command { std: "docker" "inspect" "8fb78383127c3477985f18d85884168ea21632f13229dd2a2cad36bcad56849d", kill_on_drop: false }`
[INFO] running `Command { std: "docker" "exec" "-e" "SOURCE_DIR=/opt/rustwide/workdir" "-e" "CARGO_HOME=/opt/rustwide/cargo-home" "-e" "RUSTUP_HOME=/opt/rustwide/rustup-home" "-e" "CARGO_TARGET_DIR=/opt/rustwide/target" "-w" "/opt/rustwide/workdir" "--user" "0:0" "8fb78383127c3477985f18d85884168ea21632f13229dd2a2cad36bcad56849d" "/opt/rustwide/cargo-home/bin/cargo" "+1.99.0-beta.8" "metadata" "--no-deps" "--format-version=1", kill_on_drop: false }`
[INFO] running `Command { std: "docker" "inspect" "8fb78383127c3477985f18d85884168ea21632f13229dd2a2cad36bcad56849d", kill_on_drop: false }`
[INFO] running `Command { std: "docker" "exec" "-e" "SOURCE_DIR=/opt/rustwide/workdir" "-e" "CARGO_HOME=/opt/rustwide/cargo-home" "-e" "RUSTUP_HOME=/opt/rustwide/rustup-home" "-e" "CARGO_TARGET_DIR=/opt/rustwide/target" "-e" "CARGO_INCREMENTAL=0" "-e" "RUST_BACKTRACE=full" "-e" "RUSTFLAGS=--cap-lints=warn" "-e" "RUSTDOCFLAGS=--cap-lints=warn" "-w" "/opt/rustwide/workdir" "--user" "0:0" "8fb78383127c3477985f18d85884168ea21632f13229dd2a2cad36bcad56849d" "/opt/rustwide/cargo-home/bin/cargo" "+1.99.0-beta.8" "build" "--frozen" "--message-format=json" "--release", kill_on_drop: false }`
[INFO] [stderr]    Compiling serde_core v1.0.229
[INFO] [stderr]    Compiling num-traits v0.2.19
[INFO] [stderr]    Compiling ring v0.17.14
[INFO] [stderr]    Compiling bigdecimal v0.4.11
[INFO] [stderr]    Compiling rust_decimal v1.43.0
[INFO] [stderr]    Compiling crossbeam-utils v0.8.23
[INFO] [stderr]    Compiling serde_json v1.0.154
[INFO] [stderr]    Compiling digest v0.10.7
[INFO] [stderr]    Compiling time-macros v0.2.32
[INFO] [stderr]    Compiling powerfmt v0.2.1
[INFO] [stderr]    Compiling arrayvec v0.7.8
[INFO] [stderr]    Compiling futures-sink v0.3.34
[INFO] [stderr]    Compiling rustls v0.23.46
[INFO] [stderr]    Compiling hashbrown v0.15.5
[INFO] [stderr]    Compiling tokio v1.53.3
[INFO] [stderr]    Compiling thiserror-impl v2.0.21
[INFO] [stderr]    Compiling webpki-roots v1.0.9
[INFO] [stderr]    Compiling crc-catalog v2.5.0
[INFO] [stderr]    Compiling futures-io v0.3.34
[INFO] [stderr]    Compiling hmac v0.12.1
[INFO] [stderr]    Compiling sha2 v0.10.9
[INFO] [stderr]    Compiling webpki-roots v0.26.11
[INFO] [stderr]    Compiling crc v3.4.0
[INFO] [stderr]    Compiling event-listener v5.4.2
[INFO] [stderr]    Compiling proc-macro2-diagnostics v0.10.1
[INFO] [stderr]    Compiling futures-util v0.3.34
[INFO] [stderr]    Compiling unicode-properties v0.1.4
[INFO] [stderr]    Compiling base64 v0.22.1
[INFO] [stderr]    Compiling hkdf v0.12.4
[INFO] [stderr]    Compiling md-5 v0.10.6
[INFO] [stderr]    Compiling futures-channel v0.3.34
[INFO] [stderr]    Compiling indexmap v1.9.3
[INFO] [stderr]    Compiling stringprep v0.1.5
[INFO] [stderr]    Compiling yansi v1.0.1
[INFO] [stderr]    Compiling home v0.5.12
[INFO] [stderr]    Compiling whoami v1.6.1
[INFO] [stderr]    Compiling proc-macro-error v1.0.4
[INFO] [stderr]    Compiling inherent v1.0.14
[INFO] [stderr]    Compiling os_str_bytes v6.6.1
[INFO] [stderr]    Compiling derive_more-impl v2.1.1
[INFO] [stderr]    Compiling crossbeam-queue v0.3.14
[INFO] [stderr]    Compiling hashlink v0.10.0
[INFO] [stderr]    Compiling clap_lex v0.2.4
[INFO] [stderr]    Compiling clap_derive v3.2.25
[INFO] [stderr]    Compiling ouroboros_macro v0.18.5
[INFO] [stderr]    Compiling sea-bae v0.2.2
[INFO] [stderr]    Compiling thiserror v2.0.21
[INFO] [stderr]    Compiling num-integer v0.1.47
[INFO] [stderr]    Compiling atoi v2.0.0
[INFO] [stderr]    Compiling ordered-float v4.6.0
[INFO] [stderr]    Compiling async-stream-impl v0.3.6
[INFO] [stderr]    Compiling names v0.14.0
[INFO] [stderr]    Compiling strsim v0.10.0
[INFO] [stderr]    Compiling textwrap v0.16.4
[INFO] [stderr]    Compiling num-bigint v0.4.8
[INFO] [stderr]    Compiling async-stream v0.3.6
[INFO] [stderr]    Compiling sea-orm-macros v1.1.20
[INFO] [stderr]    Compiling strum v0.26.3
[INFO] [stderr]    Compiling derive_more v2.1.1
[INFO] [stderr]    Compiling clap v3.2.25
[INFO] [stderr]    Compiling ouroboros v0.18.5
[INFO] [stderr]    Compiling serde v1.0.229
[INFO] [stderr]    Compiling deranged v0.5.9
[INFO] [stderr]    Compiling uuid v1.28.0
[INFO] [stderr]    Compiling log v0.4.34
[INFO] [stderr]    Compiling tracing v0.1.44
[INFO] [stderr]    Compiling smallvec v1.16.3
[INFO] [stderr]    Compiling chrono v0.4.45
[INFO] [stderr]    Compiling either v1.19.0
[INFO] [stderr]    Compiling icu_normalizer v2.3.0
[INFO] [stderr]    Compiling parking_lot_core v0.9.12
[INFO] [stderr]    Compiling parking_lot v0.12.5
[INFO] [stderr]    Compiling futures-intrusive v0.5.0
[INFO] [stderr]    Compiling time v0.3.55
[INFO] [stderr]    Compiling idna_adapter v1.2.2
[INFO] [stderr]    Compiling idna v1.1.0
[INFO] [stderr]    Compiling url v2.5.8
[INFO] [stderr]    Compiling tokio-stream v0.1.19
[INFO] [stderr]    Compiling sea-query v0.32.7
[INFO] [stderr]    Compiling rustls-webpki v0.103.15
[INFO] [stderr]    Compiling sqlx-core v0.8.6
[INFO] [stderr]    Compiling sqlx-postgres v0.8.6
[INFO] [stderr]    Compiling sqlx v0.8.6
[INFO] [stderr]    Compiling sea-query-binder v0.7.0
[INFO] [stderr]    Compiling sea-orm v1.1.20
[INFO] [stderr]    Compiling tea-orm v2.2.1 (/opt/rustwide/workdir)
[INFO] [stderr]     Finished `release` profile [optimized] target(s) in 2m 06s
[INFO] running `Command { std: "docker" "inspect" "8fb78383127c3477985f18d85884168ea21632f13229dd2a2cad36bcad56849d", kill_on_drop: false }`
[INFO] running `Command { std: "docker" "exec" "-e" "SOURCE_DIR=/opt/rustwide/workdir" "-e" "CARGO_HOME=/opt/rustwide/cargo-home" "-e" "RUSTUP_HOME=/opt/rustwide/rustup-home" "-e" "CARGO_TARGET_DIR=/opt/rustwide/target" "-e" "CARGO_INCREMENTAL=0" "-e" "RUST_BACKTRACE=full" "-e" "RUSTFLAGS=--cap-lints=warn" "-e" "RUSTDOCFLAGS=--cap-lints=warn" "-w" "/opt/rustwide/workdir" "--user" "0:0" "8fb78383127c3477985f18d85884168ea21632f13229dd2a2cad36bcad56849d" "/opt/rustwide/cargo-home/bin/cargo" "+1.99.0-beta.8" "test" "--frozen" "--no-run" "--message-format=json" "--release", kill_on_drop: false }`
[INFO] [stderr]    Compiling tokio-macros v2.7.2
[INFO] [stderr]    Compiling tokio v1.53.3
[INFO] [stderr]    Compiling tokio-stream v0.1.19
[INFO] [stderr]    Compiling sqlx-core v0.8.6
[INFO] [stderr]    Compiling sqlx-postgres v0.8.6
[INFO] [stderr]    Compiling sqlx v0.8.6
[INFO] [stderr]    Compiling sea-query-binder v0.7.0
[INFO] [stderr]    Compiling sea-orm v1.1.20
[INFO] [stderr]    Compiling tea-orm v2.2.1 (/opt/rustwide/workdir)
[INFO] [stderr]     Finished `release` profile [optimized] target(s) in 1m 07s
[INFO] running `Command { std: "docker" "inspect" "8fb78383127c3477985f18d85884168ea21632f13229dd2a2cad36bcad56849d", kill_on_drop: false }`
[INFO] running `Command { std: "docker" "exec" "-e" "SOURCE_DIR=/opt/rustwide/workdir" "-e" "CARGO_HOME=/opt/rustwide/cargo-home" "-e" "RUSTUP_HOME=/opt/rustwide/rustup-home" "-e" "CARGO_TARGET_DIR=/opt/rustwide/target" "-e" "CARGO_INCREMENTAL=0" "-e" "RUST_BACKTRACE=full" "-e" "RUSTFLAGS=--cap-lints=warn" "-e" "RUSTDOCFLAGS=--cap-lints=warn" "-w" "/opt/rustwide/workdir" "--user" "0:0" "8fb78383127c3477985f18d85884168ea21632f13229dd2a2cad36bcad56849d" "/opt/rustwide/cargo-home/bin/cargo" "+1.99.0-beta.8" "test" "--frozen" "--release", kill_on_drop: false }`
[INFO] [stderr]     Finished `release` profile [optimized] target(s) in 0.34s
[INFO] [stderr]      Running unittests src/lib.rs (/opt/rustwide/target/release/deps/tea_orm-4f70df0c9cd9131f)
[INFO] [stdout] 
[INFO] [stdout] running 2 tests
[INFO] [stderr] error: test failed, to rerun pass `--lib`
[INFO] [stdout] test queries::list_databases::query_list_databases::is_should_list_the_current_number_of_dbs_after_creation ... FAILED
[INFO] [stdout] test queries::create_database_from_template::query_create_database_from_template::it_should_clone_db ... FAILED
[INFO] [stdout] 
[INFO] [stdout] failures:
[INFO] [stdout] 
[INFO] [stdout] ---- queries::list_databases::query_list_databases::is_should_list_the_current_number_of_dbs_after_creation stdout ----
[INFO] [stdout] 
[INFO] [stdout] thread 'queries::list_databases::query_list_databases::is_should_list_the_current_number_of_dbs_after_creation' (2300) panicked at src/queries/list_databases.rs:57:14:
[INFO] [stdout] called `Result::unwrap()` on an `Err` value: Connection Error: pool timed out while waiting for an open connection
[INFO] [stdout] 
[INFO] [stdout] Caused by:
[INFO] [stdout]     0: pool timed out while waiting for an open connection
[INFO] [stdout]     1: pool timed out while waiting for an open connection
[INFO] [stdout] 
[INFO] [stdout] Stack backtrace:
[INFO] [stdout]    0: <anyhow::Error as core::convert::From<sea_orm::error::DbErr>>::from
[INFO] [stdout]    1: tea_orm::queries::list_databases::query_list_databases::is_should_list_the_current_number_of_dbs_after_creation::{closure#0}
[INFO] [stdout]    2: <tokio::runtime::scheduler::current_thread::Context>::enter::<core::task::poll::Poll<()>, <tokio::runtime::scheduler::current_thread::CoreGuard>::block_on<core::pin::Pin<&mut core::pin::Pin<&mut dyn core::future::future::Future<Output = ()>>>>::{closure#0}::{closure#0}>
[INFO] [stdout]    3: <tokio::runtime::context::scoped::Scoped<tokio::runtime::scheduler::Context>>::set::<<tokio::runtime::scheduler::current_thread::CoreGuard>::enter<<tokio::runtime::scheduler::current_thread::CoreGuard>::block_on<core::pin::Pin<&mut core::pin::Pin<&mut dyn core::future::future::Future<Output = ()>>>>::{closure#0}, core::option::Option<()>>::{closure#0}, (alloc::boxed::Box<tokio::runtime::scheduler::current_thread::Core>, core::option::Option<()>)>
[INFO] [stdout]    4: <tokio::runtime::scheduler::current_thread::CoreGuard>::block_on::<core::pin::Pin<&mut core::pin::Pin<&mut dyn core::future::future::Future<Output = ()>>>>
[INFO] [stdout]    5: tokio::runtime::context::runtime::enter_runtime::<<tokio::runtime::scheduler::current_thread::CurrentThread>::block_on<core::pin::Pin<&mut dyn core::future::future::Future<Output = ()>>>::{closure#0}, ()>
[INFO] [stdout]    6: <tokio::runtime::runtime::Runtime>::block_on::<core::pin::Pin<&mut dyn core::future::future::Future<Output = ()>>>
[INFO] [stdout]    7: tea_orm::queries::list_databases::query_list_databases::is_should_list_the_current_number_of_dbs_after_creation
[INFO] [stdout]    8: <tea_orm::queries::list_databases::query_list_databases::is_should_list_the_current_number_of_dbs_after_creation::{closure#0} as core::ops::function::FnOnce<()>>::call_once
[INFO] [stdout]    9: test::__rust_begin_short_backtrace::<core::result::Result<(), alloc::string::String>, fn() -> core::result::Result<(), alloc::string::String>>
[INFO] [stdout]   10: test::run_test::{closure#0}
[INFO] [stdout]   11: std::sys::backtrace::__rust_begin_short_backtrace::<test::run_test::{closure#1}, ()>
[INFO] [stdout]   12: <std::thread::lifecycle::spawn_unchecked<test::run_test::{closure#1}, ()>::{closure#1} as core::ops::function::FnOnce<()>>::call_once::{shim:vtable#0}
[INFO] [stdout]   13: <std::sys::thread::unix::Thread>::new::thread_start
[INFO] [stdout]   14: <unknown>
[INFO] [stdout]   15: clone
[INFO] [stdout] stack backtrace:
[INFO] [stdout]    0:     0x6003dd39a341 - <<std[70759c8f55707aa4]::sys::backtrace::BacktraceLock>::print::DisplayBacktrace as core[df12db4294e9bfd3]::fmt::Display>::fmt
[INFO] [stdout]    1:     0x6003dd3b279a - core[df12db4294e9bfd3]::fmt::write
[INFO] [stdout]    2:     0x6003dd39f26c - <alloc[2182bb758b4b3781]::vec::Vec<u8> as core[df12db4294e9bfd3]::io::write::Write>::write_fmt
[INFO] [stdout]    3:     0x6003dd374c36 - std[70759c8f55707aa4]::panicking::default_hook::{closure#0}
[INFO] [stdout]    4:     0x6003dd391f29 - std[70759c8f55707aa4]::panicking::default_hook
[INFO] [stdout]    5:     0x6003dd045e20 - test[9d35eded1c95d3be]::test_main_inner::<test[9d35eded1c95d3be]::test_main_static::{closure#0}>::{closure#0}
[INFO] [stdout]    6:     0x6003dd392252 - std[70759c8f55707aa4]::panicking::panic_with_hook
[INFO] [stdout]    7:     0x6003dd374ce2 - std[70759c8f55707aa4]::panicking::panic_handler::{closure#0}
[INFO] [stdout]    8:     0x6003dd36d269 - std[70759c8f55707aa4]::sys::backtrace::__rust_end_short_backtrace::<std[70759c8f55707aa4]::panicking::panic_handler::{closure#0}, !>
[INFO] [stdout]    9:     0x6003dd375bdd - __rustc[8fa7c3cbc660c2b3]::rust_begin_unwind
[INFO] [stdout]   10:     0x6003dd3b2efc - core[df12db4294e9bfd3]::panicking::panic_fmt
[INFO] [stdout]   11:     0x6003dd3b2cd2 - core[df12db4294e9bfd3]::result::unwrap_failed
[INFO] [stdout]   12:     0x6003dcffc81e - tea_orm[e637a2682ab239ba]::queries::list_databases::query_list_databases::is_should_list_the_current_number_of_dbs_after_creation::{closure#0}
[INFO] [stdout]   13:     0x6003dd0290e3 - <tokio[399ff716323ab765]::runtime::scheduler::current_thread::Context>::enter::<core[df12db4294e9bfd3]::task::poll::Poll<()>, <tokio[399ff716323ab765]::runtime::scheduler::current_thread::CoreGuard>::block_on<core[df12db4294e9bfd3]::pin::Pin<&mut core[df12db4294e9bfd3]::pin::Pin<&mut dyn core[df12db4294e9bfd3]::future::future::Future<Output = ()>>>>::{closure#0}::{closure#0}>
[INFO] [stdout]   14:     0x6003dd02cbac - <tokio[399ff716323ab765]::runtime::context::scoped::Scoped<tokio[399ff716323ab765]::runtime::scheduler::Context>>::set::<<tokio[399ff716323ab765]::runtime::scheduler::current_thread::CoreGuard>::enter<<tokio[399ff716323ab765]::runtime::scheduler::current_thread::CoreGuard>::block_on<core[df12db4294e9bfd3]::pin::Pin<&mut core[df12db4294e9bfd3]::pin::Pin<&mut dyn core[df12db4294e9bfd3]::future::future::Future<Output = ()>>>>::{closure#0}, core[df12db4294e9bfd3]::option::Option<()>>::{closure#0}, (alloc[2182bb758b4b3781]::boxed::Box<tokio[399ff716323ab765]::runtime::scheduler::current_thread::Core>, core[df12db4294e9bfd3]::option::Option<()>)>
[INFO] [stdout]   15:     0x6003dd029635 - <tokio[399ff716323ab765]::runtime::scheduler::current_thread::CoreGuard>::block_on::<core[df12db4294e9bfd3]::pin::Pin<&mut core[df12db4294e9bfd3]::pin::Pin<&mut dyn core[df12db4294e9bfd3]::future::future::Future<Output = ()>>>>
[INFO] [stdout]   16:     0x6003dd02ec80 - tokio[399ff716323ab765]::runtime::context::runtime::enter_runtime::<<tokio[399ff716323ab765]::runtime::scheduler::current_thread::CurrentThread>::block_on<core[df12db4294e9bfd3]::pin::Pin<&mut dyn core[df12db4294e9bfd3]::future::future::Future<Output = ()>>>::{closure#0}, ()>
[INFO] [stdout]   17:     0x6003dd0212ab - <tokio[399ff716323ab765]::runtime::runtime::Runtime>::block_on::<core[df12db4294e9bfd3]::pin::Pin<&mut dyn core[df12db4294e9bfd3]::future::future::Future<Output = ()>>>
[INFO] [stdout]   18:     0x6003dcffd108 - tea_orm[e637a2682ab239ba]::queries::list_databases::query_list_databases::is_should_list_the_current_number_of_dbs_after_creation
[INFO] [stdout]   19:     0x6003dd02fa29 - <tea_orm[e637a2682ab239ba]::queries::list_databases::query_list_databases::is_should_list_the_current_number_of_dbs_after_creation::{closure#0} as core[df12db4294e9bfd3]::ops::function::FnOnce<()>>::call_once
[INFO] [stdout]   20:     0x6003dd03910b - test[9d35eded1c95d3be]::__rust_begin_short_backtrace::<core[df12db4294e9bfd3]::result::Result<(), alloc[2182bb758b4b3781]::string::String>, fn() -> core[df12db4294e9bfd3]::result::Result<(), alloc[2182bb758b4b3781]::string::String>>
[INFO] [stdout]   21:     0x6003dd046775 - test[9d35eded1c95d3be]::run_test::{closure#0}
[INFO] [stdout]   22:     0x6003dd040034 - std[70759c8f55707aa4]::sys::backtrace::__rust_begin_short_backtrace::<test[9d35eded1c95d3be]::run_test::{closure#1}, ()>
[INFO] [stdout]   23:     0x6003dd0498d2 - <std[70759c8f55707aa4]::thread::lifecycle::spawn_unchecked<test[9d35eded1c95d3be]::run_test::{closure#1}, ()>::{closure#1} as core[df12db4294e9bfd3]::ops::function::FnOnce<()>>::call_once::{shim:vtable#0}
[INFO] [stdout]   24:     0x6003dd399549 - <std[70759c8f55707aa4]::sys::thread::unix::Thread>::new::thread_start
[INFO] [stdout]   25:     0x764dcf909dfa - <unknown>
[INFO] [stdout]   26:     0x764dcf99d3d4 - clone
[INFO] [stdout]   27:                0x0 - <unknown>
[INFO] [stdout] 
[INFO] [stdout] ---- queries::create_database_from_template::query_create_database_from_template::it_should_clone_db stdout ----
[INFO] [stdout] 
[INFO] [stdout] thread 'queries::create_database_from_template::query_create_database_from_template::it_should_clone_db' (2299) panicked at src/queries/create_database_from_template.rs:74:14:
[INFO] [stdout] called `Result::unwrap()` on an `Err` value: Connection Error: pool timed out while waiting for an open connection
[INFO] [stdout] 
[INFO] [stdout] Caused by:
[INFO] [stdout]     0: pool timed out while waiting for an open connection
[INFO] [stdout]     1: pool timed out while waiting for an open connection
[INFO] [stdout] 
[INFO] [stdout] Stack backtrace:
[INFO] [stdout]    0: <anyhow::Error as core::convert::From<sea_orm::error::DbErr>>::from
[INFO] [stdout]    1: tea_orm::queries::create_database_from_template::query_create_database_from_template::it_should_clone_db::{closure#0}
[INFO] [stdout]    2: <tokio::runtime::scheduler::current_thread::Context>::enter::<core::task::poll::Poll<()>, <tokio::runtime::scheduler::current_thread::CoreGuard>::block_on<core::pin::Pin<&mut core::pin::Pin<&mut dyn core::future::future::Future<Output = ()>>>>::{closure#0}::{closure#0}>
[INFO] [stdout]    3: <tokio::runtime::context::scoped::Scoped<tokio::runtime::scheduler::Context>>::set::<<tokio::runtime::scheduler::current_thread::CoreGuard>::enter<<tokio::runtime::scheduler::current_thread::CoreGuard>::block_on<core::pin::Pin<&mut core::pin::Pin<&mut dyn core::future::future::Future<Output = ()>>>>::{closure#0}, core::option::Option<()>>::{closure#0}, (alloc::boxed::Box<tokio::runtime::scheduler::current_thread::Core>, core::option::Option<()>)>
[INFO] [stdout]    4: <tokio::runtime::scheduler::current_thread::CoreGuard>::block_on::<core::pin::Pin<&mut core::pin::Pin<&mut dyn core::future::future::Future<Output = ()>>>>
[INFO] [stdout]    5: tokio::runtime::context::runtime::enter_runtime::<<tokio::runtime::scheduler::current_thread::CurrentThread>::block_on<core::pin::Pin<&mut dyn core::future::future::Future<Output = ()>>>::{closure#0}, ()>
[INFO] [stdout]    6: <tokio::runtime::runtime::Runtime>::block_on::<core::pin::Pin<&mut dyn core::future::future::Future<Output = ()>>>
[INFO] [stdout]    7: tea_orm::queries::create_database_from_template::query_create_database_from_template::it_should_clone_db
[INFO] [stdout]    8: <tea_orm::queries::create_database_from_template::query_create_database_from_template::it_should_clone_db::{closure#0} as core::ops::function::FnOnce<()>>::call_once
[INFO] [stdout]    9: test::__rust_begin_short_backtrace::<core::result::Result<(), alloc::string::String>, fn() -> core::result::Result<(), alloc::string::String>>
[INFO] [stdout]   10: test::run_test::{closure#0}
[INFO] [stdout]   11: std::sys::backtrace::__rust_begin_short_backtrace::<test::run_test::{closure#1}, ()>
[INFO] [stdout]   12: <std::thread::lifecycle::spawn_unchecked<test::run_test::{closure#1}, ()>::{closure#1} as core::ops::function::FnOnce<()>>::call_once::{shim:vtable#0}
[INFO] [stdout]   13: <std::sys::thread::unix::Thread>::new::thread_start
[INFO] [stdout]   14: <unknown>
[INFO] [stdout]   15: clone
[INFO] [stdout] stack backtrace:
[INFO] [stdout]    0:     0x6003dd39a341 - <<std[70759c8f55707aa4]::sys::backtrace::BacktraceLock>::print::DisplayBacktrace as core[df12db4294e9bfd3]::fmt::Display>::fmt
[INFO] [stdout]    1:     0x6003dd3b279a - core[df12db4294e9bfd3]::fmt::write
[INFO] [stdout]    2:     0x6003dd39f26c - <alloc[2182bb758b4b3781]::vec::Vec<u8> as core[df12db4294e9bfd3]::io::write::Write>::write_fmt
[INFO] [stdout]    3:     0x6003dd374c36 - std[70759c8f55707aa4]::panicking::default_hook::{closure#0}
[INFO] [stdout]    4:     0x6003dd391f29 - std[70759c8f55707aa4]::panicking::default_hook
[INFO] [stdout]    5:     0x6003dd045e20 - test[9d35eded1c95d3be]::test_main_inner::<test[9d35eded1c95d3be]::test_main_static::{closure#0}>::{closure#0}
[INFO] [stdout]    6:     0x6003dd392252 - std[70759c8f55707aa4]::panicking::panic_with_hook
[INFO] [stdout]    7:     0x6003dd374ce2 - std[70759c8f55707aa4]::panicking::panic_handler::{closure#0}
[INFO] [stdout]    8:     0x6003dd36d269 - std[70759c8f55707aa4]::sys::backtrace::__rust_end_short_backtrace::<std[70759c8f55707aa4]::panicking::panic_handler::{closure#0}, !>
[INFO] [stdout]    9:     0x6003dd375bdd - __rustc[8fa7c3cbc660c2b3]::rust_begin_unwind
[INFO] [stdout]   10:     0x6003dd3b2efc - core[df12db4294e9bfd3]::panicking::panic_fmt
[INFO] [stdout]   11:     0x6003dd3b2cd2 - core[df12db4294e9bfd3]::result::unwrap_failed
[INFO] [stdout]   12:     0x6003dd007049 - tea_orm[e637a2682ab239ba]::queries::create_database_from_template::query_create_database_from_template::it_should_clone_db::{closure#0}
[INFO] [stdout]   13:     0x6003dd0290e3 - <tokio[399ff716323ab765]::runtime::scheduler::current_thread::Context>::enter::<core[df12db4294e9bfd3]::task::poll::Poll<()>, <tokio[399ff716323ab765]::runtime::scheduler::current_thread::CoreGuard>::block_on<core[df12db4294e9bfd3]::pin::Pin<&mut core[df12db4294e9bfd3]::pin::Pin<&mut dyn core[df12db4294e9bfd3]::future::future::Future<Output = ()>>>>::{closure#0}::{closure#0}>
[INFO] [stdout]   14:     0x6003dd02cbac - <tokio[399ff716323ab765]::runtime::context::scoped::Scoped<tokio[399ff716323ab765]::runtime::scheduler::Context>>::set::<<tokio[399ff716323ab765]::runtime::scheduler::current_thread::CoreGuard>::enter<<tokio[399ff716323ab765]::runtime::scheduler::current_thread::CoreGuard>::block_on<core[df12db4294e9bfd3]::pin::Pin<&mut core[df12db4294e9bfd3]::pin::Pin<&mut dyn core[df12db4294e9bfd3]::future::future::Future<Output = ()>>>>::{closure#0}, core[df12db4294e9bfd3]::option::Option<()>>::{closure#0}, (alloc[2182bb758b4b3781]::boxed::Box<tokio[399ff716323ab765]::runtime::scheduler::current_thread::Core>, core[df12db4294e9bfd3]::option::Option<()>)>
[INFO] [stdout]   15:     0x6003dd029635 - <tokio[399ff716323ab765]::runtime::scheduler::current_thread::CoreGuard>::block_on::<core[df12db4294e9bfd3]::pin::Pin<&mut core[df12db4294e9bfd3]::pin::Pin<&mut dyn core[df12db4294e9bfd3]::future::future::Future<Output = ()>>>>
[INFO] [stdout]   16:     0x6003dd02ec80 - tokio[399ff716323ab765]::runtime::context::runtime::enter_runtime::<<tokio[399ff716323ab765]::runtime::scheduler::current_thread::CurrentThread>::block_on<core[df12db4294e9bfd3]::pin::Pin<&mut dyn core[df12db4294e9bfd3]::future::future::Future<Output = ()>>>::{closure#0}, ()>
[INFO] [stdout]   17:     0x6003dd0212ab - <tokio[399ff716323ab765]::runtime::runtime::Runtime>::block_on::<core[df12db4294e9bfd3]::pin::Pin<&mut dyn core[df12db4294e9bfd3]::future::future::Future<Output = ()>>>
[INFO] [stdout]   18:     0x6003dd007918 - tea_orm[e637a2682ab239ba]::queries::create_database_from_template::query_create_database_from_template::it_should_clone_db
[INFO] [stdout]   19:     0x6003dd02fa49 - <tea_orm[e637a2682ab239ba]::queries::create_database_from_template::query_create_database_from_template::it_should_clone_db::{closure#0} as core[df12db4294e9bfd3]::ops::function::FnOnce<()>>::call_once
[INFO] [stdout]   20:     0x6003dd03910b - test[9d35eded1c95d3be]::__rust_begin_short_backtrace::<core[df12db4294e9bfd3]::result::Result<(), alloc[2182bb758b4b3781]::string::String>, fn() -> core[df12db4294e9bfd3]::result::Result<(), alloc[2182bb758b4b3781]::string::String>>
[INFO] [stdout]   21:     0x6003dd046775 - test[9d35eded1c95d3be]::run_test::{closure#0}
[INFO] [stdout]   22:     0x6003dd040034 - std[70759c8f55707aa4]::sys::backtrace::__rust_begin_short_backtrace::<test[9d35eded1c95d3be]::run_test::{closure#1}, ()>
[INFO] [stdout]   23:     0x6003dd0498d2 - <std[70759c8f55707aa4]::thread::lifecycle::spawn_unchecked<test[9d35eded1c95d3be]::run_test::{closure#1}, ()>::{closure#1} as core[df12db4294e9bfd3]::ops::function::FnOnce<()>>::call_once::{shim:vtable#0}
[INFO] [stdout]   24:     0x6003dd399549 - <std[70759c8f55707aa4]::sys::thread::unix::Thread>::new::thread_start
[INFO] [stdout]   25:     0x764dcf909dfa - <unknown>
[INFO] [stdout]   26:     0x764dcf99d3d4 - clone
[INFO] [stdout]   27:                0x0 - <unknown>
[INFO] [stdout] 
[INFO] [stdout] 
[INFO] [stdout] failures:
[INFO] [stdout]     queries::create_database_from_template::query_create_database_from_template::it_should_clone_db
[INFO] [stdout]     queries::list_databases::query_list_databases::is_should_list_the_current_number_of_dbs_after_creation
[INFO] [stdout] 
[INFO] [stdout] test result: FAILED. 0 passed; 2 failed; 0 ignored; 0 measured; 0 filtered out; finished in 30.01s
[INFO] [stdout] 
[INFO] running `Command { std: "docker" "inspect" "8fb78383127c3477985f18d85884168ea21632f13229dd2a2cad36bcad56849d", kill_on_drop: false }`
[INFO] running `Command { std: "docker" "rm" "-f" "8fb78383127c3477985f18d85884168ea21632f13229dd2a2cad36bcad56849d", kill_on_drop: false }`
[INFO] [stdout] 8fb78383127c3477985f18d85884168ea21632f13229dd2a2cad36bcad56849d
