[INFO] fetching crate tcgdex_sdk 0.1.0...
[INFO] testing tcgdex_sdk-0.1.0 against 1.99.0-beta.8+cargoflags=--release for beta-release-1.100-2
[INFO] extracting crate tcgdex_sdk 0.1.0 into /workspace/builds/worker-3-tc1/source
[INFO] started tweaking crates.io crate tcgdex_sdk 0.1.0
[INFO] removed 0 missing tests
[INFO] finished tweaking crates.io crate tcgdex_sdk 0.1.0
[INFO] tweaked toml for crates.io crate tcgdex_sdk 0.1.0 written to /workspace/builds/worker-3-tc1/source/Cargo.toml
[INFO] validating manifest of crates.io crate tcgdex_sdk 0.1.0 on toolchain 1.99.0-beta.8
[INFO] running `Command { std: CARGO_HOME="/workspace/cargo-home" RUSTUP_HOME="/workspace/rustup-home" "/workspace/cargo-home/bin/cargo" "+1.99.0-beta.8" "metadata" "--manifest-path" "Cargo.toml" "--no-deps", kill_on_drop: false }`
[INFO] crate crates.io crate tcgdex_sdk 0.1.0 already has a lockfile, it will not be regenerated
[INFO] running `Command { std: CARGO_HOME="/workspace/cargo-home" RUSTUP_HOME="/workspace/rustup-home" "/workspace/cargo-home/bin/cargo" "+1.99.0-beta.8" "fetch" "--manifest-path" "Cargo.toml", kill_on_drop: false }`
[INFO] [stderr]  Downloading crates ...
[INFO] [stderr]   Downloaded litemap v0.7.5
[INFO] [stderr]   Downloaded bitflags v2.9.0
[INFO] [stderr]   Downloaded rustversion v1.0.20
[INFO] [stderr]   Downloaded redox_syscall v0.5.12
[INFO] [stderr]   Downloaded async-trait v0.1.88
[INFO] [stderr]   Downloaded errno v0.3.11
[INFO] [stderr]   Downloaded native-tls v0.2.14
[INFO] [stderr]   Downloaded tempfile v3.19.1
[INFO] [stderr]   Downloaded getrandom v0.3.2
[INFO] [stderr]   Downloaded tokio-util v0.7.15
[INFO] [stderr]   Downloaded openssl-sys v0.9.108
[INFO] [stderr]   Downloaded cc v1.2.21
[INFO] [stderr]   Downloaded h2 v0.3.26
[INFO] [stderr]   Downloaded serde_json v1.0.140
[INFO] [stderr]   Downloaded openssl v0.10.72
[INFO] [stderr]   Downloaded rustix v1.0.7
[INFO] [stderr]   Downloaded tokio v1.45.0
[INFO] running `Command { std: "docker" "create" "-v" "/var/lib/crater-agent-workspace/builds/worker-3-tc1/source:/opt/rustwide/workdir:ro,Z" "-v" "/var/lib/crater-agent-workspace/builds/worker-3-tc1/target:/opt/rustwide/target:rw,Z" "-v" "/var/lib/crater-agent-workspace/cargo-home:/opt/rustwide/cargo-home:ro,Z" "-v" "/var/lib/crater-agent-workspace/rustup-home:/opt/rustwide/rustup-home:ro,Z" "-m" "1610612736" "--network" "none" "ghcr.io/rust-lang/crates-build-env/linux@sha256:77db811e55d90add9212f6832c23229e3de5f1c1f9905e8cb07319ea15df73ac" "sleep" "infinity", kill_on_drop: false }`
[INFO] [stdout] 8b18ba470edd21915614ac067e50e111ef2bc90b636a6bbe6f86c06ead0d2d9f
[INFO] running `Command { std: "docker" "start" "8b18ba470edd21915614ac067e50e111ef2bc90b636a6bbe6f86c06ead0d2d9f", kill_on_drop: false }`
[INFO] running `Command { std: "docker" "inspect" "8b18ba470edd21915614ac067e50e111ef2bc90b636a6bbe6f86c06ead0d2d9f", kill_on_drop: false }`
[INFO] running `Command { std: "docker" "exec" "-e" "SOURCE_DIR=/opt/rustwide/workdir" "-e" "CARGO_HOME=/opt/rustwide/cargo-home" "-e" "RUSTUP_HOME=/opt/rustwide/rustup-home" "-e" "CARGO_TARGET_DIR=/opt/rustwide/target" "-w" "/opt/rustwide/workdir" "--user" "0:0" "8b18ba470edd21915614ac067e50e111ef2bc90b636a6bbe6f86c06ead0d2d9f" "/opt/rustwide/cargo-home/bin/cargo" "+1.99.0-beta.8" "metadata" "--no-deps" "--format-version=1", kill_on_drop: false }`
[INFO] running `Command { std: "docker" "inspect" "8b18ba470edd21915614ac067e50e111ef2bc90b636a6bbe6f86c06ead0d2d9f", kill_on_drop: false }`
[INFO] running `Command { std: "docker" "exec" "-e" "SOURCE_DIR=/opt/rustwide/workdir" "-e" "CARGO_HOME=/opt/rustwide/cargo-home" "-e" "RUSTUP_HOME=/opt/rustwide/rustup-home" "-e" "CARGO_TARGET_DIR=/opt/rustwide/target" "-e" "CARGO_INCREMENTAL=0" "-e" "RUST_BACKTRACE=full" "-e" "RUSTFLAGS=--cap-lints=warn" "-e" "RUSTDOCFLAGS=--cap-lints=warn" "-w" "/opt/rustwide/workdir" "--user" "0:0" "8b18ba470edd21915614ac067e50e111ef2bc90b636a6bbe6f86c06ead0d2d9f" "/opt/rustwide/cargo-home/bin/cargo" "+1.99.0-beta.8" "build" "--frozen" "--message-format=json" "--release", kill_on_drop: false }`
[INFO] [stderr]    Compiling syn v2.0.101
[INFO] [stderr]    Compiling libc v0.2.172
[INFO] [stderr]    Compiling smallvec v1.15.0
[INFO] [stderr]    Compiling stable_deref_trait v1.2.0
[INFO] [stderr]    Compiling lock_api v0.4.12
[INFO] [stderr]    Compiling cc v1.2.21
[INFO] [stderr]    Compiling parking_lot_core v0.9.10
[INFO] [stderr]    Compiling pin-project-lite v0.2.16
[INFO] [stderr]    Compiling pkg-config v0.3.32
[INFO] [stderr]    Compiling icu_locid_transform_data v1.5.1
[INFO] [stderr]    Compiling writeable v0.5.5
[INFO] [stderr]    Compiling bytes v1.10.1
[INFO] [stderr]    Compiling litemap v0.7.5
[INFO] [stderr]    Compiling once_cell v1.21.3
[INFO] [stderr]    Compiling itoa v1.0.15
[INFO] [stderr]    Compiling icu_properties_data v1.5.1
[INFO] [stderr]    Compiling icu_normalizer_data v1.5.1
[INFO] [stderr]    Compiling futures-core v0.3.31
[INFO] [stderr]    Compiling foreign-types-shared v0.1.1
[INFO] [stderr]    Compiling openssl v0.10.72
[INFO] [stderr]    Compiling fnv v1.0.7
[INFO] [stderr]    Compiling foreign-types v0.3.2
[INFO] [stderr]    Compiling slab v0.4.9
[INFO] [stderr]    Compiling tracing-core v0.1.33
[INFO] [stderr]    Compiling httparse v1.10.1
[INFO] [stderr]    Compiling hashbrown v0.15.3
[INFO] [stderr]    Compiling write16 v1.0.0
[INFO] [stderr]    Compiling http v0.2.12
[INFO] [stderr]    Compiling native-tls v0.2.14
[INFO] [stderr]    Compiling signal-hook-registry v1.4.5
[INFO] [stderr]    Compiling parking_lot v0.12.3
[INFO] [stderr]    Compiling socket2 v0.5.9
[INFO] [stderr]    Compiling openssl-sys v0.9.108
[INFO] [stderr]    Compiling mio v1.0.3
[INFO] [stderr]    Compiling futures-sink v0.3.31
[INFO] [stderr]    Compiling pin-utils v0.1.0
[INFO] [stderr]    Compiling futures-task v0.3.31
[INFO] [stderr]    Compiling utf16_iter v1.0.5
[INFO] [stderr]    Compiling bitflags v2.9.0
[INFO] [stderr]    Compiling equivalent v1.0.2
[INFO] [stderr]    Compiling serde v1.0.219
[INFO] [stderr]    Compiling indexmap v2.9.0
[INFO] [stderr]    Compiling futures-util v0.3.31
[INFO] [stderr]    Compiling tracing v0.1.41
[INFO] [stderr]    Compiling try-lock v0.2.5
[INFO] [stderr]    Compiling openssl-probe v0.1.6
[INFO] [stderr]    Compiling percent-encoding v2.3.1
[INFO] [stderr]    Compiling rustversion v1.0.20
[INFO] [stderr]    Compiling form_urlencoded v1.2.1
[INFO] [stderr]    Compiling want v0.3.1
[INFO] [stderr]    Compiling http-body v0.4.6
[INFO] [stderr]    Compiling futures-channel v0.3.31
[INFO] [stderr]    Compiling ryu v1.0.20
[INFO] [stderr]    Compiling tower-service v0.3.3
[INFO] [stderr]    Compiling httpdate v1.0.3
[INFO] [stderr]    Compiling serde_json v1.0.140
[INFO] [stderr]    Compiling memchr v2.7.4
[INFO] [stderr]    Compiling rustls-pemfile v1.0.4
[INFO] [stderr]    Compiling encoding_rs v0.8.35
[INFO] [stderr]    Compiling mime v0.3.17
[INFO] [stderr]    Compiling sync_wrapper v0.1.2
[INFO] [stderr]    Compiling ipnet v2.11.0
[INFO] [stderr]    Compiling strum_macros v0.24.3
[INFO] [stderr]    Compiling synstructure v0.13.2
[INFO] [stderr]    Compiling strum v0.24.1
[INFO] [stderr]    Compiling zerovec-derive v0.10.3
[INFO] [stderr]    Compiling displaydoc v0.2.5
[INFO] [stderr]    Compiling icu_provider_macros v1.5.0
[INFO] [stderr]    Compiling tokio-macros v2.5.0
[INFO] [stderr]    Compiling openssl-macros v0.1.1
[INFO] [stderr]    Compiling serde_derive v1.0.219
[INFO] [stderr]    Compiling zerofrom-derive v0.1.6
[INFO] [stderr]    Compiling yoke-derive v0.7.5
[INFO] [stderr]    Compiling thiserror-impl v1.0.69
[INFO] [stderr]    Compiling tokio v1.45.0
[INFO] [stderr]    Compiling async-trait v0.1.88
[INFO] [stderr]    Compiling zerofrom v0.1.6
[INFO] [stderr]    Compiling yoke v0.7.5
[INFO] [stderr]    Compiling thiserror v1.0.69
[INFO] [stderr]    Compiling zerovec v0.10.4
[INFO] [stderr]    Compiling tinystr v0.7.6
[INFO] [stderr]    Compiling icu_collections v1.5.0
[INFO] [stderr]    Compiling icu_locid v1.5.0
[INFO] [stderr]    Compiling icu_provider v1.5.0
[INFO] [stderr]    Compiling icu_locid_transform v1.5.0
[INFO] [stderr]    Compiling icu_properties v1.5.1
[INFO] [stderr]    Compiling serde_urlencoded v0.7.1
[INFO] [stderr]    Compiling tokio-util v0.7.15
[INFO] [stderr]    Compiling tokio-native-tls v0.3.1
[INFO] [stderr]    Compiling h2 v0.3.26
[INFO] [stderr]    Compiling icu_normalizer v1.5.0
[INFO] [stderr]    Compiling idna_adapter v1.2.0
[INFO] [stderr]    Compiling idna v1.0.3
[INFO] [stderr]    Compiling url v2.5.4
[INFO] [stderr]    Compiling hyper v0.14.32
[INFO] [stderr]    Compiling hyper-tls v0.5.0
[INFO] [stderr]    Compiling reqwest v0.11.27
[INFO] [stderr]    Compiling tcgdex_sdk v0.1.0 (/opt/rustwide/workdir)
[INFO] [stderr]     Finished `release` profile [optimized] target(s) in 2m 14s
[INFO] running `Command { std: "docker" "inspect" "8b18ba470edd21915614ac067e50e111ef2bc90b636a6bbe6f86c06ead0d2d9f", kill_on_drop: false }`
[INFO] running `Command { std: "docker" "exec" "-e" "SOURCE_DIR=/opt/rustwide/workdir" "-e" "CARGO_HOME=/opt/rustwide/cargo-home" "-e" "RUSTUP_HOME=/opt/rustwide/rustup-home" "-e" "CARGO_TARGET_DIR=/opt/rustwide/target" "-e" "CARGO_INCREMENTAL=0" "-e" "RUST_BACKTRACE=full" "-e" "RUSTFLAGS=--cap-lints=warn" "-e" "RUSTDOCFLAGS=--cap-lints=warn" "-w" "/opt/rustwide/workdir" "--user" "0:0" "8b18ba470edd21915614ac067e50e111ef2bc90b636a6bbe6f86c06ead0d2d9f" "/opt/rustwide/cargo-home/bin/cargo" "+1.99.0-beta.8" "test" "--frozen" "--no-run" "--message-format=json" "--release", kill_on_drop: false }`
[INFO] [stderr]    Compiling tcgdex_sdk v0.1.0 (/opt/rustwide/workdir)
[INFO] [stderr]     Finished `release` profile [optimized] target(s) in 6.72s
[INFO] running `Command { std: "docker" "inspect" "8b18ba470edd21915614ac067e50e111ef2bc90b636a6bbe6f86c06ead0d2d9f", kill_on_drop: false }`
[INFO] running `Command { std: "docker" "exec" "-e" "SOURCE_DIR=/opt/rustwide/workdir" "-e" "CARGO_HOME=/opt/rustwide/cargo-home" "-e" "RUSTUP_HOME=/opt/rustwide/rustup-home" "-e" "CARGO_TARGET_DIR=/opt/rustwide/target" "-e" "CARGO_INCREMENTAL=0" "-e" "RUST_BACKTRACE=full" "-e" "RUSTFLAGS=--cap-lints=warn" "-e" "RUSTDOCFLAGS=--cap-lints=warn" "-w" "/opt/rustwide/workdir" "--user" "0:0" "8b18ba470edd21915614ac067e50e111ef2bc90b636a6bbe6f86c06ead0d2d9f" "/opt/rustwide/cargo-home/bin/cargo" "+1.99.0-beta.8" "test" "--frozen" "--release", kill_on_drop: false }`
[INFO] [stderr]     Finished `release` profile [optimized] target(s) in 0.15s
[INFO] [stderr]      Running unittests src/lib.rs (/opt/rustwide/target/release/deps/tcgdex_sdk-2821feac70835ba8)
[INFO] [stdout] 
[INFO] [stdout] running 3 tests
[INFO] [stdout] test tests::test_query_builder ... ok
[INFO] [stdout] test tests::test_default_client ... ok
[INFO] [stdout] test tests::test_custom_client ... ok
[INFO] [stdout] 
[INFO] [stdout] test result: ok. 3 passed; 0 failed; 0 ignored; 0 measured; 0 filtered out; finished in 1.48s
[INFO] [stdout] 
[INFO] [stderr]      Running tests/integration.rs (/opt/rustwide/target/release/deps/integration-2be883e7b5f212d3)
[INFO] [stdout] 
[INFO] [stdout] running 8 tests
[INFO] [stdout] test test_complex_query ... FAILED
[INFO] [stdout] test test_get_card ... FAILED
[INFO] [stdout] test test_set ... FAILED
[INFO] [stdout] test test_different_languages ... FAILED
[INFO] [stdout] test test_card_image_url ... FAILED
[INFO] [stdout] test test_serie ... FAILED
[INFO] [stdout] test test_card_list ... FAILED
[INFO] [stdout] test test_string_endpoints ... FAILED
[INFO] [stdout] 
[INFO] [stdout] failures:
[INFO] [stdout] 
[INFO] [stdout] ---- test_complex_query stdout ----
[INFO] [stdout] 
[INFO] [stdout] thread 'test_complex_query' (1851) panicked at tests/integration.rs:100:61:
[INFO] [stdout] called `Result::unwrap()` on an `Err` value: Http(reqwest::Error { kind: Request, url: Url { scheme: "https", cannot_be_a_base: false, username: "", password: None, host: Some(Domain("api.tcgdex.net")), port: None, path: "/v2/en/cards", query: Some("types=eq%3AFire&hp=gte%3A100&sort%3Afield=name&sort%3Aorder=asc"), fragment: None }, source: hyper::Error(Connect, ConnectError("dns error", Custom { kind: Uncategorized, error: "failed to lookup address information: Temporary failure in name resolution" })) })
[INFO] [stdout] stack backtrace:
[INFO] [stdout]    0:     0x62c32e3519b1 - <<std[70759c8f55707aa4]::sys::backtrace::BacktraceLock>::print::DisplayBacktrace as core[df12db4294e9bfd3]::fmt::Display>::fmt
[INFO] [stdout]    1:     0x62c32e36790a - core[df12db4294e9bfd3]::fmt::write
[INFO] [stdout]    2:     0x62c32e3564cc - <alloc[2182bb758b4b3781]::vec::Vec<u8> as core[df12db4294e9bfd3]::io::write::Write>::write_fmt
[INFO] [stdout]    3:     0x62c32e32cd16 - std[70759c8f55707aa4]::panicking::default_hook::{closure#0}
[INFO] [stderr] error: test failed, to rerun pass `--test integration`
[INFO] [stdout]    4:     0x62c32e3499d9 - std[70759c8f55707aa4]::panicking::default_hook
[INFO] [stdout]    5:     0x62c32e18d6f0 - test[9d35eded1c95d3be]::test_main_inner::<test[9d35eded1c95d3be]::test_main_static::{closure#0}>::{closure#0}
[INFO] [stdout]    6:     0x62c32e349d02 - std[70759c8f55707aa4]::panicking::panic_with_hook
[INFO] [stdout]    7:     0x62c32e32cdc2 - std[70759c8f55707aa4]::panicking::panic_handler::{closure#0}
[INFO] [stdout]    8:     0x62c32e325a69 - std[70759c8f55707aa4]::sys::backtrace::__rust_end_short_backtrace::<std[70759c8f55707aa4]::panicking::panic_handler::{closure#0}, !>
[INFO] [stdout]    9:     0x62c32e32dbad - __rustc[8fa7c3cbc660c2b3]::rust_begin_unwind
[INFO] [stdout]   10:     0x62c32e36806c - core[df12db4294e9bfd3]::panicking::panic_fmt
[INFO] [stdout]   11:     0x62c32e367e42 - core[df12db4294e9bfd3]::result::unwrap_failed
[INFO] [stdout]   12:     0x62c32e173d23 - integration[7d4a4aef55bedd42]::test_complex_query::{closure#0}
[INFO] [stdout]   13:     0x62c32e17c893 - <tokio[5d7e8ae115e953dc]::runtime::scheduler::current_thread::Context>::enter::<core[df12db4294e9bfd3]::task::poll::Poll<()>, <tokio[5d7e8ae115e953dc]::runtime::scheduler::current_thread::CoreGuard>::block_on<core[df12db4294e9bfd3]::pin::Pin<&mut core[df12db4294e9bfd3]::pin::Pin<&mut dyn core[df12db4294e9bfd3]::future::future::Future<Output = ()>>>>::{closure#0}::{closure#0}>
[INFO] [stdout]   14:     0x62c32e1782fc - <tokio[5d7e8ae115e953dc]::runtime::context::scoped::Scoped<tokio[5d7e8ae115e953dc]::runtime::scheduler::Context>>::set::<<tokio[5d7e8ae115e953dc]::runtime::scheduler::current_thread::CoreGuard>::enter<<tokio[5d7e8ae115e953dc]::runtime::scheduler::current_thread::CoreGuard>::block_on<core[df12db4294e9bfd3]::pin::Pin<&mut core[df12db4294e9bfd3]::pin::Pin<&mut dyn core[df12db4294e9bfd3]::future::future::Future<Output = ()>>>>::{closure#0}, core[df12db4294e9bfd3]::option::Option<()>>::{closure#0}, (alloc[2182bb758b4b3781]::boxed::Box<tokio[5d7e8ae115e953dc]::runtime::scheduler::current_thread::Core>, core[df12db4294e9bfd3]::option::Option<()>)>
[INFO] [stdout]   15:     0x62c32e17cbe7 - <tokio[5d7e8ae115e953dc]::runtime::scheduler::current_thread::CoreGuard>::block_on::<core[df12db4294e9bfd3]::pin::Pin<&mut core[df12db4294e9bfd3]::pin::Pin<&mut dyn core[df12db4294e9bfd3]::future::future::Future<Output = ()>>>>
[INFO] [stdout]   16:     0x62c32e1796e7 - tokio[5d7e8ae115e953dc]::runtime::context::runtime::enter_runtime::<<tokio[5d7e8ae115e953dc]::runtime::scheduler::current_thread::CurrentThread>::block_on<core[df12db4294e9bfd3]::pin::Pin<&mut dyn core[df12db4294e9bfd3]::future::future::Future<Output = ()>>>::{closure#0}, ()>
[INFO] [stdout]   17:     0x62c32e1801b5 - <tokio[5d7e8ae115e953dc]::runtime::runtime::Runtime>::block_on::<core[df12db4294e9bfd3]::pin::Pin<&mut dyn core[df12db4294e9bfd3]::future::future::Future<Output = ()>>>
[INFO] [stdout]   18:     0x62c32e1774de - <integration[7d4a4aef55bedd42]::test_complex_query::{closure#0} as core[df12db4294e9bfd3]::ops::function::FnOnce<()>>::call_once
[INFO] [stdout]   19:     0x62c32e1809db - test[9d35eded1c95d3be]::__rust_begin_short_backtrace::<core[df12db4294e9bfd3]::result::Result<(), alloc[2182bb758b4b3781]::string::String>, fn() -> core[df12db4294e9bfd3]::result::Result<(), alloc[2182bb758b4b3781]::string::String>>
[INFO] [stdout]   20:     0x62c32e18e045 - test[9d35eded1c95d3be]::run_test::{closure#0}
[INFO] [stdout]   21:     0x62c32e187904 - std[70759c8f55707aa4]::sys::backtrace::__rust_begin_short_backtrace::<test[9d35eded1c95d3be]::run_test::{closure#1}, ()>
[INFO] [stdout]   22:     0x62c32e1911a2 - <std[70759c8f55707aa4]::thread::lifecycle::spawn_unchecked<test[9d35eded1c95d3be]::run_test::{closure#1}, ()>::{closure#1} as core[df12db4294e9bfd3]::ops::function::FnOnce<()>>::call_once::{shim:vtable#0}
[INFO] [stdout]   23:     0x62c32e350ed9 - <std[70759c8f55707aa4]::sys::thread::unix::Thread>::new::thread_start
[INFO] [stdout]   24:     0x736bb4be9dfa - <unknown>
[INFO] [stdout]   25:     0x736bb4c7d3d4 - clone
[INFO] [stdout]   26:                0x0 - <unknown>
[INFO] [stdout] 
[INFO] [stdout] ---- test_get_card stdout ----
[INFO] [stdout] 
[INFO] [stdout] thread 'test_get_card' (1853) panicked at tests/integration.rs:13:49:
[INFO] [stdout] called `Result::unwrap()` on an `Err` value: Http(reqwest::Error { kind: Request, url: Url { scheme: "https", cannot_be_a_base: false, username: "", password: None, host: Some(Domain("api.tcgdex.net")), port: None, path: "/v2/en/cards/base1-4", query: None, fragment: None }, source: hyper::Error(Connect, ConnectError("dns error", Custom { kind: Uncategorized, error: "failed to lookup address information: Temporary failure in name resolution" })) })
[INFO] [stdout] stack backtrace:
[INFO] [stdout]    0:     0x62c32e3519b1 - <<std[70759c8f55707aa4]::sys::backtrace::BacktraceLock>::print::DisplayBacktrace as core[df12db4294e9bfd3]::fmt::Display>::fmt
[INFO] [stdout]    1:     0x62c32e36790a - core[df12db4294e9bfd3]::fmt::write
[INFO] [stdout]    2:     0x62c32e3564cc - <alloc[2182bb758b4b3781]::vec::Vec<u8> as core[df12db4294e9bfd3]::io::write::Write>::write_fmt
[INFO] [stdout]    3:     0x62c32e32cd16 - std[70759c8f55707aa4]::panicking::default_hook::{closure#0}
[INFO] [stdout]    4:     0x62c32e3499d9 - std[70759c8f55707aa4]::panicking::default_hook
[INFO] [stdout]    5:     0x62c32e18d6f0 - test[9d35eded1c95d3be]::test_main_inner::<test[9d35eded1c95d3be]::test_main_static::{closure#0}>::{closure#0}
[INFO] [stdout]    6:     0x62c32e349d02 - std[70759c8f55707aa4]::panicking::panic_with_hook
[INFO] [stdout]    7:     0x62c32e32cdc2 - std[70759c8f55707aa4]::panicking::panic_handler::{closure#0}
[INFO] [stdout]    8:     0x62c32e325a69 - std[70759c8f55707aa4]::sys::backtrace::__rust_end_short_backtrace::<std[70759c8f55707aa4]::panicking::panic_handler::{closure#0}, !>
[INFO] [stdout]    9:     0x62c32e32dbad - __rustc[8fa7c3cbc660c2b3]::rust_begin_unwind
[INFO] [stdout]   10:     0x62c32e36806c - core[df12db4294e9bfd3]::panicking::panic_fmt
[INFO] [stdout]   11:     0x62c32e367e42 - core[df12db4294e9bfd3]::result::unwrap_failed
[INFO] [stdout]   12:     0x62c32e172ed8 - integration[7d4a4aef55bedd42]::test_get_card::{closure#0}
[INFO] [stdout]   13:     0x62c32e17c893 - <tokio[5d7e8ae115e953dc]::runtime::scheduler::current_thread::Context>::enter::<core[df12db4294e9bfd3]::task::poll::Poll<()>, <tokio[5d7e8ae115e953dc]::runtime::scheduler::current_thread::CoreGuard>::block_on<core[df12db4294e9bfd3]::pin::Pin<&mut core[df12db4294e9bfd3]::pin::Pin<&mut dyn core[df12db4294e9bfd3]::future::future::Future<Output = ()>>>>::{closure#0}::{closure#0}>
[INFO] [stdout]   14:     0x62c32e1782fc - <tokio[5d7e8ae115e953dc]::runtime::context::scoped::Scoped<tokio[5d7e8ae115e953dc]::runtime::scheduler::Context>>::set::<<tokio[5d7e8ae115e953dc]::runtime::scheduler::current_thread::CoreGuard>::enter<<tokio[5d7e8ae115e953dc]::runtime::scheduler::current_thread::CoreGuard>::block_on<core[df12db4294e9bfd3]::pin::Pin<&mut core[df12db4294e9bfd3]::pin::Pin<&mut dyn core[df12db4294e9bfd3]::future::future::Future<Output = ()>>>>::{closure#0}, core[df12db4294e9bfd3]::option::Option<()>>::{closure#0}, (alloc[2182bb758b4b3781]::boxed::Box<tokio[5d7e8ae115e953dc]::runtime::scheduler::current_thread::Core>, core[df12db4294e9bfd3]::option::Option<()>)>
[INFO] [stdout]   15:     0x62c32e17cbe7 - <tokio[5d7e8ae115e953dc]::runtime::scheduler::current_thread::CoreGuard>::block_on::<core[df12db4294e9bfd3]::pin::Pin<&mut core[df12db4294e9bfd3]::pin::Pin<&mut dyn core[df12db4294e9bfd3]::future::future::Future<Output = ()>>>>
[INFO] [stdout]   16:     0x62c32e1796e7 - tokio[5d7e8ae115e953dc]::runtime::context::runtime::enter_runtime::<<tokio[5d7e8ae115e953dc]::runtime::scheduler::current_thread::CurrentThread>::block_on<core[df12db4294e9bfd3]::pin::Pin<&mut dyn core[df12db4294e9bfd3]::future::future::Future<Output = ()>>>::{closure#0}, ()>
[INFO] [stdout]   17:     0x62c32e1801b5 - <tokio[5d7e8ae115e953dc]::runtime::runtime::Runtime>::block_on::<core[df12db4294e9bfd3]::pin::Pin<&mut dyn core[df12db4294e9bfd3]::future::future::Future<Output = ()>>>
[INFO] [stdout]   18:     0x62c32e1771fe - <integration[7d4a4aef55bedd42]::test_get_card::{closure#0} as core[df12db4294e9bfd3]::ops::function::FnOnce<()>>::call_once
[INFO] [stdout]   19:     0x62c32e1809db - test[9d35eded1c95d3be]::__rust_begin_short_backtrace::<core[df12db4294e9bfd3]::result::Result<(), alloc[2182bb758b4b3781]::string::String>, fn() -> core[df12db4294e9bfd3]::result::Result<(), alloc[2182bb758b4b3781]::string::String>>
[INFO] [stdout]   20:     0x62c32e18e045 - test[9d35eded1c95d3be]::run_test::{closure#0}
[INFO] [stdout]   21:     0x62c32e187904 - std[70759c8f55707aa4]::sys::backtrace::__rust_begin_short_backtrace::<test[9d35eded1c95d3be]::run_test::{closure#1}, ()>
[INFO] [stdout]   22:     0x62c32e1911a2 - <std[70759c8f55707aa4]::thread::lifecycle::spawn_unchecked<test[9d35eded1c95d3be]::run_test::{closure#1}, ()>::{closure#1} as core[df12db4294e9bfd3]::ops::function::FnOnce<()>>::call_once::{shim:vtable#0}
[INFO] [stdout]   23:     0x62c32e350ed9 - <std[70759c8f55707aa4]::sys::thread::unix::Thread>::new::thread_start
[INFO] [stdout]   24:     0x736bb4be9dfa - <unknown>
[INFO] [stdout]   25:     0x736bb4c7d3d4 - clone
[INFO] [stdout]   26:                0x0 - <unknown>
[INFO] [stdout] 
[INFO] [stdout] ---- test_set stdout ----
[INFO] [stdout] 
[INFO] [stdout] thread 'test_set' (1855) panicked at tests/integration.rs:40:45:
[INFO] [stdout] called `Result::unwrap()` on an `Err` value: Http(reqwest::Error { kind: Request, url: Url { scheme: "https", cannot_be_a_base: false, username: "", password: None, host: Some(Domain("api.tcgdex.net")), port: None, path: "/v2/en/sets/base1", query: None, fragment: None }, source: hyper::Error(Connect, ConnectError("dns error", Custom { kind: Uncategorized, error: "failed to lookup address information: Temporary failure in name resolution" })) })
[INFO] [stdout] stack backtrace:
[INFO] [stdout]    0:     0x62c32e3519b1 - <<std[70759c8f55707aa4]::sys::backtrace::BacktraceLock>::print::DisplayBacktrace as core[df12db4294e9bfd3]::fmt::Display>::fmt
[INFO] [stdout]    1:     0x62c32e36790a - core[df12db4294e9bfd3]::fmt::write
[INFO] [stdout]    2:     0x62c32e3564cc - <alloc[2182bb758b4b3781]::vec::Vec<u8> as core[df12db4294e9bfd3]::io::write::Write>::write_fmt
[INFO] [stdout]    3:     0x62c32e32cd16 - std[70759c8f55707aa4]::panicking::default_hook::{closure#0}
[INFO] [stdout]    4:     0x62c32e3499d9 - std[70759c8f55707aa4]::panicking::default_hook
[INFO] [stdout]    5:     0x62c32e18d6f0 - test[9d35eded1c95d3be]::test_main_inner::<test[9d35eded1c95d3be]::test_main_static::{closure#0}>::{closure#0}
[INFO] [stdout]    6:     0x62c32e349d02 - std[70759c8f55707aa4]::panicking::panic_with_hook
[INFO] [stdout]    7:     0x62c32e32cdc2 - std[70759c8f55707aa4]::panicking::panic_handler::{closure#0}
[INFO] [stdout]    8:     0x62c32e325a69 - std[70759c8f55707aa4]::sys::backtrace::__rust_end_short_backtrace::<std[70759c8f55707aa4]::panicking::panic_handler::{closure#0}, !>
[INFO] [stdout]    9:     0x62c32e32dbad - __rustc[8fa7c3cbc660c2b3]::rust_begin_unwind
[INFO] [stdout]   10:     0x62c32e36806c - core[df12db4294e9bfd3]::panicking::panic_fmt
[INFO] [stdout]   11:     0x62c32e367e42 - core[df12db4294e9bfd3]::result::unwrap_failed
[INFO] [stdout]   12:     0x62c32e1756ef - integration[7d4a4aef55bedd42]::test_set::{closure#0}
[INFO] [stdout]   13:     0x62c32e17c893 - <tokio[5d7e8ae115e953dc]::runtime::scheduler::current_thread::Context>::enter::<core[df12db4294e9bfd3]::task::poll::Poll<()>, <tokio[5d7e8ae115e953dc]::runtime::scheduler::current_thread::CoreGuard>::block_on<core[df12db4294e9bfd3]::pin::Pin<&mut core[df12db4294e9bfd3]::pin::Pin<&mut dyn core[df12db4294e9bfd3]::future::future::Future<Output = ()>>>>::{closure#0}::{closure#0}>
[INFO] [stdout]   14:     0x62c32e1782fc - <tokio[5d7e8ae115e953dc]::runtime::context::scoped::Scoped<tokio[5d7e8ae115e953dc]::runtime::scheduler::Context>>::set::<<tokio[5d7e8ae115e953dc]::runtime::scheduler::current_thread::CoreGuard>::enter<<tokio[5d7e8ae115e953dc]::runtime::scheduler::current_thread::CoreGuard>::block_on<core[df12db4294e9bfd3]::pin::Pin<&mut core[df12db4294e9bfd3]::pin::Pin<&mut dyn core[df12db4294e9bfd3]::future::future::Future<Output = ()>>>>::{closure#0}, core[df12db4294e9bfd3]::option::Option<()>>::{closure#0}, (alloc[2182bb758b4b3781]::boxed::Box<tokio[5d7e8ae115e953dc]::runtime::scheduler::current_thread::Core>, core[df12db4294e9bfd3]::option::Option<()>)>
[INFO] [stdout]   15:     0x62c32e17cbe7 - <tokio[5d7e8ae115e953dc]::runtime::scheduler::current_thread::CoreGuard>::block_on::<core[df12db4294e9bfd3]::pin::Pin<&mut core[df12db4294e9bfd3]::pin::Pin<&mut dyn core[df12db4294e9bfd3]::future::future::Future<Output = ()>>>>
[INFO] [stdout]   16:     0x62c32e1796e7 - tokio[5d7e8ae115e953dc]::runtime::context::runtime::enter_runtime::<<tokio[5d7e8ae115e953dc]::runtime::scheduler::current_thread::CurrentThread>::block_on<core[df12db4294e9bfd3]::pin::Pin<&mut dyn core[df12db4294e9bfd3]::future::future::Future<Output = ()>>>::{closure#0}, ()>
[INFO] [stdout]   17:     0x62c32e1801b5 - <tokio[5d7e8ae115e953dc]::runtime::runtime::Runtime>::block_on::<core[df12db4294e9bfd3]::pin::Pin<&mut dyn core[df12db4294e9bfd3]::future::future::Future<Output = ()>>>
[INFO] [stdout]   18:     0x62c32e177a9e - <integration[7d4a4aef55bedd42]::test_set::{closure#0} as core[df12db4294e9bfd3]::ops::function::FnOnce<()>>::call_once
[INFO] [stdout]   19:     0x62c32e1809db - test[9d35eded1c95d3be]::__rust_begin_short_backtrace::<core[df12db4294e9bfd3]::result::Result<(), alloc[2182bb758b4b3781]::string::String>, fn() -> core[df12db4294e9bfd3]::result::Result<(), alloc[2182bb758b4b3781]::string::String>>
[INFO] [stdout]   20:     0x62c32e18e045 - test[9d35eded1c95d3be]::run_test::{closure#0}
[INFO] [stdout]   21:     0x62c32e187904 - std[70759c8f55707aa4]::sys::backtrace::__rust_begin_short_backtrace::<test[9d35eded1c95d3be]::run_test::{closure#1}, ()>
[INFO] [stdout]   22:     0x62c32e1911a2 - <std[70759c8f55707aa4]::thread::lifecycle::spawn_unchecked<test[9d35eded1c95d3be]::run_test::{closure#1}, ()>::{closure#1} as core[df12db4294e9bfd3]::ops::function::FnOnce<()>>::call_once::{shim:vtable#0}
[INFO] [stdout]   23:     0x62c32e350ed9 - <std[70759c8f55707aa4]::sys::thread::unix::Thread>::new::thread_start
[INFO] [stdout]   24:     0x736bb4be9dfa - <unknown>
[INFO] [stdout]   25:     0x736bb4c7d3d4 - clone
[INFO] [stdout]   26:                0x0 - <unknown>
[INFO] [stdout] 
[INFO] [stdout] ---- test_different_languages stdout ----
[INFO] [stdout] 
[INFO] [stdout] thread 'test_different_languages' (1852) panicked at tests/integration.rs:59:55:
[INFO] [stdout] called `Result::unwrap()` on an `Err` value: Http(reqwest::Error { kind: Request, url: Url { scheme: "https", cannot_be_a_base: false, username: "", password: None, host: Some(Domain("api.tcgdex.net")), port: None, path: "/v2/en/cards/base1-4", query: None, fragment: None }, source: hyper::Error(Connect, ConnectError("dns error", Custom { kind: Uncategorized, error: "failed to lookup address information: Temporary failure in name resolution" })) })
[INFO] [stdout] stack backtrace:
[INFO] [stdout]    0:     0x62c32e3519b1 - <<std[70759c8f55707aa4]::sys::backtrace::BacktraceLock>::print::DisplayBacktrace as core[df12db4294e9bfd3]::fmt::Display>::fmt
[INFO] [stdout]    1:     0x62c32e36790a - core[df12db4294e9bfd3]::fmt::write
[INFO] [stdout]    2:     0x62c32e3564cc - <alloc[2182bb758b4b3781]::vec::Vec<u8> as core[df12db4294e9bfd3]::io::write::Write>::write_fmt
[INFO] [stdout]    3:     0x62c32e32cd16 - std[70759c8f55707aa4]::panicking::default_hook::{closure#0}
[INFO] [stdout]    4:     0x62c32e3499d9 - std[70759c8f55707aa4]::panicking::default_hook
[INFO] [stdout]    5:     0x62c32e18d6f0 - test[9d35eded1c95d3be]::test_main_inner::<test[9d35eded1c95d3be]::test_main_static::{closure#0}>::{closure#0}
[INFO] [stdout]    6:     0x62c32e349d02 - std[70759c8f55707aa4]::panicking::panic_with_hook
[INFO] [stdout]    7:     0x62c32e32cdc2 - std[70759c8f55707aa4]::panicking::panic_handler::{closure#0}
[INFO] [stdout]    8:     0x62c32e325a69 - std[70759c8f55707aa4]::sys::backtrace::__rust_end_short_backtrace::<std[70759c8f55707aa4]::panicking::panic_handler::{closure#0}, !>
[INFO] [stdout]    9:     0x62c32e32dbad - __rustc[8fa7c3cbc660c2b3]::rust_begin_unwind
[INFO] [stdout]   10:     0x62c32e36806c - core[df12db4294e9bfd3]::panicking::panic_fmt
[INFO] [stdout]   11:     0x62c32e367e42 - core[df12db4294e9bfd3]::result::unwrap_failed
[INFO] [stdout]   12:     0x62c32e174eb9 - integration[7d4a4aef55bedd42]::test_different_languages::{closure#0}
[INFO] [stdout]   13:     0x62c32e17c893 - <tokio[5d7e8ae115e953dc]::runtime::scheduler::current_thread::Context>::enter::<core[df12db4294e9bfd3]::task::poll::Poll<()>, <tokio[5d7e8ae115e953dc]::runtime::scheduler::current_thread::CoreGuard>::block_on<core[df12db4294e9bfd3]::pin::Pin<&mut core[df12db4294e9bfd3]::pin::Pin<&mut dyn core[df12db4294e9bfd3]::future::future::Future<Output = ()>>>>::{closure#0}::{closure#0}>
[INFO] [stdout]   14:     0x62c32e1782fc - <tokio[5d7e8ae115e953dc]::runtime::context::scoped::Scoped<tokio[5d7e8ae115e953dc]::runtime::scheduler::Context>>::set::<<tokio[5d7e8ae115e953dc]::runtime::scheduler::current_thread::CoreGuard>::enter<<tokio[5d7e8ae115e953dc]::runtime::scheduler::current_thread::CoreGuard>::block_on<core[df12db4294e9bfd3]::pin::Pin<&mut core[df12db4294e9bfd3]::pin::Pin<&mut dyn core[df12db4294e9bfd3]::future::future::Future<Output = ()>>>>::{closure#0}, core[df12db4294e9bfd3]::option::Option<()>>::{closure#0}, (alloc[2182bb758b4b3781]::boxed::Box<tokio[5d7e8ae115e953dc]::runtime::scheduler::current_thread::Core>, core[df12db4294e9bfd3]::option::Option<()>)>
[INFO] [stdout]   15:     0x62c32e17cbe7 - <tokio[5d7e8ae115e953dc]::runtime::scheduler::current_thread::CoreGuard>::block_on::<core[df12db4294e9bfd3]::pin::Pin<&mut core[df12db4294e9bfd3]::pin::Pin<&mut dyn core[df12db4294e9bfd3]::future::future::Future<Output = ()>>>>
[INFO] [stdout]   16:     0x62c32e1796e7 - tokio[5d7e8ae115e953dc]::runtime::context::runtime::enter_runtime::<<tokio[5d7e8ae115e953dc]::runtime::scheduler::current_thread::CurrentThread>::block_on<core[df12db4294e9bfd3]::pin::Pin<&mut dyn core[df12db4294e9bfd3]::future::future::Future<Output = ()>>>::{closure#0}, ()>
[INFO] [stdout]   17:     0x62c32e1801b5 - <tokio[5d7e8ae115e953dc]::runtime::runtime::Runtime>::block_on::<core[df12db4294e9bfd3]::pin::Pin<&mut dyn core[df12db4294e9bfd3]::future::future::Future<Output = ()>>>
[INFO] [stdout]   18:     0x62c32e17794d - <integration[7d4a4aef55bedd42]::test_different_languages::{closure#0} as core[df12db4294e9bfd3]::ops::function::FnOnce<()>>::call_once
[INFO] [stdout]   19:     0x62c32e1809db - test[9d35eded1c95d3be]::__rust_begin_short_backtrace::<core[df12db4294e9bfd3]::result::Result<(), alloc[2182bb758b4b3781]::string::String>, fn() -> core[df12db4294e9bfd3]::result::Result<(), alloc[2182bb758b4b3781]::string::String>>
[INFO] [stdout]   20:     0x62c32e18e045 - test[9d35eded1c95d3be]::run_test::{closure#0}
[INFO] [stdout]   21:     0x62c32e187904 - std[70759c8f55707aa4]::sys::backtrace::__rust_begin_short_backtrace::<test[9d35eded1c95d3be]::run_test::{closure#1}, ()>
[INFO] [stdout]   22:     0x62c32e1911a2 - <std[70759c8f55707aa4]::thread::lifecycle::spawn_unchecked<test[9d35eded1c95d3be]::run_test::{closure#1}, ()>::{closure#1} as core[df12db4294e9bfd3]::ops::function::FnOnce<()>>::call_once::{shim:vtable#0}
[INFO] [stdout]   23:     0x62c32e350ed9 - <std[70759c8f55707aa4]::sys::thread::unix::Thread>::new::thread_start
[INFO] [stdout]   24:     0x736bb4be9dfa - <unknown>
[INFO] [stdout]   25:     0x736bb4c7d3d4 - clone
[INFO] [stdout]   26:                0x0 - <unknown>
[INFO] [stdout] 
[INFO] [stdout] ---- test_card_image_url stdout ----
[INFO] [stdout] 
[INFO] [stdout] thread 'test_card_image_url' (1849) panicked at tests/integration.rs:115:49:
[INFO] [stdout] called `Result::unwrap()` on an `Err` value: Http(reqwest::Error { kind: Request, url: Url { scheme: "https", cannot_be_a_base: false, username: "", password: None, host: Some(Domain("api.tcgdex.net")), port: None, path: "/v2/en/cards/base1-4", query: None, fragment: None }, source: hyper::Error(Connect, ConnectError("dns error", Custom { kind: Uncategorized, error: "failed to lookup address information: Temporary failure in name resolution" })) })
[INFO] [stdout] stack backtrace:
[INFO] [stdout]    0:     0x62c32e3519b1 - <<std[70759c8f55707aa4]::sys::backtrace::BacktraceLock>::print::DisplayBacktrace as core[df12db4294e9bfd3]::fmt::Display>::fmt
[INFO] [stdout]    1:     0x62c32e36790a - core[df12db4294e9bfd3]::fmt::write
[INFO] [stdout]    2:     0x62c32e3564cc - <alloc[2182bb758b4b3781]::vec::Vec<u8> as core[df12db4294e9bfd3]::io::write::Write>::write_fmt
[INFO] [stdout]    3:     0x62c32e32cd16 - std[70759c8f55707aa4]::panicking::default_hook::{closure#0}
[INFO] [stdout]    4:     0x62c32e3499d9 - std[70759c8f55707aa4]::panicking::default_hook
[INFO] [stdout]    5:     0x62c32e18d6f0 - test[9d35eded1c95d3be]::test_main_inner::<test[9d35eded1c95d3be]::test_main_static::{closure#0}>::{closure#0}
[INFO] [stdout]    6:     0x62c32e349d02 - std[70759c8f55707aa4]::panicking::panic_with_hook
[INFO] [stdout]    7:     0x62c32e32cdc2 - std[70759c8f55707aa4]::panicking::panic_handler::{closure#0}
[INFO] [stdout]    8:     0x62c32e325a69 - std[70759c8f55707aa4]::sys::backtrace::__rust_end_short_backtrace::<std[70759c8f55707aa4]::panicking::panic_handler::{closure#0}, !>
[INFO] [stdout]    9:     0x62c32e32dbad - __rustc[8fa7c3cbc660c2b3]::rust_begin_unwind
[INFO] [stdout]   10:     0x62c32e36806c - core[df12db4294e9bfd3]::panicking::panic_fmt
[INFO] [stdout]   11:     0x62c32e367e42 - core[df12db4294e9bfd3]::result::unwrap_failed
[INFO] [stdout]   12:     0x62c32e1740a5 - integration[7d4a4aef55bedd42]::test_card_image_url::{closure#0}
[INFO] [stdout]   13:     0x62c32e17c893 - <tokio[5d7e8ae115e953dc]::runtime::scheduler::current_thread::Context>::enter::<core[df12db4294e9bfd3]::task::poll::Poll<()>, <tokio[5d7e8ae115e953dc]::runtime::scheduler::current_thread::CoreGuard>::block_on<core[df12db4294e9bfd3]::pin::Pin<&mut core[df12db4294e9bfd3]::pin::Pin<&mut dyn core[df12db4294e9bfd3]::future::future::Future<Output = ()>>>>::{closure#0}::{closure#0}>
[INFO] [stdout]   14:     0x62c32e1782fc - <tokio[5d7e8ae115e953dc]::runtime::context::scoped::Scoped<tokio[5d7e8ae115e953dc]::runtime::scheduler::Context>>::set::<<tokio[5d7e8ae115e953dc]::runtime::scheduler::current_thread::CoreGuard>::enter<<tokio[5d7e8ae115e953dc]::runtime::scheduler::current_thread::CoreGuard>::block_on<core[df12db4294e9bfd3]::pin::Pin<&mut core[df12db4294e9bfd3]::pin::Pin<&mut dyn core[df12db4294e9bfd3]::future::future::Future<Output = ()>>>>::{closure#0}, core[df12db4294e9bfd3]::option::Option<()>>::{closure#0}, (alloc[2182bb758b4b3781]::boxed::Box<tokio[5d7e8ae115e953dc]::runtime::scheduler::current_thread::Core>, core[df12db4294e9bfd3]::option::Option<()>)>
[INFO] [stdout]   15:     0x62c32e17cbe7 - <tokio[5d7e8ae115e953dc]::runtime::scheduler::current_thread::CoreGuard>::block_on::<core[df12db4294e9bfd3]::pin::Pin<&mut core[df12db4294e9bfd3]::pin::Pin<&mut dyn core[df12db4294e9bfd3]::future::future::Future<Output = ()>>>>
[INFO] [stdout]   16:     0x62c32e1796e7 - tokio[5d7e8ae115e953dc]::runtime::context::runtime::enter_runtime::<<tokio[5d7e8ae115e953dc]::runtime::scheduler::current_thread::CurrentThread>::block_on<core[df12db4294e9bfd3]::pin::Pin<&mut dyn core[df12db4294e9bfd3]::future::future::Future<Output = ()>>>::{closure#0}, ()>
[INFO] [stdout]   17:     0x62c32e1801b5 - <tokio[5d7e8ae115e953dc]::runtime::runtime::Runtime>::block_on::<core[df12db4294e9bfd3]::pin::Pin<&mut dyn core[df12db4294e9bfd3]::future::future::Future<Output = ()>>>
[INFO] [stdout]   18:     0x62c32e17763e - <integration[7d4a4aef55bedd42]::test_card_image_url::{closure#0} as core[df12db4294e9bfd3]::ops::function::FnOnce<()>>::call_once
[INFO] [stdout]   19:     0x62c32e1809db - test[9d35eded1c95d3be]::__rust_begin_short_backtrace::<core[df12db4294e9bfd3]::result::Result<(), alloc[2182bb758b4b3781]::string::String>, fn() -> core[df12db4294e9bfd3]::result::Result<(), alloc[2182bb758b4b3781]::string::String>>
[INFO] [stdout]   20:     0x62c32e18e045 - test[9d35eded1c95d3be]::run_test::{closure#0}
[INFO] [stdout]   21:     0x62c32e187904 - std[70759c8f55707aa4]::sys::backtrace::__rust_begin_short_backtrace::<test[9d35eded1c95d3be]::run_test::{closure#1}, ()>
[INFO] [stdout]   22:     0x62c32e1911a2 - <std[70759c8f55707aa4]::thread::lifecycle::spawn_unchecked<test[9d35eded1c95d3be]::run_test::{closure#1}, ()>::{closure#1} as core[df12db4294e9bfd3]::ops::function::FnOnce<()>>::call_once::{shim:vtable#0}
[INFO] [stdout]   23:     0x62c32e350ed9 - <std[70759c8f55707aa4]::sys::thread::unix::Thread>::new::thread_start
[INFO] [stdout]   24:     0x736bb4be9dfa - <unknown>
[INFO] [stdout]   25:     0x736bb4c7d3d4 - clone
[INFO] [stdout]   26:                0x0 - <unknown>
[INFO] [stdout] 
[INFO] [stdout] ---- test_serie stdout ----
[INFO] [stdout] 
[INFO] [stdout] thread 'test_serie' (1854) panicked at tests/integration.rs:50:48:
[INFO] [stdout] called `Result::unwrap()` on an `Err` value: Http(reqwest::Error { kind: Request, url: Url { scheme: "https", cannot_be_a_base: false, username: "", password: None, host: Some(Domain("api.tcgdex.net")), port: None, path: "/v2/en/series/base", query: None, fragment: None }, source: hyper::Error(Connect, ConnectError("dns error", Custom { kind: Uncategorized, error: "failed to lookup address information: Temporary failure in name resolution" })) })
[INFO] [stdout] stack backtrace:
[INFO] [stdout]    0:     0x62c32e3519b1 - <<std[70759c8f55707aa4]::sys::backtrace::BacktraceLock>::print::DisplayBacktrace as core[df12db4294e9bfd3]::fmt::Display>::fmt
[INFO] [stdout]    1:     0x62c32e36790a - core[df12db4294e9bfd3]::fmt::write
[INFO] [stdout]    2:     0x62c32e3564cc - <alloc[2182bb758b4b3781]::vec::Vec<u8> as core[df12db4294e9bfd3]::io::write::Write>::write_fmt
[INFO] [stdout]    3:     0x62c32e32cd16 - std[70759c8f55707aa4]::panicking::default_hook::{closure#0}
[INFO] [stdout]    4:     0x62c32e3499d9 - std[70759c8f55707aa4]::panicking::default_hook
[INFO] [stdout]    5:     0x62c32e18d6f0 - test[9d35eded1c95d3be]::test_main_inner::<test[9d35eded1c95d3be]::test_main_static::{closure#0}>::{closure#0}
[INFO] [stdout]    6:     0x62c32e349d02 - std[70759c8f55707aa4]::panicking::panic_with_hook
[INFO] [stdout]    7:     0x62c32e32cdc2 - std[70759c8f55707aa4]::panicking::panic_handler::{closure#0}
[INFO] [stdout]    8:     0x62c32e325a69 - std[70759c8f55707aa4]::sys::backtrace::__rust_end_short_backtrace::<std[70759c8f55707aa4]::panicking::panic_handler::{closure#0}, !>
[INFO] [stdout]    9:     0x62c32e32dbad - __rustc[8fa7c3cbc660c2b3]::rust_begin_unwind
[INFO] [stdout]   10:     0x62c32e36806c - core[df12db4294e9bfd3]::panicking::panic_fmt
[INFO] [stdout]   11:     0x62c32e367e42 - core[df12db4294e9bfd3]::result::unwrap_failed
[INFO] [stdout]   12:     0x62c32e172ac2 - integration[7d4a4aef55bedd42]::test_serie::{closure#0}
[INFO] [stdout]   13:     0x62c32e17c893 - <tokio[5d7e8ae115e953dc]::runtime::scheduler::current_thread::Context>::enter::<core[df12db4294e9bfd3]::task::poll::Poll<()>, <tokio[5d7e8ae115e953dc]::runtime::scheduler::current_thread::CoreGuard>::block_on<core[df12db4294e9bfd3]::pin::Pin<&mut core[df12db4294e9bfd3]::pin::Pin<&mut dyn core[df12db4294e9bfd3]::future::future::Future<Output = ()>>>>::{closure#0}::{closure#0}>
[INFO] [stdout]   14:     0x62c32e1782fc - <tokio[5d7e8ae115e953dc]::runtime::context::scoped::Scoped<tokio[5d7e8ae115e953dc]::runtime::scheduler::Context>>::set::<<tokio[5d7e8ae115e953dc]::runtime::scheduler::current_thread::CoreGuard>::enter<<tokio[5d7e8ae115e953dc]::runtime::scheduler::current_thread::CoreGuard>::block_on<core[df12db4294e9bfd3]::pin::Pin<&mut core[df12db4294e9bfd3]::pin::Pin<&mut dyn core[df12db4294e9bfd3]::future::future::Future<Output = ()>>>>::{closure#0}, core[df12db4294e9bfd3]::option::Option<()>>::{closure#0}, (alloc[2182bb758b4b3781]::boxed::Box<tokio[5d7e8ae115e953dc]::runtime::scheduler::current_thread::Core>, core[df12db4294e9bfd3]::option::Option<()>)>
[INFO] [stdout]   15:     0x62c32e17cbe7 - <tokio[5d7e8ae115e953dc]::runtime::scheduler::current_thread::CoreGuard>::block_on::<core[df12db4294e9bfd3]::pin::Pin<&mut core[df12db4294e9bfd3]::pin::Pin<&mut dyn core[df12db4294e9bfd3]::future::future::Future<Output = ()>>>>
[INFO] [stdout]   16:     0x62c32e1796e7 - tokio[5d7e8ae115e953dc]::runtime::context::runtime::enter_runtime::<<tokio[5d7e8ae115e953dc]::runtime::scheduler::current_thread::CurrentThread>::block_on<core[df12db4294e9bfd3]::pin::Pin<&mut dyn core[df12db4294e9bfd3]::future::future::Future<Output = ()>>>::{closure#0}, ()>
[INFO] [stdout]   17:     0x62c32e1801b5 - <tokio[5d7e8ae115e953dc]::runtime::runtime::Runtime>::block_on::<core[df12db4294e9bfd3]::pin::Pin<&mut dyn core[df12db4294e9bfd3]::future::future::Future<Output = ()>>>
[INFO] [stdout]   18:     0x62c32e17707e - <integration[7d4a4aef55bedd42]::test_serie::{closure#0} as core[df12db4294e9bfd3]::ops::function::FnOnce<()>>::call_once
[INFO] [stdout]   19:     0x62c32e1809db - test[9d35eded1c95d3be]::__rust_begin_short_backtrace::<core[df12db4294e9bfd3]::result::Result<(), alloc[2182bb758b4b3781]::string::String>, fn() -> core[df12db4294e9bfd3]::result::Result<(), alloc[2182bb758b4b3781]::string::String>>
[INFO] [stdout]   20:     0x62c32e18e045 - test[9d35eded1c95d3be]::run_test::{closure#0}
[INFO] [stdout]   21:     0x62c32e187904 - std[70759c8f55707aa4]::sys::backtrace::__rust_begin_short_backtrace::<test[9d35eded1c95d3be]::run_test::{closure#1}, ()>
[INFO] [stdout]   22:     0x62c32e1911a2 - <std[70759c8f55707aa4]::thread::lifecycle::spawn_unchecked<test[9d35eded1c95d3be]::run_test::{closure#1}, ()>::{closure#1} as core[df12db4294e9bfd3]::ops::function::FnOnce<()>>::call_once::{shim:vtable#0}
[INFO] [stdout]   23:     0x62c32e350ed9 - <std[70759c8f55707aa4]::sys::thread::unix::Thread>::new::thread_start
[INFO] [stdout]   24:     0x736bb4be9dfa - <unknown>
[INFO] [stdout]   25:     0x736bb4c7d3d4 - clone
[INFO] [stdout]   26:                0x0 - <unknown>
[INFO] [stdout] 
[INFO] [stdout] ---- test_card_list stdout ----
[INFO] [stdout] 
[INFO] [stdout] thread 'test_card_list' (1850) panicked at tests/integration.rs:26:54:
[INFO] [stdout] called `Result::unwrap()` on an `Err` value: Http(reqwest::Error { kind: Request, url: Url { scheme: "https", cannot_be_a_base: false, username: "", password: None, host: Some(Domain("api.tcgdex.net")), port: None, path: "/v2/en/cards", query: Some("name=Pikachu"), fragment: None }, source: hyper::Error(Connect, ConnectError("dns error", Custom { kind: Uncategorized, error: "failed to lookup address information: Temporary failure in name resolution" })) })
[INFO] [stdout] stack backtrace:
[INFO] [stdout]    0:     0x62c32e3519b1 - <<std[70759c8f55707aa4]::sys::backtrace::BacktraceLock>::print::DisplayBacktrace as core[df12db4294e9bfd3]::fmt::Display>::fmt
[INFO] [stdout]    1:     0x62c32e36790a - core[df12db4294e9bfd3]::fmt::write
[INFO] [stdout]    2:     0x62c32e3564cc - <alloc[2182bb758b4b3781]::vec::Vec<u8> as core[df12db4294e9bfd3]::io::write::Write>::write_fmt
[INFO] [stdout]    3:     0x62c32e32cd16 - std[70759c8f55707aa4]::panicking::default_hook::{closure#0}
[INFO] [stdout]    4:     0x62c32e3499d9 - std[70759c8f55707aa4]::panicking::default_hook
[INFO] [stdout]    5:     0x62c32e18d6f0 - test[9d35eded1c95d3be]::test_main_inner::<test[9d35eded1c95d3be]::test_main_static::{closure#0}>::{closure#0}
[INFO] [stdout]    6:     0x62c32e349d02 - std[70759c8f55707aa4]::panicking::panic_with_hook
[INFO] [stdout]    7:     0x62c32e32cdc2 - std[70759c8f55707aa4]::panicking::panic_handler::{closure#0}
[INFO] [stdout]    8:     0x62c32e325a69 - std[70759c8f55707aa4]::sys::backtrace::__rust_end_short_backtrace::<std[70759c8f55707aa4]::panicking::panic_handler::{closure#0}, !>
[INFO] [stdout]    9:     0x62c32e32dbad - __rustc[8fa7c3cbc660c2b3]::rust_begin_unwind
[INFO] [stdout]   10:     0x62c32e36806c - core[df12db4294e9bfd3]::panicking::panic_fmt
[INFO] [stdout]   11:     0x62c32e367e42 - core[df12db4294e9bfd3]::result::unwrap_failed
[INFO] [stdout]   12:     0x62c32e173750 - integration[7d4a4aef55bedd42]::test_card_list::{closure#0}
[INFO] [stdout]   13:     0x62c32e17c893 - <tokio[5d7e8ae115e953dc]::runtime::scheduler::current_thread::Context>::enter::<core[df12db4294e9bfd3]::task::poll::Poll<()>, <tokio[5d7e8ae115e953dc]::runtime::scheduler::current_thread::CoreGuard>::block_on<core[df12db4294e9bfd3]::pin::Pin<&mut core[df12db4294e9bfd3]::pin::Pin<&mut dyn core[df12db4294e9bfd3]::future::future::Future<Output = ()>>>>::{closure#0}::{closure#0}>
[INFO] [stdout]   14:     0x62c32e1782fc - <tokio[5d7e8ae115e953dc]::runtime::context::scoped::Scoped<tokio[5d7e8ae115e953dc]::runtime::scheduler::Context>>::set::<<tokio[5d7e8ae115e953dc]::runtime::scheduler::current_thread::CoreGuard>::enter<<tokio[5d7e8ae115e953dc]::runtime::scheduler::current_thread::CoreGuard>::block_on<core[df12db4294e9bfd3]::pin::Pin<&mut core[df12db4294e9bfd3]::pin::Pin<&mut dyn core[df12db4294e9bfd3]::future::future::Future<Output = ()>>>>::{closure#0}, core[df12db4294e9bfd3]::option::Option<()>>::{closure#0}, (alloc[2182bb758b4b3781]::boxed::Box<tokio[5d7e8ae115e953dc]::runtime::scheduler::current_thread::Core>, core[df12db4294e9bfd3]::option::Option<()>)>
[INFO] [stdout]   15:     0x62c32e17cbe7 - <tokio[5d7e8ae115e953dc]::runtime::scheduler::current_thread::CoreGuard>::block_on::<core[df12db4294e9bfd3]::pin::Pin<&mut core[df12db4294e9bfd3]::pin::Pin<&mut dyn core[df12db4294e9bfd3]::future::future::Future<Output = ()>>>>
[INFO] [stdout]   16:     0x62c32e1796e7 - tokio[5d7e8ae115e953dc]::runtime::context::runtime::enter_runtime::<<tokio[5d7e8ae115e953dc]::runtime::scheduler::current_thread::CurrentThread>::block_on<core[df12db4294e9bfd3]::pin::Pin<&mut dyn core[df12db4294e9bfd3]::future::future::Future<Output = ()>>>::{closure#0}, ()>
[INFO] [stdout]   17:     0x62c32e1801b5 - <tokio[5d7e8ae115e953dc]::runtime::runtime::Runtime>::block_on::<core[df12db4294e9bfd3]::pin::Pin<&mut dyn core[df12db4294e9bfd3]::future::future::Future<Output = ()>>>
[INFO] [stdout]   18:     0x62c32e17737e - <integration[7d4a4aef55bedd42]::test_card_list::{closure#0} as core[df12db4294e9bfd3]::ops::function::FnOnce<()>>::call_once
[INFO] [stdout]   19:     0x62c32e1809db - test[9d35eded1c95d3be]::__rust_begin_short_backtrace::<core[df12db4294e9bfd3]::result::Result<(), alloc[2182bb758b4b3781]::string::String>, fn() -> core[df12db4294e9bfd3]::result::Result<(), alloc[2182bb758b4b3781]::string::String>>
[INFO] [stdout]   20:     0x62c32e18e045 - test[9d35eded1c95d3be]::run_test::{closure#0}
[INFO] [stdout]   21:     0x62c32e187904 - std[70759c8f55707aa4]::sys::backtrace::__rust_begin_short_backtrace::<test[9d35eded1c95d3be]::run_test::{closure#1}, ()>
[INFO] [stdout]   22:     0x62c32e1911a2 - <std[70759c8f55707aa4]::thread::lifecycle::spawn_unchecked<test[9d35eded1c95d3be]::run_test::{closure#1}, ()>::{closure#1} as core[df12db4294e9bfd3]::ops::function::FnOnce<()>>::call_once::{shim:vtable#0}
[INFO] [stdout]   23:     0x62c32e350ed9 - <std[70759c8f55707aa4]::sys::thread::unix::Thread>::new::thread_start
[INFO] [stdout]   24:     0x736bb4be9dfa - <unknown>
[INFO] [stdout]   25:     0x736bb4c7d3d4 - clone
[INFO] [stdout]   26:                0x0 - <unknown>
[INFO] [stdout] 
[INFO] [stdout] ---- test_string_endpoints stdout ----
[INFO] [stdout] 
[INFO] [stdout] thread 'test_string_endpoints' (1856) panicked at tests/integration.rs:78:52:
[INFO] [stdout] called `Result::unwrap()` on an `Err` value: Http(reqwest::Error { kind: Request, url: Url { scheme: "https", cannot_be_a_base: false, username: "", password: None, host: Some(Domain("api.tcgdex.net")), port: None, path: "/v2/en/types", query: None, fragment: None }, source: hyper::Error(Connect, ConnectError("dns error", Custom { kind: Uncategorized, error: "failed to lookup address information: Temporary failure in name resolution" })) })
[INFO] [stdout] stack backtrace:
[INFO] [stdout]    0:     0x62c32e3519b1 - <<std[70759c8f55707aa4]::sys::backtrace::BacktraceLock>::print::DisplayBacktrace as core[df12db4294e9bfd3]::fmt::Display>::fmt
[INFO] [stdout]    1:     0x62c32e36790a - core[df12db4294e9bfd3]::fmt::write
[INFO] [stdout]    2:     0x62c32e3564cc - <alloc[2182bb758b4b3781]::vec::Vec<u8> as core[df12db4294e9bfd3]::io::write::Write>::write_fmt
[INFO] [stdout]    3:     0x62c32e32cd16 - std[70759c8f55707aa4]::panicking::default_hook::{closure#0}
[INFO] [stdout]    4:     0x62c32e3499d9 - std[70759c8f55707aa4]::panicking::default_hook
[INFO] [stdout]    5:     0x62c32e18d6f0 - test[9d35eded1c95d3be]::test_main_inner::<test[9d35eded1c95d3be]::test_main_static::{closure#0}>::{closure#0}
[INFO] [stdout]    6:     0x62c32e349d02 - std[70759c8f55707aa4]::panicking::panic_with_hook
[INFO] [stdout]    7:     0x62c32e32cdc2 - std[70759c8f55707aa4]::panicking::panic_handler::{closure#0}
[INFO] [stdout]    8:     0x62c32e325a69 - std[70759c8f55707aa4]::sys::backtrace::__rust_end_short_backtrace::<std[70759c8f55707aa4]::panicking::panic_handler::{closure#0}, !>
[INFO] [stdout]    9:     0x62c32e32dbad - __rustc[8fa7c3cbc660c2b3]::rust_begin_unwind
[INFO] [stdout]   10:     0x62c32e36806c - core[df12db4294e9bfd3]::panicking::panic_fmt
[INFO] [stdout]   11:     0x62c32e367e42 - core[df12db4294e9bfd3]::result::unwrap_failed
[INFO] [stdout]   12:     0x62c32e174862 - integration[7d4a4aef55bedd42]::test_string_endpoints::{closure#0}
[INFO] [stdout]   13:     0x62c32e17c893 - <tokio[5d7e8ae115e953dc]::runtime::scheduler::current_thread::Context>::enter::<core[df12db4294e9bfd3]::task::poll::Poll<()>, <tokio[5d7e8ae115e953dc]::runtime::scheduler::current_thread::CoreGuard>::block_on<core[df12db4294e9bfd3]::pin::Pin<&mut core[df12db4294e9bfd3]::pin::Pin<&mut dyn core[df12db4294e9bfd3]::future::future::Future<Output = ()>>>>::{closure#0}::{closure#0}>
[INFO] [stdout]   14:     0x62c32e1782fc - <tokio[5d7e8ae115e953dc]::runtime::context::scoped::Scoped<tokio[5d7e8ae115e953dc]::runtime::scheduler::Context>>::set::<<tokio[5d7e8ae115e953dc]::runtime::scheduler::current_thread::CoreGuard>::enter<<tokio[5d7e8ae115e953dc]::runtime::scheduler::current_thread::CoreGuard>::block_on<core[df12db4294e9bfd3]::pin::Pin<&mut core[df12db4294e9bfd3]::pin::Pin<&mut dyn core[df12db4294e9bfd3]::future::future::Future<Output = ()>>>>::{closure#0}, core[df12db4294e9bfd3]::option::Option<()>>::{closure#0}, (alloc[2182bb758b4b3781]::boxed::Box<tokio[5d7e8ae115e953dc]::runtime::scheduler::current_thread::Core>, core[df12db4294e9bfd3]::option::Option<()>)>
[INFO] [stdout]   15:     0x62c32e17cbe7 - <tokio[5d7e8ae115e953dc]::runtime::scheduler::current_thread::CoreGuard>::block_on::<core[df12db4294e9bfd3]::pin::Pin<&mut core[df12db4294e9bfd3]::pin::Pin<&mut dyn core[df12db4294e9bfd3]::future::future::Future<Output = ()>>>>
[INFO] [stdout]   16:     0x62c32e1796e7 - tokio[5d7e8ae115e953dc]::runtime::context::runtime::enter_runtime::<<tokio[5d7e8ae115e953dc]::runtime::scheduler::current_thread::CurrentThread>::block_on<core[df12db4294e9bfd3]::pin::Pin<&mut dyn core[df12db4294e9bfd3]::future::future::Future<Output = ()>>>::{closure#0}, ()>
[INFO] [stdout]   17:     0x62c32e1801b5 - <tokio[5d7e8ae115e953dc]::runtime::runtime::Runtime>::block_on::<core[df12db4294e9bfd3]::pin::Pin<&mut dyn core[df12db4294e9bfd3]::future::future::Future<Output = ()>>>
[INFO] [stdout]   18:     0x62c32e1777be - <integration[7d4a4aef55bedd42]::test_string_endpoints::{closure#0} as core[df12db4294e9bfd3]::ops::function::FnOnce<()>>::call_once
[INFO] [stdout]   19:     0x62c32e1809db - test[9d35eded1c95d3be]::__rust_begin_short_backtrace::<core[df12db4294e9bfd3]::result::Result<(), alloc[2182bb758b4b3781]::string::String>, fn() -> core[df12db4294e9bfd3]::result::Result<(), alloc[2182bb758b4b3781]::string::String>>
[INFO] [stdout]   20:     0x62c32e18e045 - test[9d35eded1c95d3be]::run_test::{closure#0}
[INFO] [stdout]   21:     0x62c32e187904 - std[70759c8f55707aa4]::sys::backtrace::__rust_begin_short_backtrace::<test[9d35eded1c95d3be]::run_test::{closure#1}, ()>
[INFO] [stdout]   22:     0x62c32e1911a2 - <std[70759c8f55707aa4]::thread::lifecycle::spawn_unchecked<test[9d35eded1c95d3be]::run_test::{closure#1}, ()>::{closure#1} as core[df12db4294e9bfd3]::ops::function::FnOnce<()>>::call_once::{shim:vtable#0}
[INFO] [stdout]   23:     0x62c32e350ed9 - <std[70759c8f55707aa4]::sys::thread::unix::Thread>::new::thread_start
[INFO] [stdout]   24:     0x736bb4be9dfa - <unknown>
[INFO] [stdout]   25:     0x736bb4c7d3d4 - clone
[INFO] [stdout]   26:                0x0 - <unknown>
[INFO] [stdout] 
[INFO] [stdout] 
[INFO] [stdout] failures:
[INFO] [stdout]     test_card_image_url
[INFO] [stdout]     test_card_list
[INFO] [stdout]     test_complex_query
[INFO] [stdout]     test_different_languages
[INFO] [stdout]     test_get_card
[INFO] [stdout]     test_serie
[INFO] [stdout]     test_set
[INFO] [stdout]     test_string_endpoints
[INFO] [stdout] 
[INFO] [stdout] test result: FAILED. 0 passed; 8 failed; 0 ignored; 0 measured; 0 filtered out; finished in 3.31s
[INFO] [stdout] 
[INFO] running `Command { std: "docker" "inspect" "8b18ba470edd21915614ac067e50e111ef2bc90b636a6bbe6f86c06ead0d2d9f", kill_on_drop: false }`
[INFO] running `Command { std: "docker" "rm" "-f" "8b18ba470edd21915614ac067e50e111ef2bc90b636a6bbe6f86c06ead0d2d9f", kill_on_drop: false }`
[INFO] [stdout] 8b18ba470edd21915614ac067e50e111ef2bc90b636a6bbe6f86c06ead0d2d9f
