[INFO] fetching crate tcg_db 0.1.0...
[INFO] testing tcg_db-0.1.0 against 1.99.0-beta.8+cargoflags=--release for beta-release-1.100-2
[INFO] extracting crate tcg_db 0.1.0 into /workspace/builds/worker-4-tc1/source
[INFO] started tweaking crates.io crate tcg_db 0.1.0
[INFO] finished tweaking crates.io crate tcg_db 0.1.0
[INFO] tweaked toml for crates.io crate tcg_db 0.1.0 written to /workspace/builds/worker-4-tc1/source/Cargo.toml
[INFO] validating manifest of crates.io crate tcg_db 0.1.0 on toolchain 1.99.0-beta.8
[INFO] running `Command { std: CARGO_HOME="/workspace/cargo-home" RUSTUP_HOME="/workspace/rustup-home" "/workspace/cargo-home/bin/cargo" "+1.99.0-beta.8" "metadata" "--manifest-path" "Cargo.toml" "--no-deps", kill_on_drop: false }`
[INFO] crate crates.io crate tcg_db 0.1.0 already has a lockfile, it will not be regenerated
[INFO] running `Command { std: CARGO_HOME="/workspace/cargo-home" RUSTUP_HOME="/workspace/rustup-home" "/workspace/cargo-home/bin/cargo" "+1.99.0-beta.8" "fetch" "--manifest-path" "Cargo.toml", kill_on_drop: false }`
[INFO] [stderr]     Updating crates.io index
[INFO] [stderr]  Downloading crates ...
[INFO] [stderr]   Downloaded tcg_core v0.1.0
[INFO] [stderr]   Downloaded tcg_rules_ex v0.1.0
[INFO] [stderr]   Downloaded zmij v1.0.12
[INFO] [stderr]   Downloaded tcg_expansions v0.1.0
[INFO] [stderr]   Downloaded jsonschema v0.19.1
[INFO] [stderr]   Downloaded time-macros v0.2.24
[INFO] [stderr]   Downloaded fraction v0.15.3
[INFO] [stderr]   Downloaded uuid v1.19.0
[INFO] running `Command { std: "docker" "create" "-v" "/var/lib/crater-agent-workspace/builds/worker-4-tc1/source:/opt/rustwide/workdir:ro,Z" "-v" "/var/lib/crater-agent-workspace/builds/worker-4-tc1/target:/opt/rustwide/target:rw,Z" "-v" "/var/lib/crater-agent-workspace/cargo-home:/opt/rustwide/cargo-home:ro,Z" "-v" "/var/lib/crater-agent-workspace/rustup-home:/opt/rustwide/rustup-home:ro,Z" "-m" "1610612736" "--network" "none" "ghcr.io/rust-lang/crates-build-env/linux@sha256:77db811e55d90add9212f6832c23229e3de5f1c1f9905e8cb07319ea15df73ac" "sleep" "infinity", kill_on_drop: false }`
[INFO] [stdout] c3adab70790e4c9fa5e3ebf8e39c93639b148d4dc79515e1920d384fb0b3e3aa
[INFO] running `Command { std: "docker" "start" "c3adab70790e4c9fa5e3ebf8e39c93639b148d4dc79515e1920d384fb0b3e3aa", kill_on_drop: false }`
[INFO] running `Command { std: "docker" "inspect" "c3adab70790e4c9fa5e3ebf8e39c93639b148d4dc79515e1920d384fb0b3e3aa", kill_on_drop: false }`
[INFO] running `Command { std: "docker" "exec" "-e" "SOURCE_DIR=/opt/rustwide/workdir" "-e" "CARGO_HOME=/opt/rustwide/cargo-home" "-e" "RUSTUP_HOME=/opt/rustwide/rustup-home" "-e" "CARGO_TARGET_DIR=/opt/rustwide/target" "-w" "/opt/rustwide/workdir" "--user" "0:0" "c3adab70790e4c9fa5e3ebf8e39c93639b148d4dc79515e1920d384fb0b3e3aa" "/opt/rustwide/cargo-home/bin/cargo" "+1.99.0-beta.8" "metadata" "--no-deps" "--format-version=1", kill_on_drop: false }`
[INFO] running `Command { std: "docker" "inspect" "c3adab70790e4c9fa5e3ebf8e39c93639b148d4dc79515e1920d384fb0b3e3aa", kill_on_drop: false }`
[INFO] running `Command { std: "docker" "exec" "-e" "SOURCE_DIR=/opt/rustwide/workdir" "-e" "CARGO_HOME=/opt/rustwide/cargo-home" "-e" "RUSTUP_HOME=/opt/rustwide/rustup-home" "-e" "CARGO_TARGET_DIR=/opt/rustwide/target" "-e" "CARGO_INCREMENTAL=0" "-e" "RUST_BACKTRACE=full" "-e" "RUSTFLAGS=--cap-lints=warn" "-e" "RUSTDOCFLAGS=--cap-lints=warn" "-w" "/opt/rustwide/workdir" "--user" "0:0" "c3adab70790e4c9fa5e3ebf8e39c93639b148d4dc79515e1920d384fb0b3e3aa" "/opt/rustwide/cargo-home/bin/cargo" "+1.99.0-beta.8" "build" "--frozen" "--message-format=json" "--release", kill_on_drop: false }`
[INFO] [stderr]    Compiling proc-macro2 v1.0.105
[INFO] [stderr]    Compiling quote v1.0.43
[INFO] [stderr]    Compiling libc v0.2.179
[INFO] [stderr]    Compiling memchr v2.7.6
[INFO] [stderr]    Compiling zerocopy v0.8.33
[INFO] [stderr]    Compiling futures-sink v0.3.31
[INFO] [stderr]    Compiling http v1.4.0
[INFO] [stderr]    Compiling zmij v1.0.12
[INFO] [stderr]    Compiling ahash v0.8.12
[INFO] [stderr]    Compiling getrandom v0.3.4
[INFO] [stderr]    Compiling slab v0.4.11
[INFO] [stderr]    Compiling find-msvc-tools v0.1.6
[INFO] [stderr]    Compiling num-bigint v0.4.6
[INFO] [stderr]    Compiling tracing-core v0.1.36
[INFO] [stderr]    Compiling bitflags v2.10.0
[INFO] [stderr]    Compiling num-iter v0.1.45
[INFO] [stderr]    Compiling num-complex v0.4.6
[INFO] [stderr]    Compiling futures-channel v0.3.31
[INFO] [stderr]    Compiling time-core v0.1.6
[INFO] [stderr]    Compiling cc v1.2.51
[INFO] [stderr]    Compiling bit-vec v0.6.3
[INFO] [stderr]    Compiling time-macros v0.2.24
[INFO] [stderr]    Compiling deranged v0.5.5
[INFO] [stderr]    Compiling outref v0.5.2
[INFO] [stderr]    Compiling vsimd v0.8.0
[INFO] [stderr]    Compiling uuid v1.19.0
[INFO] [stderr]    Compiling tracing v0.1.44
[INFO] [stderr]    Compiling bit-set v0.5.3
[INFO] [stderr]    Compiling num-cmp v0.1.0
[INFO] [stderr]    Compiling bytecount v0.6.9
[INFO] [stderr]    Compiling futures-util v0.3.31
[INFO] [stderr]    Compiling aho-corasick v1.1.4
[INFO] [stderr]    Compiling serde_json v1.0.149
[INFO] [stderr]    Compiling nom v8.0.0
[INFO] [stderr]    Compiling uuid-simd v0.8.0
[INFO] [stderr]    Compiling syn v2.0.114
[INFO] [stderr]    Compiling num-rational v0.4.2
[INFO] [stderr]    Compiling http-body v1.0.1
[INFO] [stderr]    Compiling libsqlite3-sys v0.28.0
[INFO] [stderr]    Compiling http-body-util v0.1.3
[INFO] [stderr]    Compiling num v0.4.3
[INFO] [stderr]    Compiling fraction v0.15.3
[INFO] [stderr]    Compiling socket2 v0.6.1
[INFO] [stderr]    Compiling mio v1.1.1
[INFO] [stderr]    Compiling getrandom v0.2.16
[INFO] [stderr]    Compiling rand_core v0.6.4
[INFO] [stderr]    Compiling tokio v1.49.0
[INFO] [stderr]    Compiling regex-automata v0.4.13
[INFO] [stderr]    Compiling parking_lot_core v0.9.12
[INFO] [stderr]    Compiling parking_lot v0.12.5
[INFO] [stderr]    Compiling time v0.3.44
[INFO] [stderr]    Compiling ppv-lite86 v0.2.21
[INFO] [stderr]    Compiling synstructure v0.13.2
[INFO] [stderr]    Compiling serde_derive v1.0.228
[INFO] [stderr]    Compiling zerovec-derive v0.11.2
[INFO] [stderr]    Compiling displaydoc v0.2.5
[INFO] [stderr]    Compiling thiserror-impl v1.0.69
[INFO] [stderr]    Compiling zerofrom-derive v0.1.6
[INFO] [stderr]    Compiling yoke-derive v0.8.1
[INFO] [stderr]    Compiling zerofrom v0.1.6
[INFO] [stderr]    Compiling yoke v0.8.1
[INFO] [stderr]    Compiling zerotrie v0.2.3
[INFO] [stderr]    Compiling zerovec v0.11.5
[INFO] [stderr]    Compiling thiserror v1.0.69
[INFO] [stderr]    Compiling iso8601 v0.6.3
[INFO] [stderr]    Compiling tinystr v0.8.2
[INFO] [stderr]    Compiling potential_utf v0.1.4
[INFO] [stderr]    Compiling icu_collections v2.1.1
[INFO] [stderr]    Compiling icu_locale_core v2.1.1
[INFO] [stderr]    Compiling hyper v1.8.1
[INFO] [stderr]    Compiling tower v0.5.2
[INFO] [stderr]    Compiling serde v1.0.228
[INFO] [stderr]    Compiling icu_provider v2.1.1
[INFO] [stderr]    Compiling tower-http v0.6.8
[INFO] [stderr]    Compiling regex v1.12.2
[INFO] [stderr]    Compiling icu_normalizer v2.1.1
[INFO] [stderr]    Compiling icu_properties v2.1.2
[INFO] [stderr]    Compiling fancy-regex v0.13.0
[INFO] [stderr]    Compiling rand_chacha v0.3.1
[INFO] [stderr]    Compiling hashbrown v0.14.5
[INFO] [stderr]    Compiling serde_urlencoded v0.7.1
[INFO] [stderr]    Compiling tcg_rules_ex v0.1.0
[INFO] [stderr]    Compiling hyper-util v0.1.19
[INFO] [stderr]    Compiling rand v0.8.5
[INFO] [stderr]    Compiling idna_adapter v1.2.1
[INFO] [stderr]    Compiling idna v1.1.0
[INFO] [stderr]    Compiling hashlink v0.9.1
[INFO] [stderr]    Compiling url v2.5.8
[INFO] [stderr]    Compiling tcg_core v0.1.0
[INFO] [stderr]    Compiling reqwest v0.12.28
[INFO] [stderr]    Compiling jsonschema v0.19.1
[INFO] [stderr]    Compiling tcg_expansions v0.1.0
[INFO] [stderr]    Compiling rusqlite v0.31.0
[INFO] [stderr]    Compiling tcg_db v0.1.0 (/opt/rustwide/workdir)
[INFO] [stderr]     Finished `release` profile [optimized] target(s) in 3m 07s
[INFO] running `Command { std: "docker" "inspect" "c3adab70790e4c9fa5e3ebf8e39c93639b148d4dc79515e1920d384fb0b3e3aa", kill_on_drop: false }`
[INFO] running `Command { std: "docker" "exec" "-e" "SOURCE_DIR=/opt/rustwide/workdir" "-e" "CARGO_HOME=/opt/rustwide/cargo-home" "-e" "RUSTUP_HOME=/opt/rustwide/rustup-home" "-e" "CARGO_TARGET_DIR=/opt/rustwide/target" "-e" "CARGO_INCREMENTAL=0" "-e" "RUST_BACKTRACE=full" "-e" "RUSTFLAGS=--cap-lints=warn" "-e" "RUSTDOCFLAGS=--cap-lints=warn" "-w" "/opt/rustwide/workdir" "--user" "0:0" "c3adab70790e4c9fa5e3ebf8e39c93639b148d4dc79515e1920d384fb0b3e3aa" "/opt/rustwide/cargo-home/bin/cargo" "+1.99.0-beta.8" "test" "--frozen" "--no-run" "--message-format=json" "--release", kill_on_drop: false }`
[INFO] [stderr]    Compiling tcg_db v0.1.0 (/opt/rustwide/workdir)
[INFO] [stderr]     Finished `release` profile [optimized] target(s) in 22.40s
[INFO] running `Command { std: "docker" "inspect" "c3adab70790e4c9fa5e3ebf8e39c93639b148d4dc79515e1920d384fb0b3e3aa", kill_on_drop: false }`
[INFO] running `Command { std: "docker" "exec" "-e" "SOURCE_DIR=/opt/rustwide/workdir" "-e" "CARGO_HOME=/opt/rustwide/cargo-home" "-e" "RUSTUP_HOME=/opt/rustwide/rustup-home" "-e" "CARGO_TARGET_DIR=/opt/rustwide/target" "-e" "CARGO_INCREMENTAL=0" "-e" "RUST_BACKTRACE=full" "-e" "RUSTFLAGS=--cap-lints=warn" "-e" "RUSTDOCFLAGS=--cap-lints=warn" "-w" "/opt/rustwide/workdir" "--user" "0:0" "c3adab70790e4c9fa5e3ebf8e39c93639b148d4dc79515e1920d384fb0b3e3aa" "/opt/rustwide/cargo-home/bin/cargo" "+1.99.0-beta.8" "test" "--frozen" "--release", kill_on_drop: false }`
[INFO] [stderr]     Finished `release` profile [optimized] target(s) in 0.16s
[INFO] [stderr]      Running unittests src/lib.rs (/opt/rustwide/target/release/deps/tcg_db-7000d1837d1f096d)
[INFO] [stdout] 
[INFO] [stdout] running 16 tests
[INFO] [stdout] test importer::importer_tests::poisonpowder_is_not_noop ... ok
[INFO] [stdout] test compiler::tests::test_card_schema_validation ... FAILED
[INFO] [stdout] test replay::tests::test_game_save_load ... ok
[INFO] [stdout] test validator::tests::test_deck_validator_set_whitelist ... FAILED
[INFO] [stdout] test validator::tests::test_deck_validator_60_cards ... FAILED
[INFO] [stdout] test compiler::tests::test_import_multiple_cards ... FAILED
[INFO] [stdout] test compiler::tests::test_card_compiler ... FAILED
[INFO] [stdout] test validator::tests::test_deck_validator_4_copy_rule ... FAILED
[INFO] [stdout] test deck_importer::tests::test_import_deck_json ... FAILED
[INFO] [stdout] test importer::importer_tests::treecko_paralyzing_gaze_is_not_noop ... ok
[INFO] [stdout] test validator::tests::test_deck_validator_star_restriction ... FAILED
[INFO] [stdout] test importer::importer_tests::venusaur_toxic_sleep_is_sequence_with_conditions_and_marker ... ok
[INFO] [stdout] test validator::tests::test_deck_validator_basic_pokemon ... FAILED
[INFO] [stdout] test tests::test_database_migrations ... ok
[INFO] [stdout] test replay::tests::test_replay_determinism ... ok
[INFO] [stderr] error: test failed, to rerun pass `--lib`
[INFO] [stdout] test replay::tests::test_game_state_snapshot_roundtrip ... ok
[INFO] [stdout] 
[INFO] [stdout] failures:
[INFO] [stdout] 
[INFO] [stdout] ---- compiler::tests::test_card_schema_validation stdout ----
[INFO] [stdout] 
[INFO] [stdout] thread 'compiler::tests::test_card_schema_validation' (2101) panicked at src/compiler.rs:223:50:
[INFO] [stdout] read example: Os { code: 2, kind: NotFound, message: "No such file or directory" }
[INFO] [stdout] stack backtrace:
[INFO] [stdout]    0:     0x607a776f63e1 - <<std[70759c8f55707aa4]::sys::backtrace::BacktraceLock>::print::DisplayBacktrace as core[df12db4294e9bfd3]::fmt::Display>::fmt
[INFO] [stdout]    1:     0x607a7770df0a - core[df12db4294e9bfd3]::fmt::write
[INFO] [stdout]    2:     0x607a776fb3ec - <alloc[2182bb758b4b3781]::vec::Vec<u8> as core[df12db4294e9bfd3]::io::write::Write>::write_fmt
[INFO] [stdout]    3:     0x607a776d0856 - std[70759c8f55707aa4]::panicking::default_hook::{closure#0}
[INFO] [stdout]    4:     0x607a776edb99 - std[70759c8f55707aa4]::panicking::default_hook
[INFO] [stdout]    5:     0x607a771fa910 - test[9d35eded1c95d3be]::test_main_inner::<test[9d35eded1c95d3be]::test_main_static::{closure#0}>::{closure#0}
[INFO] [stdout]    6:     0x607a776edec2 - std[70759c8f55707aa4]::panicking::panic_with_hook
[INFO] [stdout]    7:     0x607a776d0902 - std[70759c8f55707aa4]::panicking::panic_handler::{closure#0}
[INFO] [stdout]    8:     0x607a776c8e89 - std[70759c8f55707aa4]::sys::backtrace::__rust_end_short_backtrace::<std[70759c8f55707aa4]::panicking::panic_handler::{closure#0}, !>
[INFO] [stdout]    9:     0x607a776d17fd - __rustc[8fa7c3cbc660c2b3]::rust_begin_unwind
[INFO] [stdout]   10:     0x607a7770e6ec - core[df12db4294e9bfd3]::panicking::panic_fmt
[INFO] [stdout]   11:     0x607a7770e4c2 - core[df12db4294e9bfd3]::result::unwrap_failed
[INFO] [stdout]   12:     0x607a771e645d - tcg_db[7fc24c2360d0f1db]::compiler::tests::load_example
[INFO] [stdout]   13:     0x607a771e7116 - tcg_db[7fc24c2360d0f1db]::compiler::tests::test_card_schema_validation
[INFO] [stdout]   14:     0x607a771dc4e9 - <tcg_db[7fc24c2360d0f1db]::compiler::tests::test_card_schema_validation::{closure#0} as core[df12db4294e9bfd3]::ops::function::FnOnce<()>>::call_once
[INFO] [stdout]   15:     0x607a771edbfb - test[9d35eded1c95d3be]::__rust_begin_short_backtrace::<core[df12db4294e9bfd3]::result::Result<(), alloc[2182bb758b4b3781]::string::String>, fn() -> core[df12db4294e9bfd3]::result::Result<(), alloc[2182bb758b4b3781]::string::String>>
[INFO] [stdout]   16:     0x607a771fb265 - test[9d35eded1c95d3be]::run_test::{closure#0}
[INFO] [stdout]   17:     0x607a771f4b24 - std[70759c8f55707aa4]::sys::backtrace::__rust_begin_short_backtrace::<test[9d35eded1c95d3be]::run_test::{closure#1}, ()>
[INFO] [stdout]   18:     0x607a771fe3c2 - <std[70759c8f55707aa4]::thread::lifecycle::spawn_unchecked<test[9d35eded1c95d3be]::run_test::{closure#1}, ()>::{closure#1} as core[df12db4294e9bfd3]::ops::function::FnOnce<()>>::call_once::{shim:vtable#0}
[INFO] [stdout]   19:     0x607a776f53a9 - <std[70759c8f55707aa4]::sys::thread::unix::Thread>::new::thread_start
[INFO] [stdout]   20:     0x7f1a6c78edfa - <unknown>
[INFO] [stdout]   21:     0x7f1a6c8223d4 - clone
[INFO] [stdout]   22:                0x0 - <unknown>
[INFO] [stdout] 
[INFO] [stdout] ---- validator::tests::test_deck_validator_set_whitelist stdout ----
[INFO] [stdout] 
[INFO] [stdout] thread 'validator::tests::test_deck_validator_set_whitelist' (2114) panicked at src/validator.rs:168:50:
[INFO] [stdout] read example: Os { code: 2, kind: NotFound, message: "No such file or directory" }
[INFO] [stdout] stack backtrace:
[INFO] [stdout]    0:     0x607a776f63e1 - <<std[70759c8f55707aa4]::sys::backtrace::BacktraceLock>::print::DisplayBacktrace as core[df12db4294e9bfd3]::fmt::Display>::fmt
[INFO] [stdout]    1:     0x607a7770df0a - core[df12db4294e9bfd3]::fmt::write
[INFO] [stdout]    2:     0x607a776fb3ec - <alloc[2182bb758b4b3781]::vec::Vec<u8> as core[df12db4294e9bfd3]::io::write::Write>::write_fmt
[INFO] [stdout]    3:     0x607a776d0856 - std[70759c8f55707aa4]::panicking::default_hook::{closure#0}
[INFO] [stdout]    4:     0x607a776edb99 - std[70759c8f55707aa4]::panicking::default_hook
[INFO] [stdout]    5:     0x607a771fa910 - test[9d35eded1c95d3be]::test_main_inner::<test[9d35eded1c95d3be]::test_main_static::{closure#0}>::{closure#0}
[INFO] [stdout]    6:     0x607a776edec2 - std[70759c8f55707aa4]::panicking::panic_with_hook
[INFO] [stdout]    7:     0x607a776d0902 - std[70759c8f55707aa4]::panicking::panic_handler::{closure#0}
[INFO] [stdout]    8:     0x607a776c8e89 - std[70759c8f55707aa4]::sys::backtrace::__rust_end_short_backtrace::<std[70759c8f55707aa4]::panicking::panic_handler::{closure#0}, !>
[INFO] [stdout]    9:     0x607a776d17fd - __rustc[8fa7c3cbc660c2b3]::rust_begin_unwind
[INFO] [stdout]   10:     0x607a7770e6ec - core[df12db4294e9bfd3]::panicking::panic_fmt
[INFO] [stdout]   11:     0x607a7770e4c2 - core[df12db4294e9bfd3]::result::unwrap_failed
[INFO] [stdout]   12:     0x607a771d953e - tcg_db[7fc24c2360d0f1db]::validator::tests::load_example
[INFO] [stdout]   13:     0x607a771bd781 - <core[df12db4294e9bfd3]::iter::adapters::map::Map<core[df12db4294e9bfd3]::slice::iter::Iter<&str>, tcg_db[7fc24c2360d0f1db]::validator::tests::compile_examples::{closure#0}> as core[df12db4294e9bfd3]::iter::traits::iterator::Iterator>::fold::<(), core[df12db4294e9bfd3]::iter::traits::iterator::Iterator::for_each::call<alloc[2182bb758b4b3781]::string::String, <alloc[2182bb758b4b3781]::vec::Vec<alloc[2182bb758b4b3781]::string::String>>::extend_trusted<core[df12db4294e9bfd3]::iter::adapters::map::Map<core[df12db4294e9bfd3]::slice::iter::Iter<&str>, tcg_db[7fc24c2360d0f1db]::validator::tests::compile_examples::{closure#0}>>::{closure#0}>::{closure#0}>
[INFO] [stdout]   14:     0x607a771d12b1 - <alloc[2182bb758b4b3781]::vec::Vec<alloc[2182bb758b4b3781]::string::String> as alloc[2182bb758b4b3781]::vec::spec_from_iter_nested::SpecFromIterNested<alloc[2182bb758b4b3781]::string::String, core[df12db4294e9bfd3]::iter::adapters::map::Map<core[df12db4294e9bfd3]::slice::iter::Iter<&str>, tcg_db[7fc24c2360d0f1db]::validator::tests::compile_examples::{closure#0}>>>::from_iter
[INFO] [stdout]   15:     0x607a771dd09e - <tcg_db[7fc24c2360d0f1db]::validator::tests::test_deck_validator_set_whitelist::{closure#0} as core[df12db4294e9bfd3]::ops::function::FnOnce<()>>::call_once
[INFO] [stdout]   16:     0x607a771edbfb - test[9d35eded1c95d3be]::__rust_begin_short_backtrace::<core[df12db4294e9bfd3]::result::Result<(), alloc[2182bb758b4b3781]::string::String>, fn() -> core[df12db4294e9bfd3]::result::Result<(), alloc[2182bb758b4b3781]::string::String>>
[INFO] [stdout]   17:     0x607a771fb265 - test[9d35eded1c95d3be]::run_test::{closure#0}
[INFO] [stdout]   18:     0x607a771f4b24 - std[70759c8f55707aa4]::sys::backtrace::__rust_begin_short_backtrace::<test[9d35eded1c95d3be]::run_test::{closure#1}, ()>
[INFO] [stdout]   19:     0x607a771fe3c2 - <std[70759c8f55707aa4]::thread::lifecycle::spawn_unchecked<test[9d35eded1c95d3be]::run_test::{closure#1}, ()>::{closure#1} as core[df12db4294e9bfd3]::ops::function::FnOnce<()>>::call_once::{shim:vtable#0}
[INFO] [stdout]   20:     0x607a776f53a9 - <std[70759c8f55707aa4]::sys::thread::unix::Thread>::new::thread_start
[INFO] [stdout]   21:     0x7f1a6c78edfa - <unknown>
[INFO] [stdout]   22:     0x7f1a6c8223d4 - clone
[INFO] [stdout]   23:                0x0 - <unknown>
[INFO] [stdout] 
[INFO] [stdout] ---- validator::tests::test_deck_validator_60_cards stdout ----
[INFO] [stdout] 
[INFO] [stdout] thread 'validator::tests::test_deck_validator_60_cards' (2112) panicked at src/validator.rs:168:50:
[INFO] [stdout] read example: Os { code: 2, kind: NotFound, message: "No such file or directory" }
[INFO] [stdout] stack backtrace:
[INFO] [stdout]    0:     0x607a776f63e1 - <<std[70759c8f55707aa4]::sys::backtrace::BacktraceLock>::print::DisplayBacktrace as core[df12db4294e9bfd3]::fmt::Display>::fmt
[INFO] [stdout]    1:     0x607a7770df0a - core[df12db4294e9bfd3]::fmt::write
[INFO] [stdout]    2:     0x607a776fb3ec - <alloc[2182bb758b4b3781]::vec::Vec<u8> as core[df12db4294e9bfd3]::io::write::Write>::write_fmt
[INFO] [stdout]    3:     0x607a776d0856 - std[70759c8f55707aa4]::panicking::default_hook::{closure#0}
[INFO] [stdout]    4:     0x607a776edb99 - std[70759c8f55707aa4]::panicking::default_hook
[INFO] [stdout]    5:     0x607a771fa910 - test[9d35eded1c95d3be]::test_main_inner::<test[9d35eded1c95d3be]::test_main_static::{closure#0}>::{closure#0}
[INFO] [stdout]    6:     0x607a776edec2 - std[70759c8f55707aa4]::panicking::panic_with_hook
[INFO] [stdout]    7:     0x607a776d0902 - std[70759c8f55707aa4]::panicking::panic_handler::{closure#0}
[INFO] [stdout]    8:     0x607a776c8e89 - std[70759c8f55707aa4]::sys::backtrace::__rust_end_short_backtrace::<std[70759c8f55707aa4]::panicking::panic_handler::{closure#0}, !>
[INFO] [stdout]    9:     0x607a776d17fd - __rustc[8fa7c3cbc660c2b3]::rust_begin_unwind
[INFO] [stdout]   10:     0x607a7770e6ec - core[df12db4294e9bfd3]::panicking::panic_fmt
[INFO] [stdout]   11:     0x607a7770e4c2 - core[df12db4294e9bfd3]::result::unwrap_failed
[INFO] [stdout]   12:     0x607a771d953e - tcg_db[7fc24c2360d0f1db]::validator::tests::load_example
[INFO] [stdout]   13:     0x607a771bd781 - <core[df12db4294e9bfd3]::iter::adapters::map::Map<core[df12db4294e9bfd3]::slice::iter::Iter<&str>, tcg_db[7fc24c2360d0f1db]::validator::tests::compile_examples::{closure#0}> as core[df12db4294e9bfd3]::iter::traits::iterator::Iterator>::fold::<(), core[df12db4294e9bfd3]::iter::traits::iterator::Iterator::for_each::call<alloc[2182bb758b4b3781]::string::String, <alloc[2182bb758b4b3781]::vec::Vec<alloc[2182bb758b4b3781]::string::String>>::extend_trusted<core[df12db4294e9bfd3]::iter::adapters::map::Map<core[df12db4294e9bfd3]::slice::iter::Iter<&str>, tcg_db[7fc24c2360d0f1db]::validator::tests::compile_examples::{closure#0}>>::{closure#0}>::{closure#0}>
[INFO] [stdout]   14:     0x607a771d12b1 - <alloc[2182bb758b4b3781]::vec::Vec<alloc[2182bb758b4b3781]::string::String> as alloc[2182bb758b4b3781]::vec::spec_from_iter_nested::SpecFromIterNested<alloc[2182bb758b4b3781]::string::String, core[df12db4294e9bfd3]::iter::adapters::map::Map<core[df12db4294e9bfd3]::slice::iter::Iter<&str>, tcg_db[7fc24c2360d0f1db]::validator::tests::compile_examples::{closure#0}>>>::from_iter
[INFO] [stdout]   15:     0x607a771dc5eb - <tcg_db[7fc24c2360d0f1db]::validator::tests::test_deck_validator_60_cards::{closure#0} as core[df12db4294e9bfd3]::ops::function::FnOnce<()>>::call_once
[INFO] [stdout]   16:     0x607a771edbfb - test[9d35eded1c95d3be]::__rust_begin_short_backtrace::<core[df12db4294e9bfd3]::result::Result<(), alloc[2182bb758b4b3781]::string::String>, fn() -> core[df12db4294e9bfd3]::result::Result<(), alloc[2182bb758b4b3781]::string::String>>
[INFO] [stdout]   17:     0x607a771fb265 - test[9d35eded1c95d3be]::run_test::{closure#0}
[INFO] [stdout]   18:     0x607a771f4b24 - std[70759c8f55707aa4]::sys::backtrace::__rust_begin_short_backtrace::<test[9d35eded1c95d3be]::run_test::{closure#1}, ()>
[INFO] [stdout]   19:     0x607a771fe3c2 - <std[70759c8f55707aa4]::thread::lifecycle::spawn_unchecked<test[9d35eded1c95d3be]::run_test::{closure#1}, ()>::{closure#1} as core[df12db4294e9bfd3]::ops::function::FnOnce<()>>::call_once::{shim:vtable#0}
[INFO] [stdout]   20:     0x607a776f53a9 - <std[70759c8f55707aa4]::sys::thread::unix::Thread>::new::thread_start
[INFO] [stdout]   21:     0x7f1a6c78edfa - <unknown>
[INFO] [stdout]   22:     0x7f1a6c8223d4 - clone
[INFO] [stdout]   23:                0x0 - <unknown>
[INFO] [stdout] 
[INFO] [stdout] ---- compiler::tests::test_import_multiple_cards stdout ----
[INFO] [stdout] 
[INFO] [stdout] thread 'compiler::tests::test_import_multiple_cards' (2102) panicked at src/compiler.rs:223:50:
[INFO] [stdout] read example: Os { code: 2, kind: NotFound, message: "No such file or directory" }
[INFO] [stdout] stack backtrace:
[INFO] [stdout]    0:     0x607a776f63e1 - <<std[70759c8f55707aa4]::sys::backtrace::BacktraceLock>::print::DisplayBacktrace as core[df12db4294e9bfd3]::fmt::Display>::fmt
[INFO] [stdout]    1:     0x607a7770df0a - core[df12db4294e9bfd3]::fmt::write
[INFO] [stdout]    2:     0x607a776fb3ec - <alloc[2182bb758b4b3781]::vec::Vec<u8> as core[df12db4294e9bfd3]::io::write::Write>::write_fmt
[INFO] [stdout]    3:     0x607a776d0856 - std[70759c8f55707aa4]::panicking::default_hook::{closure#0}
[INFO] [stdout]    4:     0x607a776edb99 - std[70759c8f55707aa4]::panicking::default_hook
[INFO] [stdout]    5:     0x607a771fa910 - test[9d35eded1c95d3be]::test_main_inner::<test[9d35eded1c95d3be]::test_main_static::{closure#0}>::{closure#0}
[INFO] [stdout]    6:     0x607a776edec2 - std[70759c8f55707aa4]::panicking::panic_with_hook
[INFO] [stdout]    7:     0x607a776d0902 - std[70759c8f55707aa4]::panicking::panic_handler::{closure#0}
[INFO] [stdout]    8:     0x607a776c8e89 - std[70759c8f55707aa4]::sys::backtrace::__rust_end_short_backtrace::<std[70759c8f55707aa4]::panicking::panic_handler::{closure#0}, !>
[INFO] [stdout]    9:     0x607a776d17fd - __rustc[8fa7c3cbc660c2b3]::rust_begin_unwind
[INFO] [stdout]   10:     0x607a7770e6ec - core[df12db4294e9bfd3]::panicking::panic_fmt
[INFO] [stdout]   11:     0x607a7770e4c2 - core[df12db4294e9bfd3]::result::unwrap_failed
[INFO] [stdout]   12:     0x607a771e645d - tcg_db[7fc24c2360d0f1db]::compiler::tests::load_example
[INFO] [stdout]   13:     0x607a771e6de8 - tcg_db[7fc24c2360d0f1db]::compiler::tests::test_import_multiple_cards
[INFO] [stdout]   14:     0x607a771dc4c9 - <tcg_db[7fc24c2360d0f1db]::compiler::tests::test_import_multiple_cards::{closure#0} as core[df12db4294e9bfd3]::ops::function::FnOnce<()>>::call_once
[INFO] [stdout]   15:     0x607a771edbfb - test[9d35eded1c95d3be]::__rust_begin_short_backtrace::<core[df12db4294e9bfd3]::result::Result<(), alloc[2182bb758b4b3781]::string::String>, fn() -> core[df12db4294e9bfd3]::result::Result<(), alloc[2182bb758b4b3781]::string::String>>
[INFO] [stdout]   16:     0x607a771fb265 - test[9d35eded1c95d3be]::run_test::{closure#0}
[INFO] [stdout]   17:     0x607a771f4b24 - std[70759c8f55707aa4]::sys::backtrace::__rust_begin_short_backtrace::<test[9d35eded1c95d3be]::run_test::{closure#1}, ()>
[INFO] [stdout]   18:     0x607a771fe3c2 - <std[70759c8f55707aa4]::thread::lifecycle::spawn_unchecked<test[9d35eded1c95d3be]::run_test::{closure#1}, ()>::{closure#1} as core[df12db4294e9bfd3]::ops::function::FnOnce<()>>::call_once::{shim:vtable#0}
[INFO] [stdout]   19:     0x607a776f53a9 - <std[70759c8f55707aa4]::sys::thread::unix::Thread>::new::thread_start
[INFO] [stdout]   20:     0x7f1a6c78edfa - <unknown>
[INFO] [stdout]   21:     0x7f1a6c8223d4 - clone
[INFO] [stdout]   22:                0x0 - <unknown>
[INFO] [stdout] 
[INFO] [stdout] ---- compiler::tests::test_card_compiler stdout ----
[INFO] [stdout] 
[INFO] [stdout] thread 'compiler::tests::test_card_compiler' (2100) panicked at src/compiler.rs:223:50:
[INFO] [stdout] read example: Os { code: 2, kind: NotFound, message: "No such file or directory" }
[INFO] [stdout] stack backtrace:
[INFO] [stdout]    0:     0x607a776f63e1 - <<std[70759c8f55707aa4]::sys::backtrace::BacktraceLock>::print::DisplayBacktrace as core[df12db4294e9bfd3]::fmt::Display>::fmt
[INFO] [stdout]    1:     0x607a7770df0a - core[df12db4294e9bfd3]::fmt::write
[INFO] [stdout]    2:     0x607a776fb3ec - <alloc[2182bb758b4b3781]::vec::Vec<u8> as core[df12db4294e9bfd3]::io::write::Write>::write_fmt
[INFO] [stdout]    3:     0x607a776d0856 - std[70759c8f55707aa4]::panicking::default_hook::{closure#0}
[INFO] [stdout]    4:     0x607a776edb99 - std[70759c8f55707aa4]::panicking::default_hook
[INFO] [stdout]    5:     0x607a771fa910 - test[9d35eded1c95d3be]::test_main_inner::<test[9d35eded1c95d3be]::test_main_static::{closure#0}>::{closure#0}
[INFO] [stdout]    6:     0x607a776edec2 - std[70759c8f55707aa4]::panicking::panic_with_hook
[INFO] [stdout]    7:     0x607a776d0902 - std[70759c8f55707aa4]::panicking::panic_handler::{closure#0}
[INFO] [stdout]    8:     0x607a776c8e89 - std[70759c8f55707aa4]::sys::backtrace::__rust_end_short_backtrace::<std[70759c8f55707aa4]::panicking::panic_handler::{closure#0}, !>
[INFO] [stdout]    9:     0x607a776d17fd - __rustc[8fa7c3cbc660c2b3]::rust_begin_unwind
[INFO] [stdout]   10:     0x607a7770e6ec - core[df12db4294e9bfd3]::panicking::panic_fmt
[INFO] [stdout]   11:     0x607a7770e4c2 - core[df12db4294e9bfd3]::result::unwrap_failed
[INFO] [stdout]   12:     0x607a771e645d - tcg_db[7fc24c2360d0f1db]::compiler::tests::load_example
[INFO] [stdout]   13:     0x607a771e686e - tcg_db[7fc24c2360d0f1db]::compiler::tests::test_card_compiler
[INFO] [stdout]   14:     0x607a771dc4a9 - <tcg_db[7fc24c2360d0f1db]::compiler::tests::test_card_compiler::{closure#0} as core[df12db4294e9bfd3]::ops::function::FnOnce<()>>::call_once
[INFO] [stdout]   15:     0x607a771edbfb - test[9d35eded1c95d3be]::__rust_begin_short_backtrace::<core[df12db4294e9bfd3]::result::Result<(), alloc[2182bb758b4b3781]::string::String>, fn() -> core[df12db4294e9bfd3]::result::Result<(), alloc[2182bb758b4b3781]::string::String>>
[INFO] [stdout]   16:     0x607a771fb265 - test[9d35eded1c95d3be]::run_test::{closure#0}
[INFO] [stdout]   17:     0x607a771f4b24 - std[70759c8f55707aa4]::sys::backtrace::__rust_begin_short_backtrace::<test[9d35eded1c95d3be]::run_test::{closure#1}, ()>
[INFO] [stdout]   18:     0x607a771fe3c2 - <std[70759c8f55707aa4]::thread::lifecycle::spawn_unchecked<test[9d35eded1c95d3be]::run_test::{closure#1}, ()>::{closure#1} as core[df12db4294e9bfd3]::ops::function::FnOnce<()>>::call_once::{shim:vtable#0}
[INFO] [stdout]   19:     0x607a776f53a9 - <std[70759c8f55707aa4]::sys::thread::unix::Thread>::new::thread_start
[INFO] [stdout]   20:     0x7f1a6c78edfa - <unknown>
[INFO] [stdout]   21:     0x7f1a6c8223d4 - clone
[INFO] [stdout]   22:                0x0 - <unknown>
[INFO] [stdout] 
[INFO] [stdout] ---- validator::tests::test_deck_validator_4_copy_rule stdout ----
[INFO] [stdout] 
[INFO] [stdout] thread 'validator::tests::test_deck_validator_4_copy_rule' (2111) panicked at src/validator.rs:168:50:
[INFO] [stdout] read example: Os { code: 2, kind: NotFound, message: "No such file or directory" }
[INFO] [stdout] stack backtrace:
[INFO] [stdout]    0:     0x607a776f63e1 - <<std[70759c8f55707aa4]::sys::backtrace::BacktraceLock>::print::DisplayBacktrace as core[df12db4294e9bfd3]::fmt::Display>::fmt
[INFO] [stdout]    1:     0x607a7770df0a - core[df12db4294e9bfd3]::fmt::write
[INFO] [stdout]    2:     0x607a776fb3ec - <alloc[2182bb758b4b3781]::vec::Vec<u8> as core[df12db4294e9bfd3]::io::write::Write>::write_fmt
[INFO] [stdout]    3:     0x607a776d0856 - std[70759c8f55707aa4]::panicking::default_hook::{closure#0}
[INFO] [stdout]    4:     0x607a776edb99 - std[70759c8f55707aa4]::panicking::default_hook
[INFO] [stdout]    5:     0x607a771fa910 - test[9d35eded1c95d3be]::test_main_inner::<test[9d35eded1c95d3be]::test_main_static::{closure#0}>::{closure#0}
[INFO] [stdout]    6:     0x607a776edec2 - std[70759c8f55707aa4]::panicking::panic_with_hook
[INFO] [stdout]    7:     0x607a776d0902 - std[70759c8f55707aa4]::panicking::panic_handler::{closure#0}
[INFO] [stdout]    8:     0x607a776c8e89 - std[70759c8f55707aa4]::sys::backtrace::__rust_end_short_backtrace::<std[70759c8f55707aa4]::panicking::panic_handler::{closure#0}, !>
[INFO] [stdout]    9:     0x607a776d17fd - __rustc[8fa7c3cbc660c2b3]::rust_begin_unwind
[INFO] [stdout]   10:     0x607a7770e6ec - core[df12db4294e9bfd3]::panicking::panic_fmt
[INFO] [stdout]   11:     0x607a7770e4c2 - core[df12db4294e9bfd3]::result::unwrap_failed
[INFO] [stdout]   12:     0x607a771d953e - tcg_db[7fc24c2360d0f1db]::validator::tests::load_example
[INFO] [stdout]   13:     0x607a771bd781 - <core[df12db4294e9bfd3]::iter::adapters::map::Map<core[df12db4294e9bfd3]::slice::iter::Iter<&str>, tcg_db[7fc24c2360d0f1db]::validator::tests::compile_examples::{closure#0}> as core[df12db4294e9bfd3]::iter::traits::iterator::Iterator>::fold::<(), core[df12db4294e9bfd3]::iter::traits::iterator::Iterator::for_each::call<alloc[2182bb758b4b3781]::string::String, <alloc[2182bb758b4b3781]::vec::Vec<alloc[2182bb758b4b3781]::string::String>>::extend_trusted<core[df12db4294e9bfd3]::iter::adapters::map::Map<core[df12db4294e9bfd3]::slice::iter::Iter<&str>, tcg_db[7fc24c2360d0f1db]::validator::tests::compile_examples::{closure#0}>>::{closure#0}>::{closure#0}>
[INFO] [stdout]   14:     0x607a771d12b1 - <alloc[2182bb758b4b3781]::vec::Vec<alloc[2182bb758b4b3781]::string::String> as alloc[2182bb758b4b3781]::vec::spec_from_iter_nested::SpecFromIterNested<alloc[2182bb758b4b3781]::string::String, core[df12db4294e9bfd3]::iter::adapters::map::Map<core[df12db4294e9bfd3]::slice::iter::Iter<&str>, tcg_db[7fc24c2360d0f1db]::validator::tests::compile_examples::{closure#0}>>>::from_iter
[INFO] [stdout]   15:     0x607a771dcac7 - <tcg_db[7fc24c2360d0f1db]::validator::tests::test_deck_validator_4_copy_rule::{closure#0} as core[df12db4294e9bfd3]::ops::function::FnOnce<()>>::call_once
[INFO] [stdout]   16:     0x607a771edbfb - test[9d35eded1c95d3be]::__rust_begin_short_backtrace::<core[df12db4294e9bfd3]::result::Result<(), alloc[2182bb758b4b3781]::string::String>, fn() -> core[df12db4294e9bfd3]::result::Result<(), alloc[2182bb758b4b3781]::string::String>>
[INFO] [stdout]   17:     0x607a771fb265 - test[9d35eded1c95d3be]::run_test::{closure#0}
[INFO] [stdout]   18:     0x607a771f4b24 - std[70759c8f55707aa4]::sys::backtrace::__rust_begin_short_backtrace::<test[9d35eded1c95d3be]::run_test::{closure#1}, ()>
[INFO] [stdout]   19:     0x607a771fe3c2 - <std[70759c8f55707aa4]::thread::lifecycle::spawn_unchecked<test[9d35eded1c95d3be]::run_test::{closure#1}, ()>::{closure#1} as core[df12db4294e9bfd3]::ops::function::FnOnce<()>>::call_once::{shim:vtable#0}
[INFO] [stdout]   20:     0x607a776f53a9 - <std[70759c8f55707aa4]::sys::thread::unix::Thread>::new::thread_start
[INFO] [stdout]   21:     0x7f1a6c78edfa - <unknown>
[INFO] [stdout]   22:     0x7f1a6c8223d4 - clone
[INFO] [stdout]   23:                0x0 - <unknown>
[INFO] [stdout] 
[INFO] [stdout] ---- deck_importer::tests::test_import_deck_json stdout ----
[INFO] [stdout] 
[INFO] [stdout] thread 'deck_importer::tests::test_import_deck_json' (2103) panicked at src/deck_importer.rs:158:58:
[INFO] [stdout] basic example: Os { code: 2, kind: NotFound, message: "No such file or directory" }
[INFO] [stdout] stack backtrace:
[INFO] [stdout]    0:     0x607a776f63e1 - <<std[70759c8f55707aa4]::sys::backtrace::BacktraceLock>::print::DisplayBacktrace as core[df12db4294e9bfd3]::fmt::Display>::fmt
[INFO] [stdout]    1:     0x607a7770df0a - core[df12db4294e9bfd3]::fmt::write
[INFO] [stdout]    2:     0x607a776fb3ec - <alloc[2182bb758b4b3781]::vec::Vec<u8> as core[df12db4294e9bfd3]::io::write::Write>::write_fmt
[INFO] [stdout]    3:     0x607a776d0856 - std[70759c8f55707aa4]::panicking::default_hook::{closure#0}
[INFO] [stdout]    4:     0x607a776edb99 - std[70759c8f55707aa4]::panicking::default_hook
[INFO] [stdout]    5:     0x607a771fa910 - test[9d35eded1c95d3be]::test_main_inner::<test[9d35eded1c95d3be]::test_main_static::{closure#0}>::{closure#0}
[INFO] [stdout]    6:     0x607a776edec2 - std[70759c8f55707aa4]::panicking::panic_with_hook
[INFO] [stdout]    7:     0x607a776d0902 - std[70759c8f55707aa4]::panicking::panic_handler::{closure#0}
[INFO] [stdout]    8:     0x607a776c8e89 - std[70759c8f55707aa4]::sys::backtrace::__rust_end_short_backtrace::<std[70759c8f55707aa4]::panicking::panic_handler::{closure#0}, !>
[INFO] [stdout]    9:     0x607a776d17fd - __rustc[8fa7c3cbc660c2b3]::rust_begin_unwind
[INFO] [stdout]   10:     0x607a7770e6ec - core[df12db4294e9bfd3]::panicking::panic_fmt
[INFO] [stdout]   11:     0x607a7770e4c2 - core[df12db4294e9bfd3]::result::unwrap_failed
[INFO] [stdout]   12:     0x607a771dbae3 - <tcg_db[7fc24c2360d0f1db]::deck_importer::tests::test_import_deck_json::{closure#0} as core[df12db4294e9bfd3]::ops::function::FnOnce<()>>::call_once
[INFO] [stdout]   13:     0x607a771edbfb - test[9d35eded1c95d3be]::__rust_begin_short_backtrace::<core[df12db4294e9bfd3]::result::Result<(), alloc[2182bb758b4b3781]::string::String>, fn() -> core[df12db4294e9bfd3]::result::Result<(), alloc[2182bb758b4b3781]::string::String>>
[INFO] [stdout]   14:     0x607a771fb265 - test[9d35eded1c95d3be]::run_test::{closure#0}
[INFO] [stdout]   15:     0x607a771f4b24 - std[70759c8f55707aa4]::sys::backtrace::__rust_begin_short_backtrace::<test[9d35eded1c95d3be]::run_test::{closure#1}, ()>
[INFO] [stdout]   16:     0x607a771fe3c2 - <std[70759c8f55707aa4]::thread::lifecycle::spawn_unchecked<test[9d35eded1c95d3be]::run_test::{closure#1}, ()>::{closure#1} as core[df12db4294e9bfd3]::ops::function::FnOnce<()>>::call_once::{shim:vtable#0}
[INFO] [stdout]   17:     0x607a776f53a9 - <std[70759c8f55707aa4]::sys::thread::unix::Thread>::new::thread_start
[INFO] [stdout]   18:     0x7f1a6c78edfa - <unknown>
[INFO] [stdout]   19:     0x7f1a6c8223d4 - clone
[INFO] [stdout]   20:                0x0 - <unknown>
[INFO] [stdout] 
[INFO] [stdout] ---- validator::tests::test_deck_validator_star_restriction stdout ----
[INFO] [stdout] 
[INFO] [stdout] thread 'validator::tests::test_deck_validator_star_restriction' (2115) panicked at src/validator.rs:168:50:
[INFO] [stdout] read example: Os { code: 2, kind: NotFound, message: "No such file or directory" }
[INFO] [stdout] stack backtrace:
[INFO] [stdout]    0:     0x607a776f63e1 - <<std[70759c8f55707aa4]::sys::backtrace::BacktraceLock>::print::DisplayBacktrace as core[df12db4294e9bfd3]::fmt::Display>::fmt
[INFO] [stdout]    1:     0x607a7770df0a - core[df12db4294e9bfd3]::fmt::write
[INFO] [stdout]    2:     0x607a776fb3ec - <alloc[2182bb758b4b3781]::vec::Vec<u8> as core[df12db4294e9bfd3]::io::write::Write>::write_fmt
[INFO] [stdout]    3:     0x607a776d0856 - std[70759c8f55707aa4]::panicking::default_hook::{closure#0}
[INFO] [stdout]    4:     0x607a776edb99 - std[70759c8f55707aa4]::panicking::default_hook
[INFO] [stdout]    5:     0x607a771fa910 - test[9d35eded1c95d3be]::test_main_inner::<test[9d35eded1c95d3be]::test_main_static::{closure#0}>::{closure#0}
[INFO] [stdout]    6:     0x607a776edec2 - std[70759c8f55707aa4]::panicking::panic_with_hook
[INFO] [stdout]    7:     0x607a776d0902 - std[70759c8f55707aa4]::panicking::panic_handler::{closure#0}
[INFO] [stdout]    8:     0x607a776c8e89 - std[70759c8f55707aa4]::sys::backtrace::__rust_end_short_backtrace::<std[70759c8f55707aa4]::panicking::panic_handler::{closure#0}, !>
[INFO] [stdout]    9:     0x607a776d17fd - __rustc[8fa7c3cbc660c2b3]::rust_begin_unwind
[INFO] [stdout]   10:     0x607a7770e6ec - core[df12db4294e9bfd3]::panicking::panic_fmt
[INFO] [stdout]   11:     0x607a7770e4c2 - core[df12db4294e9bfd3]::result::unwrap_failed
[INFO] [stdout]   12:     0x607a771d953e - tcg_db[7fc24c2360d0f1db]::validator::tests::load_example
[INFO] [stdout]   13:     0x607a771bd781 - <core[df12db4294e9bfd3]::iter::adapters::map::Map<core[df12db4294e9bfd3]::slice::iter::Iter<&str>, tcg_db[7fc24c2360d0f1db]::validator::tests::compile_examples::{closure#0}> as core[df12db4294e9bfd3]::iter::traits::iterator::Iterator>::fold::<(), core[df12db4294e9bfd3]::iter::traits::iterator::Iterator::for_each::call<alloc[2182bb758b4b3781]::string::String, <alloc[2182bb758b4b3781]::vec::Vec<alloc[2182bb758b4b3781]::string::String>>::extend_trusted<core[df12db4294e9bfd3]::iter::adapters::map::Map<core[df12db4294e9bfd3]::slice::iter::Iter<&str>, tcg_db[7fc24c2360d0f1db]::validator::tests::compile_examples::{closure#0}>>::{closure#0}>::{closure#0}>
[INFO] [stdout]   14:     0x607a771d12b1 - <alloc[2182bb758b4b3781]::vec::Vec<alloc[2182bb758b4b3781]::string::String> as alloc[2182bb758b4b3781]::vec::spec_from_iter_nested::SpecFromIterNested<alloc[2182bb758b4b3781]::string::String, core[df12db4294e9bfd3]::iter::adapters::map::Map<core[df12db4294e9bfd3]::slice::iter::Iter<&str>, tcg_db[7fc24c2360d0f1db]::validator::tests::compile_examples::{closure#0}>>>::from_iter
[INFO] [stdout]   15:     0x607a771dde7a - <tcg_db[7fc24c2360d0f1db]::validator::tests::test_deck_validator_star_restriction::{closure#0} as core[df12db4294e9bfd3]::ops::function::FnOnce<()>>::call_once
[INFO] [stdout]   16:     0x607a771edbfb - test[9d35eded1c95d3be]::__rust_begin_short_backtrace::<core[df12db4294e9bfd3]::result::Result<(), alloc[2182bb758b4b3781]::string::String>, fn() -> core[df12db4294e9bfd3]::result::Result<(), alloc[2182bb758b4b3781]::string::String>>
[INFO] [stdout]   17:     0x607a771fb265 - test[9d35eded1c95d3be]::run_test::{closure#0}
[INFO] [stdout]   18:     0x607a771f4b24 - std[70759c8f55707aa4]::sys::backtrace::__rust_begin_short_backtrace::<test[9d35eded1c95d3be]::run_test::{closure#1}, ()>
[INFO] [stdout]   19:     0x607a771fe3c2 - <std[70759c8f55707aa4]::thread::lifecycle::spawn_unchecked<test[9d35eded1c95d3be]::run_test::{closure#1}, ()>::{closure#1} as core[df12db4294e9bfd3]::ops::function::FnOnce<()>>::call_once::{shim:vtable#0}
[INFO] [stdout]   20:     0x607a776f53a9 - <std[70759c8f55707aa4]::sys::thread::unix::Thread>::new::thread_start
[INFO] [stdout]   21:     0x7f1a6c78edfa - <unknown>
[INFO] [stdout]   22:     0x7f1a6c8223d4 - clone
[INFO] [stdout]   23:                0x0 - <unknown>
[INFO] [stdout] 
[INFO] [stdout] ---- validator::tests::test_deck_validator_basic_pokemon stdout ----
[INFO] [stdout] 
[INFO] [stdout] thread 'validator::tests::test_deck_validator_basic_pokemon' (2113) panicked at src/validator.rs:168:50:
[INFO] [stdout] read example: Os { code: 2, kind: NotFound, message: "No such file or directory" }
[INFO] [stdout] stack backtrace:
[INFO] [stdout]    0:     0x607a776f63e1 - <<std[70759c8f55707aa4]::sys::backtrace::BacktraceLock>::print::DisplayBacktrace as core[df12db4294e9bfd3]::fmt::Display>::fmt
[INFO] [stdout]    1:     0x607a7770df0a - core[df12db4294e9bfd3]::fmt::write
[INFO] [stdout]    2:     0x607a776fb3ec - <alloc[2182bb758b4b3781]::vec::Vec<u8> as core[df12db4294e9bfd3]::io::write::Write>::write_fmt
[INFO] [stdout]    3:     0x607a776d0856 - std[70759c8f55707aa4]::panicking::default_hook::{closure#0}
[INFO] [stdout]    4:     0x607a776edb99 - std[70759c8f55707aa4]::panicking::default_hook
[INFO] [stdout]    5:     0x607a771fa910 - test[9d35eded1c95d3be]::test_main_inner::<test[9d35eded1c95d3be]::test_main_static::{closure#0}>::{closure#0}
[INFO] [stdout]    6:     0x607a776edec2 - std[70759c8f55707aa4]::panicking::panic_with_hook
[INFO] [stdout]    7:     0x607a776d0902 - std[70759c8f55707aa4]::panicking::panic_handler::{closure#0}
[INFO] [stdout]    8:     0x607a776c8e89 - std[70759c8f55707aa4]::sys::backtrace::__rust_end_short_backtrace::<std[70759c8f55707aa4]::panicking::panic_handler::{closure#0}, !>
[INFO] [stdout]    9:     0x607a776d17fd - __rustc[8fa7c3cbc660c2b3]::rust_begin_unwind
[INFO] [stdout]   10:     0x607a7770e6ec - core[df12db4294e9bfd3]::panicking::panic_fmt
[INFO] [stdout]   11:     0x607a7770e4c2 - core[df12db4294e9bfd3]::result::unwrap_failed
[INFO] [stdout]   12:     0x607a771d953e - tcg_db[7fc24c2360d0f1db]::validator::tests::load_example
[INFO] [stdout]   13:     0x607a771bd781 - <core[df12db4294e9bfd3]::iter::adapters::map::Map<core[df12db4294e9bfd3]::slice::iter::Iter<&str>, tcg_db[7fc24c2360d0f1db]::validator::tests::compile_examples::{closure#0}> as core[df12db4294e9bfd3]::iter::traits::iterator::Iterator>::fold::<(), core[df12db4294e9bfd3]::iter::traits::iterator::Iterator::for_each::call<alloc[2182bb758b4b3781]::string::String, <alloc[2182bb758b4b3781]::vec::Vec<alloc[2182bb758b4b3781]::string::String>>::extend_trusted<core[df12db4294e9bfd3]::iter::adapters::map::Map<core[df12db4294e9bfd3]::slice::iter::Iter<&str>, tcg_db[7fc24c2360d0f1db]::validator::tests::compile_examples::{closure#0}>>::{closure#0}>::{closure#0}>
[INFO] [stdout]   14:     0x607a771d12b1 - <alloc[2182bb758b4b3781]::vec::Vec<alloc[2182bb758b4b3781]::string::String> as alloc[2182bb758b4b3781]::vec::spec_from_iter_nested::SpecFromIterNested<alloc[2182bb758b4b3781]::string::String, core[df12db4294e9bfd3]::iter::adapters::map::Map<core[df12db4294e9bfd3]::slice::iter::Iter<&str>, tcg_db[7fc24c2360d0f1db]::validator::tests::compile_examples::{closure#0}>>>::from_iter
[INFO] [stdout]   15:     0x607a771dce1d - <tcg_db[7fc24c2360d0f1db]::validator::tests::test_deck_validator_basic_pokemon::{closure#0} as core[df12db4294e9bfd3]::ops::function::FnOnce<()>>::call_once
[INFO] [stdout]   16:     0x607a771edbfb - test[9d35eded1c95d3be]::__rust_begin_short_backtrace::<core[df12db4294e9bfd3]::result::Result<(), alloc[2182bb758b4b3781]::string::String>, fn() -> core[df12db4294e9bfd3]::result::Result<(), alloc[2182bb758b4b3781]::string::String>>
[INFO] [stdout]   17:     0x607a771fb265 - test[9d35eded1c95d3be]::run_test::{closure#0}
[INFO] [stdout]   18:     0x607a771f4b24 - std[70759c8f55707aa4]::sys::backtrace::__rust_begin_short_backtrace::<test[9d35eded1c95d3be]::run_test::{closure#1}, ()>
[INFO] [stdout]   19:     0x607a771fe3c2 - <std[70759c8f55707aa4]::thread::lifecycle::spawn_unchecked<test[9d35eded1c95d3be]::run_test::{closure#1}, ()>::{closure#1} as core[df12db4294e9bfd3]::ops::function::FnOnce<()>>::call_once::{shim:vtable#0}
[INFO] [stdout]   20:     0x607a776f53a9 - <std[70759c8f55707aa4]::sys::thread::unix::Thread>::new::thread_start
[INFO] [stdout]   21:     0x7f1a6c78edfa - <unknown>
[INFO] [stdout]   22:     0x7f1a6c8223d4 - clone
[INFO] [stdout]   23:                0x0 - <unknown>
[INFO] [stdout] 
[INFO] [stdout] 
[INFO] [stdout] failures:
[INFO] [stdout]     compiler::tests::test_card_compiler
[INFO] [stdout]     compiler::tests::test_card_schema_validation
[INFO] [stdout]     compiler::tests::test_import_multiple_cards
[INFO] [stdout]     deck_importer::tests::test_import_deck_json
[INFO] [stdout]     validator::tests::test_deck_validator_4_copy_rule
[INFO] [stdout]     validator::tests::test_deck_validator_60_cards
[INFO] [stdout]     validator::tests::test_deck_validator_basic_pokemon
[INFO] [stdout]     validator::tests::test_deck_validator_set_whitelist
[INFO] [stdout]     validator::tests::test_deck_validator_star_restriction
[INFO] [stdout] 
[INFO] [stdout] test result: FAILED. 7 passed; 9 failed; 0 ignored; 0 measured; 0 filtered out; finished in 0.03s
[INFO] [stdout] 
[INFO] running `Command { std: "docker" "inspect" "c3adab70790e4c9fa5e3ebf8e39c93639b148d4dc79515e1920d384fb0b3e3aa", kill_on_drop: false }`
[INFO] running `Command { std: "docker" "rm" "-f" "c3adab70790e4c9fa5e3ebf8e39c93639b148d4dc79515e1920d384fb0b3e3aa", kill_on_drop: false }`
[INFO] [stdout] c3adab70790e4c9fa5e3ebf8e39c93639b148d4dc79515e1920d384fb0b3e3aa
