[INFO] fetching crate tcc-rust-frontend 26.10.3...
[INFO] testing tcc-rust-frontend-26.10.3 against 1.100.0-beta.1+cargoflags=--release for beta-release-1.100-2
[INFO] extracting crate tcc-rust-frontend 26.10.3 into /workspace/builds/worker-6-tc2/source
[INFO] started tweaking crates.io crate tcc-rust-frontend 26.10.3
[INFO] removed 0 missing tests
[INFO] finished tweaking crates.io crate tcc-rust-frontend 26.10.3
[INFO] tweaked toml for crates.io crate tcc-rust-frontend 26.10.3 written to /workspace/builds/worker-6-tc2/source/Cargo.toml
[INFO] validating manifest of crates.io crate tcc-rust-frontend 26.10.3 on toolchain 1.100.0-beta.1
[INFO] running `Command { std: CARGO_HOME="/workspace/cargo-home" RUSTUP_HOME="/workspace/rustup-home" "/workspace/cargo-home/bin/cargo" "+1.100.0-beta.1" "metadata" "--manifest-path" "Cargo.toml" "--no-deps", kill_on_drop: false }`
[INFO] crate crates.io crate tcc-rust-frontend 26.10.3 already has a lockfile, it will not be regenerated
[INFO] running `Command { std: CARGO_HOME="/workspace/cargo-home" RUSTUP_HOME="/workspace/rustup-home" "/workspace/cargo-home/bin/cargo" "+1.100.0-beta.1" "fetch" "--manifest-path" "Cargo.toml", kill_on_drop: false }`
[INFO] running `Command { std: "docker" "create" "-v" "/var/lib/crater-agent-workspace/builds/worker-6-tc2/source:/opt/rustwide/workdir:ro,Z" "-v" "/var/lib/crater-agent-workspace/builds/worker-6-tc2/target:/opt/rustwide/target:rw,Z" "-v" "/var/lib/crater-agent-workspace/cargo-home:/opt/rustwide/cargo-home:ro,Z" "-v" "/var/lib/crater-agent-workspace/rustup-home:/opt/rustwide/rustup-home:ro,Z" "-m" "1610612736" "--network" "none" "ghcr.io/rust-lang/crates-build-env/linux@sha256:77db811e55d90add9212f6832c23229e3de5f1c1f9905e8cb07319ea15df73ac" "sleep" "infinity", kill_on_drop: false }`
[INFO] [stdout] 267519a87020f55befd3aa955046a0fa284598950b62c70125d0fea3a2eb347b
[INFO] running `Command { std: "docker" "start" "267519a87020f55befd3aa955046a0fa284598950b62c70125d0fea3a2eb347b", kill_on_drop: false }`
[INFO] running `Command { std: "docker" "inspect" "267519a87020f55befd3aa955046a0fa284598950b62c70125d0fea3a2eb347b", kill_on_drop: false }`
[INFO] running `Command { std: "docker" "exec" "-e" "SOURCE_DIR=/opt/rustwide/workdir" "-e" "CARGO_HOME=/opt/rustwide/cargo-home" "-e" "RUSTUP_HOME=/opt/rustwide/rustup-home" "-e" "CARGO_TARGET_DIR=/opt/rustwide/target" "-w" "/opt/rustwide/workdir" "--user" "0:0" "267519a87020f55befd3aa955046a0fa284598950b62c70125d0fea3a2eb347b" "/opt/rustwide/cargo-home/bin/cargo" "+1.100.0-beta.1" "metadata" "--no-deps" "--format-version=1", kill_on_drop: false }`
[INFO] running `Command { std: "docker" "inspect" "267519a87020f55befd3aa955046a0fa284598950b62c70125d0fea3a2eb347b", kill_on_drop: false }`
[INFO] running `Command { std: "docker" "exec" "-e" "SOURCE_DIR=/opt/rustwide/workdir" "-e" "CARGO_HOME=/opt/rustwide/cargo-home" "-e" "RUSTUP_HOME=/opt/rustwide/rustup-home" "-e" "CARGO_TARGET_DIR=/opt/rustwide/target" "-e" "CARGO_INCREMENTAL=0" "-e" "RUST_BACKTRACE=full" "-e" "RUSTFLAGS=--cap-lints=warn" "-e" "RUSTDOCFLAGS=--cap-lints=warn" "-w" "/opt/rustwide/workdir" "--user" "0:0" "267519a87020f55befd3aa955046a0fa284598950b62c70125d0fea3a2eb347b" "/opt/rustwide/cargo-home/bin/cargo" "+1.100.0-beta.1" "build" "--frozen" "--message-format=json" "--release", kill_on_drop: false }`
[INFO] [stderr]    Compiling proc-macro2 v1.0.107
[INFO] [stderr]    Compiling unicode-ident v1.0.26
[INFO] [stderr]    Compiling tcc-ir v26.10.3
[INFO] [stderr]    Compiling quote v1.0.47
[INFO] [stderr]    Compiling generic-array v0.14.7
[INFO] [stderr]    Compiling block-buffer v0.10.4
[INFO] [stderr]    Compiling crypto-common v0.1.7
[INFO] [stderr]    Compiling digest v0.10.7
[INFO] [stderr]    Compiling sha2 v0.10.9
[INFO] [stderr]    Compiling syn v2.0.119
[INFO] [stderr]    Compiling tcc-rust-frontend v26.10.3 (/opt/rustwide/workdir)
[INFO] [stderr]     Finished `release` profile [optimized] target(s) in 29.26s
[INFO] running `Command { std: "docker" "inspect" "267519a87020f55befd3aa955046a0fa284598950b62c70125d0fea3a2eb347b", kill_on_drop: false }`
[INFO] running `Command { std: "docker" "exec" "-e" "SOURCE_DIR=/opt/rustwide/workdir" "-e" "CARGO_HOME=/opt/rustwide/cargo-home" "-e" "RUSTUP_HOME=/opt/rustwide/rustup-home" "-e" "CARGO_TARGET_DIR=/opt/rustwide/target" "-e" "CARGO_INCREMENTAL=0" "-e" "RUST_BACKTRACE=full" "-e" "RUSTFLAGS=--cap-lints=warn" "-e" "RUSTDOCFLAGS=--cap-lints=warn" "-w" "/opt/rustwide/workdir" "--user" "0:0" "267519a87020f55befd3aa955046a0fa284598950b62c70125d0fea3a2eb347b" "/opt/rustwide/cargo-home/bin/cargo" "+1.100.0-beta.1" "test" "--frozen" "--no-run" "--message-format=json" "--release", kill_on_drop: false }`
[INFO] [stderr]    Compiling tcc-state v26.10.3
[INFO] [stderr]    Compiling tcc-core v26.10.3
[INFO] [stderr]    Compiling tcc-rust-frontend v26.10.3 (/opt/rustwide/workdir)
[INFO] [stderr]     Finished `release` profile [optimized] target(s) in 9.38s
[INFO] running `Command { std: "docker" "inspect" "267519a87020f55befd3aa955046a0fa284598950b62c70125d0fea3a2eb347b", kill_on_drop: false }`
[INFO] running `Command { std: "docker" "exec" "-e" "SOURCE_DIR=/opt/rustwide/workdir" "-e" "CARGO_HOME=/opt/rustwide/cargo-home" "-e" "RUSTUP_HOME=/opt/rustwide/rustup-home" "-e" "CARGO_TARGET_DIR=/opt/rustwide/target" "-e" "CARGO_INCREMENTAL=0" "-e" "RUST_BACKTRACE=full" "-e" "RUSTFLAGS=--cap-lints=warn" "-e" "RUSTDOCFLAGS=--cap-lints=warn" "-w" "/opt/rustwide/workdir" "--user" "0:0" "267519a87020f55befd3aa955046a0fa284598950b62c70125d0fea3a2eb347b" "/opt/rustwide/cargo-home/bin/cargo" "+1.100.0-beta.1" "test" "--frozen" "--release", kill_on_drop: false }`
[INFO] [stderr]     Finished `release` profile [optimized] target(s) in 0.02s
[INFO] [stderr]      Running unittests src/lib.rs (/opt/rustwide/target/release/build/tcc-rust-frontend/f804eed7e627a726/out/tcc_rust_frontend-f804eed7e627a726)
[INFO] [stdout] 
[INFO] [stdout] running 0 tests
[INFO] [stderr]      Running unittests src/bin/tcc-rust-compile.rs (/opt/rustwide/target/release/build/tcc-rust-frontend/683e18ea2387ef6e/out/tcc_rust_compile-683e18ea2387ef6e)
[INFO] [stderr]      Running tests/corpus.rs (/opt/rustwide/target/release/build/tcc-rust-frontend/9dc209912cc3de3e/out/corpus-9dc209912cc3de3e)
[INFO] [stdout] 
[INFO] [stdout] test result: ok. 0 passed; 0 failed; 0 ignored; 0 measured; 0 filtered out; finished in 0.00s
[INFO] [stdout] 
[INFO] [stdout] 
[INFO] [stdout] running 0 tests
[INFO] [stdout] 
[INFO] [stdout] test result: ok. 0 passed; 0 failed; 0 ignored; 0 measured; 0 filtered out; finished in 0.00s
[INFO] [stdout] 
[INFO] [stdout] 
[INFO] [stdout] running 7 tests
[INFO] [stdout] test entry_is_pub_async_fn_main ... ok
[INFO] [stdout] test invoke_flattens_the_tuple_into_the_argument_vector ... FAILED
[INFO] [stdout] test rust_effects_are_imported_and_always_carry_input ... ok
[INFO] [stdout] test ordinary_rust_programs_match_their_results ... FAILED
[INFO] [stdout] test diagnostics_reject_borrows_macros_generics_and_integers ... ok
[INFO] [stdout] test moved_effect_capture_survives_resume_after_the_effect_checkpoint ... ok
[INFO] [stderr] error: could not find `Cargo.toml` in `/opt` or any parent directory
[INFO] [stdout] test use_after_move_is_not_lowered_when_cargo_check_rejects_it ... ok
[INFO] [stdout] 
[INFO] [stdout] failures:
[INFO] [stdout] 
[INFO] [stdout] ---- invoke_flattens_the_tuple_into_the_argument_vector stdout ----
[INFO] [stdout] 
[INFO] [stdout] thread 'invoke_flattens_the_tuple_into_the_argument_vector' (539) panicked at tests/corpus.rs:33:59:
[INFO] [stdout] /opt/rustwide/workdir/../../conformance/ordinary/rust/durability/invoke_args.rs: No such file or directory (os error 2)
[INFO] [stdout] stack backtrace:
[INFO] [stdout]    0:     0x5b6e81f604d1 - <<std[617be2ca0a6fd877]::sys::backtrace::BacktraceLock>::print::DisplayBacktrace as core[a373ad73a504971]::fmt::Display>::fmt
[INFO] [stdout]    1:     0x5b6e81f75aca - core[a373ad73a504971]::fmt::write
[INFO] [stdout]    2:     0x5b6e81f6475c - <alloc[2e1b2a31b91974c5]::vec::Vec<u8> as core[a373ad73a504971]::io::write::Write>::write_fmt
[INFO] [stdout]    3:     0x5b6e81f3be86 - std[617be2ca0a6fd877]::panicking::default_hook::{closure#0}
[INFO] [stdout]    4:     0x5b6e81f58649 - std[617be2ca0a6fd877]::panicking::default_hook
[INFO] [stdout]    5:     0x5b6e81d272f0 - test[aada8e7e76ba119b]::test_main_inner::{closure#0}
[INFO] [stdout]    6:     0x5b6e81f58972 - std[617be2ca0a6fd877]::panicking::panic_with_hook
[INFO] [stdout]    7:     0x5b6e81f3bf32 - std[617be2ca0a6fd877]::panicking::panic_handler::{closure#0}
[INFO] [stdout]    8:     0x5b6e81f34ab9 - std[617be2ca0a6fd877]::sys::backtrace::__rust_end_short_backtrace::<std[617be2ca0a6fd877]::panicking::panic_handler::{closure#0}, !>
[INFO] [stdout]    9:     0x5b6e81f3cb3d - __rustc[ea4f61d10b84890b]::rust_begin_unwind
[INFO] [stdout]   10:     0x5b6e81f7622c - core[a373ad73a504971]::panicking::panic_fmt
[INFO] [stdout]   11:     0x5b6e81d02f49 - corpus[aa72dce699f972c8]::source::{closure#0}
[INFO] [stdout]   12:     0x5b6e81d04948 - corpus[aa72dce699f972c8]::source
[INFO] [stdout]   13:     0x5b6e81d08787 - <corpus[aa72dce699f972c8]::invoke_flattens_the_tuple_into_the_argument_vector::{closure#0} as core[a373ad73a504971]::ops::function::FnOnce<()>>::call_once
[INFO] [stdout]   14:     0x5b6e81d1a73b - test[aada8e7e76ba119b]::__rust_begin_short_backtrace::<core[a373ad73a504971]::result::Result<(), alloc[2e1b2a31b91974c5]::string::String>, fn() -> core[a373ad73a504971]::result::Result<(), alloc[2e1b2a31b91974c5]::string::String>>
[INFO] [stdout]   15:     0x5b6e81d27915 - test[aada8e7e76ba119b]::run_test::{closure#0}
[INFO] [stdout]   16:     0x5b6e81d21204 - std[617be2ca0a6fd877]::sys::backtrace::__rust_begin_short_backtrace::<test[aada8e7e76ba119b]::run_test::{closure#1}, ()>
[INFO] [stdout]   17:     0x5b6e81d2a9a2 - <std[617be2ca0a6fd877]::thread::lifecycle::spawn_unchecked<test[aada8e7e76ba119b]::run_test::{closure#1}, ()>::{closure#1} as core[a373ad73a504971]::ops::function::FnOnce<()>>::call_once::{shim:vtable#0}
[INFO] [stdout]   18:     0x5b6e81f5f9bf - <std[617be2ca0a6fd877]::sys::thread::unix::Thread>::new::thread_start
[INFO] [stdout]   19:     0x7194b796adfa - <unknown>
[INFO] [stdout]   20:     0x7194b79fe3d4 - clone
[INFO] [stdout]   21:                0x0 - <unknown>
[INFO] [stdout] 
[INFO] [stdout] ---- ordinary_rust_programs_match_their_results stdout ----
[INFO] [stdout] 
[INFO] [stdout] thread 'ordinary_rust_programs_match_their_results' (541) panicked at tests/corpus.rs:33:59:
[INFO] [stdout] /opt/rustwide/workdir/../../conformance/ordinary/rust/ownership/move_struct.rs: No such file or directory (os error 2)
[INFO] [stdout] stack backtrace:
[INFO] [stdout]    0:     0x5b6e81f604d1 - <<std[617be2ca0a6fd877]::sys::backtrace::BacktraceLock>::print::DisplayBacktrace as core[a373ad73a504971]::fmt::Display>::fmt
[INFO] [stdout]    1:     0x5b6e81f75aca - core[a373ad73a504971]::fmt::write
[INFO] [stdout]    2:     0x5b6e81f6475c - <alloc[2e1b2a31b91974c5]::vec::Vec<u8> as core[a373ad73a504971]::io::write::Write>::write_fmt
[INFO] [stdout]    3:     0x5b6e81f3be86 - std[617be2ca0a6fd877]::panicking::default_hook::{closure#0}
[INFO] [stdout]    4:     0x5b6e81f58649 - std[617be2ca0a6fd877]::panicking::default_hook
[INFO] [stdout]    5:     0x5b6e81d272f0 - test[aada8e7e76ba119b]::test_main_inner::{closure#0}
[INFO] [stdout]    6:     0x5b6e81f58972 - std[617be2ca0a6fd877]::panicking::panic_with_hook
[INFO] [stdout]    7:     0x5b6e81f3bf32 - std[617be2ca0a6fd877]::panicking::panic_handler::{closure#0}
[INFO] [stdout]    8:     0x5b6e81f34ab9 - std[617be2ca0a6fd877]::sys::backtrace::__rust_end_short_backtrace::<std[617be2ca0a6fd877]::panicking::panic_handler::{closure#0}, !>
[INFO] [stdout]    9:     0x5b6e81f3cb3d - __rustc[ea4f61d10b84890b]::rust_begin_unwind
[INFO] [stdout]   10:     0x5b6e81f7622c - core[a373ad73a504971]::panicking::panic_fmt
[INFO] [stdout]   11:     0x5b6e81d02f49 - corpus[aa72dce699f972c8]::source::{closure#0}
[INFO] [stdout]   12:     0x5b6e81d04948 - corpus[aa72dce699f972c8]::source
[INFO] [stdout]   13:     0x5b6e81d030c1 - corpus[aa72dce699f972c8]::run
[INFO] [stdout]   14:     0x5b6e81d06010 - <corpus[aa72dce699f972c8]::ordinary_rust_programs_match_their_results::{closure#0} as core[a373ad73a504971]::ops::function::FnOnce<()>>::call_once
[INFO] [stdout]   15:     0x5b6e81d1a73b - test[aada8e7e76ba119b]::__rust_begin_short_backtrace::<core[a373ad73a504971]::result::Result<(), alloc[2e1b2a31b91974c5]::string::String>, fn() -> core[a373ad73a504971]::result::Result<(), alloc[2e1b2a31b91974c5]::string::String>>
[INFO] [stdout]   16:     0x5b6e81d27915 - test[aada8e7e76ba119b]::run_test::{closure#0}
[INFO] [stdout]   17:     0x5b6e81d21204 - std[617be2ca0a6fd877]::sys::backtrace::__rust_begin_short_backtrace::<test[aada8e7e76ba119b]::run_test::{closure#1}, ()>
[INFO] [stdout]   18:     0x5b6e81d2a9a2 - <std[617be2ca0a6fd877]::thread::lifecycle::spawn_unchecked<test[aada8e7e76ba119b]::run_test::{closure#1}, ()>::{closure#1} as core[a373ad73a504971]::ops::function::FnOnce<()>>::call_once::{shim:vtable#0}
[INFO] [stdout]   19:     0x5b6e81f5f9bf - <std[617be2ca0a6fd877]::sys::thread::unix::Thread>::new::thread_start
[INFO] [stdout]   20:     0x7194b796adfa - <unknown>
[INFO] [stdout]   21:     0x7194b79fe3d4 - clone
[INFO] [stdout]   22:                0x0 - <unknown>
[INFO] [stdout] 
[INFO] [stdout] 
[INFO] [stdout] failures:
[INFO] [stdout]     invoke_flattens_the_tuple_into_the_argument_vector
[INFO] [stdout]     ordinary_rust_programs_match_their_results
[INFO] [stdout] 
[INFO] [stdout] test result: FAILED. 5 passed; 2 failed; 0 ignored; 0 measured; 0 filtered out; finished in 0.02s
[INFO] [stdout] 
[INFO] [stderr] error: test failed, to rerun pass `--test corpus`
[INFO] running `Command { std: "docker" "inspect" "267519a87020f55befd3aa955046a0fa284598950b62c70125d0fea3a2eb347b", kill_on_drop: false }`
[INFO] running `Command { std: "docker" "rm" "-f" "267519a87020f55befd3aa955046a0fa284598950b62c70125d0fea3a2eb347b", kill_on_drop: false }`
[INFO] [stdout] 267519a87020f55befd3aa955046a0fa284598950b62c70125d0fea3a2eb347b
