[INFO] fetching crate tcads-client 0.1.0-alpha.6...
[INFO] testing tcads-client-0.1.0-alpha.6 against 1.99.0-beta.8+cargoflags=--release for beta-release-1.100-2
[INFO] extracting crate tcads-client 0.1.0-alpha.6 into /workspace/builds/worker-1-tc1/source
[INFO] started tweaking crates.io crate tcads-client 0.1.0-alpha.6
[INFO] finished tweaking crates.io crate tcads-client 0.1.0-alpha.6
[INFO] tweaked toml for crates.io crate tcads-client 0.1.0-alpha.6 written to /workspace/builds/worker-1-tc1/source/Cargo.toml
[INFO] validating manifest of crates.io crate tcads-client 0.1.0-alpha.6 on toolchain 1.99.0-beta.8
[INFO] running `Command { std: CARGO_HOME="/workspace/cargo-home" RUSTUP_HOME="/workspace/rustup-home" "/workspace/cargo-home/bin/cargo" "+1.99.0-beta.8" "metadata" "--manifest-path" "Cargo.toml" "--no-deps", kill_on_drop: false }`
[INFO] crate crates.io crate tcads-client 0.1.0-alpha.6 already has a lockfile, it will not be regenerated
[INFO] running `Command { std: CARGO_HOME="/workspace/cargo-home" RUSTUP_HOME="/workspace/rustup-home" "/workspace/cargo-home/bin/cargo" "+1.99.0-beta.8" "fetch" "--manifest-path" "Cargo.toml", kill_on_drop: false }`
[INFO] [stderr]     Blocking waiting for file lock on package cache
[INFO] [stderr]     Updating crates.io index
[INFO] [stderr]  Downloading crates ...
[INFO] [stderr]   Downloaded tcads-io v0.1.0-alpha.6
[INFO] [stderr]   Downloaded tcads-serde v0.1.0-alpha.6
[INFO] [stderr]   Downloaded tcads-core v0.1.0-alpha.6
[INFO] running `Command { std: "docker" "create" "-v" "/var/lib/crater-agent-workspace/builds/worker-1-tc1/source:/opt/rustwide/workdir:ro,Z" "-v" "/var/lib/crater-agent-workspace/builds/worker-1-tc1/target:/opt/rustwide/target:rw,Z" "-v" "/var/lib/crater-agent-workspace/cargo-home:/opt/rustwide/cargo-home:ro,Z" "-v" "/var/lib/crater-agent-workspace/rustup-home:/opt/rustwide/rustup-home:ro,Z" "-m" "1610612736" "--network" "none" "ghcr.io/rust-lang/crates-build-env/linux@sha256:77db811e55d90add9212f6832c23229e3de5f1c1f9905e8cb07319ea15df73ac" "sleep" "infinity", kill_on_drop: false }`
[INFO] [stdout] 27d21792fa383e2c661a6b6d0ca78a1a8693c2b3d2faecf5871d685532ed935a
[INFO] running `Command { std: "docker" "start" "27d21792fa383e2c661a6b6d0ca78a1a8693c2b3d2faecf5871d685532ed935a", kill_on_drop: false }`
[INFO] running `Command { std: "docker" "inspect" "27d21792fa383e2c661a6b6d0ca78a1a8693c2b3d2faecf5871d685532ed935a", kill_on_drop: false }`
[INFO] running `Command { std: "docker" "exec" "-e" "SOURCE_DIR=/opt/rustwide/workdir" "-e" "CARGO_HOME=/opt/rustwide/cargo-home" "-e" "RUSTUP_HOME=/opt/rustwide/rustup-home" "-e" "CARGO_TARGET_DIR=/opt/rustwide/target" "-w" "/opt/rustwide/workdir" "--user" "0:0" "27d21792fa383e2c661a6b6d0ca78a1a8693c2b3d2faecf5871d685532ed935a" "/opt/rustwide/cargo-home/bin/cargo" "+1.99.0-beta.8" "metadata" "--no-deps" "--format-version=1", kill_on_drop: false }`
[INFO] running `Command { std: "docker" "inspect" "27d21792fa383e2c661a6b6d0ca78a1a8693c2b3d2faecf5871d685532ed935a", kill_on_drop: false }`
[INFO] running `Command { std: "docker" "exec" "-e" "SOURCE_DIR=/opt/rustwide/workdir" "-e" "CARGO_HOME=/opt/rustwide/cargo-home" "-e" "RUSTUP_HOME=/opt/rustwide/rustup-home" "-e" "CARGO_TARGET_DIR=/opt/rustwide/target" "-e" "CARGO_INCREMENTAL=0" "-e" "RUST_BACKTRACE=full" "-e" "RUSTFLAGS=--cap-lints=warn" "-e" "RUSTDOCFLAGS=--cap-lints=warn" "-w" "/opt/rustwide/workdir" "--user" "0:0" "27d21792fa383e2c661a6b6d0ca78a1a8693c2b3d2faecf5871d685532ed935a" "/opt/rustwide/cargo-home/bin/cargo" "+1.99.0-beta.8" "build" "--frozen" "--message-format=json" "--release", kill_on_drop: false }`
[INFO] [stderr]    Compiling target-features v0.1.6
[INFO] [stderr]    Compiling indexmap v2.14.2
[INFO] [stderr]    Compiling syn v3.0.5
[INFO] [stderr]    Compiling encoding_rs v0.8.40
[INFO] [stderr]    Compiling bitflags v2.13.1
[INFO] [stderr]    Compiling multiversion-macros v0.8.0
[INFO] [stderr]    Compiling multiversion v0.8.0
[INFO] [stderr]    Compiling serde_derive v1.0.229
[INFO] [stderr]    Compiling thiserror-impl v2.0.20
[INFO] [stderr]    Compiling thiserror v2.0.20
[INFO] [stderr]    Compiling serde v1.0.229
[INFO] [stderr]    Compiling chrono v0.4.45
[INFO] [stderr]    Compiling tcads-core v0.1.0-alpha.6
[INFO] [stderr]    Compiling tcads-serde v0.1.0-alpha.6
[INFO] [stderr]    Compiling tcads-io v0.1.0-alpha.6
[INFO] [stderr]    Compiling tcads-client v0.1.0-alpha.6 (/opt/rustwide/workdir)
[INFO] [stderr]     Finished `release` profile [optimized] target(s) in 23.52s
[INFO] running `Command { std: "docker" "inspect" "27d21792fa383e2c661a6b6d0ca78a1a8693c2b3d2faecf5871d685532ed935a", kill_on_drop: false }`
[INFO] running `Command { std: "docker" "exec" "-e" "SOURCE_DIR=/opt/rustwide/workdir" "-e" "CARGO_HOME=/opt/rustwide/cargo-home" "-e" "RUSTUP_HOME=/opt/rustwide/rustup-home" "-e" "CARGO_TARGET_DIR=/opt/rustwide/target" "-e" "CARGO_INCREMENTAL=0" "-e" "RUST_BACKTRACE=full" "-e" "RUSTFLAGS=--cap-lints=warn" "-e" "RUSTDOCFLAGS=--cap-lints=warn" "-w" "/opt/rustwide/workdir" "--user" "0:0" "27d21792fa383e2c661a6b6d0ca78a1a8693c2b3d2faecf5871d685532ed935a" "/opt/rustwide/cargo-home/bin/cargo" "+1.99.0-beta.8" "test" "--frozen" "--no-run" "--message-format=json" "--release", kill_on_drop: false }`
[INFO] [stderr]    Compiling tcads-client v0.1.0-alpha.6 (/opt/rustwide/workdir)
[INFO] [stderr]     Finished `release` profile [optimized] target(s) in 3.41s
[INFO] running `Command { std: "docker" "inspect" "27d21792fa383e2c661a6b6d0ca78a1a8693c2b3d2faecf5871d685532ed935a", kill_on_drop: false }`
[INFO] running `Command { std: "docker" "exec" "-e" "SOURCE_DIR=/opt/rustwide/workdir" "-e" "CARGO_HOME=/opt/rustwide/cargo-home" "-e" "RUSTUP_HOME=/opt/rustwide/rustup-home" "-e" "CARGO_TARGET_DIR=/opt/rustwide/target" "-e" "CARGO_INCREMENTAL=0" "-e" "RUST_BACKTRACE=full" "-e" "RUSTFLAGS=--cap-lints=warn" "-e" "RUSTDOCFLAGS=--cap-lints=warn" "-w" "/opt/rustwide/workdir" "--user" "0:0" "27d21792fa383e2c661a6b6d0ca78a1a8693c2b3d2faecf5871d685532ed935a" "/opt/rustwide/cargo-home/bin/cargo" "+1.99.0-beta.8" "test" "--frozen" "--release", kill_on_drop: false }`
[INFO] [stderr]     Finished `release` profile [optimized] target(s) in 0.06s
[INFO] [stderr]      Running unittests src/lib.rs (/opt/rustwide/target/release/deps/tcads_client-c5f7453c8ff649be)
[INFO] [stdout] 
[INFO] [stdout] running 33 tests
[INFO] [stdout] test devices::system_service::shared::tests::encodes_empty_optional_fields ... ok
[INFO] [stdout] test error::tests::poison_error_converts ... ok
[INFO] [stdout] test devices::system_service::shared::tests::encodes_header_and_null_terminated_strings ... ok
[INFO] [stdout] test tasks::blocking::dispatcher::ads_notification::tests::promote_returns_false_for_unknown_invoke_id ... ok
[INFO] [stdout] test tasks::blocking::dispatcher::ads_notification::tests::dispatch_before_promote_is_dropped ... ok
[INFO] [stdout] test tasks::blocking::dispatcher::ams_request::tests::complete_routes_frame_to_waiting_caller ... ok
[INFO] [stdout] test tasks::blocking::dispatcher::ads_notification::tests::clear_wakes_all_subscribers ... ok
[INFO] [stdout] test error::tests::io_error_converts_and_clones ... ok
[INFO] [stdout] test tasks::blocking::dispatcher::router_notification::tests::clear_wakes_all_subscribers_with_err ... ok
[INFO] [stdout] test tasks::blocking::dispatcher::router_notification::tests::dead_receivers_are_pruned_on_broadcast ... ok
[INFO] [stdout] test tasks::blocking::dispatcher::router_notification::tests::multiple_broadcasts_are_all_received ... ok
[INFO] [stdout] test tasks::blocking::dispatcher::router_notification::tests::subscribe_after_clear_works ... ok
[INFO] [stdout] test tasks::blocking::reader::tests::multiple_frames_processed_in_order ... ok
[INFO] [stdout] test tasks::blocking::reader::tests::port_close_exits_loop_cleanly ... ok
[INFO] [stdout] test tasks::blocking::reader::tests::port_connect_is_routed_to_requests ... ok
[INFO] [stdout] test tasks::blocking::reader::tests::router_removed_clears_requests_and_exits ... ok
[INFO] [stdout] test tasks::blocking::reader::tests::router_start_is_broadcast_without_clearing ... ok
[INFO] [stdout] test tasks::blocking::reader::tests::router_stop_clears_ads_notifs_before_broadcasting ... ok
[INFO] [stdout] test tasks::blocking::reader::tests::unknown_commands_are_ignored_silently ... ok
[INFO] [stdout] test tasks::blocking::dispatcher::ads_notification::tests::remove_causes_receiver_to_return_err ... ok
[INFO] [stdout] test tasks::blocking::dispatcher::ads_notification::tests::dispatch_prunes_dead_receiver ... ok
[INFO] [stdout] test tasks::blocking::dispatcher::ams_request::tests::dispatch_enqueues_frame_and_returns_receiver ... ok
[INFO] [stdout] test tasks::blocking::dispatcher::ads_notification::tests::pre_register_and_promote_routes_samples ... ok
[INFO] [stdout] test tasks::blocking::dispatcher::ams_request::tests::clear_wakes_waiting_callers_with_error ... ok
[INFO] [stdout] test tasks::blocking::dispatcher::ams_request::tests::netid_queue_handles_multiple_concurrent_callers ... ok
[INFO] [stdout] test tasks::blocking::dispatcher::router_notification::tests::multiple_subscribers_all_receive_broadcast ... ok
[INFO] [stdout] test tasks::blocking::reader::tests::get_local_net_id_is_routed_to_requests ... ok
[INFO] [stdout] test tasks::blocking::dispatcher::router_notification::tests::single_subscriber_receives_broadcast ... ok
[INFO] [stdout] test tasks::blocking::writer::tests::frames_are_written_in_order ... ok
[INFO] [stdout] test tasks::blocking::writer::tests::multiple_senders_all_deliver ... ok
[INFO] [stdout] test tasks::blocking::writer::tests::thread_exits_on_write_error ... ok
[INFO] [stdout] test tasks::blocking::writer::tests::port_close_exits_thread_and_invalidates_sender ... ok
[INFO] [stdout] test tasks::blocking::writer::tests::frames_after_port_close_are_never_written ... ok
[INFO] [stdout] 
[INFO] [stdout] test result: ok. 33 passed; 0 failed; 0 ignored; 0 measured; 0 filtered out; finished in 0.12s
[INFO] [stdout] 
[INFO] [stderr]    Doc-tests tcads_client
[INFO] [stdout] 
[INFO] [stdout] running 14 tests
[INFO] [stdout] test src/devices/ads_device/blocking.rs - devices::ads_device::blocking::AdsDevice::new (line 302) ... ignored
[INFO] [stdout] test src/lib.rs - (line 59) - compile ... ok
[INFO] [stdout] test src/devices/system_service/blocking.rs - devices::system_service::blocking::AdsSystemService::start_process_on_host (line 138) - compile ... ok
[INFO] [stdout] test src/devices/ads_device/blocking.rs - devices::ads_device::blocking::AdsDevice (line 79) - compile ... ok
[INFO] [stdout] test src/devices/ads_device/blocking.rs - devices::ads_device::blocking::AdsDevice (line 102) - compile ... ok
[INFO] [stdout] test src/lib.rs - (line 87) - compile ... ok
[INFO] [stdout] test src/lib.rs - (line 123) - compile ... ok
[INFO] [stdout] test src/devices/ads_device/blocking.rs - devices::ads_device::blocking::AdsDevice::connect_uds (line 210) - compile ... ok
[INFO] [stdout] test src/devices/ads_device/blocking.rs - devices::ads_device::blocking::AdsDevice::connect (line 146) - compile ... ok
[INFO] [stdout] test src/devices/ads_device/blocking.rs - devices::ads_device::blocking::AdsDevice::connect_tcp (line 173) - compile ... ok
[INFO] [stdout] test src/devices/ads_device/blocking.rs - devices::ads_device::blocking::AdsDevice::connect_remote (line 256) - compile ... ok
[INFO] [stdout] test src/devices/runtime/blocking.rs - devices::runtime::blocking::AdsRuntime::rpc (line 640) - compile ... ok
[INFO] [stdout] test src/lib.rs - (line 147) - compile ... FAILED
[INFO] [stdout] test src/devices/runtime/blocking.rs - devices::runtime::blocking::AdsRuntime::rpc (line 683) - compile ... ok
[INFO] [stdout] 
[INFO] [stdout] failures:
[INFO] [stdout] 
[INFO] [stdout] ---- src/lib.rs - (line 147) stdout ----
[INFO] [stdout] error[E0432]: unresolved import `tcads_client::devices::tokio`
[INFO] [stdout]    --> src/lib.rs:149:28
[INFO] [stdout]     |
[INFO] [stdout] 149 | use tcads_client::devices::tokio::AdsRuntime;
[INFO] [stdout]     |                            ^^^^^ could not find `tokio` in `devices`
[INFO] [stdout]     |
[INFO] [stdout] note: found an item that was configured out
[INFO] [stdout]    --> src/devices/mod.rs:18:9
[INFO] [stdout]     |
[INFO] [stdout]  17 | #[cfg(feature = "tokio")]
[INFO] [stdout]     |       ----------------- the item is gated behind the `tokio` feature
[INFO] [stdout]  18 | pub mod tokio {
[INFO] [stdout]     |         ^^^^^
[INFO] [stdout] 
[INFO] [stdout] error[E0433]: cannot find module or crate `tokio` in this scope
[INFO] [stdout]    --> src/lib.rs:152:3
[INFO] [stdout]     |
[INFO] [stdout] 152 | #[tokio::main]
[INFO] [stdout]     |   ^^^^^ use of unresolved module or unlinked crate `tokio`
[INFO] [stdout] 
[INFO] [stdout] warning: method call on a diverging inference variable
[INFO] [stdout]    --> src/lib.rs:156:30
[INFO] [stdout]     |
[INFO] [stdout] 156 |     let count: u32 = runtime.read_value("MAIN.nCount").await?;
[INFO] [stdout]     |                              ^^^^^^^^^^
[INFO] [stdout]     |
[INFO] [stdout]     = help: consider providing a type annotation
[INFO] [stdout]     = warning: this was previously accepted by the compiler but is being phased out; it will become a hard error in a future release!
[INFO] [stdout]     = note: for more information, see issue #156047 <https://github.com/rust-lang/rust/issues/156047>
[INFO] [stdout]     = note: `#[warn(method_call_on_diverging_infer_var)]` (part of `#[warn(future_incompatible)]`) on by default
[INFO] [stdout] 
[INFO] [stdout] error[E0599]: no method named `read_value` found for type `!` in the current scope
[INFO] [stdout]    --> src/lib.rs:156:30
[INFO] [stdout]     |
[INFO] [stdout] 156 |     let count: u32 = runtime.read_value("MAIN.nCount").await?;
[INFO] [stdout]     |                              ^^^^^^^^^^ method not found in `!`
[INFO] [stdout] 
[INFO] [stdout] error[E0599]: no method named `write_value` found for type `!` in the current scope
[INFO] [stdout]    --> src/lib.rs:157:13
[INFO] [stdout]     |
[INFO] [stdout] 157 |     runtime.write_value("MAIN.bIncrement", true).await?;
[INFO] [stdout]     |             ^^^^^^^^^^^ method not found in `!`
[INFO] [stdout] 
[INFO] [stdout] error[E0752]: `main` function is not allowed to be `async`
[INFO] [stdout]    --> src/lib.rs:153:1
[INFO] [stdout]     |
[INFO] [stdout] 153 | async fn main() -> Result<(), Box<dyn std::error::Error>> {
[INFO] [stdout]     | ^^^^^^^^^^^^^^^^^^^^^^^^^^^^^^^^^^^^^^^^^^^^^^^^^^^^^^^^^ `main` function is not allowed to be `async`
[INFO] [stdout] 
[INFO] [stdout] error: aborting due to 5 previous errors; 1 warning emitted
[INFO] [stdout] 
[INFO] [stdout] Some errors have detailed explanations: E0432, E0433, E0599, E0752.
[INFO] [stdout] For more information about an error, try `rustc --explain E0432`.
[INFO] [stdout] Couldn't compile the test.
[INFO] [stdout] 
[INFO] [stdout] failures:
[INFO] [stdout]     src/lib.rs - (line 147)
[INFO] [stdout] 
[INFO] [stdout] test result: FAILED. 12 passed; 1 failed; 1 ignored; 0 measured; 0 filtered out; finished in 0.37s
[INFO] [stdout] 
[INFO] [stdout] all doctests ran in 0.57s; merged doctests compilation took 0.20s
[INFO] [stderr] error: doctest failed, to rerun pass `--doc`
[INFO] running `Command { std: "docker" "inspect" "27d21792fa383e2c661a6b6d0ca78a1a8693c2b3d2faecf5871d685532ed935a", kill_on_drop: false }`
[INFO] running `Command { std: "docker" "rm" "-f" "27d21792fa383e2c661a6b6d0ca78a1a8693c2b3d2faecf5871d685532ed935a", kill_on_drop: false }`
[INFO] [stdout] 27d21792fa383e2c661a6b6d0ca78a1a8693c2b3d2faecf5871d685532ed935a
