[INFO] fetching crate tc_grain128_aead 0.1.0...
[INFO] testing tc_grain128_aead-0.1.0 against 1.99.0-beta.8+cargoflags=--release for beta-release-1.100-2
[INFO] extracting crate tc_grain128_aead 0.1.0 into /workspace/builds/worker-1-tc1/source
[INFO] started tweaking crates.io crate tc_grain128_aead 0.1.0
[INFO] removed 0 missing tests
[INFO] finished tweaking crates.io crate tc_grain128_aead 0.1.0
[INFO] tweaked toml for crates.io crate tc_grain128_aead 0.1.0 written to /workspace/builds/worker-1-tc1/source/Cargo.toml
[INFO] validating manifest of crates.io crate tc_grain128_aead 0.1.0 on toolchain 1.99.0-beta.8
[INFO] running `Command { std: CARGO_HOME="/workspace/cargo-home" RUSTUP_HOME="/workspace/rustup-home" "/workspace/cargo-home/bin/cargo" "+1.99.0-beta.8" "metadata" "--manifest-path" "Cargo.toml" "--no-deps", kill_on_drop: false }`
[INFO] crate crates.io crate tc_grain128_aead 0.1.0 already has a lockfile, it will not be regenerated
[INFO] running `Command { std: CARGO_HOME="/workspace/cargo-home" RUSTUP_HOME="/workspace/rustup-home" "/workspace/cargo-home/bin/cargo" "+1.99.0-beta.8" "fetch" "--manifest-path" "Cargo.toml", kill_on_drop: false }`
[INFO] [stderr]     Updating crates.io index
[INFO] [stderr]  Downloading crates ...
[INFO] [stderr]   Downloaded tc_block_cipher v0.1.0
[INFO] [stderr]   Downloaded tc_constant_time v0.1.0
[INFO] [stderr]   Downloaded tc_aead_cipher v0.1.0
[INFO] [stderr]   Downloaded tc_zeroize v0.1.0
[INFO] running `Command { std: "docker" "create" "-v" "/var/lib/crater-agent-workspace/builds/worker-1-tc1/source:/opt/rustwide/workdir:ro,Z" "-v" "/var/lib/crater-agent-workspace/builds/worker-1-tc1/target:/opt/rustwide/target:rw,Z" "-v" "/var/lib/crater-agent-workspace/cargo-home:/opt/rustwide/cargo-home:ro,Z" "-v" "/var/lib/crater-agent-workspace/rustup-home:/opt/rustwide/rustup-home:ro,Z" "-m" "1610612736" "--network" "none" "ghcr.io/rust-lang/crates-build-env/linux@sha256:77db811e55d90add9212f6832c23229e3de5f1c1f9905e8cb07319ea15df73ac" "sleep" "infinity", kill_on_drop: false }`
[INFO] [stdout] 8949378c836ee46d435aa353cdba858d920e89b59bcf2804f2b159ab019e58b3
[INFO] running `Command { std: "docker" "start" "8949378c836ee46d435aa353cdba858d920e89b59bcf2804f2b159ab019e58b3", kill_on_drop: false }`
[INFO] running `Command { std: "docker" "inspect" "8949378c836ee46d435aa353cdba858d920e89b59bcf2804f2b159ab019e58b3", kill_on_drop: false }`
[INFO] running `Command { std: "docker" "exec" "-e" "SOURCE_DIR=/opt/rustwide/workdir" "-e" "CARGO_HOME=/opt/rustwide/cargo-home" "-e" "RUSTUP_HOME=/opt/rustwide/rustup-home" "-e" "CARGO_TARGET_DIR=/opt/rustwide/target" "-w" "/opt/rustwide/workdir" "--user" "0:0" "8949378c836ee46d435aa353cdba858d920e89b59bcf2804f2b159ab019e58b3" "/opt/rustwide/cargo-home/bin/cargo" "+1.99.0-beta.8" "metadata" "--no-deps" "--format-version=1", kill_on_drop: false }`
[INFO] running `Command { std: "docker" "inspect" "8949378c836ee46d435aa353cdba858d920e89b59bcf2804f2b159ab019e58b3", kill_on_drop: false }`
[INFO] running `Command { std: "docker" "exec" "-e" "SOURCE_DIR=/opt/rustwide/workdir" "-e" "CARGO_HOME=/opt/rustwide/cargo-home" "-e" "RUSTUP_HOME=/opt/rustwide/rustup-home" "-e" "CARGO_TARGET_DIR=/opt/rustwide/target" "-e" "CARGO_INCREMENTAL=0" "-e" "RUST_BACKTRACE=full" "-e" "RUSTFLAGS=--cap-lints=warn" "-e" "RUSTDOCFLAGS=--cap-lints=warn" "-w" "/opt/rustwide/workdir" "--user" "0:0" "8949378c836ee46d435aa353cdba858d920e89b59bcf2804f2b159ab019e58b3" "/opt/rustwide/cargo-home/bin/cargo" "+1.99.0-beta.8" "build" "--frozen" "--message-format=json" "--release", kill_on_drop: false }`
[INFO] [stderr]    Compiling tc_zeroize v0.1.0
[INFO] [stderr]    Compiling tc_constant_time v0.1.0
[INFO] [stderr]    Compiling tc_block_cipher v0.1.0
[INFO] [stderr]    Compiling tc_aead_cipher v0.1.0
[INFO] [stderr]    Compiling tc_grain128_aead v0.1.0 (/opt/rustwide/workdir)
[INFO] [stderr]     Finished `release` profile [optimized] target(s) in 1.01s
[INFO] running `Command { std: "docker" "inspect" "8949378c836ee46d435aa353cdba858d920e89b59bcf2804f2b159ab019e58b3", kill_on_drop: false }`
[INFO] running `Command { std: "docker" "exec" "-e" "SOURCE_DIR=/opt/rustwide/workdir" "-e" "CARGO_HOME=/opt/rustwide/cargo-home" "-e" "RUSTUP_HOME=/opt/rustwide/rustup-home" "-e" "CARGO_TARGET_DIR=/opt/rustwide/target" "-e" "CARGO_INCREMENTAL=0" "-e" "RUST_BACKTRACE=full" "-e" "RUSTFLAGS=--cap-lints=warn" "-e" "RUSTDOCFLAGS=--cap-lints=warn" "-w" "/opt/rustwide/workdir" "--user" "0:0" "8949378c836ee46d435aa353cdba858d920e89b59bcf2804f2b159ab019e58b3" "/opt/rustwide/cargo-home/bin/cargo" "+1.99.0-beta.8" "test" "--frozen" "--no-run" "--message-format=json" "--release", kill_on_drop: false }`
[INFO] [stderr]    Compiling tc_grain128_aead v0.1.0 (/opt/rustwide/workdir)
[INFO] [stderr]     Finished `release` profile [optimized] target(s) in 1.57s
[INFO] running `Command { std: "docker" "inspect" "8949378c836ee46d435aa353cdba858d920e89b59bcf2804f2b159ab019e58b3", kill_on_drop: false }`
[INFO] running `Command { std: "docker" "exec" "-e" "SOURCE_DIR=/opt/rustwide/workdir" "-e" "CARGO_HOME=/opt/rustwide/cargo-home" "-e" "RUSTUP_HOME=/opt/rustwide/rustup-home" "-e" "CARGO_TARGET_DIR=/opt/rustwide/target" "-e" "CARGO_INCREMENTAL=0" "-e" "RUST_BACKTRACE=full" "-e" "RUSTFLAGS=--cap-lints=warn" "-e" "RUSTDOCFLAGS=--cap-lints=warn" "-w" "/opt/rustwide/workdir" "--user" "0:0" "8949378c836ee46d435aa353cdba858d920e89b59bcf2804f2b159ab019e58b3" "/opt/rustwide/cargo-home/bin/cargo" "+1.99.0-beta.8" "test" "--frozen" "--release", kill_on_drop: false }`
[INFO] [stderr]     Finished `release` profile [optimized] target(s) in 0.04s
[INFO] [stderr]      Running unittests src/lib.rs (/opt/rustwide/target/release/deps/tc_grain128_aead-2727353179c77fed)
[INFO] [stderr]      Running tests/documentation.rs (/opt/rustwide/target/release/deps/documentation-54bf2b994a14ca5c)
[INFO] [stdout] 
[INFO] [stdout] running 0 tests
[INFO] [stdout] 
[INFO] [stdout] test result: ok. 0 passed; 0 failed; 0 ignored; 0 measured; 0 filtered out; finished in 0.00s
[INFO] [stdout] 
[INFO] [stdout] 
[INFO] [stdout] running 2 tests
[INFO] [stdout] test the_scanner_requires_exactly_one_timing_classification_on_each_declaration ... ok
[INFO] [stdout] test every_public_api_and_implemented_trait_method_has_an_unambiguous_timing_doc ... ok
[INFO] [stdout] 
[INFO] [stdout] test result: ok. 2 passed; 0 failed; 0 ignored; 0 measured; 0 filtered out; finished in 0.00s
[INFO] [stdout] 
[INFO] [stderr]      Running tests/engine.rs (/opt/rustwide/target/release/deps/engine-9d9a18813e83576a)
[INFO] [stdout] 
[INFO] [stderr]      Running tests/fixed.rs (/opt/rustwide/target/release/deps/fixed-e10184a95422db3d)
[INFO] [stdout] running 0 tests
[INFO] [stdout] 
[INFO] [stdout] test result: ok. 0 passed; 0 failed; 0 ignored; 0 measured; 0 filtered out; finished in 0.00s
[INFO] [stdout] 
[INFO] [stdout] 
[INFO] [stdout] running 3 tests
[INFO] [stdout] test aad_beyond_the_fixed_capacity_is_rejected ... ok
[INFO] [stderr] error: test failed, to rerun pass `--test fixed`
[INFO] [stdout] test initial_aad_beyond_the_fixed_capacity_is_rejected ... ok
[INFO] [stdout] test the_fixed_engine_matches_the_official_vector_with_incremental_aad ... FAILED
[INFO] [stdout] 
[INFO] [stdout] failures:
[INFO] [stdout] 
[INFO] [stdout] ---- the_fixed_engine_matches_the_official_vector_with_incremental_aad stdout ----
[INFO] [stdout] 
[INFO] [stdout] thread 'the_fixed_engine_matches_the_official_vector_with_incremental_aad' (358) panicked at tests/fixed.rs:27:5:
[INFO] [stdout] assertion `left == right` failed
[INFO] [stdout]   left: [234, 32, 100, 134, 1, 250, 137, 183, 57, 159, 218, 180, 168, 167, 26, 249, 225, 200, 154, 26, 98, 13, 91, 193]
[INFO] [stdout]  right: [128, 181, 59, 226, 142, 147, 139, 174, 118, 182, 76, 205, 83, 190, 77, 229, 251, 7, 32, 222, 24, 234, 143, 174]
[INFO] [stdout] stack backtrace:
[INFO] [stdout]    0:     0x637d5a8febe1 - <<std[70759c8f55707aa4]::sys::backtrace::BacktraceLock>::print::DisplayBacktrace as core[df12db4294e9bfd3]::fmt::Display>::fmt
[INFO] [stdout]    1:     0x637d5a912eba - core[df12db4294e9bfd3]::fmt::write
[INFO] [stdout]    2:     0x637d5a90307c - <alloc[2182bb758b4b3781]::vec::Vec<u8> as core[df12db4294e9bfd3]::io::write::Write>::write_fmt
[INFO] [stdout]    3:     0x637d5a8db1d6 - std[70759c8f55707aa4]::panicking::default_hook::{closure#0}
[INFO] [stdout]    4:     0x637d5a8f7349 - std[70759c8f55707aa4]::panicking::default_hook
[INFO] [stdout]    5:     0x637d5a893760 - test[9d35eded1c95d3be]::test_main_inner::<test[9d35eded1c95d3be]::test_main_static::{closure#0}>::{closure#0}
[INFO] [stdout]    6:     0x637d5a8f7502 - std[70759c8f55707aa4]::panicking::panic_with_hook
[INFO] [stdout]    7:     0x637d5a8db282 - std[70759c8f55707aa4]::panicking::panic_handler::{closure#0}
[INFO] [stdout]    8:     0x637d5a8d4009 - std[70759c8f55707aa4]::sys::backtrace::__rust_end_short_backtrace::<std[70759c8f55707aa4]::panicking::panic_handler::{closure#0}, !>
[INFO] [stdout]    9:     0x637d5a8dbe7d - __rustc[8fa7c3cbc660c2b3]::rust_begin_unwind
[INFO] [stdout]   10:     0x637d5a9135ec - core[df12db4294e9bfd3]::panicking::panic_fmt
[INFO] [stdout]   11:     0x637d5a913503 - core[df12db4294e9bfd3]::panicking::assert_failed_inner
[INFO] [stdout]   12:     0x637d5a88390f - core[df12db4294e9bfd3]::panicking::assert_failed::<[u8; 24usize], [u8; 24usize]>
[INFO] [stdout]   13:     0x637d5a886856 - <fixed[b49ffd1230ffd8c0]::the_fixed_engine_matches_the_official_vector_with_incremental_aad::{closure#0} as core[df12db4294e9bfd3]::ops::function::FnOnce<()>>::call_once
[INFO] [stdout]   14:     0x637d5a886a4b - test[9d35eded1c95d3be]::__rust_begin_short_backtrace::<core[df12db4294e9bfd3]::result::Result<(), alloc[2182bb758b4b3781]::string::String>, fn() -> core[df12db4294e9bfd3]::result::Result<(), alloc[2182bb758b4b3781]::string::String>>
[INFO] [stdout]   15:     0x637d5a8940b5 - test[9d35eded1c95d3be]::run_test::{closure#0}
[INFO] [stdout]   16:     0x637d5a88d974 - std[70759c8f55707aa4]::sys::backtrace::__rust_begin_short_backtrace::<test[9d35eded1c95d3be]::run_test::{closure#1}, ()>
[INFO] [stdout]   17:     0x637d5a897212 - <std[70759c8f55707aa4]::thread::lifecycle::spawn_unchecked<test[9d35eded1c95d3be]::run_test::{closure#1}, ()>::{closure#1} as core[df12db4294e9bfd3]::ops::function::FnOnce<()>>::call_once::{shim:vtable#0}
[INFO] [stdout]   18:     0x637d5a8fe4b9 - <std[70759c8f55707aa4]::sys::thread::unix::Thread>::new::thread_start
[INFO] [stdout]   19:     0x77cfa9345dfa - <unknown>
[INFO] [stdout]   20:     0x77cfa93d93d4 - clone
[INFO] [stdout]   21:                0x0 - <unknown>
[INFO] [stdout] 
[INFO] [stdout] 
[INFO] [stdout] failures:
[INFO] [stdout]     the_fixed_engine_matches_the_official_vector_with_incremental_aad
[INFO] [stdout] 
[INFO] [stdout] test result: FAILED. 2 passed; 1 failed; 0 ignored; 0 measured; 0 filtered out; finished in 0.00s
[INFO] [stdout] 
[INFO] running `Command { std: "docker" "inspect" "8949378c836ee46d435aa353cdba858d920e89b59bcf2804f2b159ab019e58b3", kill_on_drop: false }`
[INFO] running `Command { std: "docker" "rm" "-f" "8949378c836ee46d435aa353cdba858d920e89b59bcf2804f2b159ab019e58b3", kill_on_drop: false }`
[INFO] [stdout] 8949378c836ee46d435aa353cdba858d920e89b59bcf2804f2b159ab019e58b3
