[INFO] fetching crate tax-invoice 2.0.2...
[INFO] testing tax-invoice-2.0.2 against 1.100.0-beta.1+cargoflags=--release for beta-release-1.100-2
[INFO] extracting crate tax-invoice 2.0.2 into /workspace/builds/worker-3-tc2/source
[INFO] started tweaking crates.io crate tax-invoice 2.0.2
[INFO] removed 0 missing examples
[INFO] removed 0 missing tests
[INFO] finished tweaking crates.io crate tax-invoice 2.0.2
[INFO] tweaked toml for crates.io crate tax-invoice 2.0.2 written to /workspace/builds/worker-3-tc2/source/Cargo.toml
[INFO] validating manifest of crates.io crate tax-invoice 2.0.2 on toolchain 1.100.0-beta.1
[INFO] running `Command { std: CARGO_HOME="/workspace/cargo-home" RUSTUP_HOME="/workspace/rustup-home" "/workspace/cargo-home/bin/cargo" "+1.100.0-beta.1" "metadata" "--manifest-path" "Cargo.toml" "--no-deps", kill_on_drop: false }`
[INFO] crate crates.io crate tax-invoice 2.0.2 already has a lockfile, it will not be regenerated
[INFO] running `Command { std: CARGO_HOME="/workspace/cargo-home" RUSTUP_HOME="/workspace/rustup-home" "/workspace/cargo-home/bin/cargo" "+1.100.0-beta.1" "fetch" "--manifest-path" "Cargo.toml", kill_on_drop: false }`
[INFO] running `Command { std: "docker" "create" "-v" "/var/lib/crater-agent-workspace/builds/worker-3-tc2/source:/opt/rustwide/workdir:ro,Z" "-v" "/var/lib/crater-agent-workspace/builds/worker-3-tc2/target:/opt/rustwide/target:rw,Z" "-v" "/var/lib/crater-agent-workspace/cargo-home:/opt/rustwide/cargo-home:ro,Z" "-v" "/var/lib/crater-agent-workspace/rustup-home:/opt/rustwide/rustup-home:ro,Z" "-m" "1610612736" "--network" "none" "ghcr.io/rust-lang/crates-build-env/linux@sha256:77db811e55d90add9212f6832c23229e3de5f1c1f9905e8cb07319ea15df73ac" "sleep" "infinity", kill_on_drop: false }`
[INFO] [stdout] 80546662894ce0ba1abe8e05c7377a720860559dc0eba136f19b89f747bd9ecd
[INFO] running `Command { std: "docker" "start" "80546662894ce0ba1abe8e05c7377a720860559dc0eba136f19b89f747bd9ecd", kill_on_drop: false }`
[INFO] running `Command { std: "docker" "inspect" "80546662894ce0ba1abe8e05c7377a720860559dc0eba136f19b89f747bd9ecd", kill_on_drop: false }`
[INFO] running `Command { std: "docker" "exec" "-e" "SOURCE_DIR=/opt/rustwide/workdir" "-e" "CARGO_HOME=/opt/rustwide/cargo-home" "-e" "RUSTUP_HOME=/opt/rustwide/rustup-home" "-e" "CARGO_TARGET_DIR=/opt/rustwide/target" "-w" "/opt/rustwide/workdir" "--user" "0:0" "80546662894ce0ba1abe8e05c7377a720860559dc0eba136f19b89f747bd9ecd" "/opt/rustwide/cargo-home/bin/cargo" "+1.100.0-beta.1" "metadata" "--no-deps" "--format-version=1", kill_on_drop: false }`
[INFO] running `Command { std: "docker" "inspect" "80546662894ce0ba1abe8e05c7377a720860559dc0eba136f19b89f747bd9ecd", kill_on_drop: false }`
[INFO] running `Command { std: "docker" "exec" "-e" "SOURCE_DIR=/opt/rustwide/workdir" "-e" "CARGO_HOME=/opt/rustwide/cargo-home" "-e" "RUSTUP_HOME=/opt/rustwide/rustup-home" "-e" "CARGO_TARGET_DIR=/opt/rustwide/target" "-e" "CARGO_INCREMENTAL=0" "-e" "RUST_BACKTRACE=full" "-e" "RUSTFLAGS=--cap-lints=warn" "-e" "RUSTDOCFLAGS=--cap-lints=warn" "-w" "/opt/rustwide/workdir" "--user" "0:0" "80546662894ce0ba1abe8e05c7377a720860559dc0eba136f19b89f747bd9ecd" "/opt/rustwide/cargo-home/bin/cargo" "+1.100.0-beta.1" "build" "--frozen" "--message-format=json" "--release", kill_on_drop: false }`
[INFO] [stderr]    Compiling quote v1.0.46
[INFO] [stderr]    Compiling find-msvc-tools v0.1.9
[INFO] [stderr]    Compiling icu_properties_data v2.2.0
[INFO] [stderr]    Compiling utf8_iter v1.0.4
[INFO] [stderr]    Compiling zeroize v1.9.0
[INFO] [stderr]    Compiling typenum v1.20.1
[INFO] [stderr]    Compiling icu_normalizer_data v2.2.0
[INFO] [stderr]    Compiling zerocopy v0.8.54
[INFO] [stderr]    Compiling subtle v2.6.1
[INFO] [stderr]    Compiling smallvec v1.15.2
[INFO] [stderr]    Compiling num-traits v0.2.19
[INFO] [stderr]    Compiling untrusted v0.9.0
[INFO] [stderr]    Compiling getrandom v0.2.17
[INFO] [stderr]    Compiling rustls v0.23.41
[INFO] [stderr]    Compiling percent-encoding v2.3.2
[INFO] [stderr]    Compiling aho-corasick v1.1.4
[INFO] [stderr]    Compiling cc v1.2.67
[INFO] [stderr]    Compiling rustls-pki-types v1.15.0
[INFO] [stderr]    Compiling regex-syntax v0.8.11
[INFO] [stderr]    Compiling form_urlencoded v1.2.2
[INFO] [stderr]    Compiling rust_decimal v1.42.1
[INFO] [stderr]    Compiling log v0.4.33
[INFO] [stderr]    Compiling serde_json v1.0.150
[INFO] [stderr]    Compiling rand_core v0.6.4
[INFO] [stderr]    Compiling arrayvec v0.7.8
[INFO] [stderr]    Compiling hex v0.4.3
[INFO] [stderr]    Compiling syn v2.0.118
[INFO] [stderr]    Compiling generic-array v0.14.7
[INFO] [stderr]    Compiling webpki-roots v1.0.8
[INFO] [stderr]    Compiling webpki-roots v0.26.11
[INFO] [stderr]    Compiling ring v0.17.14
[INFO] [stderr]    Compiling chrono v0.4.45
[INFO] [stderr]    Compiling block-buffer v0.10.4
[INFO] [stderr]    Compiling crypto-common v0.1.7
[INFO] [stderr]    Compiling digest v0.10.7
[INFO] [stderr]    Compiling sha2 v0.10.9
[INFO] [stderr]    Compiling hmac v0.12.1
[INFO] [stderr]    Compiling regex-automata v0.4.15
[INFO] [stderr]    Compiling synstructure v0.13.2
[INFO] [stderr]    Compiling zerovec-derive v0.11.3
[INFO] [stderr]    Compiling displaydoc v0.2.6
[INFO] [stderr]    Compiling serde_derive v1.0.228
[INFO] [stderr]    Compiling thiserror-impl v1.0.69
[INFO] [stderr]    Compiling rust_decimal_macros v1.40.0
[INFO] [stderr]    Compiling zerofrom-derive v0.1.7
[INFO] [stderr]    Compiling yoke-derive v0.8.2
[INFO] [stderr]    Compiling zerofrom v0.1.8
[INFO] [stderr]    Compiling thiserror v1.0.69
[INFO] [stderr]    Compiling yoke v0.8.3
[INFO] [stderr]    Compiling zerovec v0.11.6
[INFO] [stderr]    Compiling zerotrie v0.2.4
[INFO] [stderr]    Compiling regex v1.13.0
[INFO] [stderr]    Compiling ppv-lite86 v0.2.21
[INFO] [stderr]    Compiling tinystr v0.8.3
[INFO] [stderr]    Compiling potential_utf v0.1.5
[INFO] [stderr]    Compiling icu_locale_core v2.2.0
[INFO] [stderr]    Compiling icu_collections v2.2.0
[INFO] [stderr]    Compiling rand_chacha v0.3.1
[INFO] [stderr]    Compiling icu_provider v2.2.0
[INFO] [stderr]    Compiling rand v0.8.7
[INFO] [stderr]    Compiling icu_properties v2.2.0
[INFO] [stderr]    Compiling icu_normalizer v2.2.0
[INFO] [stderr]    Compiling serde v1.0.228
[INFO] [stderr]    Compiling idna_adapter v1.2.2
[INFO] [stderr]    Compiling idna v1.1.0
[INFO] [stderr]    Compiling url v2.5.8
[INFO] [stderr]    Compiling rustls-webpki v0.103.13
[INFO] [stderr]    Compiling ureq v2.12.1
[INFO] [stderr]    Compiling tax-invoice v2.0.2 (/opt/rustwide/workdir)
[INFO] [stderr] warning: unused dependency `rust_decimal_macros`
[INFO] [stderr]   --> Cargo.toml:29:15
[INFO] [stderr]    |
[INFO] [stderr] 29 | [dependencies.rust_decimal_macros]
[INFO] [stderr]    |               ^^^^^^^^^^^^^^^^^^^^
[INFO] [stderr]    |
[INFO] [stderr]    = note: `cargo::unused_dependencies` is set to `warn` by default
[INFO] [stderr] help: consider removing the dependency on `rust_decimal_macros`
[INFO] [stderr] warning: `tax-invoice` (manifest) generated 1 warning
[INFO] [stderr]     Finished `release` profile [optimized] target(s) in 1m 10s
[INFO] running `Command { std: "docker" "inspect" "80546662894ce0ba1abe8e05c7377a720860559dc0eba136f19b89f747bd9ecd", kill_on_drop: false }`
[INFO] running `Command { std: "docker" "exec" "-e" "SOURCE_DIR=/opt/rustwide/workdir" "-e" "CARGO_HOME=/opt/rustwide/cargo-home" "-e" "RUSTUP_HOME=/opt/rustwide/rustup-home" "-e" "CARGO_TARGET_DIR=/opt/rustwide/target" "-e" "CARGO_INCREMENTAL=0" "-e" "RUST_BACKTRACE=full" "-e" "RUSTFLAGS=--cap-lints=warn" "-e" "RUSTDOCFLAGS=--cap-lints=warn" "-w" "/opt/rustwide/workdir" "--user" "0:0" "80546662894ce0ba1abe8e05c7377a720860559dc0eba136f19b89f747bd9ecd" "/opt/rustwide/cargo-home/bin/cargo" "+1.100.0-beta.1" "test" "--frozen" "--no-run" "--message-format=json" "--release", kill_on_drop: false }`
[INFO] [stderr]    Compiling libc v0.2.186
[INFO] [stderr]    Compiling futures-core v0.3.32
[INFO] [stderr]    Compiling http v1.4.2
[INFO] [stderr]    Compiling form_urlencoded v1.2.2
[INFO] [stderr]    Compiling futures-sink v0.3.32
[INFO] [stderr]    Compiling simd-adler32 v0.3.9
[INFO] [stderr]    Compiling hashbrown v0.17.1
[INFO] [stderr]    Compiling httparse v1.10.1
[INFO] [stderr]    Compiling tracing v0.1.44
[INFO] [stderr]    Compiling rustversion v1.0.23
[INFO] [stderr]    Compiling bitflags v2.13.0
[INFO] [stderr]    Compiling fnv v1.0.7
[INFO] [stderr]    Compiling atomic-waker v1.1.2
[INFO] [stderr]    Compiling getrandom v0.4.3
[INFO] [stderr]    Compiling icu_normalizer v2.2.0
[INFO] [stderr]    Compiling httpdate v1.0.3
[INFO] [stderr]    Compiling futures-channel v0.3.32
[INFO] [stderr]    Compiling num-integer v0.1.46
[INFO] [stderr]    Compiling either v1.16.0
[INFO] [stderr]    Compiling pxfm v0.1.30
[INFO] [stderr]    Compiling anstream v1.0.0
[INFO] [stderr]    Compiling miniz_oxide v0.8.9
[INFO] [stderr]    Compiling fdeflate v0.3.7
[INFO] [stderr]    Compiling idna_adapter v1.2.2
[INFO] [stderr]    Compiling itertools v0.13.0
[INFO] [stderr]    Compiling num-bigint v0.4.8
[INFO] [stderr]    Compiling rustix v1.1.4
[INFO] [stderr]    Compiling idna v1.1.0
[INFO] [stderr]    Compiling http-body v1.0.1
[INFO] [stderr]    Compiling rust_decimal v1.42.1
[INFO] [stderr]    Compiling arc-swap v1.9.2
[INFO] [stderr]    Compiling http-body-util v0.1.3
[INFO] [stderr]    Compiling serde_urlencoded v0.7.1
[INFO] [stderr]    Compiling assert-json-diff v2.0.2
[INFO] [stderr]    Compiling flate2 v1.1.9
[INFO] [stderr]    Compiling env_filter v2.0.0
[INFO] [stderr]    Compiling combine v4.6.7
[INFO] [stderr]    Compiling indexmap v2.14.0
[INFO] [stderr]    Compiling url v2.5.8
[INFO] [stderr]    Compiling jiff v0.2.32
[INFO] [stderr]    Compiling png v0.18.1
[INFO] [stderr]    Compiling byteorder-lite v0.1.0
[INFO] [stderr]    Compiling getrandom v0.2.17
[INFO] [stderr]    Compiling parking_lot_core v0.9.12
[INFO] [stderr]    Compiling socket2 v0.6.4
[INFO] [stderr]    Compiling mio v1.2.1
[INFO] [stderr]    Compiling ring v0.17.14
[INFO] [stderr]    Compiling getrandom v0.3.4
[INFO] [stderr]    Compiling parking_lot v0.12.5
[INFO] [stderr]    Compiling rand_core v0.9.5
[INFO] [stderr]    Compiling rand_core v0.6.4
[INFO] [stderr]    Compiling tokio v1.52.3
[INFO] [stderr]    Compiling rand_chacha v0.3.1
[INFO] [stderr]    Compiling rand_chacha v0.9.0
[INFO] [stderr]    Compiling rand v0.8.7
[INFO] [stderr]    Compiling rand v0.9.5
[INFO] [stderr]    Compiling similar v2.7.0
[INFO] [stderr]    Compiling colored v3.1.1
[INFO] [stderr]    Compiling bytemuck v1.25.1
[INFO] [stderr]    Compiling qrcode v0.14.1
[INFO] [stderr]    Compiling tempfile v3.27.0
[INFO] [stderr]    Compiling moxcms v0.8.1
[INFO] [stderr]    Compiling rustls-webpki v0.103.13
[INFO] [stderr]    Compiling rustls v0.23.41
[INFO] [stderr]    Compiling env_logger v0.11.11
[INFO] [stderr]    Compiling redis v0.27.6
[INFO] [stderr]    Compiling tokio-util v0.7.18
[INFO] [stderr]    Compiling image v0.25.10
[INFO] [stderr]    Compiling h2 v0.4.15
[INFO] [stderr]    Compiling ureq v2.12.1
[INFO] [stderr]    Compiling tax-invoice v2.0.2 (/opt/rustwide/workdir)
[INFO] [stderr]    Compiling hyper v1.10.1
[INFO] [stderr]    Compiling hyper-util v0.1.20
[INFO] [stderr]    Compiling mockito v1.7.2
[INFO] [stdout] warning: unused variable: `kprq`
[INFO] [stdout]   --> examples/red_invoice_example.rs:41:9
[INFO] [stdout]    |
[INFO] [stdout] 41 |     let kprq = "";
[INFO] [stdout]    |         ^^^^ help: if this is intentional, prefix it with an underscore: `_kprq`
[INFO] [stdout]    |
[INFO] [stdout]    = note: `#[warn(unused_variables)]` (part of `#[warn(unused)]`) on by default
[INFO] [stdout] 
[INFO] [stdout] 
[INFO] [stderr] warning: unused dependency `rust_decimal_macros`
[INFO] [stderr]   --> Cargo.toml:29:15
[INFO] [stderr]    |
[INFO] [stderr] 29 | [dependencies.rust_decimal_macros]
[INFO] [stderr]    |               ^^^^^^^^^^^^^^^^^^^^
[INFO] [stderr]    |
[INFO] [stderr]    = note: `cargo::unused_dependencies` is set to `warn` by default
[INFO] [stderr] help: consider removing the dependency on `rust_decimal_macros`
[INFO] [stderr] warning: `tax-invoice` (manifest) generated 1 warning
[INFO] [stderr]     Finished `release` profile [optimized] target(s) in 1m 57s
[INFO] [stderr] warning: the following packages contain code that will be rejected by a future version of Rust: redis v0.27.6
[INFO] [stderr] note: to see what the problems were, use the option `--future-incompat-report`, or run `cargo report future-incompatibilities --id 1`
[INFO] running `Command { std: "docker" "inspect" "80546662894ce0ba1abe8e05c7377a720860559dc0eba136f19b89f747bd9ecd", kill_on_drop: false }`
[INFO] running `Command { std: "docker" "exec" "-e" "SOURCE_DIR=/opt/rustwide/workdir" "-e" "CARGO_HOME=/opt/rustwide/cargo-home" "-e" "RUSTUP_HOME=/opt/rustwide/rustup-home" "-e" "CARGO_TARGET_DIR=/opt/rustwide/target" "-e" "CARGO_INCREMENTAL=0" "-e" "RUST_BACKTRACE=full" "-e" "RUSTFLAGS=--cap-lints=warn" "-e" "RUSTDOCFLAGS=--cap-lints=warn" "-w" "/opt/rustwide/workdir" "--user" "0:0" "80546662894ce0ba1abe8e05c7377a720860559dc0eba136f19b89f747bd9ecd" "/opt/rustwide/cargo-home/bin/cargo" "+1.100.0-beta.1" "test" "--frozen" "--release", kill_on_drop: false }`
[INFO] [stderr] warning: unused variable: `kprq`
[INFO] [stderr]   --> examples/red_invoice_example.rs:41:9
[INFO] [stderr]    |
[INFO] [stderr] 41 |     let kprq = "";
[INFO] [stderr]    |         ^^^^ help: if this is intentional, prefix it with an underscore: `_kprq`
[INFO] [stderr]    |
[INFO] [stderr]    = note: `#[warn(unused_variables)]` (part of `#[warn(unused)]`) on by default
[INFO] [stderr] 
[INFO] [stderr] warning: `tax-invoice` (example "red_invoice_example") generated 1 warning (run `cargo fix --example "red_invoice_example" -p tax-invoice` to apply 1 suggestion)
[INFO] [stderr] warning: unused dependency `rust_decimal_macros`
[INFO] [stderr]   --> Cargo.toml:29:15
[INFO] [stderr]    |
[INFO] [stderr] 29 | [dependencies.rust_decimal_macros]
[INFO] [stderr]    |               ^^^^^^^^^^^^^^^^^^^^
[INFO] [stderr]    |
[INFO] [stderr]    = note: `cargo::unused_dependencies` is set to `warn` by default
[INFO] [stderr] help: consider removing the dependency on `rust_decimal_macros`
[INFO] [stderr] warning: `tax-invoice` (manifest) generated 1 warning
[INFO] [stderr]     Finished `release` profile [optimized] target(s) in 0.34s
[INFO] [stderr] warning: the following packages contain code that will be rejected by a future version of Rust: redis v0.27.6
[INFO] [stderr] note: to see what the problems were, use the option `--future-incompat-report`, or run `cargo report future-incompatibilities --id 1`
[INFO] [stderr]      Running unittests src/lib.rs (/opt/rustwide/target/release/build/tax-invoice/fc5a46516efc4402/out/tax_invoice-fc5a46516efc4402)
[INFO] [stdout] 
[INFO] [stdout] running 124 tests
[INFO] [stdout] test client::tests::get_authorization_does_not_store_token_on_failure ... ok
[INFO] [stdout] test client::tests::debug_flag_is_settable ... ok
[INFO] [stdout] test client::tests::face_login_dppt_skips_empty_ewmid ... ok
[INFO] [stdout] test client::tests::blue_ticket_handles_invalid_json ... ok
[INFO] [stdout] test client::tests::blue_ticket_uses_documented_path ... ok
[INFO] [stdout] test client::tests::face_login_dppt_includes_ewmid ... ok
[INFO] [stdout] test client::tests::apply_red_info_uses_hzxxbsq_path ... ok
[INFO] [stdout] test client::tests::blue_ticket_returns_map_response ... ok
[INFO] [stdout] test client::tests::get_authorization_default_uses_type_six ... ok
[INFO] [stdout] test client::tests::face_login_dppt_without_ewmid ... ok
[INFO] [stdout] test client::tests::get_face_img_skips_empty_options ... ok
[INFO] [stdout] test client::tests::get_face_state_records_rzid_in_url ... ok
[INFO] [stdout] test client::tests::get_face_state_includes_rzid ... ok
[INFO] [stdout] test client::tests::get_face_state_skips_empty_options ... ok
[INFO] [stdout] test client::tests::get_pdf_ofd_xml_uses_documented_path ... ok
[INFO] [stdout] test client::tests::debug_impl_does_not_panic ... ok
[INFO] [stdout] test client::tests::http_get_returns_map_response ... ok
[INFO] [stdout] test client::tests::get_face_img_builds_query_string ... ok
[INFO] [stdout] test client::tests::http_get_handles_invalid_json ... ok
[INFO] [stdout] test client::tests::get_authorization_raises_on_http_error ... ok
[INFO] [stdout] test client::tests::http_post_raises_on_http_error ... ok
[INFO] [stdout] test client::tests::into_data_takes_ownership ... ok
[INFO] [stdout] test client::tests::http_post_json_handles_invalid_json ... ok
[INFO] [stdout] test client::tests::get_authorization_stores_token ... ok
[INFO] [stdout] test client::tests::http_post_json_raises_on_http_error ... ok
[INFO] [stdout] test client::tests::get_authorization_with_credentials_passes_through ... ok
[INFO] [stdout] test client::tests::http_post_json_serialises_body ... ok
[INFO] [stdout] test client::tests::http_get_skips_empty_optional_params ... ok
[INFO] [stdout] test client::tests::http_get_raises_on_http_error ... ok
[INFO] [stdout] test client::tests::login_dppt_with_sms_includes_it ... ok
[INFO] [stdout] test client::tests::http_post_returns_map_response ... ok
[INFO] [stdout] test client::tests::login_dppt_without_sms_omits_sms_field ... ok
[INFO] [stdout] test client::tests::get_face_img_skips_username_when_none ... ok
[INFO] [stdout] test client::tests::http_post_handles_invalid_json ... ok
[INFO] [stdout] test client::tests::get_face_img_records_username_when_provided ... ok
[INFO] [stdout] test client::tests::login_dppt_with_empty_sms_omits_sms_field ... ok
[INFO] [stdout] test client::tests::make_client_uses_default_base_url ... ok
[INFO] [stdout] test client::tests::into_data_returns_none ... ok
[INFO] [stdout] test client::tests::get_authorization_handles_invalid_json ... ok
[INFO] [stdout] test client::tests::new_constructor_works ... ok
[INFO] [stdout] test client::tests::new_debug_constructor_works ... ok
[INFO] [stdout] test client::tests::query_face_auth_state_without_username ... ok
[INFO] [stdout] test client::tests::query_list_get_handles_invalid_json ... ok
[INFO] [stdout] test client::tests::query_list_get_wraps_object_response ... ok
[INFO] [stdout] test client::tests::query_list_post_raises_on_http_error ... ok
[INFO] [stdout] test client::tests::sync_red_info_uses_hzxxbtb_path ... ok
[INFO] [stdout] test config::tests::rejects_empty_app_secret ... ok
[INFO] [stdout] test client::tests::query_list_get_raises_on_http_error ... ok
[INFO] [stdout] test client::tests::query_blue_ticket_info_uses_retmsg_path ... ok
[INFO] [stdout] test client::tests::query_list_supports_get_and_post ... ok
[INFO] [stdout] test client::tests::query_credit_limit_uses_credit_line_path ... ok
[INFO] [stdout] test config::tests::new_uses_default_base_url ... ok
[INFO] [stdout] test client::tests::red_ticket_uses_hzfpkj_path ... ok
[INFO] [stdout] test client::tests::query_face_auth_state_with_username ... ok
[INFO] [stdout] test client::tests::set_authorization_overrides_previous ... ok
[INFO] [stdout] test http_client::tests::build_json_body_empty ... ok
[INFO] [stdout] test http_client::tests::build_json_body_pretty ... ok
[INFO] [stdout] test http_client::tests::build_multipart_body_skips_null ... ok
[INFO] [stdout] test http_client::tests::build_multipart_body_includes_boundary ... ok
[INFO] [stdout] test http_client::tests::format_headers_renders_kv_pairs ... ok
[INFO] [stdout] test client::tests::query_list_post_records_method ... ok
[INFO] [stdout] test http_client::tests::format_multipart_body_preserves_blank_line_between_header_and_value ... ok
[INFO] [stdout] test http_client::tests::format_query_handles_empty ... ok
[INFO] [stdout] test config::tests::rejects_empty_app_key ... ok
[INFO] [stdout] test http_client::tests::format_query_renders_ampersand_joined ... ok
[INFO] [stdout] test client::tests::query_list_get_records_method ... ok
[INFO] [stdout] test client::tests::switch_account_uses_change_user_path ... ok
[INFO] [stdout] test http_client::tests::format_multipart_body_handles_lf_only_line_endings ... ok
[INFO] [stdout] test client::tests::query_face_auth_state_skips_empty_username ... ok
[INFO] [stdout] test http_client::tests::build_multipart_body_handles_nested_arrays ... ok
[INFO] [stdout] test model::tests::api_response_tolerates_empty_string_data_on_error ... ok
[INFO] [stdout] test config::tests::rejects_empty_base_url ... ok
[INFO] [stdout] test http_client::tests::debug_get_prints_request_and_response ... ok
[INFO] [stdout] test model::tests::api_response_tolerates_malformed_object_data ... ok
[INFO] [stdout] test config::tests::with_base_url_strips_trailing_slash ... ok
[INFO] [stdout] test client::tests::query_list_get_handles_null_data ... ok
[INFO] [stdout] test http_client::tests::debug_post_prints_request_and_response ... ok
[INFO] [stdout] test http_client::tests::build_url_strips_double_slashes ... ok
[INFO] [stdout] test http_client::tests::escape_field_name_strips_newlines ... ok
[INFO] [stdout] test http_client::tests::debug_post_with_none_body_uses_null_string ... ok
[INFO] [stdout] test model::tests::authorization_response_parses_token ... ok
[INFO] [stdout] test model::tests::api_response_still_parses_object_data ... ok
[INFO] [stdout] test model::tests::api_response_tolerates_array_data ... ok
[INFO] [stdout] test model::tests::api_response_tolerates_arbitrary_scalar_data_on_error ... ok
[INFO] [stdout] test model::tests::from_json_map_handles_null ... ok
[INFO] [stdout] test model::tests::non_200_is_failure ... ok
[INFO] [stdout] test model::tests::from_json_map_wraps_array ... ok
[INFO] [stdout] test model::tests::success_is_code_200 ... ok
[INFO] [stdout] test signature::tests::signature_matches_external_hmac_sha256_vector ... ok
[INFO] [stdout] test signature::tests::signature_uses_utf8_bytes ... ok
[INFO] [stdout] test signature::tests::signature_matches_java_reference ... ok
[INFO] [stdout] test signature::tests::random_string_only_uses_allowed_charset ... ok
[INFO] [stdout] test signature::tests::random_string_length_matches_request ... ok
[INFO] [stdout] test util::tests::big_decimal_helpers ... ok
[INFO] [stdout] test signature::tests::timestamp_is_non_empty ... ok
[INFO] [stdout] test util::tests::calculate_amount_without_tax_basic ... ok
[INFO] [stdout] test signature::tests::signature_changes_with_input ... ok
[INFO] [stdout] test util::tests::calculate_tax_inclusive ... ok
[INFO] [stdout] test util::tests::calculate_tax_exclusive ... ok
[INFO] [stdout] test util::tests::calculate_tax_zero_rate ... ok
[INFO] [stdout] test util::tests::chinese_amount_with_jiao_only ... ok
[INFO] [stdout] test util::tests::divide_by_zero_returns_zero ... ok
[INFO] [stdout] test util::tests::chinese_amount_integer ... ok
[INFO] [stdout] test http_client::tests::format_multipart_body_passthrough_for_json ... ok
[INFO] [stdout] test model::tests::from_json_list_map_parses_array ... ok
[INFO] [stdout] test http_client::tests::print_request_and_response_dont_panic ... ok
[INFO] [stdout] test model::tests::from_json_list_map_wraps_single_object ... ok
[INFO] [stdout] test util::tests::email_validation ... ok
[INFO] [stdout] test http_client::tests::url_encode_basic ... ok
[INFO] [stdout] test model::tests::from_json_map_parses_object ... ok
[INFO] [stdout] test util::tests::chinese_amount_str_invalid ... ok
[INFO] [stdout] test util::tests::save_base64_file_roundtrip ... ok
[INFO] [stdout] test signature::tests::signature_is_deterministic ... ok
[INFO] [stdout] test signature::tests::signature_is_hex_and_uppercase ... ok
[INFO] [stdout] test signature::tests::signature_matches_java_documented_order ... ok
[INFO] [stdout] test util::tests::random_string_length_and_charset ... ok
[INFO] [stdout] test util::tests::chinese_amount_with_cents ... ok
[INFO] [stdout] test util::tests::serial_number_with_custom_prefix ... ok
[INFO] [stdout] test util::tests::serial_number_uses_default_prefix ... ok
[INFO] [stdout] test util::tests::tax_number_validation ... ok
[INFO] [stdout] test util::tests::chinese_amount_zero ... ok
[INFO] [stdout] test util::tests::save_base64_file_invalid ... ok
[INFO] [stdout] test util::tests::mobile_validation ... ok
[INFO] [stdout] test util::tests::serial_number_falls_back_to_default_when_empty_prefix ... ok
[INFO] [stdout] 
[INFO] [stdout] test result: ok. 124 passed; 0 failed; 0 ignored; 0 measured; 0 filtered out; finished in 0.02s
[INFO] [stdout] 
[INFO] [stderr]      Running tests/integration_test.rs (/opt/rustwide/target/release/build/tax-invoice/639f711a9b54e934/out/integration_test-639f711a9b54e934)
[INFO] [stdout] 
[INFO] [stdout] running 17 tests
[INFO] [stdout] test blue_ticket_sms_auth_path_returns_420 ... ok
[INFO] [stdout] test face_login_dppt_includes_ewmly_and_ewmlx ... ok
[INFO] [stdout] test api_response_handles_string_data_payload ... ok
[INFO] [stdout] test get_pdf_ofd_xml_uses_documented_path ... ok
[INFO] [stdout] test query_credit_limit_uses_credit_line_path ... ok
[INFO] [stdout] test sync_red_info_uses_hzxxbtb_path ... ok
[INFO] [stdout] test api_response_handles_missing_data_field ... ok
[INFO] [stdout] test switch_account_uses_change_user_path ... ok
[INFO] [stdout] test second_request_includes_authorization_header ... ok
[INFO] [stdout] test signature_is_stable_for_same_inputs ... ok
[INFO] [stdout] test authorization_token_is_stored_internally ... ok
[INFO] [stdout] test query_list_with_get_uses_query_string ... ok
[INFO] [stdout] test red_ticket_uses_hzfpkj_path ... ok
[INFO] [stdout] test multipart_body_contains_form_fields ... ok
[INFO] [stdout] test authorization_request_includes_all_signed_headers ... FAILED
[INFO] [stdout] test authorization_response_parses_through_api_response ... ok
[INFO] [stdout] test http_post_json_uses_application_json_content_type ... ok
[INFO] [stdout] 
[INFO] [stdout] failures:
[INFO] [stdout] 
[INFO] [stdout] ---- authorization_request_includes_all_signed_headers stdout ----
[INFO] [stdout] 
[INFO] [stdout] thread 'authorization_request_includes_all_signed_headers' (3275) panicked at tests/integration_test.rs:133:5:
[INFO] [stdout] assertion `left == right` failed
[INFO] [stdout]   left: "rust202"
[INFO] [stdout]  right: "rust100"
[INFO] [stdout] stack backtrace:
[INFO] [stdout]    0:     0x5978df2d07e1 - <<std[617be2ca0a6fd877]::sys::backtrace::BacktraceLock>::print::DisplayBacktrace as core[a373ad73a504971]::fmt::Display>::fmt
[INFO] [stdout]    1:     0x5978df2e52ca - core[a373ad73a504971]::fmt::write
[INFO] [stdout]    2:     0x5978df2d49fc - <alloc[2e1b2a31b91974c5]::vec::Vec<u8> as core[a373ad73a504971]::io::write::Write>::write_fmt
[INFO] [stdout]    3:     0x5978df2acc46 - std[617be2ca0a6fd877]::panicking::default_hook::{closure#0}
[INFO] [stdout]    4:     0x5978df2c8e79 - std[617be2ca0a6fd877]::panicking::default_hook
[INFO] [stdout]    5:     0x5978df2401b0 - test[aada8e7e76ba119b]::test_main_inner::{closure#0}
[INFO] [stdout]    6:     0x5978df2c9032 - std[617be2ca0a6fd877]::panicking::panic_with_hook
[INFO] [stdout]    7:     0x5978df2accf2 - std[617be2ca0a6fd877]::panicking::panic_handler::{closure#0}
[INFO] [stdout]    8:     0x5978df2a5a09 - std[617be2ca0a6fd877]::sys::backtrace::__rust_end_short_backtrace::<std[617be2ca0a6fd877]::panicking::panic_handler::{closure#0}, !>
[INFO] [stdout]    9:     0x5978df2ad8fd - __rustc[ea4f61d10b84890b]::rust_begin_unwind
[INFO] [stdout]   10:     0x5978df2e59fc - core[a373ad73a504971]::panicking::panic_fmt
[INFO] [stdout]   11:     0x5978df2e5913 - core[a373ad73a504971]::panicking::assert_failed_inner
[INFO] [stdout]   12:     0x5978df22523e - core[a373ad73a504971]::panicking::assert_failed::<&alloc[2e1b2a31b91974c5]::string::String, &str>
[INFO] [stdout]   13:     0x5978df223deb - <integration_test[c138c8df98c93e1a]::authorization_request_includes_all_signed_headers::{closure#0} as core[a373ad73a504971]::ops::function::FnOnce<()>>::call_once
[INFO] [stdout]   14:     0x5978df2335fb - test[aada8e7e76ba119b]::__rust_begin_short_backtrace::<core[a373ad73a504971]::result::Result<(), alloc[2e1b2a31b91974c5]::string::String>, fn() -> core[a373ad73a504971]::result::Result<(), alloc[2e1b2a31b91974c5]::string::String>>
[INFO] [stdout]   15:     0x5978df2407d5 - test[aada8e7e76ba119b]::run_test::{closure#0}
[INFO] [stdout]   16:     0x5978df23a0c4 - std[617be2ca0a6fd877]::sys::backtrace::__rust_begin_short_backtrace::<test[aada8e7e76ba119b]::run_test::{closure#1}, ()>
[INFO] [stdout]   17:     0x5978df243862 - <std[617be2ca0a6fd877]::thread::lifecycle::spawn_unchecked<test[aada8e7e76ba119b]::run_test::{closure#1}, ()>::{closure#1} as core[a373ad73a504971]::ops::function::FnOnce<()>>::call_once::{shim:vtable#0}
[INFO] [stdout]   18:     0x5978df2d003f - <std[617be2ca0a6fd877]::sys::thread::unix::Thread>::new::thread_start
[INFO] [stdout]   19:     0x77d06a3b5dfa - <unknown>
[INFO] [stdout]   20:     0x77d06a4493d4 - clone
[INFO] [stdout]   21:                0x0 - <unknown>
[INFO] [stdout] 
[INFO] [stdout] 
[INFO] [stdout] failures:
[INFO] [stdout]     authorization_request_includes_all_signed_headers
[INFO] [stdout] 
[INFO] [stdout] test result: FAILED. 16 passed; 1 failed; 0 ignored; 0 measured; 0 filtered out; finished in 0.01s
[INFO] [stdout] 
[INFO] [stderr] error: test failed, to rerun pass `--test integration_test`
[INFO] running `Command { std: "docker" "inspect" "80546662894ce0ba1abe8e05c7377a720860559dc0eba136f19b89f747bd9ecd", kill_on_drop: false }`
[INFO] running `Command { std: "docker" "rm" "-f" "80546662894ce0ba1abe8e05c7377a720860559dc0eba136f19b89f747bd9ecd", kill_on_drop: false }`
[INFO] [stdout] 80546662894ce0ba1abe8e05c7377a720860559dc0eba136f19b89f747bd9ecd
