[INFO] fetching crate tauron-acl 1.0.2...
[INFO] testing tauron-acl-1.0.2 against 1.99.0-beta.8+cargoflags=--release for beta-release-1.100-2
[INFO] extracting crate tauron-acl 1.0.2 into /workspace/builds/worker-2-tc1/source
[INFO] started tweaking crates.io crate tauron-acl 1.0.2
[INFO] finished tweaking crates.io crate tauron-acl 1.0.2
[INFO] tweaked toml for crates.io crate tauron-acl 1.0.2 written to /workspace/builds/worker-2-tc1/source/Cargo.toml
[INFO] validating manifest of crates.io crate tauron-acl 1.0.2 on toolchain 1.99.0-beta.8
[INFO] running `Command { std: CARGO_HOME="/workspace/cargo-home" RUSTUP_HOME="/workspace/rustup-home" "/workspace/cargo-home/bin/cargo" "+1.99.0-beta.8" "metadata" "--manifest-path" "Cargo.toml" "--no-deps", kill_on_drop: false }`
[INFO] crate crates.io crate tauron-acl 1.0.2 already has a lockfile, it will not be regenerated
[INFO] running `Command { std: CARGO_HOME="/workspace/cargo-home" RUSTUP_HOME="/workspace/rustup-home" "/workspace/cargo-home/bin/cargo" "+1.99.0-beta.8" "fetch" "--manifest-path" "Cargo.toml", kill_on_drop: false }`
[INFO] [stderr]     Updating crates.io index
[INFO] [stderr]  Downloading crates ...
[INFO] [stderr]   Downloaded tauron-host v1.0.2
[INFO] running `Command { std: "docker" "create" "-v" "/var/lib/crater-agent-workspace/builds/worker-2-tc1/source:/opt/rustwide/workdir:ro,Z" "-v" "/var/lib/crater-agent-workspace/builds/worker-2-tc1/target:/opt/rustwide/target:rw,Z" "-v" "/var/lib/crater-agent-workspace/cargo-home:/opt/rustwide/cargo-home:ro,Z" "-v" "/var/lib/crater-agent-workspace/rustup-home:/opt/rustwide/rustup-home:ro,Z" "-m" "1610612736" "--network" "none" "ghcr.io/rust-lang/crates-build-env/linux@sha256:77db811e55d90add9212f6832c23229e3de5f1c1f9905e8cb07319ea15df73ac" "sleep" "infinity", kill_on_drop: false }`
[INFO] [stdout] 5ab763656470510fb91397886504e63882a6c9c9b42a4517d5ff55f9ea84dd29
[INFO] running `Command { std: "docker" "start" "5ab763656470510fb91397886504e63882a6c9c9b42a4517d5ff55f9ea84dd29", kill_on_drop: false }`
[INFO] running `Command { std: "docker" "inspect" "5ab763656470510fb91397886504e63882a6c9c9b42a4517d5ff55f9ea84dd29", kill_on_drop: false }`
[INFO] running `Command { std: "docker" "exec" "-e" "SOURCE_DIR=/opt/rustwide/workdir" "-e" "CARGO_HOME=/opt/rustwide/cargo-home" "-e" "RUSTUP_HOME=/opt/rustwide/rustup-home" "-e" "CARGO_TARGET_DIR=/opt/rustwide/target" "-w" "/opt/rustwide/workdir" "--user" "0:0" "5ab763656470510fb91397886504e63882a6c9c9b42a4517d5ff55f9ea84dd29" "/opt/rustwide/cargo-home/bin/cargo" "+1.99.0-beta.8" "metadata" "--no-deps" "--format-version=1", kill_on_drop: false }`
[INFO] running `Command { std: "docker" "inspect" "5ab763656470510fb91397886504e63882a6c9c9b42a4517d5ff55f9ea84dd29", kill_on_drop: false }`
[INFO] running `Command { std: "docker" "exec" "-e" "SOURCE_DIR=/opt/rustwide/workdir" "-e" "CARGO_HOME=/opt/rustwide/cargo-home" "-e" "RUSTUP_HOME=/opt/rustwide/rustup-home" "-e" "CARGO_TARGET_DIR=/opt/rustwide/target" "-e" "CARGO_INCREMENTAL=0" "-e" "RUST_BACKTRACE=full" "-e" "RUSTFLAGS=--cap-lints=warn" "-e" "RUSTDOCFLAGS=--cap-lints=warn" "-w" "/opt/rustwide/workdir" "--user" "0:0" "5ab763656470510fb91397886504e63882a6c9c9b42a4517d5ff55f9ea84dd29" "/opt/rustwide/cargo-home/bin/cargo" "+1.99.0-beta.8" "build" "--frozen" "--message-format=json" "--release", kill_on_drop: false }`
[INFO] [stderr]    Compiling smallvec v1.16.1
[INFO] [stderr]    Compiling syn v3.0.6
[INFO] [stderr]    Compiling getrandom v0.4.3
[INFO] [stderr]    Compiling semver v1.0.28
[INFO] [stderr]    Compiling digest v0.10.7
[INFO] [stderr]    Compiling uuid v1.26.1
[INFO] [stderr]    Compiling sha2 v0.10.9
[INFO] [stderr]    Compiling hmac v0.12.1
[INFO] [stderr]    Compiling parking_lot_core v0.9.12
[INFO] [stderr]    Compiling parking_lot v0.12.5
[INFO] [stderr]    Compiling serde_derive v1.0.229
[INFO] [stderr]    Compiling thiserror-impl v2.0.21
[INFO] [stderr]    Compiling thiserror v2.0.21
[INFO] [stderr]    Compiling serde v1.0.229
[INFO] [stderr]    Compiling chrono v0.4.45
[INFO] [stderr]    Compiling tauron-host v1.0.2
[INFO] [stderr]    Compiling tauron-acl v1.0.2 (/opt/rustwide/workdir)
[INFO] [stderr]     Finished `release` profile [optimized] target(s) in 18.09s
[INFO] running `Command { std: "docker" "inspect" "5ab763656470510fb91397886504e63882a6c9c9b42a4517d5ff55f9ea84dd29", kill_on_drop: false }`
[INFO] running `Command { std: "docker" "exec" "-e" "SOURCE_DIR=/opt/rustwide/workdir" "-e" "CARGO_HOME=/opt/rustwide/cargo-home" "-e" "RUSTUP_HOME=/opt/rustwide/rustup-home" "-e" "CARGO_TARGET_DIR=/opt/rustwide/target" "-e" "CARGO_INCREMENTAL=0" "-e" "RUST_BACKTRACE=full" "-e" "RUSTFLAGS=--cap-lints=warn" "-e" "RUSTDOCFLAGS=--cap-lints=warn" "-w" "/opt/rustwide/workdir" "--user" "0:0" "5ab763656470510fb91397886504e63882a6c9c9b42a4517d5ff55f9ea84dd29" "/opt/rustwide/cargo-home/bin/cargo" "+1.99.0-beta.8" "test" "--frozen" "--no-run" "--message-format=json" "--release", kill_on_drop: false }`
[INFO] [stderr]    Compiling tempfile v3.27.0
[INFO] [stderr]    Compiling tauron-acl v1.0.2 (/opt/rustwide/workdir)
[INFO] [stderr]     Finished `release` profile [optimized] target(s) in 4.65s
[INFO] running `Command { std: "docker" "inspect" "5ab763656470510fb91397886504e63882a6c9c9b42a4517d5ff55f9ea84dd29", kill_on_drop: false }`
[INFO] running `Command { std: "docker" "exec" "-e" "SOURCE_DIR=/opt/rustwide/workdir" "-e" "CARGO_HOME=/opt/rustwide/cargo-home" "-e" "RUSTUP_HOME=/opt/rustwide/rustup-home" "-e" "CARGO_TARGET_DIR=/opt/rustwide/target" "-e" "CARGO_INCREMENTAL=0" "-e" "RUST_BACKTRACE=full" "-e" "RUSTFLAGS=--cap-lints=warn" "-e" "RUSTDOCFLAGS=--cap-lints=warn" "-w" "/opt/rustwide/workdir" "--user" "0:0" "5ab763656470510fb91397886504e63882a6c9c9b42a4517d5ff55f9ea84dd29" "/opt/rustwide/cargo-home/bin/cargo" "+1.99.0-beta.8" "test" "--frozen" "--release", kill_on_drop: false }`
[INFO] [stderr]     Finished `release` profile [optimized] target(s) in 0.08s
[INFO] [stderr]      Running unittests src/lib.rs (/opt/rustwide/target/release/deps/tauron_acl-b3db572f3b9cec05)
[INFO] [stdout] 
[INFO] [stdout] running 42 tests
[INFO] [stdout] test approval::tests::draft_grant_set_takes_risk_and_text_from_index ... FAILED
[INFO] [stdout] test approval::tests::validate_rejects_self_reported_risk ... FAILED
[INFO] [stdout] test approval::tests::draft_grant_set_rejects_unknown_permission ... FAILED
[INFO] [stdout] test diff::tests::diff_identical_is_unchanged ... ok
[INFO] [stdout] test approval::tests::validate_rejects_scope_asymmetry ... FAILED
[INFO] [stdout] test approval::tests::rows_come_from_the_shared_index ... FAILED
[INFO] [stdout] test diff::tests::diff_scope_from_absent_to_present_is_growth ... ok
[INFO] [stdout] test diff::tests::diff_scope_grows_requires_reapproval ... ok
[INFO] [stdout] test diff::tests::diff_scope_shrinks_is_not_reapproval ... ok
[INFO] [stdout] test diff::tests::scope_grew_edge_cases ... ok
[INFO] [stdout] test diff::tests::diff_removed_permission_is_shrink_only ... ok
[INFO] [stdout] test approval::tests::rows_cover_every_grant_in_order ... FAILED
[INFO] [stdout] test approval::tests::validate_accepts_conformant_set ... FAILED
[INFO] [stdout] test diff::tests::diff_scope_same_set_different_order_is_not_growth ... ok
[INFO] [stdout] test grant::tests::canonical_bytes_are_stable_and_sorted ... ok
[INFO] [stdout] test grant::tests::constant_time_eq_rejects_length_mismatch ... ok
[INFO] [stdout] test grant::tests::sign_with_empty_key_is_rejected ... ok
[INFO] [stdout] test diff::tests::diff_first_approval_everything_is_added ... ok
[INFO] [stdout] test approval::tests::validate_rejects_fs_scope_outside_app_dirs ... FAILED
[INFO] [stdout] test grant::tests::store_load_missing_is_none ... ok
[INFO] [stdout] test diff::tests::diff_records_framework_and_version_drift_without_forcing_reapproval ... ok
[INFO] [stdout] test diff::tests::diff_both_add_and_remove ... ok
[INFO] [stdout] test grant::tests::store_rejects_schema_version_mismatch ... ok
[INFO] [stdout] test grant::tests::store_rejects_wildcard_http_scope ... ok
[INFO] [stdout] test approval::tests::validate_rejects_forbidden_grant_with_guidance ... FAILED
[INFO] [stdout] test approval::tests::validate_rejects_table_outside_permission ... FAILED
[INFO] [stdout] test grant::tests::store_rejects_empty_grants ... ok
[INFO] [stdout] test grant::tests::to_capability_shape_matches_tauri2 ... ok
[INFO] [stdout] test approval::tests::validate_rejects_appconfig_write_recursive ... FAILED
[INFO] [stdout] test diff::tests::diff_added_permission_requires_reapproval ... ok
[INFO] [stdout] test approval::tests::rows_reject_unknown_permission_silently_but_validate_catches_it ... FAILED
[INFO] [stdout] test approval::tests::high_risk_rows_are_unchecked_by_default ... FAILED
[INFO] [stdout] test grant::tests::verify_rejects_missing_signature ... ok
[INFO] [stdout] test grant::tests::verify_rejects_tampered_grant ... ok
[INFO] [stdout] test grant::tests::verify_rejects_tampered_scope ... ok
[INFO] [stdout] test grant::tests::verify_rejects_wrong_key ... ok
[INFO] [stdout] test grant::tests::grant_set_queries ... ok
[INFO] [stdout] test grant::tests::sign_and_verify_roundtrip ... ok
[INFO] [stdout] test grant::tests::store_rejects_forbidden_permission ... ok
[INFO] [stdout] test grant::tests::store_rejects_garbage_on_disk ... ok
[INFO] [stdout] test grant::tests::store_roundtrip ... ok
[INFO] [stdout] test grant::tests::store_detects_on_disk_tampering ... ok
[INFO] [stdout] 
[INFO] [stdout] failures:
[INFO] [stdout] 
[INFO] [stdout] ---- approval::tests::draft_grant_set_takes_risk_and_text_from_index stdout ----
[INFO] [stdout] 
[INFO] [stdout] thread 'approval::tests::draft_grant_set_takes_risk_and_text_from_index' (468) panicked at src/approval.rs:168:43:
[INFO] [stdout] 仓库内的权限词表必须可加载: HostError { code: E_INVALID_MANIFEST, message: "无法读取权限词表 /opt/rustwide/workdir/../../schema/permissions.index.json: No such file or directory (os error 2)", retryable: false }
[INFO] [stdout] stack backtrace:
[INFO] [stdout]    0:     0x58288663b4c1 - <<std[70759c8f55707aa4]::sys::backtrace::BacktraceLock>::print::DisplayBacktrace as core[df12db4294e9bfd3]::fmt::Display>::fmt
[INFO] [stdout]    1:     0x58288665079a - core[df12db4294e9bfd3]::fmt::write
[INFO] [stdout]    2:     0x58288663fbdc - <alloc[2182bb758b4b3781]::vec::Vec<u8> as core[df12db4294e9bfd3]::io::write::Write>::write_fmt
[INFO] [stdout]    3:     0x5828866158f6 - std[70759c8f55707aa4]::panicking::default_hook::{closure#0}
[INFO] [stdout]    4:     0x582886632a59 - std[70759c8f55707aa4]::panicking::default_hook
[INFO] [stdout]    5:     0x5828865be8f0 - test[9d35eded1c95d3be]::test_main_inner::<test[9d35eded1c95d3be]::test_main_static::{closure#0}>::{closure#0}
[INFO] [stdout]    6:     0x582886632c12 - std[70759c8f55707aa4]::panicking::panic_with_hook
[INFO] [stdout]    7:     0x5828866159a2 - std[70759c8f55707aa4]::panicking::panic_handler::{closure#0}
[INFO] [stdout]    8:     0x58288660e419 - std[70759c8f55707aa4]::sys::backtrace::__rust_end_short_backtrace::<std[70759c8f55707aa4]::panicking::panic_handler::{closure#0}, !>
[INFO] [stdout]    9:     0x58288661668d - __rustc[8fa7c3cbc660c2b3]::rust_begin_unwind
[INFO] [stdout]   10:     0x582886650ecc - core[df12db4294e9bfd3]::panicking::panic_fmt
[INFO] [stdout]   11:     0x582886650ca2 - core[df12db4294e9bfd3]::result::unwrap_failed
[INFO] [stdout]   12:     0x582886599c50 - tauron_acl[98f1b9ce0abdfc63]::approval::tests::draft_grant_set_takes_risk_and_text_from_index
[INFO] [stdout]   13:     0x5828865a3ac9 - <tauron_acl[98f1b9ce0abdfc63]::approval::tests::draft_grant_set_takes_risk_and_text_from_index::{closure#0} as core[df12db4294e9bfd3]::ops::function::FnOnce<()>>::call_once
[INFO] [stdout]   14:     0x5828865b1bdb - test[9d35eded1c95d3be]::__rust_begin_short_backtrace::<core[df12db4294e9bfd3]::result::Result<(), alloc[2182bb758b4b3781]::string::String>, fn() -> core[df12db4294e9bfd3]::result::Result<(), alloc[2182bb758b4b3781]::string::String>>
[INFO] [stdout]   15:     0x5828865bf245 - test[9d35eded1c95d3be]::run_test::{closure#0}
[INFO] [stdout]   16:     0x5828865b8b04 - std[70759c8f55707aa4]::sys::backtrace::__rust_begin_short_backtrace::<test[9d35eded1c95d3be]::run_test::{closure#1}, ()>
[INFO] [stdout]   17:     0x5828865c23a2 - <std[70759c8f55707aa4]::thread::lifecycle::spawn_unchecked<test[9d35eded1c95d3be]::run_test::{closure#1}, ()>::{closure#1} as core[df12db4294e9bfd3]::ops::function::FnOnce<()>>::call_once::{shim:vtable#0}
[INFO] [stdout]   18:     0x58288663a519 - <std[70759c8f55707aa4]::sys::thread::unix::Thread>::new::thread_start
[INFO] [stdout]   19:     0x7fd252347dfa - <unknown>
[INFO] [stdout]   20:     0x7fd2523db3d4 - clone
[INFO] [stdout]   21:                0x0 - <unknown>
[INFO] [stdout] 
[INFO] [stdout] ---- approval::tests::validate_rejects_self_reported_risk stdout ----
[INFO] [stdout] 
[INFO] [stdout] thread 'approval::tests::validate_rejects_self_reported_risk' (478) panicked at src/approval.rs:168:43:
[INFO] [stdout] 仓库内的权限词表必须可加载: HostError { code: E_INVALID_MANIFEST, message: "无法读取权限词表 /opt/rustwide/workdir/../../schema/permissions.index.json: No such file or directory (os error 2)", retryable: false }
[INFO] [stdout] stack backtrace:
[INFO] [stdout]    0:     0x58288663b4c1 - <<std[70759c8f55707aa4]::sys::backtrace::BacktraceLock>::print::DisplayBacktrace as core[df12db4294e9bfd3]::fmt::Display>::fmt
[INFO] [stdout]    1:     0x58288665079a - core[df12db4294e9bfd3]::fmt::write
[INFO] [stdout]    2:     0x58288663fbdc - <alloc[2182bb758b4b3781]::vec::Vec<u8> as core[df12db4294e9bfd3]::io::write::Write>::write_fmt
[INFO] [stdout]    3:     0x5828866158f6 - std[70759c8f55707aa4]::panicking::default_hook::{closure#0}
[INFO] [stdout]    4:     0x582886632a59 - std[70759c8f55707aa4]::panicking::default_hook
[INFO] [stdout]    5:     0x5828865be8f0 - test[9d35eded1c95d3be]::test_main_inner::<test[9d35eded1c95d3be]::test_main_static::{closure#0}>::{closure#0}
[INFO] [stdout]    6:     0x582886632c12 - std[70759c8f55707aa4]::panicking::panic_with_hook
[INFO] [stdout]    7:     0x5828866159a2 - std[70759c8f55707aa4]::panicking::panic_handler::{closure#0}
[INFO] [stdout]    8:     0x58288660e419 - std[70759c8f55707aa4]::sys::backtrace::__rust_end_short_backtrace::<std[70759c8f55707aa4]::panicking::panic_handler::{closure#0}, !>
[INFO] [stdout]    9:     0x58288661668d - __rustc[8fa7c3cbc660c2b3]::rust_begin_unwind
[INFO] [stdout]   10:     0x582886650ecc - core[df12db4294e9bfd3]::panicking::panic_fmt
[INFO] [stdout]   11:     0x582886650ca2 - core[df12db4294e9bfd3]::result::unwrap_failed
[INFO] [stdout]   12:     0x5828865983cc - tauron_acl[98f1b9ce0abdfc63]::approval::tests::validate_rejects_self_reported_risk
[INFO] [stdout]   13:     0x5828865a3a09 - <tauron_acl[98f1b9ce0abdfc63]::approval::tests::validate_rejects_self_reported_risk::{closure#0} as core[df12db4294e9bfd3]::ops::function::FnOnce<()>>::call_once
[INFO] [stdout]   14:     0x5828865b1bdb - test[9d35eded1c95d3be]::__rust_begin_short_backtrace::<core[df12db4294e9bfd3]::result::Result<(), alloc[2182bb758b4b3781]::string::String>, fn() -> core[df12db4294e9bfd3]::result::Result<(), alloc[2182bb758b4b3781]::string::String>>
[INFO] [stdout]   15:     0x5828865bf245 - test[9d35eded1c95d3be]::run_test::{closure#0}
[INFO] [stdout]   16:     0x5828865b8b04 - std[70759c8f55707aa4]::sys::backtrace::__rust_begin_short_backtrace::<test[9d35eded1c95d3be]::run_test::{closure#1}, ()>
[INFO] [stdout]   17:     0x5828865c23a2 - <std[70759c8f55707aa4]::thread::lifecycle::spawn_unchecked<test[9d35eded1c95d3be]::run_test::{closure#1}, ()>::{closure#1} as core[df12db4294e9bfd3]::ops::function::FnOnce<()>>::call_once::{shim:vtable#0}
[INFO] [stdout]   18:     0x58288663a519 - <std[70759c8f55707aa4]::sys::thread::unix::Thread>::new::thread_start
[INFO] [stdout]   19:     0x7fd252347dfa - <unknown>
[INFO] [stdout]   20:     0x7fd2523db3d4 - clone
[INFO] [stdout]   21:                0x0 - <unknown>
[INFO] [stdout] 
[INFO] [stdout] ---- approval::tests::draft_grant_set_rejects_unknown_permission stdout ----
[INFO] [stdout] 
[INFO] [stdout] thread 'approval::tests::draft_grant_set_rejects_unknown_permission' (467) panicked at src/approval.rs:168:43:
[INFO] [stdout] 仓库内的权限词表必须可加载: HostError { code: E_INVALID_MANIFEST, message: "无法读取权限词表 /opt/rustwide/workdir/../../schema/permissions.index.json: No such file or directory (os error 2)", retryable: false }
[INFO] [stdout] stack backtrace:
[INFO] [stdout]    0:     0x58288663b4c1 - <<std[70759c8f55707aa4]::sys::backtrace::BacktraceLock>::print::DisplayBacktrace as core[df12db4294e9bfd3]::fmt::Display>::fmt
[INFO] [stdout]    1:     0x58288665079a - core[df12db4294e9bfd3]::fmt::write
[INFO] [stdout]    2:     0x58288663fbdc - <alloc[2182bb758b4b3781]::vec::Vec<u8> as core[df12db4294e9bfd3]::io::write::Write>::write_fmt
[INFO] [stdout]    3:     0x5828866158f6 - std[70759c8f55707aa4]::panicking::default_hook::{closure#0}
[INFO] [stdout]    4:     0x582886632a59 - std[70759c8f55707aa4]::panicking::default_hook
[INFO] [stdout]    5:     0x5828865be8f0 - test[9d35eded1c95d3be]::test_main_inner::<test[9d35eded1c95d3be]::test_main_static::{closure#0}>::{closure#0}
[INFO] [stdout]    6:     0x582886632c12 - std[70759c8f55707aa4]::panicking::panic_with_hook
[INFO] [stdout]    7:     0x5828866159a2 - std[70759c8f55707aa4]::panicking::panic_handler::{closure#0}
[INFO] [stdout]    8:     0x58288660e419 - std[70759c8f55707aa4]::sys::backtrace::__rust_end_short_backtrace::<std[70759c8f55707aa4]::panicking::panic_handler::{closure#0}, !>
[INFO] [stdout]    9:     0x58288661668d - __rustc[8fa7c3cbc660c2b3]::rust_begin_unwind
[INFO] [stdout]   10:     0x582886650ecc - core[df12db4294e9bfd3]::panicking::panic_fmt
[INFO] [stdout]   11:     0x582886650ca2 - core[df12db4294e9bfd3]::result::unwrap_failed
[INFO] [stdout]   12:     0x582886598eac - tauron_acl[98f1b9ce0abdfc63]::approval::tests::draft_grant_set_rejects_unknown_permission
[INFO] [stdout]   13:     0x5828865a3a69 - <tauron_acl[98f1b9ce0abdfc63]::approval::tests::draft_grant_set_rejects_unknown_permission::{closure#0} as core[df12db4294e9bfd3]::ops::function::FnOnce<()>>::call_once
[INFO] [stdout]   14:     0x5828865b1bdb - test[9d35eded1c95d3be]::__rust_begin_short_backtrace::<core[df12db4294e9bfd3]::result::Result<(), alloc[2182bb758b4b3781]::string::String>, fn() -> core[df12db4294e9bfd3]::result::Result<(), alloc[2182bb758b4b3781]::string::String>>
[INFO] [stdout]   15:     0x5828865bf245 - test[9d35eded1c95d3be]::run_test::{closure#0}
[INFO] [stdout]   16:     0x5828865b8b04 - std[70759c8f55707aa4]::sys::backtrace::__rust_begin_short_backtrace::<test[9d35eded1c95d3be]::run_test::{closure#1}, ()>
[INFO] [stdout]   17:     0x5828865c23a2 - <std[70759c8f55707aa4]::thread::lifecycle::spawn_unchecked<test[9d35eded1c95d3be]::run_test::{closure#1}, ()>::{closure#1} as core[df12db4294e9bfd3]::ops::function::FnOnce<()>>::call_once::{shim:vtable#0}
[INFO] [stdout]   18:     0x58288663a519 - <std[70759c8f55707aa4]::sys::thread::unix::Thread>::new::thread_start
[INFO] [stdout]   19:     0x7fd252347dfa - <unknown>
[INFO] [stdout]   20:     0x7fd2523db3d4 - clone
[INFO] [stdout]   21:                0x0 - <unknown>
[INFO] [stdout] 
[INFO] [stdout] ---- approval::tests::validate_rejects_scope_asymmetry stdout ----
[INFO] [stdout] 
[INFO] [stdout] thread 'approval::tests::validate_rejects_scope_asymmetry' (477) panicked at src/approval.rs:168:43:
[INFO] [stdout] 仓库内的权限词表必须可加载: HostError { code: E_INVALID_MANIFEST, message: "无法读取权限词表 /opt/rustwide/workdir/../../schema/permissions.index.json: No such file or directory (os error 2)", retryable: false }
[INFO] [stdout] stack backtrace:
[INFO] [stdout]    0:     0x58288663b4c1 - <<std[70759c8f55707aa4]::sys::backtrace::BacktraceLock>::print::DisplayBacktrace as core[df12db4294e9bfd3]::fmt::Display>::fmt
[INFO] [stdout]    1:     0x58288665079a - core[df12db4294e9bfd3]::fmt::write
[INFO] [stdout]    2:     0x58288663fbdc - <alloc[2182bb758b4b3781]::vec::Vec<u8> as core[df12db4294e9bfd3]::io::write::Write>::write_fmt
[INFO] [stdout]    3:     0x5828866158f6 - std[70759c8f55707aa4]::panicking::default_hook::{closure#0}
[INFO] [stdout]    4:     0x582886632a59 - std[70759c8f55707aa4]::panicking::default_hook
[INFO] [stdout]    5:     0x5828865be8f0 - test[9d35eded1c95d3be]::test_main_inner::<test[9d35eded1c95d3be]::test_main_static::{closure#0}>::{closure#0}
[INFO] [stdout]    6:     0x582886632c12 - std[70759c8f55707aa4]::panicking::panic_with_hook
[INFO] [stdout]    7:     0x5828866159a2 - std[70759c8f55707aa4]::panicking::panic_handler::{closure#0}
[INFO] [stdout]    8:     0x58288660e419 - std[70759c8f55707aa4]::sys::backtrace::__rust_end_short_backtrace::<std[70759c8f55707aa4]::panicking::panic_handler::{closure#0}, !>
[INFO] [stdout]    9:     0x58288661668d - __rustc[8fa7c3cbc660c2b3]::rust_begin_unwind
[INFO] [stdout]   10:     0x582886650ecc - core[df12db4294e9bfd3]::panicking::panic_fmt
[INFO] [stdout]   11:     0x582886650ca2 - core[df12db4294e9bfd3]::result::unwrap_failed
[INFO] [stdout]   12:     0x582886598069 - tauron_acl[98f1b9ce0abdfc63]::approval::tests::validate_rejects_scope_asymmetry
[INFO] [stdout]   13:     0x5828865a39e9 - <tauron_acl[98f1b9ce0abdfc63]::approval::tests::validate_rejects_scope_asymmetry::{closure#0} as core[df12db4294e9bfd3]::ops::function::FnOnce<()>>::call_once
[INFO] [stdout]   14:     0x5828865b1bdb - test[9d35eded1c95d3be]::__rust_begin_short_backtrace::<core[df12db4294e9bfd3]::result::Result<(), alloc[2182bb758b4b3781]::string::String>, fn() -> core[df12db4294e9bfd3]::result::Result<(), alloc[2182bb758b4b3781]::string::String>>
[INFO] [stdout]   15:     0x5828865bf245 - test[9d35eded1c95d3be]::run_test::{closure#0}
[INFO] [stdout]   16:     0x5828865b8b04 - std[70759c8f55707aa4]::sys::backtrace::__rust_begin_short_backtrace::<test[9d35eded1c95d3be]::run_test::{closure#1}, ()>
[INFO] [stdout]   17:     0x5828865c23a2 - <std[70759c8f55707aa4]::thread::lifecycle::spawn_unchecked<test[9d35eded1c95d3be]::run_test::{closure#1}, ()>::{closure#1} as core[df12db4294e9bfd3]::ops::function::FnOnce<()>>::call_once::{shim:vtable#0}
[INFO] [stdout]   18:     0x58288663a519 - <std[70759c8f55707aa4]::sys::thread::unix::Thread>::new::thread_start
[INFO] [stdout]   19:     0x7fd252347dfa - <unknown>
[INFO] [stdout]   20:     0x7fd2523db3d4 - clone
[INFO] [stdout]   21:                0x0 - <unknown>
[INFO] [stdout] 
[INFO] [stdout] ---- approval::tests::rows_come_from_the_shared_index stdout ----
[INFO] [stdout] 
[INFO] [stdout] thread 'approval::tests::rows_come_from_the_shared_index' (470) panicked at src/approval.rs:168:43:
[INFO] [stdout] 仓库内的权限词表必须可加载: HostError { code: E_INVALID_MANIFEST, message: "无法读取权限词表 /opt/rustwide/workdir/../../schema/permissions.index.json: No such file or directory (os error 2)", retryable: false }
[INFO] [stdout] stack backtrace:
[INFO] [stdout]    0:     0x58288663b4c1 - <<std[70759c8f55707aa4]::sys::backtrace::BacktraceLock>::print::DisplayBacktrace as core[df12db4294e9bfd3]::fmt::Display>::fmt
[INFO] [stdout]    1:     0x58288665079a - core[df12db4294e9bfd3]::fmt::write
[INFO] [stdout]    2:     0x58288663fbdc - <alloc[2182bb758b4b3781]::vec::Vec<u8> as core[df12db4294e9bfd3]::io::write::Write>::write_fmt
[INFO] [stdout]    3:     0x5828866158f6 - std[70759c8f55707aa4]::panicking::default_hook::{closure#0}
[INFO] [stdout]    4:     0x582886632a59 - std[70759c8f55707aa4]::panicking::default_hook
[INFO] [stdout]    5:     0x5828865be8f0 - test[9d35eded1c95d3be]::test_main_inner::<test[9d35eded1c95d3be]::test_main_static::{closure#0}>::{closure#0}
[INFO] [stdout]    6:     0x582886632c12 - std[70759c8f55707aa4]::panicking::panic_with_hook
[INFO] [stdout]    7:     0x5828866159a2 - std[70759c8f55707aa4]::panicking::panic_handler::{closure#0}
[INFO] [stdout]    8:     0x58288660e419 - std[70759c8f55707aa4]::sys::backtrace::__rust_end_short_backtrace::<std[70759c8f55707aa4]::panicking::panic_handler::{closure#0}, !>
[INFO] [stdout]    9:     0x58288661668d - __rustc[8fa7c3cbc660c2b3]::rust_begin_unwind
[INFO] [stdout]   10:     0x582886650ecc - core[df12db4294e9bfd3]::panicking::panic_fmt
[INFO] [stdout]   11:     0x582886650ca2 - core[df12db4294e9bfd3]::result::unwrap_failed
[INFO] [stdout]   12:     0x582886597466 - tauron_acl[98f1b9ce0abdfc63]::approval::tests::rows_come_from_the_shared_index
[INFO] [stdout]   13:     0x5828865a3989 - <tauron_acl[98f1b9ce0abdfc63]::approval::tests::rows_come_from_the_shared_index::{closure#0} as core[df12db4294e9bfd3]::ops::function::FnOnce<()>>::call_once
[INFO] [stdout]   14:     0x5828865b1bdb - test[9d35eded1c95d3be]::__rust_begin_short_backtrace::<core[df12db4294e9bfd3]::result::Result<(), alloc[2182bb758b4b3781]::string::String>, fn() -> core[df12db4294e9bfd3]::result::Result<(), alloc[2182bb758b4b3781]::string::String>>
[INFO] [stdout]   15:     0x5828865bf245 - test[9d35eded1c95d3be]::run_test::{closure#0}
[INFO] [stdout]   16:     0x5828865b8b04 - std[70759c8f55707aa4]::sys::backtrace::__rust_begin_short_backtrace::<test[9d35eded1c95d3be]::run_test::{closure#1}, ()>
[INFO] [stdout]   17:     0x5828865c23a2 - <std[70759c8f55707aa4]::thread::lifecycle::spawn_unchecked<test[9d35eded1c95d3be]::run_test::{closure#1}, ()>::{closure#1} as core[df12db4294e9bfd3]::ops::function::FnOnce<()>>::call_once::{shim:vtable#0}
[INFO] [stdout]   18:     0x58288663a519 - <std[70759c8f55707aa4]::sys::thread::unix::Thread>::new::thread_start
[INFO] [stdout]   19:     0x7fd252347dfa - <unknown>
[INFO] [stdout]   20:     0x7fd2523db3d4 - clone
[INFO] [stdout]   21:                0x0 - <unknown>
[INFO] [stdout] 
[INFO] [stdout] ---- approval::tests::rows_cover_every_grant_in_order stdout ----
[INFO] [stdout] 
[INFO] [stdout] thread 'approval::tests::rows_cover_every_grant_in_order' (471) panicked at src/approval.rs:168:43:
[INFO] [stdout] 仓库内的权限词表必须可加载: HostError { code: E_INVALID_MANIFEST, message: "无法读取权限词表 /opt/rustwide/workdir/../../schema/permissions.index.json: No such file or directory (os error 2)", retryable: false }
[INFO] [stdout] stack backtrace:
[INFO] [stdout]    0:     0x58288663b4c1 - <<std[70759c8f55707aa4]::sys::backtrace::BacktraceLock>::print::DisplayBacktrace as core[df12db4294e9bfd3]::fmt::Display>::fmt
[INFO] [stdout]    1:     0x58288665079a - core[df12db4294e9bfd3]::fmt::write
[INFO] [stdout]    2:     0x58288663fbdc - <alloc[2182bb758b4b3781]::vec::Vec<u8> as core[df12db4294e9bfd3]::io::write::Write>::write_fmt
[INFO] [stdout]    3:     0x5828866158f6 - std[70759c8f55707aa4]::panicking::default_hook::{closure#0}
[INFO] [stdout]    4:     0x582886632a59 - std[70759c8f55707aa4]::panicking::default_hook
[INFO] [stdout]    5:     0x5828865be8f0 - test[9d35eded1c95d3be]::test_main_inner::<test[9d35eded1c95d3be]::test_main_static::{closure#0}>::{closure#0}
[INFO] [stdout]    6:     0x582886632c12 - std[70759c8f55707aa4]::panicking::panic_with_hook
[INFO] [stdout]    7:     0x5828866159a2 - std[70759c8f55707aa4]::panicking::panic_handler::{closure#0}
[INFO] [stdout]    8:     0x58288660e419 - std[70759c8f55707aa4]::sys::backtrace::__rust_end_short_backtrace::<std[70759c8f55707aa4]::panicking::panic_handler::{closure#0}, !>
[INFO] [stdout]    9:     0x58288661668d - __rustc[8fa7c3cbc660c2b3]::rust_begin_unwind
[INFO] [stdout]   10:     0x582886650ecc - core[df12db4294e9bfd3]::panicking::panic_fmt
[INFO] [stdout]   11:     0x582886650ca2 - core[df12db4294e9bfd3]::result::unwrap_failed
[INFO] [stdout]   12:     0x5828865979be - tauron_acl[98f1b9ce0abdfc63]::approval::tests::rows_cover_every_grant_in_order
[INFO] [stdout]   13:     0x5828865a39a9 - <tauron_acl[98f1b9ce0abdfc63]::approval::tests::rows_cover_every_grant_in_order::{closure#0} as core[df12db4294e9bfd3]::ops::function::FnOnce<()>>::call_once
[INFO] [stdout]   14:     0x5828865b1bdb - test[9d35eded1c95d3be]::__rust_begin_short_backtrace::<core[df12db4294e9bfd3]::result::Result<(), alloc[2182bb758b4b3781]::string::String>, fn() -> core[df12db4294e9bfd3]::result::Result<(), alloc[2182bb758b4b3781]::string::String>>
[INFO] [stdout]   15:     0x5828865bf245 - test[9d35eded1c95d3be]::run_test::{closure#0}
[INFO] [stdout]   16:     0x5828865b8b04 - std[70759c8f55707aa4]::sys::backtrace::__rust_begin_short_backtrace::<test[9d35eded1c95d3be]::run_test::{closure#1}, ()>
[INFO] [stdout]   17:     0x5828865c23a2 - <std[70759c8f55707aa4]::thread::lifecycle::spawn_unchecked<test[9d35eded1c95d3be]::run_test::{closure#1}, ()>::{closure#1} as core[df12db4294e9bfd3]::ops::function::FnOnce<()>>::call_once::{shim:vtable#0}
[INFO] [stdout]   18:     0x58288663a519 - <std[70759c8f55707aa4]::sys::thread::unix::Thread>::new::thread_start
[INFO] [stdout]   19:     0x7fd252347dfa - <unknown>
[INFO] [stdout]   20:     0x7fd2523db3d4 - clone
[INFO] [stdout]   21:                0x0 - <unknown>
[INFO] [stdout] 
[INFO] [stdout] ---- approval::tests::validate_accepts_conformant_set stdout ----
[INFO] [stdout] 
[INFO] [stdout] thread 'approval::tests::validate_accepts_conformant_set' (473) panicked at src/approval.rs:168:43:
[INFO] [stdout] 仓库内的权限词表必须可加载: HostError { code: E_INVALID_MANIFEST, message: "无法读取权限词表 /opt/rustwide/workdir/../../schema/permissions.index.json: No such file or directory (os error 2)", retryable: false }
[INFO] [stdout] stack backtrace:
[INFO] [stdout]    0:     0x58288663b4c1 - <<std[70759c8f55707aa4]::sys::backtrace::BacktraceLock>::print::DisplayBacktrace as core[df12db4294e9bfd3]::fmt::Display>::fmt
[INFO] [stdout]    1:     0x58288665079a - core[df12db4294e9bfd3]::fmt::write
[INFO] [stdout]    2:     0x58288663fbdc - <alloc[2182bb758b4b3781]::vec::Vec<u8> as core[df12db4294e9bfd3]::io::write::Write>::write_fmt
[INFO] [stdout]    3:     0x5828866158f6 - std[70759c8f55707aa4]::panicking::default_hook::{closure#0}
[INFO] [stdout]    4:     0x582886632a59 - std[70759c8f55707aa4]::panicking::default_hook
[INFO] [stdout]    5:     0x5828865be8f0 - test[9d35eded1c95d3be]::test_main_inner::<test[9d35eded1c95d3be]::test_main_static::{closure#0}>::{closure#0}
[INFO] [stdout]    6:     0x582886632c12 - std[70759c8f55707aa4]::panicking::panic_with_hook
[INFO] [stdout]    7:     0x5828866159a2 - std[70759c8f55707aa4]::panicking::panic_handler::{closure#0}
[INFO] [stdout]    8:     0x58288660e419 - std[70759c8f55707aa4]::sys::backtrace::__rust_end_short_backtrace::<std[70759c8f55707aa4]::panicking::panic_handler::{closure#0}, !>
[INFO] [stdout]    9:     0x58288661668d - __rustc[8fa7c3cbc660c2b3]::rust_begin_unwind
[INFO] [stdout]   10:     0x582886650ecc - core[df12db4294e9bfd3]::panicking::panic_fmt
[INFO] [stdout]   11:     0x582886650ca2 - core[df12db4294e9bfd3]::result::unwrap_failed
[INFO] [stdout]   12:     0x582886597d5b - tauron_acl[98f1b9ce0abdfc63]::approval::tests::validate_accepts_conformant_set
[INFO] [stdout]   13:     0x5828865a39c9 - <tauron_acl[98f1b9ce0abdfc63]::approval::tests::validate_accepts_conformant_set::{closure#0} as core[df12db4294e9bfd3]::ops::function::FnOnce<()>>::call_once
[INFO] [stdout]   14:     0x5828865b1bdb - test[9d35eded1c95d3be]::__rust_begin_short_backtrace::<core[df12db4294e9bfd3]::result::Result<(), alloc[2182bb758b4b3781]::string::String>, fn() -> core[df12db4294e9bfd3]::result::Result<(), alloc[2182bb758b4b3781]::string::String>>
[INFO] [stdout]   15:     0x5828865bf245 - test[9d35eded1c95d3be]::run_test::{closure#0}
[INFO] [stdout]   16:     0x5828865b8b04 - std[70759c8f55707aa4]::sys::backtrace::__rust_begin_short_backtrace::<test[9d35eded1c95d3be]::run_test::{closure#1}, ()>
[INFO] [stdout]   17:     0x5828865c23a2 - <std[70759c8f55707aa4]::thread::lifecycle::spawn_unchecked<test[9d35eded1c95d3be]::run_test::{closure#1}, ()>::{closure#1} as core[df12db4294e9bfd3]::ops::function::FnOnce<()>>::call_once::{shim:vtable#0}
[INFO] [stdout]   18:     0x58288663a519 - <std[70759c8f55707aa4]::sys::thread::unix::Thread>::new::thread_start
[INFO] [stdout]   19:     0x7fd252347dfa - <unknown>
[INFO] [stdout]   20:     0x7fd2523db3d4 - clone
[INFO] [stdout]   21:                0x0 - <unknown>
[INFO] [stdout] 
[INFO] [stdout] ---- approval::tests::validate_rejects_fs_scope_outside_app_dirs stdout ----
[INFO] [stdout] 
[INFO] [stdout] thread 'approval::tests::validate_rejects_fs_scope_outside_app_dirs' (476) panicked at src/approval.rs:168:43:
[INFO] [stdout] 仓库内的权限词表必须可加载: HostError { code: E_INVALID_MANIFEST, message: "无法读取权限词表 /opt/rustwide/workdir/../../schema/permissions.index.json: No such file or directory (os error 2)", retryable: false }
[INFO] [stdout] stack backtrace:
[INFO] [stdout]    0:     0x58288663b4c1 - <<std[70759c8f55707aa4]::sys::backtrace::BacktraceLock>::print::DisplayBacktrace as core[df12db4294e9bfd3]::fmt::Display>::fmt
[INFO] [stdout]    1:     0x58288665079a - core[df12db4294e9bfd3]::fmt::write
[INFO] [stdout]    2:     0x58288663fbdc - <alloc[2182bb758b4b3781]::vec::Vec<u8> as core[df12db4294e9bfd3]::io::write::Write>::write_fmt
[INFO] [stdout]    3:     0x5828866158f6 - std[70759c8f55707aa4]::panicking::default_hook::{closure#0}
[INFO] [stdout]    4:     0x582886632a59 - std[70759c8f55707aa4]::panicking::default_hook
[INFO] [stdout]    5:     0x5828865be8f0 - test[9d35eded1c95d3be]::test_main_inner::<test[9d35eded1c95d3be]::test_main_static::{closure#0}>::{closure#0}
[INFO] [stdout]    6:     0x582886632c12 - std[70759c8f55707aa4]::panicking::panic_with_hook
[INFO] [stdout]    7:     0x5828866159a2 - std[70759c8f55707aa4]::panicking::panic_handler::{closure#0}
[INFO] [stdout]    8:     0x58288660e419 - std[70759c8f55707aa4]::sys::backtrace::__rust_end_short_backtrace::<std[70759c8f55707aa4]::panicking::panic_handler::{closure#0}, !>
[INFO] [stdout]    9:     0x58288661668d - __rustc[8fa7c3cbc660c2b3]::rust_begin_unwind
[INFO] [stdout]   10:     0x582886650ecc - core[df12db4294e9bfd3]::panicking::panic_fmt
[INFO] [stdout]   11:     0x582886650ca2 - core[df12db4294e9bfd3]::result::unwrap_failed
[INFO] [stdout]   12:     0x5828865995c4 - tauron_acl[98f1b9ce0abdfc63]::approval::tests::validate_rejects_fs_scope_outside_app_dirs
[INFO] [stdout]   13:     0x5828865a3aa9 - <tauron_acl[98f1b9ce0abdfc63]::approval::tests::validate_rejects_fs_scope_outside_app_dirs::{closure#0} as core[df12db4294e9bfd3]::ops::function::FnOnce<()>>::call_once
[INFO] [stdout]   14:     0x5828865b1bdb - test[9d35eded1c95d3be]::__rust_begin_short_backtrace::<core[df12db4294e9bfd3]::result::Result<(), alloc[2182bb758b4b3781]::string::String>, fn() -> core[df12db4294e9bfd3]::result::Result<(), alloc[2182bb758b4b3781]::string::String>>
[INFO] [stdout]   15:     0x5828865bf245 - test[9d35eded1c95d3be]::run_test::{closure#0}
[INFO] [stdout]   16:     0x5828865b8b04 - std[70759c8f55707aa4]::sys::backtrace::__rust_begin_short_backtrace::<test[9d35eded1c95d3be]::run_test::{closure#1}, ()>
[INFO] [stdout]   17:     0x5828865c23a2 - <std[70759c8f55707aa4]::thread::lifecycle::spawn_unchecked<test[9d35eded1c95d3be]::run_test::{closure#1}, ()>::{closure#1} as core[df12db4294e9bfd3]::ops::function::FnOnce<()>>::call_once::{shim:vtable#0}
[INFO] [stdout]   18:     0x58288663a519 - <std[70759c8f55707aa4]::sys::thread::unix::Thread>::new::thread_start
[INFO] [stdout]   19:     0x7fd252347dfa - <unknown>
[INFO] [stdout]   20:     0x7fd2523db3d4 - clone
[INFO] [stdout]   21:                0x0 - <unknown>
[INFO] [stdout] 
[INFO] [stdout] ---- approval::tests::validate_rejects_forbidden_grant_with_guidance stdout ----
[INFO] [stdout] 
[INFO] [stdout] thread 'approval::tests::validate_rejects_forbidden_grant_with_guidance' (475) panicked at src/approval.rs:168:43:
[INFO] [stdout] 仓库内的权限词表必须可加载: HostError { code: E_INVALID_MANIFEST, message: "无法读取权限词表 /opt/rustwide/workdir/../../schema/permissions.index.json: No such file or directory (os error 2)", retryable: false }
[INFO] [stdout] stack backtrace:
[INFO] [stdout]    0:     0x58288663b4c1 - <<std[70759c8f55707aa4]::sys::backtrace::BacktraceLock>::print::DisplayBacktrace as core[df12db4294e9bfd3]::fmt::Display>::fmt
[INFO] [stdout]    1:     0x58288665079a - core[df12db4294e9bfd3]::fmt::write
[INFO] [stdout]    2:     0x58288663fbdc - <alloc[2182bb758b4b3781]::vec::Vec<u8> as core[df12db4294e9bfd3]::io::write::Write>::write_fmt
[INFO] [stdout]    3:     0x5828866158f6 - std[70759c8f55707aa4]::panicking::default_hook::{closure#0}
[INFO] [stdout]    4:     0x582886632a59 - std[70759c8f55707aa4]::panicking::default_hook
[INFO] [stdout]    5:     0x5828865be8f0 - test[9d35eded1c95d3be]::test_main_inner::<test[9d35eded1c95d3be]::test_main_static::{closure#0}>::{closure#0}
[INFO] [stdout]    6:     0x582886632c12 - std[70759c8f55707aa4]::panicking::panic_with_hook
[INFO] [stdout]    7:     0x5828866159a2 - std[70759c8f55707aa4]::panicking::panic_handler::{closure#0}
[INFO] [stdout]    8:     0x58288660e419 - std[70759c8f55707aa4]::sys::backtrace::__rust_end_short_backtrace::<std[70759c8f55707aa4]::panicking::panic_handler::{closure#0}, !>
[INFO] [stdout]    9:     0x58288661668d - __rustc[8fa7c3cbc660c2b3]::rust_begin_unwind
[INFO] [stdout]   10:     0x582886650ecc - core[df12db4294e9bfd3]::panicking::panic_fmt
[INFO] [stdout]   11:     0x582886650ca2 - core[df12db4294e9bfd3]::result::unwrap_failed
[INFO] [stdout]   12:     0x58288659a0c0 - tauron_acl[98f1b9ce0abdfc63]::approval::tests::validate_rejects_forbidden_grant_with_guidance
[INFO] [stdout]   13:     0x5828865a3ae9 - <tauron_acl[98f1b9ce0abdfc63]::approval::tests::validate_rejects_forbidden_grant_with_guidance::{closure#0} as core[df12db4294e9bfd3]::ops::function::FnOnce<()>>::call_once
[INFO] [stdout]   14:     0x5828865b1bdb - test[9d35eded1c95d3be]::__rust_begin_short_backtrace::<core[df12db4294e9bfd3]::result::Result<(), alloc[2182bb758b4b3781]::string::String>, fn() -> core[df12db4294e9bfd3]::result::Result<(), alloc[2182bb758b4b3781]::string::String>>
[INFO] [stdout]   15:     0x5828865bf245 - test[9d35eded1c95d3be]::run_test::{closure#0}
[INFO] [stdout]   16:     0x5828865b8b04 - std[70759c8f55707aa4]::sys::backtrace::__rust_begin_short_backtrace::<test[9d35eded1c95d3be]::run_test::{closure#1}, ()>
[INFO] [stdout]   17:     0x5828865c23a2 - <std[70759c8f55707aa4]::thread::lifecycle::spawn_unchecked<test[9d35eded1c95d3be]::run_test::{closure#1}, ()>::{closure#1} as core[df12db4294e9bfd3]::ops::function::FnOnce<()>>::call_once::{shim:vtable#0}
[INFO] [stdout]   18:     0x58288663a519 - <std[70759c8f55707aa4]::sys::thread::unix::Thread>::new::thread_start
[INFO] [stdout]   19:     0x7fd252347dfa - <unknown>
[INFO] [stdout]   20:     0x7fd2523db3d4 - clone
[INFO] [stdout]   21:                0x0 - <unknown>
[INFO] [stdout] 
[INFO] [stdout] ---- approval::tests::validate_rejects_table_outside_permission stdout ----
[INFO] [stdout] 
[INFO] [stdout] thread 'approval::tests::validate_rejects_table_outside_permission' (479) panicked at src/approval.rs:168:43:
[INFO] [stdout] 仓库内的权限词表必须可加载: HostError { code: E_INVALID_MANIFEST, message: "无法读取权限词表 /opt/rustwide/workdir/../../schema/permissions.index.json: No such file or directory (os error 2)", retryable: false }
[INFO] [stdout] stack backtrace:
[INFO] [stdout]    0:     0x58288663b4c1 - <<std[70759c8f55707aa4]::sys::backtrace::BacktraceLock>::print::DisplayBacktrace as core[df12db4294e9bfd3]::fmt::Display>::fmt
[INFO] [stdout]    1:     0x58288665079a - core[df12db4294e9bfd3]::fmt::write
[INFO] [stdout]    2:     0x58288663fbdc - <alloc[2182bb758b4b3781]::vec::Vec<u8> as core[df12db4294e9bfd3]::io::write::Write>::write_fmt
[INFO] [stdout]    3:     0x5828866158f6 - std[70759c8f55707aa4]::panicking::default_hook::{closure#0}
[INFO] [stdout]    4:     0x582886632a59 - std[70759c8f55707aa4]::panicking::default_hook
[INFO] [stdout]    5:     0x5828865be8f0 - test[9d35eded1c95d3be]::test_main_inner::<test[9d35eded1c95d3be]::test_main_static::{closure#0}>::{closure#0}
[INFO] [stdout]    6:     0x582886632c12 - std[70759c8f55707aa4]::panicking::panic_with_hook
[INFO] [stdout]    7:     0x5828866159a2 - std[70759c8f55707aa4]::panicking::panic_handler::{closure#0}
[INFO] [stdout]    8:     0x58288660e419 - std[70759c8f55707aa4]::sys::backtrace::__rust_end_short_backtrace::<std[70759c8f55707aa4]::panicking::panic_handler::{closure#0}, !>
[INFO] [stdout]    9:     0x58288661668d - __rustc[8fa7c3cbc660c2b3]::rust_begin_unwind
[INFO] [stdout]   10:     0x582886650ecc - core[df12db4294e9bfd3]::panicking::panic_fmt
[INFO] [stdout]   11:     0x582886650ca2 - core[df12db4294e9bfd3]::result::unwrap_failed
[INFO] [stdout]   12:     0x582886598b70 - tauron_acl[98f1b9ce0abdfc63]::approval::tests::validate_rejects_table_outside_permission
[INFO] [stdout]   13:     0x5828865a3a49 - <tauron_acl[98f1b9ce0abdfc63]::approval::tests::validate_rejects_table_outside_permission::{closure#0} as core[df12db4294e9bfd3]::ops::function::FnOnce<()>>::call_once
[INFO] [stdout]   14:     0x5828865b1bdb - test[9d35eded1c95d3be]::__rust_begin_short_backtrace::<core[df12db4294e9bfd3]::result::Result<(), alloc[2182bb758b4b3781]::string::String>, fn() -> core[df12db4294e9bfd3]::result::Result<(), alloc[2182bb758b4b3781]::string::String>>
[INFO] [stdout]   15:     0x5828865bf245 - test[9d35eded1c95d3be]::run_test::{closure#0}
[INFO] [stdout]   16:     0x5828865b8b04 - std[70759c8f55707aa4]::sys::backtrace::__rust_begin_short_backtrace::<test[9d35eded1c95d3be]::run_test::{closure#1}, ()>
[INFO] [stdout]   17:     0x5828865c23a2 - <std[70759c8f55707aa4]::thread::lifecycle::spawn_unchecked<test[9d35eded1c95d3be]::run_test::{closure#1}, ()>::{closure#1} as core[df12db4294e9bfd3]::ops::function::FnOnce<()>>::call_once::{shim:vtable#0}
[INFO] [stdout]   18:     0x58288663a519 - <std[70759c8f55707aa4]::sys::thread::unix::Thread>::new::thread_start
[INFO] [stdout]   19:     0x7fd252347dfa - <unknown>
[INFO] [stdout]   20:     0x7fd2523db3d4 - clone
[INFO] [stdout]   21:                0x0 - <unknown>
[INFO] [stdout] 
[INFO] [stdout] ---- approval::tests::validate_rejects_appconfig_write_recursive stdout ----
[INFO] [stdout] 
[INFO] [stdout] thread 'approval::tests::validate_rejects_appconfig_write_recursive' (474) panicked at src/approval.rs:168:43:
[INFO] [stdout] 仓库内的权限词表必须可加载: HostError { code: E_INVALID_MANIFEST, message: "无法读取权限词表 /opt/rustwide/workdir/../../schema/permissions.index.json: No such file or directory (os error 2)", retryable: false }
[INFO] [stdout] stack backtrace:
[INFO] [stdout]    0:     0x58288663b4c1 - <<std[70759c8f55707aa4]::sys::backtrace::BacktraceLock>::print::DisplayBacktrace as core[df12db4294e9bfd3]::fmt::Display>::fmt
[INFO] [stdout]    1:     0x58288665079a - core[df12db4294e9bfd3]::fmt::write
[INFO] [stdout]    2:     0x58288663fbdc - <alloc[2182bb758b4b3781]::vec::Vec<u8> as core[df12db4294e9bfd3]::io::write::Write>::write_fmt
[INFO] [stdout]    3:     0x5828866158f6 - std[70759c8f55707aa4]::panicking::default_hook::{closure#0}
[INFO] [stdout]    4:     0x582886632a59 - std[70759c8f55707aa4]::panicking::default_hook
[INFO] [stdout]    5:     0x5828865be8f0 - test[9d35eded1c95d3be]::test_main_inner::<test[9d35eded1c95d3be]::test_main_static::{closure#0}>::{closure#0}
[INFO] [stdout]    6:     0x582886632c12 - std[70759c8f55707aa4]::panicking::panic_with_hook
[INFO] [stdout]    7:     0x5828866159a2 - std[70759c8f55707aa4]::panicking::panic_handler::{closure#0}
[INFO] [stdout]    8:     0x58288660e419 - std[70759c8f55707aa4]::sys::backtrace::__rust_end_short_backtrace::<std[70759c8f55707aa4]::panicking::panic_handler::{closure#0}, !>
[INFO] [stdout]    9:     0x58288661668d - __rustc[8fa7c3cbc660c2b3]::rust_begin_unwind
[INFO] [stdout]   10:     0x582886650ecc - core[df12db4294e9bfd3]::panicking::panic_fmt
[INFO] [stdout]   11:     0x582886650ca2 - core[df12db4294e9bfd3]::result::unwrap_failed
[INFO] [stdout]   12:     0x58288659923b - tauron_acl[98f1b9ce0abdfc63]::approval::tests::validate_rejects_appconfig_write_recursive
[INFO] [stdout]   13:     0x5828865a3a89 - <tauron_acl[98f1b9ce0abdfc63]::approval::tests::validate_rejects_appconfig_write_recursive::{closure#0} as core[df12db4294e9bfd3]::ops::function::FnOnce<()>>::call_once
[INFO] [stdout]   14:     0x5828865b1bdb - test[9d35eded1c95d3be]::__rust_begin_short_backtrace::<core[df12db4294e9bfd3]::result::Result<(), alloc[2182bb758b4b3781]::string::String>, fn() -> core[df12db4294e9bfd3]::result::Result<(), alloc[2182bb758b4b3781]::string::String>>
[INFO] [stdout]   15:     0x5828865bf245 - test[9d35eded1c95d3be]::run_test::{closure#0}
[INFO] [stdout]   16:     0x5828865b8b04 - std[70759c8f55707aa4]::sys::backtrace::__rust_begin_short_backtrace::<test[9d35eded1c95d3be]::run_test::{closure#1}, ()>
[INFO] [stdout]   17:     0x5828865c23a2 - <std[70759c8f55707aa4]::thread::lifecycle::spawn_unchecked<test[9d35eded1c95d3be]::run_test::{closure#1}, ()>::{closure#1} as core[df12db4294e9bfd3]::ops::function::FnOnce<()>>::call_once::{shim:vtable#0}
[INFO] [stdout]   18:     0x58288663a519 - <std[70759c8f55707aa4]::sys::thread::unix::Thread>::new::thread_start
[INFO] [stdout]   19:     0x7fd252347dfa - <unknown>
[INFO] [stdout]   20:     0x7fd2523db3d4 - clone
[INFO] [stdout]   21:                0x0 - <unknown>
[INFO] [stdout] 
[INFO] [stdout] ---- approval::tests::rows_reject_unknown_permission_silently_but_validate_catches_it stdout ----
[INFO] [stdout] 
[INFO] [stdout] thread 'approval::tests::rows_reject_unknown_permission_silently_but_validate_catches_it' (472) panicked at src/approval.rs:168:43:
[INFO] [stdout] 仓库内的权限词表必须可加载: HostError { code: E_INVALID_MANIFEST, message: "无法读取权限词表 /opt/rustwide/workdir/../../schema/permissions.index.json: No such file or directory (os error 2)", retryable: false }
[INFO] [stdout] stack backtrace:
[INFO] [stdout]    0:     0x58288663b4c1 - <<std[70759c8f55707aa4]::sys::backtrace::BacktraceLock>::print::DisplayBacktrace as core[df12db4294e9bfd3]::fmt::Display>::fmt
[INFO] [stdout]    1:     0x58288665079a - core[df12db4294e9bfd3]::fmt::write
[INFO] [stdout]    2:     0x58288663fbdc - <alloc[2182bb758b4b3781]::vec::Vec<u8> as core[df12db4294e9bfd3]::io::write::Write>::write_fmt
[INFO] [stdout]    3:     0x5828866158f6 - std[70759c8f55707aa4]::panicking::default_hook::{closure#0}
[INFO] [stdout]    4:     0x582886632a59 - std[70759c8f55707aa4]::panicking::default_hook
[INFO] [stdout]    5:     0x5828865be8f0 - test[9d35eded1c95d3be]::test_main_inner::<test[9d35eded1c95d3be]::test_main_static::{closure#0}>::{closure#0}
[INFO] [stdout]    6:     0x582886632c12 - std[70759c8f55707aa4]::panicking::panic_with_hook
[INFO] [stdout]    7:     0x5828866159a2 - std[70759c8f55707aa4]::panicking::panic_handler::{closure#0}
[INFO] [stdout]    8:     0x58288660e419 - std[70759c8f55707aa4]::sys::backtrace::__rust_end_short_backtrace::<std[70759c8f55707aa4]::panicking::panic_handler::{closure#0}, !>
[INFO] [stdout]    9:     0x58288661668d - __rustc[8fa7c3cbc660c2b3]::rust_begin_unwind
[INFO] [stdout]   10:     0x582886650ecc - core[df12db4294e9bfd3]::panicking::panic_fmt
[INFO] [stdout]   11:     0x582886650ca2 - core[df12db4294e9bfd3]::result::unwrap_failed
[INFO] [stdout]   12:     0x58288659a3ab - tauron_acl[98f1b9ce0abdfc63]::approval::tests::rows_reject_unknown_permission_silently_but_validate_catches_it
[INFO] [stdout]   13:     0x5828865a3b09 - <tauron_acl[98f1b9ce0abdfc63]::approval::tests::rows_reject_unknown_permission_silently_but_validate_catches_it::{closure#0} as core[df12db4294e9bfd3]::ops::function::FnOnce<()>>::call_once
[INFO] [stdout]   14:     0x5828865b1bdb - test[9d35eded1c95d3be]::__rust_begin_short_backtrace::<core[df12db4294e9bfd3]::result::Result<(), alloc[2182bb758b4b3781]::string::String>, fn() -> core[df12db4294e9bfd3]::result::Result<(), alloc[2182bb758b4b3781]::string::String>>
[INFO] [stdout]   15:     0x5828865bf245 - test[9d35eded1c95d3be]::run_test::{closure#0}
[INFO] [stdout]   16:     0x5828865b8b04 - std[70759c8f55707aa4]::sys::backtrace::__rust_begin_short_backtrace::<test[9d35eded1c95d3be]::run_test::{closure#1}, ()>
[INFO] [stdout]   17:     0x5828865c23a2 - <std[70759c8f55707aa4]::thread::lifecycle::spawn_unchecked<test[9d35eded1c95d3be]::run_test::{closure#1}, ()>::{closure#1} as core[df12db4294e9bfd3]::ops::function::FnOnce<()>>::call_once::{shim:vtable#0}
[INFO] [stdout]   18:     0x58288663a519 - <std[70759c8f55707aa4]::sys::thread::unix::Thread>::new::thread_start
[INFO] [stdout]   19:     0x7fd252347dfa - <unknown>
[INFO] [stdout]   20:     0x7fd2523db3d4 - clone
[INFO] [stdout]   21:                0x0 - <unknown>
[INFO] [stdout] 
[INFO] [stdout] ---- approval::tests::high_risk_rows_are_unchecked_by_default stdout ----
[INFO] [stdout] 
[INFO] [stdout] thread 'approval::tests::high_risk_rows_are_unchecked_by_default' (469) panicked at src/approval.rs:168:43:
[INFO] [stdout] 仓库内的权限词表必须可加载: HostError { code: E_INVALID_MANIFEST, message: "无法读取权限词表 /opt/rustwide/workdir/../../schema/permissions.index.json: No such file or directory (os error 2)", retryable: false }
[INFO] [stdout] stack backtrace:
[INFO] [stdout]    0:     0x58288663b4c1 - <<std[70759c8f55707aa4]::sys::backtrace::BacktraceLock>::print::DisplayBacktrace as core[df12db4294e9bfd3]::fmt::Display>::fmt
[INFO] [stdout]    1:     0x58288665079a - core[df12db4294e9bfd3]::fmt::write
[INFO] [stdout]    2:     0x58288663fbdc - <alloc[2182bb758b4b3781]::vec::Vec<u8> as core[df12db4294e9bfd3]::io::write::Write>::write_fmt
[INFO] [stdout]    3:     0x5828866158f6 - std[70759c8f55707aa4]::panicking::default_hook::{closure#0}
[INFO] [stdout]    4:     0x582886632a59 - std[70759c8f55707aa4]::panicking::default_hook
[INFO] [stdout]    5:     0x5828865be8f0 - test[9d35eded1c95d3be]::test_main_inner::<test[9d35eded1c95d3be]::test_main_static::{closure#0}>::{closure#0}
[INFO] [stdout]    6:     0x582886632c12 - std[70759c8f55707aa4]::panicking::panic_with_hook
[INFO] [stdout]    7:     0x5828866159a2 - std[70759c8f55707aa4]::panicking::panic_handler::{closure#0}
[INFO] [stdout]    8:     0x58288660e419 - std[70759c8f55707aa4]::sys::backtrace::__rust_end_short_backtrace::<std[70759c8f55707aa4]::panicking::panic_handler::{closure#0}, !>
[INFO] [stdout]    9:     0x58288661668d - __rustc[8fa7c3cbc660c2b3]::rust_begin_unwind
[INFO] [stdout]   10:     0x582886650ecc - core[df12db4294e9bfd3]::panicking::panic_fmt
[INFO] [stdout]   11:     0x582886650ca2 - core[df12db4294e9bfd3]::result::unwrap_failed
[INFO] [stdout]   12:     0x5828865987de - tauron_acl[98f1b9ce0abdfc63]::approval::tests::high_risk_rows_are_unchecked_by_default
[INFO] [stdout]   13:     0x5828865a3a29 - <tauron_acl[98f1b9ce0abdfc63]::approval::tests::high_risk_rows_are_unchecked_by_default::{closure#0} as core[df12db4294e9bfd3]::ops::function::FnOnce<()>>::call_once
[INFO] [stdout]   14:     0x5828865b1bdb - test[9d35eded1c95d3be]::__rust_begin_short_backtrace::<core[df12db4294e9bfd3]::result::Result<(), alloc[2182bb758b4b3781]::string::String>, fn() -> core[df12db4294e9bfd3]::result::Result<(), alloc[2182bb758b4b3781]::string::String>>
[INFO] [stdout]   15:     0x5828865bf245 - test[9d35eded1c95d3be]::run_test::{closure#0}
[INFO] [stdout]   16:     0x5828865b8b04 - std[70759c8f55707aa4]::sys::backtrace::__rust_begin_short_backtrace::<test[9d35eded1c95d3be]::run_test::{closure#1}, ()>
[INFO] [stdout]   17:     0x5828865c23a2 - <std[70759c8f55707aa4]::thread::lifecycle::spawn_unchecked<test[9d35eded1c95d3be]::run_test::{closure#1}, ()>::{closure#1} as core[df12db4294e9bfd3]::ops::function::FnOnce<()>>::call_once::{shim:vtable#0}
[INFO] [stdout]   18:     0x58288663a519 - <std[70759c8f55707aa4]::sys::thread::unix::Thread>::new::thread_start
[INFO] [stdout]   19:     0x7fd252347dfa - <unknown>
[INFO] [stdout]   20:     0x7fd2523db3d4 - clone
[INFO] [stdout]   21:                0x0 - <unknown>
[INFO] [stdout] 
[INFO] [stdout] 
[INFO] [stdout] failures:
[INFO] [stdout]     approval::tests::draft_grant_set_rejects_unknown_permission
[INFO] [stdout]     approval::tests::draft_grant_set_takes_risk_and_text_from_index
[INFO] [stdout]     approval::tests::high_risk_rows_are_unchecked_by_default
[INFO] [stdout]     approval::tests::rows_come_from_the_shared_index
[INFO] [stdout]     approval::tests::rows_cover_every_grant_in_order
[INFO] [stdout]     approval::tests::rows_reject_unknown_permission_silently_but_validate_catches_it
[INFO] [stdout]     approval::tests::validate_accepts_conformant_set
[INFO] [stdout]     approval::tests::validate_rejects_appconfig_write_recursive
[INFO] [stdout]     approval::tests::validate_rejects_forbidden_grant_with_guidance
[INFO] [stdout]     approval::tests::validate_rejects_fs_scope_outside_app_dirs
[INFO] [stdout]     approval::tests::validate_rejects_scope_asymmetry
[INFO] [stdout]     approval::tests::validate_rejects_self_reported_risk
[INFO] [stdout]     approval::tests::validate_rejects_table_outside_permission
[INFO] [stdout] 
[INFO] [stdout] test result: FAILED. 29 passed; 13 failed; 0 ignored; 0 measured; 0 filtered out; finished in 0.01s
[INFO] [stdout] 
[INFO] [stderr] error: test failed, to rerun pass `--lib`
[INFO] running `Command { std: "docker" "inspect" "5ab763656470510fb91397886504e63882a6c9c9b42a4517d5ff55f9ea84dd29", kill_on_drop: false }`
[INFO] running `Command { std: "docker" "rm" "-f" "5ab763656470510fb91397886504e63882a6c9c9b42a4517d5ff55f9ea84dd29", kill_on_drop: false }`
[INFO] [stdout] 5ab763656470510fb91397886504e63882a6c9c9b42a4517d5ff55f9ea84dd29
