[INFO] fetching crate tauri-utils 3.0.0-alpha.4...
[INFO] testing tauri-utils-3.0.0-alpha.4 against 1.99.0-beta.8+cargoflags=--release for beta-release-1.100-2
[INFO] extracting crate tauri-utils 3.0.0-alpha.4 into /workspace/builds/worker-6-tc1/source
[INFO] started tweaking crates.io crate tauri-utils 3.0.0-alpha.4
[INFO] finished tweaking crates.io crate tauri-utils 3.0.0-alpha.4
[INFO] tweaked toml for crates.io crate tauri-utils 3.0.0-alpha.4 written to /workspace/builds/worker-6-tc1/source/Cargo.toml
[INFO] validating manifest of crates.io crate tauri-utils 3.0.0-alpha.4 on toolchain 1.99.0-beta.8
[INFO] running `Command { std: CARGO_HOME="/workspace/cargo-home" RUSTUP_HOME="/workspace/rustup-home" "/workspace/cargo-home/bin/cargo" "+1.99.0-beta.8" "metadata" "--manifest-path" "Cargo.toml" "--no-deps", kill_on_drop: false }`
[INFO] crate crates.io crate tauri-utils 3.0.0-alpha.4 already has a lockfile, it will not be regenerated
[INFO] running `Command { std: CARGO_HOME="/workspace/cargo-home" RUSTUP_HOME="/workspace/rustup-home" "/workspace/cargo-home/bin/cargo" "+1.99.0-beta.8" "fetch" "--manifest-path" "Cargo.toml", kill_on_drop: false }`
[INFO] [stderr]  Downloading crates ...
[INFO] [stderr]   Downloaded swift-rs v1.0.9
[INFO] [stderr]   Downloaded serde_with_macros v3.24.0
[INFO] [stderr]   Downloaded plist v1.10.1
[INFO] [stderr]   Downloaded urlpattern v0.6.0
[INFO] [stderr]   Downloaded pest_derive v2.9.3
[INFO] [stderr]   Downloaded pest_generator v2.9.3
[INFO] [stderr]   Downloaded infer v0.22.0
[INFO] [stderr]   Downloaded pest_meta v2.9.3
[INFO] [stderr]   Downloaded ctor v1.0.13
[INFO] [stderr]   Downloaded cfb v0.14.0
[INFO] [stderr]   Downloaded dom_query v0.28.0
[INFO] [stderr]   Downloaded zerocopy-derive v0.8.62
[INFO] [stderr]   Downloaded pest v2.9.3
[INFO] [stderr]   Downloaded quick-xml v0.42.0
[INFO] [stderr]   Downloaded zerocopy v0.8.62
[INFO] running `Command { std: "docker" "create" "-v" "/var/lib/crater-agent-workspace/builds/worker-6-tc1/source:/opt/rustwide/workdir:ro,Z" "-v" "/var/lib/crater-agent-workspace/builds/worker-6-tc1/target:/opt/rustwide/target:rw,Z" "-v" "/var/lib/crater-agent-workspace/cargo-home:/opt/rustwide/cargo-home:ro,Z" "-v" "/var/lib/crater-agent-workspace/rustup-home:/opt/rustwide/rustup-home:ro,Z" "-m" "1610612736" "--network" "none" "ghcr.io/rust-lang/crates-build-env/linux@sha256:77db811e55d90add9212f6832c23229e3de5f1c1f9905e8cb07319ea15df73ac" "sleep" "infinity", kill_on_drop: false }`
[INFO] [stdout] 8fe0104a276ad5bd23b80aff28af19704f01c094b7e8a11f3f901847bb3ad6e5
[INFO] running `Command { std: "docker" "start" "8fe0104a276ad5bd23b80aff28af19704f01c094b7e8a11f3f901847bb3ad6e5", kill_on_drop: false }`
[INFO] running `Command { std: "docker" "inspect" "8fe0104a276ad5bd23b80aff28af19704f01c094b7e8a11f3f901847bb3ad6e5", kill_on_drop: false }`
[INFO] running `Command { std: "docker" "exec" "-e" "SOURCE_DIR=/opt/rustwide/workdir" "-e" "CARGO_HOME=/opt/rustwide/cargo-home" "-e" "RUSTUP_HOME=/opt/rustwide/rustup-home" "-e" "CARGO_TARGET_DIR=/opt/rustwide/target" "-w" "/opt/rustwide/workdir" "--user" "0:0" "8fe0104a276ad5bd23b80aff28af19704f01c094b7e8a11f3f901847bb3ad6e5" "/opt/rustwide/cargo-home/bin/cargo" "+1.99.0-beta.8" "metadata" "--no-deps" "--format-version=1", kill_on_drop: false }`
[INFO] running `Command { std: "docker" "inspect" "8fe0104a276ad5bd23b80aff28af19704f01c094b7e8a11f3f901847bb3ad6e5", kill_on_drop: false }`
[INFO] running `Command { std: "docker" "exec" "-e" "SOURCE_DIR=/opt/rustwide/workdir" "-e" "CARGO_HOME=/opt/rustwide/cargo-home" "-e" "RUSTUP_HOME=/opt/rustwide/rustup-home" "-e" "CARGO_TARGET_DIR=/opt/rustwide/target" "-e" "CARGO_INCREMENTAL=0" "-e" "RUST_BACKTRACE=full" "-e" "RUSTFLAGS=--cap-lints=warn" "-e" "RUSTDOCFLAGS=--cap-lints=warn" "-w" "/opt/rustwide/workdir" "--user" "0:0" "8fe0104a276ad5bd23b80aff28af19704f01c094b7e8a11f3f901847bb3ad6e5" "/opt/rustwide/cargo-home/bin/cargo" "+1.99.0-beta.8" "build" "--frozen" "--message-format=json" "--release", kill_on_drop: false }`
[INFO] [stderr]    Compiling serde v1.0.229
[INFO] [stderr]    Compiling syn v3.0.8
[INFO] [stderr]    Compiling siphasher v1.0.4
[INFO] [stderr]    Compiling serde_json v1.0.154
[INFO] [stderr]    Compiling percent-encoding v2.3.2
[INFO] [stderr]    Compiling fastrand v2.5.0
[INFO] [stderr]    Compiling regex-automata v0.4.18
[INFO] [stderr]    Compiling uuid v1.28.0
[INFO] [stderr]    Compiling syn v2.0.119
[INFO] [stderr]    Compiling phf_shared v0.13.1
[INFO] [stderr]    Compiling form_urlencoded v1.2.2
[INFO] [stderr]    Compiling time v0.3.55
[INFO] [stderr]    Compiling phf_generator v0.13.1
[INFO] [stderr]    Compiling cfb v0.14.0
[INFO] [stderr]    Compiling toml_parser v1.1.5+spec-1.1.0
[INFO] [stderr]    Compiling indexmap v2.14.2
[INFO] [stderr]    Compiling erased-serde v0.4.10
[INFO] [stderr]    Compiling serde_spanned v1.1.2
[INFO] [stderr]    Compiling toml_datetime v1.1.2+spec-1.1.0
[INFO] [stderr]    Compiling quick-xml v0.42.0
[INFO] [stderr]    Compiling tauri-utils v3.0.0-alpha.4 (/opt/rustwide/workdir)
[INFO] [stderr]    Compiling toml v1.1.8+spec-1.1.0
[INFO] [stderr]    Compiling http v1.5.0
[INFO] [stderr]    Compiling serde-untagged v0.1.9
[INFO] [stderr]    Compiling regex v1.13.1
[INFO] [stderr]    Compiling phf_macros v0.13.1
[INFO] [stderr]    Compiling infer v0.22.0
[INFO] [stderr]    Compiling synstructure v0.14.0
[INFO] [stderr]    Compiling darling_core v0.24.1
[INFO] [stderr]    Compiling phf v0.13.1
[INFO] [stderr]    Compiling dunce v1.0.5
[INFO] [stderr]    Compiling semver v1.0.28
[INFO] [stderr]    Compiling glob v0.3.4
[INFO] [stderr]    Compiling ctor v1.0.13
[INFO] [stderr]    Compiling zerofrom-derive v0.1.8
[INFO] [stderr]    Compiling yoke-derive v0.8.4
[INFO] [stderr]    Compiling zerovec-derive v0.11.6
[INFO] [stderr]    Compiling displaydoc v0.2.7
[INFO] [stderr]    Compiling serde_derive v1.0.229
[INFO] [stderr]    Compiling thiserror-impl v2.0.21
[INFO] [stderr]    Compiling zerofrom v0.1.8
[INFO] [stderr]    Compiling yoke v0.8.3
[INFO] [stderr]    Compiling zerovec v0.11.8
[INFO] [stderr]    Compiling zerotrie v0.2.5
[INFO] [stderr]    Compiling darling_macro v0.24.1
[INFO] [stderr]    Compiling darling v0.24.1
[INFO] [stderr]    Compiling serde_with_macros v3.24.0
[INFO] [stderr]    Compiling thiserror v2.0.21
[INFO] [stderr]    Compiling tinystr v0.8.4
[INFO] [stderr]    Compiling icu_locale_core v2.3.0
[INFO] [stderr]    Compiling potential_utf v0.1.6
[INFO] [stderr]    Compiling icu_collections v2.3.0
[INFO] [stderr]    Compiling serde_with v3.24.0
[INFO] [stderr]    Compiling icu_provider v2.3.1
[INFO] [stderr]    Compiling icu_properties v2.3.0
[INFO] [stderr]    Compiling icu_normalizer v2.3.0
[INFO] [stderr]    Compiling jsonptr v0.7.1
[INFO] [stderr]    Compiling plist v1.10.1
[INFO] [stderr]    Compiling json-patch v4.2.0
[INFO] [stderr]    Compiling idna_adapter v1.2.2
[INFO] [stderr]    Compiling idna v1.1.0
[INFO] [stderr]    Compiling url v2.5.8
[INFO] [stderr]    Compiling urlpattern v0.6.0
[INFO] [stderr]     Finished `release` profile [optimized] target(s) in 2m 13s
[INFO] running `Command { std: "docker" "inspect" "8fe0104a276ad5bd23b80aff28af19704f01c094b7e8a11f3f901847bb3ad6e5", kill_on_drop: false }`
[INFO] running `Command { std: "docker" "exec" "-e" "SOURCE_DIR=/opt/rustwide/workdir" "-e" "CARGO_HOME=/opt/rustwide/cargo-home" "-e" "RUSTUP_HOME=/opt/rustwide/rustup-home" "-e" "CARGO_TARGET_DIR=/opt/rustwide/target" "-e" "CARGO_INCREMENTAL=0" "-e" "RUST_BACKTRACE=full" "-e" "RUSTFLAGS=--cap-lints=warn" "-e" "RUSTDOCFLAGS=--cap-lints=warn" "-w" "/opt/rustwide/workdir" "--user" "0:0" "8fe0104a276ad5bd23b80aff28af19704f01c094b7e8a11f3f901847bb3ad6e5" "/opt/rustwide/cargo-home/bin/cargo" "+1.99.0-beta.8" "test" "--frozen" "--no-run" "--message-format=json" "--release", kill_on_drop: false }`
[INFO] [stderr]    Compiling futures-core v0.3.34
[INFO] [stderr]    Compiling parking_lot_core v0.9.12
[INFO] [stderr]    Compiling getrandom v0.4.3
[INFO] [stderr]    Compiling serial_test_derive v3.5.0
[INFO] [stderr]    Compiling getrandom v0.3.4
[INFO] [stderr]    Compiling futures-util v0.3.34
[INFO] [stderr]    Compiling tempfile v3.27.0
[INFO] [stderr]    Compiling parking_lot v0.12.5
[INFO] [stderr]    Compiling futures-executor v0.3.34
[INFO] [stderr]    Compiling serial_test v3.5.0
[INFO] [stderr]    Compiling tauri-utils v3.0.0-alpha.4 (/opt/rustwide/workdir)
[INFO] [stderr]     Finished `release` profile [optimized] target(s) in 51.36s
[INFO] running `Command { std: "docker" "inspect" "8fe0104a276ad5bd23b80aff28af19704f01c094b7e8a11f3f901847bb3ad6e5", kill_on_drop: false }`
[INFO] running `Command { std: "docker" "exec" "-e" "SOURCE_DIR=/opt/rustwide/workdir" "-e" "CARGO_HOME=/opt/rustwide/cargo-home" "-e" "RUSTUP_HOME=/opt/rustwide/rustup-home" "-e" "CARGO_TARGET_DIR=/opt/rustwide/target" "-e" "CARGO_INCREMENTAL=0" "-e" "RUST_BACKTRACE=full" "-e" "RUSTFLAGS=--cap-lints=warn" "-e" "RUSTDOCFLAGS=--cap-lints=warn" "-w" "/opt/rustwide/workdir" "--user" "0:0" "8fe0104a276ad5bd23b80aff28af19704f01c094b7e8a11f3f901847bb3ad6e5" "/opt/rustwide/cargo-home/bin/cargo" "+1.99.0-beta.8" "test" "--frozen" "--release", kill_on_drop: false }`
[INFO] [stderr]     Finished `release` profile [optimized] target(s) in 0.18s
[INFO] [stderr]      Running unittests src/lib.rs (/opt/rustwide/target/release/deps/tauri_utils-e1efa19e23f7f0fb)
[INFO] [stdout] 
[INFO] [stdout] running 39 tests
[INFO] [stdout] test acl::identifier::tests::max_len_fits_in_u8 ... ok
[INFO] [stdout] test acl::identifier::tests::prefix ... ok
[INFO] [stdout] test acl::identifier::tests::base ... ok
[INFO] [stdout] test acl::identifier::tests::format ... ok
[INFO] [stdout] test acl::resolved::tests::resolve_wildcard_uses_single_entry ... ok
[INFO] [stdout] test acl::capability::tests::permission_entry_de ... ok
[INFO] [stdout] test acl::resolved::tests::resolves_implicit_command_permissions ... ok
[INFO] [stdout] test acl::resolved::tests::resolves_permissions_from_other_plugins ... ok
[INFO] [stdout] test acl::resolved::tests::resolve_assigns_scope_ids_from_base ... ok
[INFO] [stdout] test acl::resolved::tests::resolves_wildcard_command_permission ... ok
[INFO] [stdout] test acl::capability::tests::capability_file_de ... ok
[INFO] [stdout] test config::test::app_directories_override_accepts_supported_variables ... ok
[INFO] [stdout] test acl::tests::url_pattern_scheme_wildcard ... ok
[INFO] [stdout] test config::test::header_source_map_display_is_deterministic ... ok
[INFO] [stdout] test config::test::app_directories_override_rejects_unknown_directories ... ok
[INFO] [stdout] test config::test::app_directories_override_rejects_unsupported_variables ... ok
[INFO] [stdout] test config::test::app_directories_override_root ... ok
[INFO] [stdout] test acl::tests::url_pattern_domain_wildcard ... ok
[INFO] [stdout] test config::test::header_source_display ... ok
[INFO] [stdout] test config::test::app_directories_override_directories ... ok
[INFO] [stdout] test config::test::parse_hex_color ... ok
[INFO] [stdout] test config::test::test_defaults ... ok
[INFO] [stdout] test acl::tests::url_pattern_path_wildcard ... ok
[INFO] [stdout] test config::test::test_runner_config_equality ... ok
[INFO] [stdout] test config::test::test_runner_config_from_str_parse ... ok
[INFO] [stdout] test config::test::test_runner_config_from_str ... ok
[INFO] [stdout] test config::test::test_runner_config_default ... ok
[INFO] [stdout] test config::test::test_runner_config_from_string ... ok
[INFO] [stdout] test config::test::test_runner_config_in_build_config ... ok
[INFO] [stdout] test config::test::test_runner_config_in_build_config_object ... ok
[INFO] [stdout] test config::test::test_runner_config_in_full_config ... ok
[INFO] [stdout] test config::test::test_runner_config_object_format_full ... ok
[INFO] [stdout] test config::test::test_runner_config_object_format_minimal ... ok
[INFO] [stdout] test config::test::test_runner_config_string_format ... ok
[INFO] [stdout] test config::test::test_runner_config_untagged_serialization ... ok
[INFO] [stdout] test config::test::window_config_default_same_as_deserialize ... ok
[INFO] [stdout] test config_v1::test::test_defaults ... ok
[INFO] [stdout] test mime_type::tests::should_parse_mimetype_from_uri ... ok
[INFO] [stdout] test platform::tests::resolve_resource_dir ... ok
[INFO] [stdout] 
[INFO] [stdout] test result: ok. 39 passed; 0 failed; 0 ignored; 0 measured; 0 filtered out; finished in 0.03s
[INFO] [stdout] 
[INFO] [stderr]    Doc-tests tauri_utils
[INFO] [stdout] 
[INFO] [stdout] running 3 tests
[INFO] [stdout] test src/config.rs - config::AppConfig::app_directories_override (line 3578) - compile ... FAILED
[INFO] [stdout] test src/config.rs - config::AppConfig::windows (line 3485) - compile ... FAILED
[INFO] [stdout] test src/config.rs - config::WindowConfig::create (line 2069) - compile ... FAILED
[INFO] [stdout] 
[INFO] [stdout] failures:
[INFO] [stdout] 
[INFO] [stdout] ---- src/config.rs - config::AppConfig::app_directories_override (line 3578) stdout ----
[INFO] [stdout] error[E0433]: cannot find module or crate `tauri` in this scope
[INFO] [stdout]     --> src/config.rs:3579:5
[INFO] [stdout]      |
[INFO] [stdout] 3579 | use tauri::utils::config::AppDirectoriesOverride;
[INFO] [stdout]      |     ^^^^^ use of unresolved module or unlinked crate `tauri`
[INFO] [stdout]      |
[INFO] [stdout]      = help: if you wanted to use a crate named `tauri`, use `cargo add tauri` to add it to your `Cargo.toml`
[INFO] [stdout] 
[INFO] [stdout] error[E0433]: cannot find module or crate `tauri` in this scope
[INFO] [stdout]     --> src/config.rs:3583:21
[INFO] [stdout]      |
[INFO] [stdout] 3583 |   let mut context = tauri::generate_context!("../tauri/test/fixture/src-tauri/tauri.conf.json");
[INFO] [stdout]      |                     ^^^^^ use of unresolved module or unlinked crate `tauri`
[INFO] [stdout] 
[INFO] [stdout] error[E0433]: cannot find module or crate `tauri` in this scope
[INFO] [stdout]     --> src/config.rs:3590:3
[INFO] [stdout]      |
[INFO] [stdout] 3590 |   tauri::Builder::default()
[INFO] [stdout]      |   ^^^^^ use of unresolved module or unlinked crate `tauri`
[INFO] [stdout]      |
[INFO] [stdout]      = help: if you wanted to use a crate named `tauri`, use `cargo add tauri` to add it to your `Cargo.toml`
[INFO] [stdout] help: consider importing this struct
[INFO] [stdout]      |
[INFO] [stdout] 3579 + use std::thread::Builder;
[INFO] [stdout]      |
[INFO] [stdout] help: if you import `Builder`, refer to it directly
[INFO] [stdout]      |
[INFO] [stdout] 3590 -   tauri::Builder::default()
[INFO] [stdout] 3590 +   Builder::default()
[INFO] [stdout]      |
[INFO] [stdout] 
[INFO] [stdout] error: aborting due to 3 previous errors
[INFO] [stdout] 
[INFO] [stdout] For more information about this error, try `rustc --explain E0433`.
[INFO] [stdout] Couldn't compile the test.
[INFO] [stdout] ---- src/config.rs - config::AppConfig::windows (line 3485) stdout ----
[INFO] [stdout] error[E0433]: cannot find module or crate `tauri` in this scope
[INFO] [stdout]     --> src/config.rs:3488:5
[INFO] [stdout]      |
[INFO] [stdout] 3488 |     tauri::WebviewWindowBuilder::from_config(app.handle(), &app.config().app.windows[0])?.build()?;
[INFO] [stdout]      |     ^^^^^ use of unresolved module or unlinked crate `tauri`
[INFO] [stdout]      |
[INFO] [stdout]      = help: if you wanted to use a crate named `tauri`, use `cargo add tauri` to add it to your `Cargo.toml`
[INFO] [stdout] 
[INFO] [stdout] error[E0433]: cannot find module or crate `tauri` in this scope
[INFO] [stdout]     --> src/config.rs:3486:1
[INFO] [stdout]      |
[INFO] [stdout] 3486 | tauri::Builder::default()
[INFO] [stdout]      | ^^^^^ use of unresolved module or unlinked crate `tauri`
[INFO] [stdout]      |
[INFO] [stdout]      = help: if you wanted to use a crate named `tauri`, use `cargo add tauri` to add it to your `Cargo.toml`
[INFO] [stdout] help: consider importing this struct
[INFO] [stdout]      |
[INFO] [stdout] 3485 + use std::thread::Builder;
[INFO] [stdout]      |
[INFO] [stdout] help: if you import `Builder`, refer to it directly
[INFO] [stdout]      |
[INFO] [stdout] 3486 - tauri::Builder::default()
[INFO] [stdout] 3486 + Builder::default()
[INFO] [stdout]      |
[INFO] [stdout] 
[INFO] [stdout] error: aborting due to 2 previous errors
[INFO] [stdout] 
[INFO] [stdout] For more information about this error, try `rustc --explain E0433`.
[INFO] [stdout] Couldn't compile the test.
[INFO] [stdout] ---- src/config.rs - config::WindowConfig::create (line 2069) stdout ----
[INFO] [stdout] error[E0433]: cannot find module or crate `tauri` in this scope
[INFO] [stdout]     --> src/config.rs:2072:5
[INFO] [stdout]      |
[INFO] [stdout] 2072 |     tauri::WebviewWindowBuilder::from_config(app.handle(), &app.config().app.windows[0])?.build()?;
[INFO] [stdout]      |     ^^^^^ use of unresolved module or unlinked crate `tauri`
[INFO] [stdout]      |
[INFO] [stdout]      = help: if you wanted to use a crate named `tauri`, use `cargo add tauri` to add it to your `Cargo.toml`
[INFO] [stdout] 
[INFO] [stdout] error[E0433]: cannot find module or crate `tauri` in this scope
[INFO] [stdout]     --> src/config.rs:2070:1
[INFO] [stdout]      |
[INFO] [stdout] 2070 | tauri::Builder::default()
[INFO] [stdout]      | ^^^^^ use of unresolved module or unlinked crate `tauri`
[INFO] [stdout]      |
[INFO] [stdout]      = help: if you wanted to use a crate named `tauri`, use `cargo add tauri` to add it to your `Cargo.toml`
[INFO] [stdout] help: consider importing this struct
[INFO] [stdout]      |
[INFO] [stdout] 2069 + use std::thread::Builder;
[INFO] [stdout]      |
[INFO] [stdout] help: if you import `Builder`, refer to it directly
[INFO] [stdout]      |
[INFO] [stdout] 2070 - tauri::Builder::default()
[INFO] [stdout] 2070 + Builder::default()
[INFO] [stdout]      |
[INFO] [stdout] 
[INFO] [stdout] error: aborting due to 2 previous errors
[INFO] [stdout] 
[INFO] [stdout] For more information about this error, try `rustc --explain E0433`.
[INFO] [stdout] Couldn't compile the test.
[INFO] [stdout] 
[INFO] [stdout] failures:
[INFO] [stdout]     src/config.rs - config::AppConfig::app_directories_override (line 3578)
[INFO] [stdout]     src/config.rs - config::AppConfig::windows (line 3485)
[INFO] [stdout]     src/config.rs - config::WindowConfig::create (line 2069)
[INFO] [stdout] 
[INFO] [stdout] test result: FAILED. 0 passed; 3 failed; 0 ignored; 0 measured; 0 filtered out; finished in 0.26s
[INFO] [stdout] 
[INFO] [stdout] all doctests ran in 0.38s; merged doctests compilation took 0.12s
[INFO] [stderr] error: doctest failed, to rerun pass `--doc`
[INFO] running `Command { std: "docker" "inspect" "8fe0104a276ad5bd23b80aff28af19704f01c094b7e8a11f3f901847bb3ad6e5", kill_on_drop: false }`
[INFO] running `Command { std: "docker" "rm" "-f" "8fe0104a276ad5bd23b80aff28af19704f01c094b7e8a11f3f901847bb3ad6e5", kill_on_drop: false }`
[INFO] [stdout] 8fe0104a276ad5bd23b80aff28af19704f01c094b7e8a11f3f901847bb3ad6e5
