[INFO] fetching crate tauri-typegen 0.5.3...
[INFO] testing tauri-typegen-0.5.3 against 1.99.0-beta.8+cargoflags=--release for beta-release-1.100-2
[INFO] extracting crate tauri-typegen 0.5.3 into /workspace/builds/worker-6-tc1/source
[INFO] started tweaking crates.io crate tauri-typegen 0.5.3
[INFO] removed 0 missing tests
[INFO] finished tweaking crates.io crate tauri-typegen 0.5.3
[INFO] tweaked toml for crates.io crate tauri-typegen 0.5.3 written to /workspace/builds/worker-6-tc1/source/Cargo.toml
[INFO] validating manifest of crates.io crate tauri-typegen 0.5.3 on toolchain 1.99.0-beta.8
[INFO] running `Command { std: CARGO_HOME="/workspace/cargo-home" RUSTUP_HOME="/workspace/rustup-home" "/workspace/cargo-home/bin/cargo" "+1.99.0-beta.8" "metadata" "--manifest-path" "Cargo.toml" "--no-deps", kill_on_drop: false }`
[INFO] crate crates.io crate tauri-typegen 0.5.3 already has a lockfile, it will not be regenerated
[INFO] running `Command { std: CARGO_HOME="/workspace/cargo-home" RUSTUP_HOME="/workspace/rustup-home" "/workspace/cargo-home/bin/cargo" "+1.99.0-beta.8" "fetch" "--manifest-path" "Cargo.toml", kill_on_drop: false }`
[INFO] [stderr]     Updating crates.io index
[INFO] [stderr]  Downloading crates ...
[INFO] [stderr]   Downloaded pest_derive v2.9.1
[INFO] [stderr]   Downloaded pest_generator v2.9.1
[INFO] [stderr]   Downloaded cargo-husky v1.5.0
[INFO] [stderr]   Downloaded pest v2.9.1
[INFO] [stderr]   Downloaded serde-rename-rule v0.2.3
[INFO] [stderr]   Downloaded pest_meta v2.9.1
[INFO] running `Command { std: "docker" "create" "-v" "/var/lib/crater-agent-workspace/builds/worker-6-tc1/source:/opt/rustwide/workdir:ro,Z" "-v" "/var/lib/crater-agent-workspace/builds/worker-6-tc1/target:/opt/rustwide/target:rw,Z" "-v" "/var/lib/crater-agent-workspace/cargo-home:/opt/rustwide/cargo-home:ro,Z" "-v" "/var/lib/crater-agent-workspace/rustup-home:/opt/rustwide/rustup-home:ro,Z" "-m" "1610612736" "--network" "none" "ghcr.io/rust-lang/crates-build-env/linux@sha256:77db811e55d90add9212f6832c23229e3de5f1c1f9905e8cb07319ea15df73ac" "sleep" "infinity", kill_on_drop: false }`
[INFO] [stdout] fd78e7e32ef606b704a6b98d56e0222817e8bf81b24566745a5e234e15e9807d
[INFO] running `Command { std: "docker" "start" "fd78e7e32ef606b704a6b98d56e0222817e8bf81b24566745a5e234e15e9807d", kill_on_drop: false }`
[INFO] running `Command { std: "docker" "inspect" "fd78e7e32ef606b704a6b98d56e0222817e8bf81b24566745a5e234e15e9807d", kill_on_drop: false }`
[INFO] running `Command { std: "docker" "exec" "-e" "SOURCE_DIR=/opt/rustwide/workdir" "-e" "CARGO_HOME=/opt/rustwide/cargo-home" "-e" "RUSTUP_HOME=/opt/rustwide/rustup-home" "-e" "CARGO_TARGET_DIR=/opt/rustwide/target" "-w" "/opt/rustwide/workdir" "--user" "0:0" "fd78e7e32ef606b704a6b98d56e0222817e8bf81b24566745a5e234e15e9807d" "/opt/rustwide/cargo-home/bin/cargo" "+1.99.0-beta.8" "metadata" "--no-deps" "--format-version=1", kill_on_drop: false }`
[INFO] running `Command { std: "docker" "inspect" "fd78e7e32ef606b704a6b98d56e0222817e8bf81b24566745a5e234e15e9807d", kill_on_drop: false }`
[INFO] running `Command { std: "docker" "exec" "-e" "SOURCE_DIR=/opt/rustwide/workdir" "-e" "CARGO_HOME=/opt/rustwide/cargo-home" "-e" "RUSTUP_HOME=/opt/rustwide/rustup-home" "-e" "CARGO_TARGET_DIR=/opt/rustwide/target" "-e" "CARGO_INCREMENTAL=0" "-e" "RUST_BACKTRACE=full" "-e" "RUSTFLAGS=--cap-lints=warn" "-e" "RUSTDOCFLAGS=--cap-lints=warn" "-w" "/opt/rustwide/workdir" "--user" "0:0" "fd78e7e32ef606b704a6b98d56e0222817e8bf81b24566745a5e234e15e9807d" "/opt/rustwide/cargo-home/bin/cargo" "+1.99.0-beta.8" "build" "--frozen" "--message-format=json" "--release", kill_on_drop: false }`
[INFO] [stderr]    Compiling proc-macro2 v1.0.107
[INFO] [stderr]    Compiling siphasher v1.0.3
[INFO] [stderr]    Compiling regex-syntax v0.8.11
[INFO] [stderr]    Compiling ucd-trie v0.1.7
[INFO] [stderr]    Compiling rand v0.8.8
[INFO] [stderr]    Compiling aho-corasick v1.1.5
[INFO] [stderr]    Compiling bstr v1.13.1
[INFO] [stderr]    Compiling crossbeam-utils v0.8.23
[INFO] [stderr]    Compiling getrandom v0.2.17
[INFO] [stderr]    Compiling unicode-ident v1.0.26
[INFO] [stderr]    Compiling clap_lex v1.1.1
[INFO] [stderr]    Compiling bitflags v2.13.2
[INFO] [stderr]    Compiling deunicode v1.6.2
[INFO] [stderr]    Compiling console v0.16.6
[INFO] [stderr]    Compiling pest v2.9.1
[INFO] [stderr]    Compiling rand_core v0.6.4
[INFO] [stderr]    Compiling phf_shared v0.11.3
[INFO] [stderr]    Compiling slug v0.1.6
[INFO] [stderr]    Compiling phf v0.11.3
[INFO] [stderr]    Compiling rand_chacha v0.3.1
[INFO] [stderr]    Compiling clap_builder v4.6.7
[INFO] [stderr]    Compiling humansize v2.1.3
[INFO] [stderr]    Compiling tauri-typegen v0.5.3 (/opt/rustwide/workdir)
[INFO] [stderr]    Compiling unit-prefix v0.5.2
[INFO] [stderr]    Compiling serde-rename-rule v0.2.3
[INFO] [stderr]    Compiling phf_generator v0.11.3
[INFO] [stderr]    Compiling indicatif v0.18.6
[INFO] [stderr]    Compiling quote v1.0.47
[INFO] [stderr]    Compiling phf_codegen v0.11.3
[INFO] [stderr]    Compiling crossbeam-epoch v0.9.21
[INFO] [stderr]    Compiling syn v3.0.6
[INFO] [stderr]    Compiling syn v2.0.119
[INFO] [stderr]    Compiling crossbeam-deque v0.8.8
[INFO] [stderr]    Compiling regex-automata v0.4.18
[INFO] [stderr]    Compiling pest_meta v2.9.1
[INFO] [stderr]    Compiling pest_generator v2.9.1
[INFO] [stderr]    Compiling regex v1.13.1
[INFO] [stderr]    Compiling pest_derive v2.9.1
[INFO] [stderr]    Compiling parse-zoneinfo v0.3.1
[INFO] [stderr]    Compiling serde_derive v1.0.229
[INFO] [stderr]    Compiling chrono-tz-build v0.3.0
[INFO] [stderr]    Compiling clap_derive v4.6.7
[INFO] [stderr]    Compiling thiserror-impl v2.0.20
[INFO] [stderr]    Compiling chrono-tz v0.9.0
[INFO] [stderr]    Compiling thiserror v2.0.20
[INFO] [stderr]    Compiling globset v0.4.20
[INFO] [stderr]    Compiling clap v4.6.7
[INFO] [stderr]    Compiling ignore v0.4.33
[INFO] [stderr]    Compiling serde v1.0.229
[INFO] [stderr]    Compiling chrono v0.4.45
[INFO] [stderr]    Compiling globwalk v0.9.1
[INFO] [stderr]    Compiling tera v1.20.1
[INFO] [stderr]     Finished `release` profile [optimized] target(s) in 1m 35s
[INFO] running `Command { std: "docker" "inspect" "fd78e7e32ef606b704a6b98d56e0222817e8bf81b24566745a5e234e15e9807d", kill_on_drop: false }`
[INFO] running `Command { std: "docker" "exec" "-e" "SOURCE_DIR=/opt/rustwide/workdir" "-e" "CARGO_HOME=/opt/rustwide/cargo-home" "-e" "RUSTUP_HOME=/opt/rustwide/rustup-home" "-e" "CARGO_TARGET_DIR=/opt/rustwide/target" "-e" "CARGO_INCREMENTAL=0" "-e" "RUST_BACKTRACE=full" "-e" "RUSTFLAGS=--cap-lints=warn" "-e" "RUSTDOCFLAGS=--cap-lints=warn" "-w" "/opt/rustwide/workdir" "--user" "0:0" "fd78e7e32ef606b704a6b98d56e0222817e8bf81b24566745a5e234e15e9807d" "/opt/rustwide/cargo-home/bin/cargo" "+1.99.0-beta.8" "test" "--frozen" "--no-run" "--message-format=json" "--release", kill_on_drop: false }`
[INFO] [stderr]    Compiling bitflags v2.13.2
[INFO] [stderr]    Compiling syn v2.0.119
[INFO] [stderr]    Compiling smallvec v1.16.1
[INFO] [stderr]    Compiling rustix v1.1.5
[INFO] [stderr]    Compiling futures-util v0.3.34
[INFO] [stderr]    Compiling cargo-husky v1.5.0
[INFO] [stderr]    Compiling tokio-macros v2.7.2
[INFO] [stderr]    Compiling getrandom v0.4.3
[INFO] [stderr]    Compiling globwalk v0.9.1
[INFO] [stderr]    Compiling parking_lot_core v0.9.12
[INFO] [stderr]    Compiling parking_lot v0.12.5
[INFO] [stderr]    Compiling tokio v1.53.1
[INFO] [stderr]    Compiling futures-executor v0.3.34
[INFO] [stderr]    Compiling tempfile v3.27.0
[INFO] [stderr]    Compiling pest_generator v2.9.1
[INFO] [stderr]    Compiling serial_test_derive v3.5.0
[INFO] [stderr]    Compiling pest_derive v2.9.1
[INFO] [stderr]    Compiling tera v1.20.1
[INFO] [stderr]    Compiling serial_test v3.5.0
[INFO] [stderr]    Compiling tauri-typegen v0.5.3 (/opt/rustwide/workdir)
[INFO] [stderr]     Finished `release` profile [optimized] target(s) in 57.57s
[INFO] running `Command { std: "docker" "inspect" "fd78e7e32ef606b704a6b98d56e0222817e8bf81b24566745a5e234e15e9807d", kill_on_drop: false }`
[INFO] running `Command { std: "docker" "exec" "-e" "SOURCE_DIR=/opt/rustwide/workdir" "-e" "CARGO_HOME=/opt/rustwide/cargo-home" "-e" "RUSTUP_HOME=/opt/rustwide/rustup-home" "-e" "CARGO_TARGET_DIR=/opt/rustwide/target" "-e" "CARGO_INCREMENTAL=0" "-e" "RUST_BACKTRACE=full" "-e" "RUSTFLAGS=--cap-lints=warn" "-e" "RUSTDOCFLAGS=--cap-lints=warn" "-w" "/opt/rustwide/workdir" "--user" "0:0" "fd78e7e32ef606b704a6b98d56e0222817e8bf81b24566745a5e234e15e9807d" "/opt/rustwide/cargo-home/bin/cargo" "+1.99.0-beta.8" "test" "--frozen" "--release", kill_on_drop: false }`
[INFO] [stderr]     Finished `release` profile [optimized] target(s) in 0.15s
[INFO] [stderr]      Running unittests src/lib.rs (/opt/rustwide/target/release/deps/tauri_typegen-9f8ecf8ef62751ef)
[INFO] [stdout] 
[INFO] [stdout] running 721 tests
[INFO] [stdout] test analysis::ast_cache::tests::cache_operations::test_insert_returns_old_value ... ok
[INFO] [stdout] test analysis::ast_cache::tests::cache_operations::test_get_returns_reference ... ok
[INFO] [stdout] test analysis::ast_cache::tests::cache_operations::test_get_cloned_returns_owned ... ok
[INFO] [stdout] test analysis::ast_cache::tests::cache_operations::test_iter_returns_iterator ... ok
[INFO] [stdout] test analysis::ast_cache::tests::cache_operations::test_is_empty_checks_emptiness ... ok
[INFO] [stdout] test analysis::ast_cache::tests::cache_operations::test_clear_empties_cache ... ok
[INFO] [stdout] test analysis::ast_cache::tests::cache_operations::test_len_returns_count ... ok
[INFO] [stdout] test analysis::ast_cache::tests::initialization::test_default_creates_empty_cache ... ok
[INFO] [stdout] test analysis::ast_cache::tests::edge_cases::test_empty_directory ... FAILED
[INFO] [stdout] test analysis::ast_cache::tests::cache_operations::test_get_returns_none_for_missing ... ok
[INFO] [stdout] test analysis::ast_cache::tests::cache_operations::test_keys_returns_iterator ... ok
[INFO] [stdout] test analysis::ast_cache::tests::initialization::test_new_creates_empty_cache ... ok
[INFO] [stdout] test analysis::ast_cache::tests::cache_operations::test_contains_checks_presence ... ok
[INFO] [stdout] test analysis::ast_cache::tests::edge_cases::test_cache_same_file_twice ... FAILED
[INFO] [stdout] test analysis::ast_cache::tests::multi_file_operations::test_parse_and_cache_all_files ... FAILED
[INFO] [stdout] test analysis::ast_cache::tests::edge_cases::test_directory_with_only_non_rust_files ... FAILED
[INFO] [stdout] test analysis::ast_cache::tests::edge_cases::test_parse_empty_rust_file ... FAILED
[INFO] [stdout] test analysis::ast_cache::tests::multi_file_operations::test_parse_continues_on_syntax_error ... FAILED
[INFO] [stdout] test analysis::ast_cache::tests::single_file_operations::test_parse_invalid_syntax_errors ... FAILED
[INFO] [stdout] test analysis::channel_parser::tests::channel_detection::test_channel_with_complex_type ... ok
[INFO] [stdout] test analysis::channel_parser::tests::channel_detection::test_channel_without_generic ... ok
[INFO] [stdout] test analysis::ast_cache::tests::single_file_operations::test_parse_nonexistent_file_errors ... ok
[INFO] [stdout] test analysis::channel_parser::tests::channel_detection::test_non_channel_type ... ok
[INFO] [stdout] test analysis::channel_parser::tests::channel_detection::test_detect_qualified_channel ... ok
[INFO] [stdout] test analysis::channel_parser::tests::channel_detection::test_detect_tauri_channel ... ok
[INFO] [stdout] test analysis::channel_parser::tests::channel_detection::test_non_tauri_qualified_channel ... ok
[INFO] [stdout] test analysis::channel_parser::tests::channel_detection::test_detect_channel_with_primitive ... ok
[INFO] [stdout] test analysis::ast_cache::tests::multi_file_operations::test_parse_with_verbose_output ... FAILED
[INFO] [stdout] test analysis::ast_cache::tests::parsed_file::test_clone_works ... ok
[INFO] [stdout] test analysis::channel_parser::tests::edge_cases::test_function_with_no_parameters ... ok
[INFO] [stdout] test analysis::channel_parser::tests::extract_channels_from_command::test_channel_with_complex_message_type ... ok
[INFO] [stdout] test analysis::ast_cache::tests::multi_file_operations::test_parse_skips_git_directory ... FAILED
[INFO] [stdout] test analysis::channel_parser::tests::channel_detection::test_other_generic_type ... ok
[INFO] [stdout] test analysis::channel_parser::tests::channel_detection::test_detect_simple_channel ... ok
[INFO] [stdout] test analysis::ast_cache::tests::multi_file_operations::test_parse_skips_target_directory ... FAILED
[INFO] [stdout] test analysis::channel_parser::tests::extract_channels_from_command::test_extract_mixed_parameters ... ok
[INFO] [stdout] test analysis::channel_parser::tests::extract_channels_from_command::test_extract_multiple_channels ... ok
[INFO] [stdout] test analysis::channel_parser::tests::extract_channels_from_command::test_extract_no_channels ... ok
[INFO] [stdout] test analysis::channel_parser::tests::edge_cases::test_self_parameter_ignored ... ok
[INFO] [stdout] test analysis::ast_cache::tests::parsed_file::test_new_creates_parsed_file ... ok
[INFO] [stdout] test analysis::ast_cache::tests::single_file_operations::test_parse_and_cache_single_file ... FAILED
[INFO] [stdout] test analysis::channel_parser::tests::type_to_string_conversion::test_empty_tuple ... ok
[INFO] [stdout] test analysis::channel_parser::tests::type_to_string_conversion::test_simple_type ... ok
[INFO] [stdout] test analysis::channel_parser::tests::type_to_string_conversion::test_generic_type ... ok
[INFO] [stdout] test analysis::channel_parser::tests::type_to_string_conversion::test_reference_type ... ok
[INFO] [stdout] test analysis::channel_parser::tests::type_to_string_conversion::test_slice_type ... ok
[INFO] [stdout] test analysis::command_parser::tests::extract_command_info::test_extract_command_with_no_return ... ok
[INFO] [stdout] test analysis::channel_parser::tests::extract_channels_from_command::test_extract_single_channel ... ok
[INFO] [stdout] test analysis::channel_parser::tests::type_to_string_conversion::test_tuple_type ... ok
[INFO] [stdout] test analysis::command_parser::tests::extract_parameters::test_empty_parameters ... ok
[INFO] [stdout] test analysis::command_parser::tests::extract_command_info::test_extract_async_command ... ok
[INFO] [stdout] test analysis::command_parser::tests::extract_return_type::test_extract_default_return ... ok
[INFO] [stdout] test analysis::command_parser::tests::extract_parameters::test_extract_multiple_parameters ... ok
[INFO] [stdout] test analysis::command_parser::tests::extract_parameters::test_extract_optional_parameter ... ok
[INFO] [stdout] test analysis::command_parser::tests::extract_parameters::test_filters_channel ... ok
[INFO] [stdout] test analysis::command_parser::tests::extract_parameters::test_filters_app_handle ... ok
[INFO] [stdout] test analysis::channel_parser::tests::type_to_string_conversion::test_tuple_with_multiple_elements ... ok
[INFO] [stdout] test analysis::channel_parser::tests::type_to_string_conversion::test_option_type ... ok
[INFO] [stdout] test analysis::channel_parser::tests::type_to_string_conversion::test_multiple_generics ... ok
[INFO] [stdout] test analysis::command_parser::tests::is_optional_type::test_recognizes_nested_option ... ok
[INFO] [stdout] test analysis::command_parser::tests::extract_parameters::test_filters_state ... ok
[INFO] [stdout] test analysis::channel_parser::tests::type_to_string_conversion::test_nested_generic ... ok
[INFO] [stdout] test analysis::command_parser::tests::is_optional_type::test_recognizes_option ... ok
[INFO] [stdout] test analysis::channel_parser::tests::type_to_string_conversion::test_reference_with_generic ... ok
[INFO] [stdout] test analysis::command_parser::tests::is_optional_type::test_rejects_non_option ... ok
[INFO] [stdout] test analysis::command_parser::tests::extract_return_type::test_extract_result_return ... ok
[INFO] [stdout] test analysis::command_parser::tests::is_optional_type::test_rejects_vec ... ok
[INFO] [stdout] test analysis::channel_parser::tests::extract_channels_from_command::test_extract_channel_with_qualified_path ... ok
[INFO] [stdout] test analysis::command_parser::tests::is_tauri_command::test_recognizes_tauri_command_attribute ... ok
[INFO] [stdout] test analysis::command_parser::tests::extract_parameters::test_extract_simple_parameter ... ok
[INFO] [stdout] test analysis::command_parser::tests::is_tauri_command::test_rejects_non_command_function ... ok
[INFO] [stdout] test analysis::command_parser::tests::is_tauri_parameter_type::test_recognizes_imported_webview_window ... ok
[INFO] [stdout] test analysis::command_parser::tests::is_tauri_parameter_type::test_recognizes_ipc_request ... ok
[INFO] [stdout] test analysis::command_parser::tests::is_tauri_parameter_type::test_recognizes_imported_app_handle ... ok
[INFO] [stdout] test analysis::command_parser::tests::is_tauri_parameter_type::test_recognizes_ipc_channel ... ok
[INFO] [stdout] test analysis::command_parser::tests::is_tauri_parameter_type::test_rejects_state_without_generics ... ok
[INFO] [stdout] test analysis::command_parser::tests::is_tauri_parameter_type::test_recognizes_window_with_generics ... ok
[INFO] [stdout] test analysis::command_parser::tests::is_tauri_parameter_type::test_recognizes_webview_window ... ok
[INFO] [stdout] test analysis::command_parser::tests::is_tauri_parameter_type::test_rejects_user_string_type ... ok
[INFO] [stdout] test analysis::command_parser::tests::extract_return_type::test_extract_simple_return ... ok
[INFO] [stdout] test analysis::command_parser::tests::extract_return_type::test_extract_generic_return ... ok
[INFO] [stdout] test analysis::command_parser::tests::is_tauri_command::test_recognizes_command_attribute ... ok
[INFO] [stdout] test analysis::command_parser::tests::is_tauri_parameter_type::test_recognizes_channel_with_generics ... ok
[INFO] [stdout] test analysis::channel_parser::tests::type_to_string_conversion::test_qualified_path ... ok
[INFO] [stdout] test analysis::command_parser::tests::is_tauri_parameter_type::test_rejects_window_without_generics ... ok
[INFO] [stdout] test analysis::command_parser::tests::test_default_impl ... ok
[INFO] [stdout] test analysis::command_parser::tests::test_new_command_parser ... ok
[INFO] [stdout] test analysis::command_parser::tests::is_tauri_parameter_type::test_rejects_user_custom_type ... ok
[INFO] [stdout] test analysis::command_parser::tests::type_to_string::test_simple_type ... ok
[INFO] [stdout] test analysis::command_parser::tests::type_to_string::test_generic_type ... ok
[INFO] [stdout] test analysis::command_parser::tests::type_to_string::test_multiple_generics ... ok
[INFO] [stdout] test analysis::command_parser::tests::is_tauri_command::test_rejects_other_attributes ... ok
[INFO] [stdout] test analysis::dependency_graph::tests::test_add_multiple_dependencies_to_same_type ... ok
[INFO] [stdout] test analysis::command_parser::tests::is_tauri_parameter_type::test_recognizes_app_handle ... ok
[INFO] [stdout] test analysis::command_parser::tests::is_tauri_parameter_type::test_recognizes_state_with_generics ... ok
[INFO] [stdout] test analysis::command_parser::tests::type_to_string::test_nested_generic ... ok
[INFO] [stdout] test analysis::command_parser::tests::type_to_string::test_qualified_path ... ok
[INFO] [stdout] test analysis::command_parser::tests::type_to_string::test_tuple_with_elements ... ok
[INFO] [stdout] test analysis::command_parser::tests::type_to_string::test_reference_type ... ok
[INFO] [stdout] test analysis::dependency_graph::tests::test_add_dependencies_set ... ok
[INFO] [stdout] test analysis::dependency_graph::tests::test_add_dependency ... ok
[INFO] [stdout] test analysis::dependency_graph::tests::test_get_dependencies_none ... ok
[INFO] [stdout] test analysis::dependency_graph::tests::test_has_type_definition ... ok
[INFO] [stdout] test analysis::dependency_graph::tests::test_add_resolved_type ... ok
[INFO] [stdout] test analysis::dependency_graph::tests::test_new_graph ... ok
[INFO] [stdout] test analysis::dependency_graph::tests::test_get_resolved_types ... ok
[INFO] [stdout] test analysis::dependency_graph::tests::test_add_type_definition ... ok
[INFO] [stdout] test analysis::dependency_graph::tests::test_visualize_dependencies_is_deterministic ... ok
[INFO] [stdout] test analysis::dependency_graph::tests::test_default_impl ... ok
[INFO] [stdout] test analysis::dependency_graph::tests::test_full_graph_workflow ... ok
[INFO] [stdout] test analysis::dependency_graph::tests::topological_sort::test_sort_chain_dependency ... ok
[INFO] [stdout] test analysis::dependency_graph::tests::topological_sort::test_sort_circular_dependency ... ok
[INFO] [stdout] test analysis::dependency_graph::tests::test_generate_dot_graph_is_deterministic ... ok
[INFO] [stdout] test analysis::dependency_graph::tests::test_add_multiple_type_definitions ... ok
[INFO] [stdout] test analysis::command_parser::tests::extract_command_info::test_extract_simple_command ... ok
[INFO] [stdout] test analysis::event_parser::tests::event_extraction::test_extract_emit_to_with_variable_payload ... ok
[INFO] [stdout] test analysis::dependency_graph::tests::topological_sort::test_sort_type_with_missing_dependency ... ok
[INFO] [stdout] test analysis::event_parser::tests::event_extraction::test_extract_event_with_cloned_variable ... ok
[INFO] [stdout] test analysis::event_parser::tests::event_extraction::test_extract_event_with_struct_payload ... ok
[INFO] [stdout] test analysis::event_parser::tests::event_extraction::test_extract_event_with_variable_payload_from_param ... ok
[INFO] [stdout] test analysis::dependency_graph::tests::topological_sort::test_sort_empty_set ... ok
[INFO] [stdout] test analysis::dependency_graph::tests::topological_sort::test_sort_linear_dependency ... ok
[INFO] [stdout] test analysis::dependency_graph::tests::topological_sort::test_sort_self_dependency ... ok
[INFO] [stdout] test analysis::command_parser::tests::type_to_string::test_empty_tuple ... ok
[INFO] [stdout] test analysis::dependency_graph::tests::topological_sort::test_sort_independent_types ... ok
[INFO] [stdout] test analysis::dependency_graph::tests::topological_sort::test_sort_single_type ... ok
[INFO] [stdout] test analysis::event_parser::tests::extract_param_types::test_extract_mutable_reference_param ... ok
[INFO] [stdout] test analysis::event_parser::tests::extract_param_types::test_extract_multiple_params ... ok
[INFO] [stdout] test analysis::dependency_graph::tests::topological_sort::test_sort_diamond_dependency ... ok
[INFO] [stdout] test analysis::event_parser::tests::infer_payload_type::test_infer_from_clone_with_symbol_table ... ok
[INFO] [stdout] test analysis::event_parser::tests::extract_param_types::test_extract_reference_param ... ok
[INFO] [stdout] test analysis::event_parser::tests::infer_payload_type::test_infer_from_empty_tuple ... ok
[INFO] [stdout] test analysis::event_parser::tests::extract_param_types::test_extract_simple_param ... ok
[INFO] [stdout] test analysis::event_parser::tests::infer_payload_type::test_infer_from_variable_without_symbol ... ok
[INFO] [stdout] test analysis::event_parser::tests::extract_string_literal::test_extract_from_non_string ... ok
[INFO] [stdout] test analysis::event_parser::tests::extract_string_literal::test_extract_from_string_literal ... ok
[INFO] [stdout] test analysis::event_parser::tests::extract_string_literal::test_extract_from_variable ... ok
[INFO] [stdout] test analysis::event_parser::tests::infer_payload_type::test_infer_from_bool_literal ... ok
[INFO] [stdout] test analysis::event_parser::tests::is_likely_tauri_emitter::test_random_variable_not_emitter ... ok
[INFO] [stdout] test analysis::event_parser::tests::infer_payload_type::test_infer_from_reference_with_symbol_table ... ok
[INFO] [stdout] test analysis::event_parser::tests::is_likely_tauri_emitter::test_webview_identifier ... ok
[INFO] [stdout] test analysis::event_parser::tests::infer_payload_type::test_infer_from_string_literal ... ok
[INFO] [stdout] test analysis::event_parser::tests::infer_payload_type::test_infer_from_struct_construction ... ok
[INFO] [stdout] test analysis::event_parser::tests::infer_payload_type::test_infer_from_variable_with_symbol_table ... ok
[INFO] [stdout] test analysis::event_parser::tests::infer_payload_type::test_infer_from_integer_literal ... ok
[INFO] [stdout] test analysis::event_parser::tests::is_likely_tauri_emitter::test_qualified_tauri_window ... ok
[INFO] [stdout] test analysis::serde_parser::tests::test_parse_field_serde_attrs_with_rename ... ok
[INFO] [stdout] test analysis::event_parser::tests::is_likely_tauri_emitter::test_app_identifier ... ok
[INFO] [stdout] test analysis::event_parser::tests::is_likely_tauri_emitter::test_method_call_is_permissive ... ok
[INFO] [stdout] test analysis::serde_parser::tests::test_parse_field_serde_attrs_with_skip ... ok
[INFO] [stdout] test analysis::event_parser::tests::is_likely_tauri_emitter::test_qualified_tauri_app_handle ... ok
[INFO] [stdout] test analysis::event_parser::tests::is_likely_tauri_emitter::test_self_app_field ... ok
[INFO] [stdout] test analysis::serde_parser::tests::test_parse_multiple_serde_attributes ... ok
[INFO] [stdout] test analysis::serde_parser::tests::test_parse_struct_serde_attrs_with_custom_tag ... ok
[INFO] [stdout] test analysis::serde_parser::tests::test_default_impl ... ok
[INFO] [stdout] test analysis::serde_parser::tests::test_parse_field_serde_attrs_empty ... ok
[INFO] [stdout] test analysis::serde_parser::tests::test_parse_struct_serde_attrs_with_rename_all_kebab_case ... ok
[INFO] [stdout] test analysis::serde_parser::tests::test_parse_field_serde_attrs_skip_serializing_not_skip ... ok
[INFO] [stdout] test analysis::serde_parser::tests::test_parse_struct_serde_attrs_with_tag ... ok
[INFO] [stdout] test analysis::serde_parser::tests::test_parse_field_serde_attrs_ignores_other_attributes ... ok
[INFO] [stdout] test analysis::serde_parser::tests::test_parse_field_serde_attrs_multiple_attributes ... ok
[INFO] [stdout] test analysis::serde_parser::tests::test_parse_struct_serde_attrs_ignores_other_attributes ... ok
[INFO] [stdout] test analysis::serde_parser::tests::test_parse_struct_serde_attrs_with_rename_all_screaming_snake_case ... ok
[INFO] [stdout] test analysis::serde_parser::tests::test_parse_struct_serde_attrs_no_serde ... ok
[INFO] [stdout] test analysis::serde_parser::tests::test_parse_struct_serde_attrs_with_all_attributes ... ok
[INFO] [stdout] test analysis::struct_parser::tests::derive_attribute_detection::test_should_include_struct_with_both ... ok
[INFO] [stdout] test analysis::serde_parser::tests::test_parse_struct_serde_attrs_with_content ... ok
[INFO] [stdout] test analysis::struct_parser::tests::derive_attribute_detection::test_should_include_struct_with_deserialize ... ok
[INFO] [stdout] test analysis::struct_parser::tests::derive_attribute_detection::test_should_include_struct_with_serialize ... ok
[INFO] [stdout] test analysis::struct_parser::tests::enum_parsing::test_parse_enum_is_simple_vs_complex ... ok
[INFO] [stdout] test analysis::struct_parser::tests::enum_parsing::test_parse_enum_struct_variant ... ok
[INFO] [stdout] test analysis::struct_parser::tests::enum_parsing::test_parse_enum_tuple_variant ... ok
[INFO] [stdout] test analysis::serde_parser::tests::test_parse_struct_serde_attrs_with_rename_all_snake_case ... ok
[INFO] [stdout] test analysis::struct_parser::tests::derive_attribute_detection::test_should_not_include_enum_without_serde ... ok
[INFO] [stdout] test analysis::struct_parser::tests::derive_attribute_detection::test_should_not_include_struct_without_serde ... ok
[INFO] [stdout] test analysis::struct_parser::tests::enum_parsing::test_parse_enum_tuple_variant_multiple_fields ... ok
[INFO] [stdout] test analysis::struct_parser::tests::enum_parsing::test_parse_enum_unit_variants ... ok
[INFO] [stdout] test analysis::struct_parser::tests::enum_parsing::test_parse_enum_mixed_variants ... ok
[INFO] [stdout] test analysis::struct_parser::tests::enum_parsing::test_parse_enum_with_custom_tag ... ok
[INFO] [stdout] test analysis::struct_parser::tests::enum_parsing::test_parse_enum_with_serde_tag ... ok
[INFO] [stdout] test analysis::struct_parser::tests::enum_parsing::test_parse_enum_with_nested_types ... ok
[INFO] [stdout] test analysis::struct_parser::tests::field_parsing::test_parse_field_private ... ok
[INFO] [stdout] test analysis::struct_parser::tests::enum_parsing::test_parse_enum_with_rename_all ... ok
[INFO] [stdout] test analysis::struct_parser::tests::field_parsing::test_parse_field_public ... ok
[INFO] [stdout] test analysis::struct_parser::tests::enum_parsing::test_parse_enum_with_serde_rename_variant ... ok
[INFO] [stdout] test analysis::serde_parser::tests::test_parse_struct_serde_attrs_with_tag_and_content ... ok
[INFO] [stdout] test analysis::serde_parser::tests::test_parse_struct_serde_attrs_with_rename_all_camel_case ... ok
[INFO] [stdout] test analysis::struct_parser::tests::field_parsing::test_parse_field_with_validator ... ok
[INFO] [stdout] test analysis::struct_parser::tests::derive_attribute_detection::test_should_include_enum_with_serialize ... ok
[INFO] [stdout] test analysis::struct_parser::tests::enum_parsing::test_parse_simple_enum ... ok
[INFO] [stdout] test analysis::struct_parser::tests::integration::test_parse_full_struct_with_all_features ... ok
[INFO] [stdout] test analysis::struct_parser::tests::field_parsing::test_parse_field_with_serde_skip ... ok
[INFO] [stdout] test analysis::struct_parser::tests::integration::test_parse_full_enum_with_all_features ... ok
[INFO] [stdout] test analysis::struct_parser::tests::struct_parsing::test_parse_simple_struct ... ok
[INFO] [stdout] test analysis::struct_parser::tests::struct_parsing::test_parse_struct_with_serde_skip ... ok
[INFO] [stdout] test analysis::struct_parser::tests::struct_parsing::test_parse_struct_with_optional_fields ... ok
[INFO] [stdout] test analysis::struct_parser::tests::struct_parsing::test_parse_struct_with_private_fields ... ok
[INFO] [stdout] test analysis::struct_parser::tests::struct_parsing::test_parse_struct_with_rename_all ... ok
[INFO] [stdout] test analysis::struct_parser::tests::type_detection::test_is_optional_type_with_vec ... ok
[INFO] [stdout] test analysis::struct_parser::tests::struct_parsing::test_parse_struct_with_serde_rename ... ok
[INFO] [stdout] test analysis::struct_parser::tests::type_to_string_conversion::test_array_type ... ok
[INFO] [stdout] test analysis::struct_parser::tests::struct_parsing::test_parse_tuple_struct_returns_none ... ok
[INFO] [stdout] test analysis::struct_parser::tests::struct_parsing::test_parse_unit_struct ... ok
[INFO] [stdout] test analysis::struct_parser::tests::type_to_string_conversion::test_reference_type ... ok
[INFO] [stdout] test analysis::struct_parser::tests::type_to_string_conversion::test_simple_type ... ok
[INFO] [stdout] test analysis::struct_parser::tests::type_to_string_conversion::test_slice_type ... ok
[INFO] [stdout] test analysis::struct_parser::tests::type_to_string_conversion::test_tuple_three_elements ... ok
[INFO] [stdout] test analysis::struct_parser::tests::type_to_string_conversion::test_tuple_type ... ok
[INFO] [stdout] test analysis::tests::ast_helpers::test_find_function_in_ast ... ok
[INFO] [stdout] test analysis::tests::ast_helpers::test_find_function_in_ast_empty ... ok
[INFO] [stdout] test analysis::struct_parser::tests::type_to_string_conversion::test_nested_generic_type ... ok
[INFO] [stdout] test analysis::struct_parser::tests::type_to_string_conversion::test_path_with_segments ... ok
[INFO] [stdout] test analysis::struct_parser::tests::type_detection::test_is_optional_type_with_nested_option ... ok
[INFO] [stdout] test analysis::struct_parser::tests::type_detection::test_is_optional_type_with_option ... ok
[INFO] [stdout] test analysis::struct_parser::tests::type_detection::test_is_optional_type_with_plain_type ... ok
[INFO] [stdout] test analysis::struct_parser::tests::type_to_string_conversion::test_complex_nested_type ... ok
[INFO] [stdout] test analysis::serde_parser::tests::test_parse_field_serde_attrs_no_serde ... ok
[INFO] [stdout] test analysis::tests::external_type_cache_seeding::seeded_negative_entry_skips_walk ... ok
[INFO] [stdout] test analysis::tests::ast_helpers::test_find_function_in_ast_not_found ... ok
[INFO] [stdout] test analysis::serde_parser::tests::test_parse_field_serde_attrs_rename_and_skip ... ok
[INFO] [stdout] test analysis::serde_parser::tests::test_parse_field_serde_attrs_skip_deserializing_not_skip ... ok
[INFO] [stdout] test analysis::event_parser::tests::is_likely_tauri_emitter::test_window_identifier ... ok
[INFO] [stdout] test analysis::tests::external_type_cache_seeding::unseeded_type_falls_back_to_walk ... ok
[INFO] [stdout] test analysis::tests::external_type_lookup::test_find_external_type_path_enum_with_attributes ... ok
[INFO] [stdout] test analysis::tests::external_type_lookup::test_find_external_type_path_nested_module ... ok
[INFO] [stdout] test analysis::tests::external_type_lookup::test_find_external_type_path_with_generics ... ok
[INFO] [stdout] test analysis::tests::external_type_cache_seeding::seeded_positive_entry_skips_walk ... ok
[INFO] [stdout] test analysis::tests::extract_type_from_ast::test_extract_enum_from_ast ... ok
[INFO] [stdout] test analysis::tests::extract_type_from_ast::test_extract_struct_from_ast ... ok
[INFO] [stdout] test analysis::tests::external_type_lookup::test_find_external_type_path_skips_unparseable_file ... ok
[INFO] [stdout] test analysis::tests::extract_type_from_ast::test_extract_type_without_serde ... ok
[INFO] [stdout] test analysis::tests::getters::test_get_all_discovered_channels_empty ... ok
[INFO] [stdout] test analysis::serde_parser::tests::test_parse_struct_serde_attrs_with_rename_all_pascal_case ... ok
[INFO] [stdout] test analysis::struct_parser::tests::type_to_string_conversion::test_generic_type ... ok
[INFO] [stdout] test analysis::struct_parser::tests::type_to_string_conversion::test_multiple_generic_args ... ok
[INFO] [stdout] test analysis::tests::extract_type_from_ast::test_extract_type_not_found ... ok
[INFO] [stdout] test analysis::tests::getters::test_get_discovered_events_empty ... ok
[INFO] [stdout] test analysis::tests::index_type_definitions::test_index_enum ... ok
[INFO] [stdout] test analysis::tests::index_type_definitions::test_index_struct ... ok
[INFO] [stdout] test analysis::tests::initialization::test_default_creates_analyzer ... ok
[INFO] [stdout] test analysis::tests::getters::test_get_discovered_structs_empty ... ok
[INFO] [stdout] test analysis::tests::index_type_definitions::test_skips_non_serde_types ... ok
[INFO] [stdout] test analysis::tests::getters::test_get_all_discovered_channels_with_commands ... ok
[INFO] [stdout] test analysis::tests::getters::test_get_dependency_graph ... ok
[INFO] [stdout] test analysis::tests::initialization::test_new_creates_analyzer ... ok
[INFO] [stdout] test analysis::tests::topological_sort::test_topological_sort_empty ... ok
[INFO] [stdout] test analysis::tests::getters::test_get_type_resolver ... ok
[INFO] [stdout] test analysis::tests::topological_sort::test_topological_sort_single_type ... ok
[INFO] [stdout] test analysis::tests::type_name_extraction::test_extract_btreeset_type ... ok
[INFO] [stdout] test analysis::tests::type_name_extraction::test_extract_deeply_nested_types ... ok
[INFO] [stdout] test analysis::tests::type_name_extraction::test_extract_hashmap_type ... ok
[INFO] [stdout] test analysis::tests::type_name_extraction::test_extract_btreemap_type ... ok
[INFO] [stdout] test analysis::tests::type_name_extraction::test_duplicate_types_deduped ... ok
[INFO] [stdout] test analysis::tests::type_name_extraction::test_extract_nested_types ... ok
[INFO] [stdout] test analysis::tests::type_name_extraction::test_extract_hashset_type ... ok
[INFO] [stdout] test analysis::tests::type_name_extraction::test_extract_reference_type ... ok
[INFO] [stdout] test analysis::tests::type_name_extraction::test_extract_result_type ... ok
[INFO] [stdout] test analysis::tests::type_name_extraction::test_extract_tuple_type ... ok
[INFO] [stdout] test analysis::tests::type_name_extraction::test_multiple_calls_accumulate ... ok
[INFO] [stdout] test analysis::tests::type_name_extraction::test_extract_option_type ... ok
[INFO] [stdout] test analysis::tests::type_name_extraction::test_skips_primitive_types ... ok
[INFO] [stdout] test analysis::tests::type_name_extraction::test_extract_simple_type ... ok
[INFO] [stdout] test analysis::tests::type_name_extraction::test_extract_vec_type ... ok
[INFO] [stdout] test analysis::tests::type_name_extraction::test_skips_built_in_types ... ok
[INFO] [stdout] test analysis::tests::type_name_extraction::test_skips_empty_type ... ok
[INFO] [stdout] test analysis::tests::type_name_extraction::test_skips_unit_type ... ok
[INFO] [stdout] test analysis::tests::visualization::test_generate_dot_graph ... ok
[INFO] [stdout] test analysis::tests::unresolved_type_reporting::fresh_analyzer_reports_no_unresolved_types ... ok
[INFO] [stdout] test analysis::tests::visualization::test_visualize_dependencies ... ok
[INFO] [stdout] test analysis::type_resolver::tests::primitive_mapping::test_map_boolean ... ok
[INFO] [stdout] test analysis::tests::unresolved_type_reporting::cargo_home_fallback_uses_userprofile_when_home_absent ... ok
[INFO] [stdout] test analysis::type_resolver::tests::primitive_mapping::test_map_float_types ... ok
[INFO] [stdout] test analysis::type_resolver::tests::primitive_mapping::test_map_integer_types ... ok
[INFO] [stdout] test analysis::type_resolver::tests::primitive_mapping::test_map_non_primitive ... ok
[INFO] [stdout] test analysis::type_resolver::tests::primitive_mapping::test_map_string_types ... ok
[INFO] [stdout] test analysis::tests::external_type_lookup::test_find_external_type_path_multiline ... ok
[INFO] [stdout] test analysis::ast_cache::tests::test_temp_dir_helper_is_unique_under_concurrency ... ok
[INFO] [stdout] test analysis::type_resolver::tests::primitive_mapping::test_map_unit_type ... ok
[INFO] [stdout] test analysis::type_resolver::tests::test_new_type_resolver_contains_primitives ... ok
[INFO] [stdout] test analysis::type_resolver::tests::test_default_impl ... ok
[INFO] [stdout] test analysis::type_resolver::tests::type_extraction::test_extract_btreemap_types ... ok
[INFO] [stdout] test analysis::type_resolver::tests::test_new_type_resolver_contains_collections ... ok
[INFO] [stdout] test analysis::type_resolver::tests::type_extraction::test_extract_btreeset_inner_type ... ok
[INFO] [stdout] test analysis::type_resolver::tests::type_extraction::test_extract_hashset_inner_type ... ok
[INFO] [stdout] test analysis::type_resolver::tests::type_extraction::test_extract_hashmap_types ... ok
[INFO] [stdout] test analysis::type_resolver::tests::type_extraction::test_extract_vec_inner_type ... ok
[INFO] [stdout] test analysis::type_resolver::tests::type_extraction::test_extract_option_inner_type ... ok
[INFO] [stdout] test analysis::type_resolver::tests::type_extraction::test_extract_result_ok_type ... ok
[INFO] [stdout] test analysis::type_resolver::tests::type_extraction::test_extract_tuple_types ... ok
[INFO] [stdout] test analysis::type_resolver::tests::type_extraction::test_extract_reference_type ... ok
[INFO] [stdout] test analysis::type_resolver::tests::type_extraction::test_parse_two_type_params_nested ... ok
[INFO] [stdout] test analysis::type_resolver::tests::type_structure_parsing::test_parse_btreemap ... ok
[INFO] [stdout] test analysis::type_resolver::tests::type_structure_parsing::test_parse_btreeset ... ok
[INFO] [stdout] test analysis::type_resolver::tests::type_structure_parsing::test_parse_complex_nested ... ok
[INFO] [stdout] test analysis::type_resolver::tests::type_extraction::test_parse_two_type_params_no_comma ... ok
[INFO] [stdout] test analysis::type_resolver::tests::type_structure_parsing::test_parse_custom_type ... ok
[INFO] [stdout] test analysis::type_resolver::tests::type_extraction::test_parse_two_type_params_simple ... ok
[INFO] [stdout] test analysis::type_resolver::tests::type_structure_parsing::test_parse_empty_tuple ... ok
[INFO] [stdout] test analysis::type_resolver::tests::type_structure_parsing::test_parse_hashmap ... ok
[INFO] [stdout] test analysis::type_resolver::tests::type_structure_parsing::test_parse_nested_option_vec ... ok
[INFO] [stdout] test analysis::type_resolver::tests::type_structure_parsing::test_parse_option ... ok
[INFO] [stdout] test analysis::type_resolver::tests::type_structure_parsing::test_parse_primitive_boolean ... ok
[INFO] [stdout] test analysis::type_resolver::tests::type_structure_parsing::test_parse_primitive_number ... ok
[INFO] [stdout] test analysis::type_resolver::tests::type_structure_parsing::test_parse_primitive_string ... ok
[INFO] [stdout] test analysis::type_resolver::tests::type_structure_parsing::test_parse_primitive_void ... ok
[INFO] [stdout] test analysis::type_resolver::tests::type_structure_parsing::test_parse_result_with_simple_nested ... ok
[INFO] [stdout] test analysis::type_resolver::tests::type_structure_parsing::test_parse_result_with_unit_ok ... ok
[INFO] [stdout] test analysis::type_resolver::tests::type_structure_parsing::test_parse_result ... ok
[INFO] [stdout] test analysis::type_resolver::tests::type_structure_parsing::test_parse_hashmap_with_vec_value ... ok
[INFO] [stdout] test analysis::type_resolver::tests::type_structure_parsing::test_parse_hashset ... ok
[INFO] [stdout] test analysis::type_resolver::tests::type_structure_parsing::test_parse_tuple ... ok
[INFO] [stdout] test analysis::type_resolver::tests::type_structure_parsing::test_parse_reference ... ok
[INFO] [stdout] test analysis::type_resolver::tests::type_structure_parsing::test_parse_vec_option ... ok
[INFO] [stdout] test analysis::type_resolver::tests::type_structure_parsing::test_parse_with_whitespace ... ok
[INFO] [stdout] test analysis::type_resolver::tests::type_structure_parsing::test_parse_vec ... ok
[INFO] [stdout] test analysis::validator_parser::tests::basic_validators::test_email_and_url_validator ... ok
[INFO] [stdout] test analysis::validator_parser::tests::basic_validators::test_email_validator ... ok
[INFO] [stdout] test analysis::validator_parser::tests::basic_validators::test_no_validator_attribute ... ok
[INFO] [stdout] test analysis::validator_parser::tests::combined_validators::test_all_validators_combined ... ok
[INFO] [stdout] test analysis::validator_parser::tests::basic_validators::test_url_validator ... ok
[INFO] [stdout] test analysis::validator_parser::tests::basic_validators::test_non_validator_attribute ... ok
[INFO] [stdout] test analysis::validator_parser::tests::combined_validators::test_email_with_length ... ok
[INFO] [stdout] test analysis::validator_parser::tests::combined_validators::test_length_and_range ... ok
[INFO] [stdout] test analysis::validator_parser::tests::edge_cases::test_empty_validate_attribute ... ok
[INFO] [stdout] test analysis::validator_parser::tests::edge_cases::test_length_with_only_parameter_names ... ok
[INFO] [stdout] test analysis::validator_parser::tests::edge_cases::test_malformed_length_no_parentheses ... ok
[INFO] [stdout] test analysis::validator_parser::tests::edge_cases::test_multiple_validator_attributes ... ok
[INFO] [stdout] test analysis::validator_parser::tests::edge_cases::test_range_without_values ... ok
[INFO] [stdout] test analysis::validator_parser::tests::length_constraints::test_length_with_all_params ... ok
[INFO] [stdout] test analysis::validator_parser::tests::length_constraints::test_length_with_max ... ok
[INFO] [stdout] test analysis::validator_parser::tests::length_constraints::test_length_with_message ... ok
[INFO] [stdout] test analysis::validator_parser::tests::length_constraints::test_length_with_min ... ok
[INFO] [stdout] test analysis::validator_parser::tests::length_constraints::test_length_with_min_and_max ... ok
[INFO] [stdout] test analysis::validator_parser::tests::message_parsing::test_message_with_double_quotes ... ok
[INFO] [stdout] test analysis::validator_parser::tests::message_parsing::test_message_with_escaped_quotes ... ok
[INFO] [stdout] test analysis::validator_parser::tests::message_parsing::test_message_with_newline ... ok
[INFO] [stdout] test analysis::validator_parser::tests::message_parsing::test_message_with_single_quotes ... ok
[INFO] [stdout] test analysis::validator_parser::tests::message_parsing::test_message_with_special_characters ... ok
[INFO] [stdout] test analysis::validator_parser::tests::message_parsing::test_no_message ... ok
[INFO] [stdout] test analysis::validator_parser::tests::parse_helpers::test_parse_length_from_tokens ... ok
[INFO] [stdout] test analysis::validator_parser::tests::parse_helpers::test_parse_message_from_content_double_quotes ... ok
[INFO] [stdout] test analysis::validator_parser::tests::parse_helpers::test_parse_message_from_content_single_quotes ... ok
[INFO] [stdout] test analysis::validator_parser::tests::parse_helpers::test_no_length_in_tokens ... ok
[INFO] [stdout] test analysis::validator_parser::tests::parse_helpers::test_parse_range_from_tokens ... ok
[INFO] [stdout] test analysis::validator_parser::tests::parse_helpers::test_no_range_in_tokens ... ok
[INFO] [stdout] test analysis::validator_parser::tests::range_constraints::test_range_with_decimal_values ... ok
[INFO] [stdout] test analysis::validator_parser::tests::range_constraints::test_range_with_max ... ok
[INFO] [stdout] test analysis::validator_parser::tests::range_constraints::test_range_with_message ... ok
[INFO] [stdout] test analysis::validator_parser::tests::range_constraints::test_range_with_min ... ok
[INFO] [stdout] test analysis::validator_parser::tests::range_constraints::test_range_with_min_and_max ... ok
[INFO] [stdout] test build::dependency_resolver::tests::test_circular_dependency_detection ... ok
[INFO] [stdout] test build::dependency_resolver::tests::test_complex_dependency_chain ... ok
[INFO] [stdout] test build::dependency_resolver::tests::test_dependency_depth_calculation ... ok
[INFO] [stdout] test build::dependency_resolver::tests::test_group_by_type ... ok
[INFO] [stdout] test build::dependency_resolver::tests::test_simple_dependency_resolution ... ok
[INFO] [stdout] test build::generation_cache::tests::command_hash_changes_with_serde_metadata ... ok
[INFO] [stdout] test build::generation_cache::tests::command_hash_ignores_source_location ... ok
[INFO] [stdout] test build::generation_cache::tests::command_hash_order_independence ... ok
[INFO] [stdout] test build::generation_cache::tests::config_hash_type_mappings_order_independence ... ok
[INFO] [stdout] test build::generation_cache::tests::event_hash_ignores_source_location ... ok
[INFO] [stdout] test build::generation_cache::tests::external_type_index::external_type_index_excluded_from_combined_hash ... ok
[INFO] [stdout] test build::generation_cache::tests::external_type_index::external_type_index_round_trips_through_save_load ... ok
[INFO] [stdout] test build::generation_cache::tests::external_type_index::new_with_external_index_stores_and_exposes_it ... ok
[INFO] [stdout] test build::generation_cache::tests::struct_hash_changes_with_enum_metadata ... ok
[INFO] [stdout] test build::generation_cache::tests::events_change_requires_regeneration ... ok
[INFO] [stdout] test build::generation_cache::tests::struct_hash_changes_with_field_metadata ... ok
[INFO] [stdout] test build::generation_cache::tests::struct_hash_ignores_source_location ... ok
[INFO] [stdout] test build::generation_cache::tests::test_cache_creation ... ok
[INFO] [stdout] test build::generation_cache::tests::test_cache_save_and_load ... ok
[INFO] [stdout] test build::generation_cache::tests::test_hash_determinism ... ok
[INFO] [stdout] test build::generation_cache::tests::test_cache_with_channels ... ok
[INFO] [stdout] test build::generation_cache::tests::test_empty_commands_and_structs ... ok
[INFO] [stdout] test build::generation_cache::tests::test_load_nonexistent_cache ... ok
[INFO] [stdout] test build::generation_cache::tests::test_needs_regeneration_command_changed ... ok
[INFO] [stdout] test build::generation_cache::tests::test_needs_regeneration_same_state ... ok
[INFO] [stdout] test build::generation_cache::tests::test_needs_regeneration_version_mismatch ... ok
[INFO] [stdout] test build::generation_cache::tests::test_needs_regeneration_config_changed ... ok
[INFO] [stdout] test build::generation_cache::tests::test_needs_regeneration_with_corrupted_cache_file ... ok
[INFO] [stdout] test build::generation_cache::tests::test_needs_regeneration_no_cache ... ok
[INFO] [stdout] test build::generation_cache::tests::test_cache_with_type_mappings_config ... ok
[INFO] [stdout] test build::output_manager::tests::test_generation_metadata ... ok
[INFO] [stdout] test build::generation_cache::tests::test_save_creates_output_directory ... ok
[INFO] [stdout] test build::generation_cache::tests::test_struct_hash_order_independence ... ok
[INFO] [stdout] test build::output_manager::tests::test_prepare_output_directory ... ok
[INFO] [stdout] test build::output_manager::tests::test_cleanup_old_files ... ok
[INFO] [stdout] test build::project_scanner::tests::test_detect_tauri_project_with_src_tauri ... ok
[INFO] [stdout] test build::project_scanner::tests::test_detect_tauri_project_with_config ... ok
[INFO] [stdout] test build::output_manager::tests::test_verify_output ... ok
[INFO] [stdout] test build::output_manager::tests::test_write_file ... ok
[INFO] [stdout] test build::output_manager::tests::test_is_generated_file ... ok
[INFO] [stdout] test build::tests::test_build_system_creation ... ok
[INFO] [stdout] test build::project_scanner::tests::test_has_frontend_detection ... ok
[INFO] [stdout] test build::project_scanner::tests::test_discover_rust_files ... ok
[INFO] [stdout] test build::tests::test_build_system_with_verbose_logging ... ok
[INFO] [stdout] test build::project_scanner::tests::test_recommended_output_path ... ok
[INFO] [stdout] test build::tests::test_build_system_without_verbose_logging ... ok
[INFO] [stdout] test build::project_scanner::tests::test_no_tauri_project ... ok
[INFO] [stdout] test build::tests::test_generate_bindings_regenerates_when_structs_change ... ok
[INFO] [stdout] test build::tests::test_generate_bindings_regenerates_when_events_change ... ok
[INFO] [stdout] test build::tests::test_load_configuration_falls_back_on_invalid_tauri_config ... ok
[INFO] [stdout] test build::tests::test_load_configuration_from_standalone_file ... ok
[INFO] [stdout] test build::tests::test_generate_bindings_skips_unrelated_rust_changes ... ok
[INFO] [stdout] test build::tests::test_load_configuration_from_tauri_config ... ok
[INFO] [stdout] test build::tests::test_load_default_configuration ... ok
[INFO] [stdout] test error::tests::error_display::test_code_generation_display ... ok
[INFO] [stdout] test error::tests::error_display::test_command_analysis_display ... ok
[INFO] [stdout] test build::tests::test_generate_bindings_skips_source_location_only_changes ... ok
[INFO] [stdout] test error::tests::error_variants::test_command_analysis_error ... ok
[INFO] [stdout] test error::tests::error_variants::test_invalid_project_path_error ... ok
[INFO] [stdout] test error::tests::error_variants::test_io_error_creation ... ok
[INFO] [stdout] test error::tests::from_conversions::test_from_io_error ... ok
[INFO] [stdout] test error::tests::from_conversions::test_io_error_kind_preserved ... ok
[INFO] [stdout] test error::tests::result_type::test_result_err ... ok
[INFO] [stdout] test error::tests::result_type::test_result_with_question_mark ... ok
[INFO] [stdout] test error::tests::serialization::test_serialize_code_generation_error ... ok
[INFO] [stdout] test error::tests::serialization::test_serialize_command_analysis_error ... ok
[INFO] [stdout] test error::tests::serialization::test_serialize_invalid_project_path_error ... ok
[INFO] [stdout] test error::tests::serialization::test_serialize_io_error ... ok
[INFO] [stdout] test error::tests::error_display::test_invalid_project_path_display ... ok
[INFO] [stdout] test error::tests::error_variants::test_code_generation_error ... ok
[INFO] [stdout] test error::tests::error_display::test_debug_format ... ok
[INFO] [stdout] test generators::base::file_writer::tests::edge_cases::test_overwrite_existing_file ... FAILED
[INFO] [stdout] test build::tests::test_generate_bindings_regenerates_when_commands_change ... ok
[INFO] [stdout] test generators::base::file_writer::tests::edge_cases::test_write_empty_content ... FAILED
[INFO] [stdout] test generators::base::file_writer::tests::edge_cases::test_write_large_content ... FAILED
[INFO] [stdout] test generators::base::file_writer::tests::file_operations::test_ensure_directory_exists ... FAILED
[INFO] [stdout] test generators::base::file_writer::tests::file_operations::test_delete_file ... FAILED
[INFO] [stdout] test generators::base::file_writer::tests::file_operations::test_ensure_directory_exists_already_exists ... FAILED
[INFO] [stdout] test generators::base::file_writer::tests::file_writing::test_write_commands_file ... FAILED
[INFO] [stdout] test generators::base::file_writer::tests::file_writing::test_write_index_file ... FAILED
[INFO] [stdout] test generators::base::file_writer::tests::file_writing::test_write_multiple_files ... FAILED
[INFO] [stdout] test generators::base::file_writer::tests::file_writing::test_write_schemas_file ... FAILED
[INFO] [stdout] test generators::base::file_writer::tests::file_operations::test_delete_nonexistent_file ... FAILED
[INFO] [stdout] test generators::base::file_writer::tests::file_writing::test_write_events_file ... FAILED
[INFO] [stdout] test generators::base::file_writer::tests::file_writing::test_write_typescript_file ... FAILED
[INFO] [stdout] test generators::base::file_writer::tests::file_writing::test_write_types_file ... FAILED
[INFO] [stdout] test generators::base::file_writer::tests::file_operations::test_file_exists_true ... FAILED
[INFO] [stdout] test generators::base::file_writer::tests::getters::test_get_generated_files_after_writing ... FAILED
[INFO] [stdout] test generators::base::file_writer::tests::getters::test_get_output_path ... FAILED
[INFO] [stdout] test generators::base::file_writer::tests::initialization::test_new_creates_directory ... FAILED
[INFO] [stdout] test generators::base::file_writer::tests::getters::test_get_generated_files_empty ... FAILED
[INFO] [stdout] test generators::base::file_writer::tests::initialization::test_new_with_existing_directory ... FAILED
[INFO] [stdout] test generators::base::file_writer::tests::initialization::test_new_with_nested_path ... FAILED
[INFO] [stdout] test generators::base::file_writer::tests::getters::test_get_file_path ... FAILED
[INFO] [stdout] test generators::base::file_writer::tests::test_test_dir_cleans_up_on_drop ... FAILED
[INFO] [stdout] test generators::base::template_context::tests::test_apply_naming_convention_camel_case ... ok
[INFO] [stdout] test generators::base::template_context::tests::test_apply_naming_convention_snake_case ... ok
[INFO] [stdout] test generators::base::template_context::tests::test_channel_context_builder_pattern ... ok
[INFO] [stdout] test generators::base::template_context::tests::test_apply_naming_convention_pascal_case ... ok
[INFO] [stdout] test generators::base::template_context::tests::test_command_context_builder_pattern ... ok
[INFO] [stdout] test generators::base::template_context::tests::test_compute_field_name_with_explicit_rename ... ok
[INFO] [stdout] test generators::base::template_context::tests::test_compute_field_name_with_config_default ... ok
[INFO] [stdout] test generators::base::template_context::tests::test_compute_field_name_with_struct_rename_all ... ok
[INFO] [stdout] test generators::base::template_context::tests::test_compute_function_name_ignores_rename_all ... ok
[INFO] [stdout] test generators::base::template_context::tests::test_compute_parameter_name_with_command_rename_all ... ok
[INFO] [stdout] test generators::base::template_context::tests::test_compute_parameter_name_with_config_default ... ok
[INFO] [stdout] test generators::base::template_context::tests::test_compute_parameter_name_with_explicit_rename ... ok
[INFO] [stdout] test generators::base::template_context::tests::test_compute_type_name_ignores_rename_all ... ok
[INFO] [stdout] test generators::base::file_writer::tests::file_operations::test_file_exists_false ... FAILED
[INFO] [stdout] test generators::base::template_context::tests::test_apply_naming_convention_screaming_snake_case ... ok
[INFO] [stdout] test generators::base::template_context::tests::test_compute_field_name_with_snake_case_default ... ok
[INFO] [stdout] test generators::base::template_context::tests::test_enum_variant_context_builder_pattern ... ok
[INFO] [stdout] test generators::base::template_context::tests::test_event_context_builder_pattern ... ok
[INFO] [stdout] test generators::base::template_context::tests::test_field_context_builder_pattern ... ok
[INFO] [stdout] test generators::base::template_context::tests::test_event_name_to_function ... ok
[INFO] [stdout] test generators::base::template_context::tests::test_parameter_context_builder_pattern ... ok
[INFO] [stdout] test generators::base::template_context::tests::test_serde_rename_priority_order ... ok
[INFO] [stdout] test generators::base::templates::tests::add_types_prefix_filter_func::test_filter_non_string_errors ... ok
[INFO] [stdout] test generators::base::template_context::tests::test_struct_context_builder_pattern ... ok
[INFO] [stdout] test generators::base::templates::tests::add_types_prefix_filter_func::test_filter_with_array ... ok
[INFO] [stdout] test generators::base::templates::tests::add_types_prefix_filter_func::test_filter_with_custom_type ... ok
[INFO] [stdout] test generators::base::templates::tests::add_types_prefix_filter_func::test_filter_with_primitive ... ok
[INFO] [stdout] test generators::base::templates::tests::add_types_prefix_func::test_already_prefixed_unchanged ... ok
[INFO] [stdout] test generators::base::templates::tests::add_types_prefix_func::test_map_types_unchanged ... ok
[INFO] [stdout] test generators::base::templates::tests::add_types_prefix_func::test_primitive_arrays_unchanged ... ok
[INFO] [stdout] test generators::base::templates::tests::add_types_prefix_func::test_primitives_unchanged ... ok
[INFO] [stdout] test generators::base::templates::tests::add_types_prefix_func::test_custom_type_gets_prefix ... ok
[INFO] [stdout] test generators::base::templates::tests::add_types_prefix_func::test_record_types_unchanged ... ok
[INFO] [stdout] test generators::base::templates::tests::add_types_prefix_func::test_empty_array_syntax ... ok
[INFO] [stdout] test generators::base::templates::tests::add_types_prefix_func::test_custom_type_arrays_get_prefix ... ok
[INFO] [stdout] test generators::base::templates::tests::escape_js_filter::test_empty_string ... ok
[INFO] [stdout] test generators::base::templates::tests::escape_js_filter::test_escapes_backslash ... ok
[INFO] [stdout] test generators::base::templates::tests::escape_js_filter::test_escapes_carriage_return ... ok
[INFO] [stdout] test generators::base::templates::tests::escape_js_filter::test_escapes_double_quotes ... ok
[INFO] [stdout] test generators::base::templates::tests::escape_js_filter::test_escapes_multiple_special_chars ... ok
[INFO] [stdout] test generators::base::templates::tests::escape_js_filter::test_escapes_newline ... ok
[INFO] [stdout] test generators::base::templates::tests::escape_js_filter::test_escapes_tab ... ok
[INFO] [stdout] test generators::base::templates::tests::escape_js_filter::test_no_special_chars ... ok
[INFO] [stdout] test generators::base::templates::tests::add_types_prefix_func::test_tuple_types_unchanged ... ok
[INFO] [stdout] test generators::base::templates::tests::escape_js_filter::test_non_string_value_errors ... ok
[INFO] [stdout] test generators::base::templates::tests::add_types_prefix_func::test_union_with_null ... ok
[INFO] [stdout] test generators::base::templates::tests::global_context::test_clone_works ... ok
[INFO] [stdout] test generators::base::templates::tests::global_context::test_new_creates_context ... ok
[INFO] [stdout] test generators::base::templates::tests::global_context::test_timestamp_format ... ok
[INFO] [stdout] test generators::base::templates::tests::add_types_prefix_func::test_union_with_undefined ... ok
[INFO] [stdout] test generators::base::tests::test_fallback_header_format ... ok
[INFO] [stdout] test generators::base::tests::test_generate_file_header_fallback ... ok
[INFO] [stdout] test generators::base::tests::test_generate_file_header_success ... ok
[INFO] [stdout] test generators::base::tests::test_header_contains_version ... ok
[INFO] [stdout] test generators::base::tests::test_generator_type ... ok
[INFO] [stdout] test generators::base::tests::test_render_missing_context_variable ... ok
[INFO] [stdout] test generators::base::tests::test_generate_models_mock ... ok
[INFO] [stdout] test generators::base::tests::test_tera_accessor ... ok
[INFO] [stdout] test generators::base::tests::test_render_missing_template ... ok
[INFO] [stdout] test generators::base::tests::test_type_collector_accessor ... ok
[INFO] [stdout] test generators::base::type_visitor::tests::test_zod_visitor_interface_types ... ok
[INFO] [stdout] test generators::base::tests::test_render_success ... ok
[INFO] [stdout] test generators::base::tests::test_render_with_complex_context ... ok
[INFO] [stdout] test generators::base::type_visitor::tests::type_mappings::test_typescript_visitor_with_mappings ... ok
[INFO] [stdout] test generators::base::type_visitor::tests::type_mappings::test_typescript_visitor_without_mappings ... ok
[INFO] [stdout] test generators::base::type_visitor::tests::type_mappings::test_typescript_visitor_mappings_in_complex_types ... ok
[INFO] [stdout] test generators::base::type_visitor::tests::type_mappings::test_zod_visitor_mappings_in_complex_types ... ok
[INFO] [stdout] test generators::base::type_visitor::tests::type_mappings::test_zod_visitor_with_non_primitive_mapping ... ok
[INFO] [stdout] test generators::base::type_visitor::tests::type_mappings::test_zod_visitor_with_number_mapping ... ok
[INFO] [stdout] test generators::base::type_visitor::tests::typescript_visitor::test_complex_nested_type ... ok
[INFO] [stdout] test generators::base::type_visitor::tests::type_mappings::test_zod_visitor_with_string_mapping ... ok
[INFO] [stdout] test generators::base::type_visitor::tests::typescript_visitor::test_custom_types ... ok
[INFO] [stdout] test generators::base::type_visitor::tests::type_mappings::test_zod_visitor_without_mappings ... ok
[INFO] [stdout] test generators::base::type_visitor::tests::typescript_visitor::test_map_types ... ok
[INFO] [stdout] test generators::base::type_visitor::tests::typescript_visitor::test_nested_array ... ok
[INFO] [stdout] test generators::base::type_visitor::tests::typescript_visitor::test_optional_types ... ok
[INFO] [stdout] test generators::base::type_visitor::tests::typescript_visitor::test_primitive_types ... ok
[INFO] [stdout] test generators::base::type_visitor::tests::typescript_visitor::test_result_types ... ok
[INFO] [stdout] test generators::base::type_visitor::tests::typescript_visitor::test_tuple_types ... ok
[INFO] [stdout] test generators::base::type_visitor::tests::typescript_visitor::test_array_types ... ok
[INFO] [stdout] test generators::base::type_visitor::tests::typescript_visitor::test_empty_tuple ... ok
[INFO] [stdout] test generators::base::type_visitor::tests::zod_visitor::test_array_types ... ok
[INFO] [stdout] test generators::base::type_visitor::tests::typescript_visitor::test_set_types ... ok
[INFO] [stdout] test generators::base::type_visitor::tests::zod_visitor::test_complex_nested_type ... ok
[INFO] [stdout] test generators::base::type_visitor::tests::zod_visitor::test_nested_array ... ok
[INFO] [stdout] test generators::base::type_visitor::tests::zod_visitor::test_custom_types ... ok
[INFO] [stdout] test generators::base::type_visitor::tests::zod_visitor::test_empty_tuple ... ok
[INFO] [stdout] test generators::base::type_visitor::tests::zod_visitor::test_map_types ... ok
[INFO] [stdout] test generators::base::type_visitor::tests::zod_visitor::test_optional_types ... ok
[INFO] [stdout] test generators::base::type_visitor::tests::zod_visitor::test_primitive_types ... ok
[INFO] [stdout] test generators::base::type_visitor::tests::zod_visitor::test_result_types ... ok
[INFO] [stdout] test generators::base::type_visitor::tests::zod_visitor::test_tuple_types ... ok
[INFO] [stdout] test generators::base::type_visitor::tests::zod_visitor::test_unexpected_primitive ... ok
[INFO] [stdout] test generators::tests::collect_referenced_types::test_collect_array ... ok
[INFO] [stdout] test generators::tests::collect_referenced_types::test_collect_duplicates_deduped ... ok
[INFO] [stdout] test generators::tests::collect_referenced_types::test_collect_map ... ok
[INFO] [stdout] test generators::tests::collect_referenced_types::test_collect_map_both_custom ... ok
[INFO] [stdout] test generators::tests::collect_referenced_types::test_collect_multiple_calls_accumulate ... ok
[INFO] [stdout] test generators::tests::collect_referenced_types::test_collect_nested ... ok
[INFO] [stdout] test generators::tests::collect_referenced_types::test_collect_optional ... ok
[INFO] [stdout] test generators::base::type_visitor::tests::zod_visitor::test_set_types ... ok
[INFO] [stdout] test generators::tests::collect_referenced_types::test_collect_primitive ... ok
[INFO] [stdout] test generators::base::type_visitor::tests::zod_visitor::test_visit_type_for_interface_returns_typescript_types ... ok
[INFO] [stdout] test generators::tests::collect_referenced_types::test_collect_custom ... ok
[INFO] [stdout] test generators::tests::collect_referenced_types::test_collect_tuple ... ok
[INFO] [stdout] test generators::tests::collect_used_types::test_collect_from_command_parameters ... ok
[INFO] [stdout] test generators::tests::collect_referenced_types::test_collect_result ... ok
[INFO] [stdout] test generators::tests::collect_referenced_types::test_collect_set ... ok
[INFO] [stdout] test generators::tests::collect_used_types::test_collect_from_command_return_type ... ok
[INFO] [stdout] test generators::tests::collect_used_types::test_collect_from_empty_commands ... ok
[INFO] [stdout] test generators::tests::collect_used_types::test_filters_unused_types ... ok
[INFO] [stdout] test generators::tests::factory::test_create_generator_none ... ok
[INFO] [stdout] test generators::tests::nested_dependencies::test_discovers_nested_dependencies ... ok
[INFO] [stdout] test generators::tests::factory::test_create_generator_default ... ok
[INFO] [stdout] test generators::tests::nested_dependencies::test_handles_deep_nesting ... ok
[INFO] [stdout] test generators::tests::type_collector::test_default_creates_empty_collector ... ok
[INFO] [stdout] test generators::tests::type_collector::test_new_creates_empty_collector ... ok
[INFO] [stdout] test generators::tests::factory::test_create_generator_unknown_fallback ... ok
[INFO] [stdout] test generators::tests::factory::test_create_generator_zod ... ok
[INFO] [stdout] test generators::ts::generator::tests::determinism::deterministic_output_for_reversed_inputs ... ok
[INFO] [stdout] test generators::ts::generator::tests::helper_methods::test_generate_command_bindings_avoid_blank_lines_between_functions ... ok
[INFO] [stdout] test generators::ts::generator::tests::helper_methods::test_generate_events_file_has_single_blank_line_between_listeners ... ok
[INFO] [stdout] test generators::ts::generator::tests::helper_methods::test_generate_index_file_with_empty_files ... ok
[INFO] [stdout] test generators::ts::generator::tests::helper_methods::test_generate_index_file_skips_index_without_blank_lines ... ok
[INFO] [stdout] test generators::ts::generator::tests::helper_methods::test_generate_index_file_with_files ... ok
[INFO] [stdout] test generators::base::file_writer::tests::test_temp_dir_helper_is_unique_under_concurrency ... ok
[INFO] [stdout] test generators::ts::generator::tests::helper_methods::test_generate_types_file_compacts_param_interfaces ... ok
[INFO] [stdout] test generators::ts::generator::tests::template_rendering::test_has_typescript_templates ... ok
[INFO] [stdout] test generators::ts::generator::tests::helper_methods::test_generate_types_file_keeps_blank_line_after_header ... ok
[INFO] [stdout] test generators::ts::generator::tests::template_rendering::test_generate_file_header ... ok
[INFO] [stdout] test generators::ts::generator::tests::initialization::test_new_creates_generator ... ok
[INFO] [stdout] test generators::ts::generator::tests::initialization::test_default_creates_generator ... ok
[INFO] [stdout] test generators::ts::templates::tests::filter_registration::test_register_filters_no_typescript_specific_filters ... ok
[INFO] [stdout] test generators::ts::generator::tests::trait_implementation::test_generator_type_returns_none ... ok
[INFO] [stdout] test generators::ts::generator::tests::trait_implementation::test_type_collector_returns_collector ... ok
[INFO] [stdout] test generators::ts::generator::tests::template_rendering::test_render_returns_error_for_invalid_template ... ok
[INFO] [stdout] test generators::ts::templates::tests::template_registration::test_has_common_filters ... ok
[INFO] [stdout] test generators::ts::generator::tests::trait_implementation::test_tera_returns_engine ... ok
[INFO] [stdout] test generators::ts::templates::tests::template_registration::test_create_tera_succeeds ... ok
[INFO] [stdout] test generators::ts::templates::tests::template_registration::test_has_common_template ... ok
[INFO] [stdout] test generators::zod::filters::tests::test_apply_validators_string ... ok
[INFO] [stdout] test generators::zod::filters::tests::test_escape_for_js ... ok
[INFO] [stdout] test generators::zod::filters::tests::test_filter_error_handling ... ok
[INFO] [stdout] test generators::zod::filters::tests::test_apply_validators_number ... ok
[INFO] [stdout] test generators::zod::filters::tests::test_filter_with_is_record_key ... ok
[INFO] [stdout] test generators::zod::filters::tests::test_to_zod_schema_filter ... ok
[INFO] [stdout] test generators::zod::filters::tests::test_to_zod_schema_filter_with_validator ... ok
[INFO] [stdout] test generators::zod::filters::tests::test_type_structure_to_zod_schema ... ok
[INFO] [stdout] test generators::ts::templates::tests::template_registration::test_has_main_templates ... ok
[INFO] [stdout] test generators::ts::templates::tests::template_registration::test_has_partial_templates ... ok
[INFO] [stdout] test generators::zod::generator::tests::helper_methods::test_generate_events_file_has_single_blank_line_between_listeners ... ok
[INFO] [stdout] test generators::zod::generator::tests::helper_methods::test_generate_command_bindings_avoid_blank_lines_between_functions ... ok
[INFO] [stdout] test generators::ts::templates::tests::template_registration::test_template_count ... ok
[INFO] [stdout] test generators::zod::generator::tests::helper_methods::test_generate_index_file_skips_index_without_blank_lines ... ok
[INFO] [stdout] test generators::zod::generator::tests::helper_methods::test_generate_types_file_keeps_blank_line_after_header ... ok
[INFO] [stdout] test generators::zod::generator::tests::helper_methods::test_generate_index_file_with_files ... ok
[INFO] [stdout] test generators::zod::generator::tests::helper_methods::test_generate_types_file_compacts_channel_interfaces ... ok
[INFO] [stdout] test generators::zod::generator::tests::helper_methods::test_generate_index_file_with_empty_files ... ok
[INFO] [stdout] test generators::zod::generator::tests::initialization::test_default_creates_generator ... ok
[INFO] [stdout] test generators::zod::generator::tests::schema_generation::test_generate_enum_schema ... ok
[INFO] [stdout] test generators::zod::generator::tests::schema_generation::test_generate_object_schema ... ok
[INFO] [stdout] test generators::zod::generator::tests::schema_generation::test_generate_struct_schema_for_enum ... ok
[INFO] [stdout] test generators::zod::generator::tests::schema_generation::test_generate_struct_schema_for_struct ... ok
[INFO] [stdout] test generators::zod::generator::tests::initialization::test_new_creates_generator ... ok
[INFO] [stdout] test generators::zod::generator::tests::template_rendering::test_render_returns_error_for_invalid_template ... ok
[INFO] [stdout] test generators::zod::generator::tests::template_rendering::test_generate_file_header ... ok
[INFO] [stdout] test generators::zod::generator::tests::template_rendering::test_has_zod_templates ... ok
[INFO] [stdout] test generators::zod::generator::tests::trait_implementation::test_type_collector_returns_collector ... ok
[INFO] [stdout] test generators::zod::schema_builder::tests::test_array_length_validator ... ok
[INFO] [stdout] test generators::zod::generator::tests::trait_implementation::test_tera_returns_engine ... ok
[INFO] [stdout] test generators::zod::generator::tests::trait_implementation::test_generator_type_returns_zod ... ok
[INFO] [stdout] test generators::zod::generator::tests::whitespace::deterministic_output_for_reversed_inputs ... ok
[INFO] [stdout] test generators::zod::schema_builder::tests::test_build_param_schema_no_validation ... ok
[INFO] [stdout] test generators::zod::schema_builder::tests::test_build_schema_array ... ok
[INFO] [stdout] test generators::zod::schema_builder::tests::test_build_param_schema ... ok
[INFO] [stdout] test generators::zod::schema_builder::tests::test_build_schema_empty_tuple ... ok
[INFO] [stdout] test generators::zod::schema_builder::tests::test_build_schema_primitives ... ok
[INFO] [stdout] test generators::zod::schema_builder::tests::test_build_schema_custom ... ok
[INFO] [stdout] test generators::zod::schema_builder::tests::test_build_schema_result ... ok
[INFO] [stdout] test generators::zod::schema_builder::tests::test_build_schema_tuple ... ok
[INFO] [stdout] test generators::zod::schema_builder::tests::test_build_schema_with_email_validator ... ok
[INFO] [stdout] test generators::zod::schema_builder::tests::test_build_schema_with_length_validator ... ok
[INFO] [stdout] test generators::zod::schema_builder::tests::test_build_schema_with_range_validator ... ok
[INFO] [stdout] test generators::zod::schema_builder::tests::test_build_schema_with_url_validator ... ok
[INFO] [stdout] test generators::zod::schema_builder::tests::test_build_schema_with_validator_message ... ok
[INFO] [stdout] test generators::zod::schema_builder::tests::test_escape_js_string ... ok
[INFO] [stdout] test generators::zod::templates::tests::filter_registration::test_register_filters_adds_to_zod_schema ... ok
[INFO] [stdout] test generators::zod::schema_builder::tests::test_build_schema_map ... ok
[INFO] [stdout] test generators::zod::schema_builder::tests::test_build_schema_optional ... ok
[INFO] [stdout] test generators::zod::schema_builder::tests::test_build_schema_set ... ok
[INFO] [stdout] test generators::zod::templates::tests::template_registration::test_has_main_templates ... ok
[INFO] [stdout] test generators::zod::templates::tests::template_registration::test_create_tera_succeeds ... ok
[INFO] [stdout] test generators::zod::templates::tests::template_registration::test_has_common_filters ... ok
[INFO] [stdout] test generators::zod::templates::tests::template_registration::test_has_partial_templates ... ok
[INFO] [stdout] test generators::zod::templates::tests::template_registration::test_has_common_template ... ok
[INFO] [stdout] test interface::cli::tests::test_default_generate_config_from_cli ... ok
[INFO] [stdout] test interface::cli::tests::test_default_init_config_from_cli ... ok
[INFO] [stdout] test interface::cli::tests::test_partial_generate_config_from_cli ... ok
[INFO] [stdout] test interface::config::tests::test_config_merge ... ok
[INFO] [stdout] test interface::config::tests::test_config_validation ... ok
[INFO] [stdout] test interface::config::tests::test_default_config ... ok
[INFO] [stdout] test interface::config::tests::test_save_and_load_config ... ok
[INFO] [stdout] test interface::cli::tests::test_custom_generate_config_from_cli ... ok
[INFO] [stdout] test interface::cli::tests::test_custom_init_config_from_cli ... ok
[INFO] [stdout] test interface::output::tests::test_logger_debug_mode ... ok
[INFO] [stdout] test interface::config::tests::test_save_to_tauri_config_creates_plugins_section ... ok
[INFO] [stdout] test generators::zod::templates::tests::template_registration::test_template_count ... ok
[INFO] [stdout] test interface::output::tests::test_logger_normal_mode ... ok
[INFO] [stdout] test models::tests::channel_info::test_channel_clone ... ok
[INFO] [stdout] test models::tests::channel_info::test_channel_parses_message_type_structure ... ok
[INFO] [stdout] test generators::zod::templates::tests::template_registration::test_has_zod_filter ... ok
[INFO] [stdout] test models::tests::channel_info::test_new_for_test_creates_valid_channel ... ok
[INFO] [stdout] test models::tests::command_info::test_command_with_channels ... ok
[INFO] [stdout] test models::tests::command_info::test_command_with_parameters ... ok
[INFO] [stdout] test models::tests::command_info::test_new_for_test_creates_valid_command ... ok
[INFO] [stdout] test interface::output::tests::test_logger_verbose_mode ... ok
[INFO] [stdout] test models::tests::command_info::test_new_for_test_parses_return_type_structure ... ok
[INFO] [stdout] test models::tests::enum_variant_info::test_struct_variant_helpers ... ok
[INFO] [stdout] test models::tests::enum_variant_info::test_tuple_variant_helpers ... ok
[INFO] [stdout] test models::tests::enum_variant_info::test_unit_variant_helpers ... ok
[INFO] [stdout] test models::tests::enum_variant_info::test_clone ... ok
[INFO] [stdout] test interface::output::tests::test_progress_reporter ... ok
[INFO] [stdout] test models::tests::enum_variant_info::test_variant_with_serde_rename ... ok
[INFO] [stdout] test models::tests::enum_variant_kind::test_serialize_deserialize ... ok
[INFO] [stdout] test interface::config::tests::test_save_to_tauri_config_preserves_existing_content ... ok
[INFO] [stdout] test models::tests::enum_variant_kind::test_tuple_variant_multiple_fields ... ok
[INFO] [stdout] test models::tests::enum_variant_kind::test_struct_variant ... ok
[INFO] [stdout] test models::tests::field_info::test_field_clone ... ok
[INFO] [stdout] test models::tests::field_info::test_field_with_serde_rename ... ok
[INFO] [stdout] test models::tests::event_info::test_event_with_primitive_payload ... ok
[INFO] [stdout] test models::tests::field_info::test_field_with_validator ... ok
[INFO] [stdout] test models::tests::field_info::test_private_field ... ok
[INFO] [stdout] test models::tests::parameter_info::test_parameter_with_serde_rename ... ok
[INFO] [stdout] test models::tests::parameter_info::test_parameter_with_optional_type ... ok
[INFO] [stdout] test models::tests::enum_variant_kind::test_tuple_variant_single_field ... ok
[INFO] [stdout] test models::tests::enum_variant_kind::test_unit_variant ... ok
[INFO] [stdout] test models::tests::event_info::test_event_info_creation ... ok
[INFO] [stdout] test models::tests::struct_info::test_discriminator_tag_default ... ok
[INFO] [stdout] test models::tests::struct_info::test_enum_struct ... ok
[INFO] [stdout] test models::tests::struct_info::test_simple_enum_detection ... ok
[INFO] [stdout] test models::tests::struct_info::test_complex_enum_detection_via_enum_variants ... ok
[INFO] [stdout] test models::tests::struct_info::test_struct_with_fields ... ok
[INFO] [stdout] test models::tests::struct_info::test_complex_enum_detection_via_fields ... ok
[INFO] [stdout] test models::tests::struct_info::test_discriminator_tag_custom ... ok
[INFO] [stdout] test models::tests::type_structure::test_array_wraps_inner_type ... ok
[INFO] [stdout] test models::tests::struct_info::test_struct_clone ... ok
[INFO] [stdout] test models::tests::type_structure::test_custom_type ... ok
[INFO] [stdout] test models::tests::type_structure::test_default_is_string_primitive ... ok
[INFO] [stdout] test models::tests::type_structure::test_optional_wraps_inner_type ... ok
[INFO] [stdout] test models::tests::type_structure::test_primitive_variants ... ok
[INFO] [stdout] test models::tests::type_structure::test_result_wraps_success_type ... ok
[INFO] [stdout] test models::tests::type_structure::test_empty_tuple ... ok
[INFO] [stdout] test models::tests::type_structure::test_serialize_deserialize_primitive ... ok
[INFO] [stdout] test models::tests::type_structure::test_serialize_deserialize_complex ... ok
[INFO] [stdout] test models::tests::type_structure::test_set_wraps_inner_type ... ok
[INFO] [stdout] test models::tests::type_structure::test_tuple_with_multiple_types ... ok
[INFO] [stdout] test models::tests::validator_attributes::test_length_constraint ... ok
[INFO] [stdout] test models::tests::validator_attributes::test_range_constraint ... ok
[INFO] [stdout] test models::tests::type_structure::test_clone_type_structure ... ok
[INFO] [stdout] test models::tests::validator_attributes::test_serialize_validator_attributes ... ok
[INFO] [stdout] test models::tests::validator_attributes::test_validator_attributes_clone ... ok
[INFO] [stdout] test models::tests::validator_attributes::test_validator_attributes_email ... ok
[INFO] [stdout] test models::tests::validator_attributes::test_validator_attributes_with_length ... ok
[INFO] [stdout] test models::tests::type_structure::test_map_has_key_and_value ... ok
[INFO] [stdout] test models::tests::type_structure::test_nested_structures ... ok
[INFO] [stdout] test analysis::tests::external_type_lookup::test_find_external_type_path_with_derive_attributes ... ok
[INFO] [stdout] test analysis::tests::external_type_lookup_caching::caches_distinct_types_independently ... ok
[INFO] [stdout] test analysis::tests::external_type_lookup_caching::caches_negative_result ... ok
[INFO] [stdout] test analysis::tests::external_type_lookup::test_find_external_type_path_missing ... ok
[INFO] [stdout] test analysis::tests::unresolved_type_reporting::records_unresolved_type_when_registry_dir_absent ... ok
[INFO] [stdout] test analysis::tests::unresolved_type_reporting::records_unresolved_type_when_registry_is_empty ... ok
[INFO] [stdout] test analysis::tests::external_type_lookup::test_find_external_type_path_pub_crate_visibility ... ok
[INFO] [stdout] test analysis::tests::external_type_lookup::test_find_external_type_path_no_false_positive_prefix ... ok
[INFO] [stdout] test analysis::tests::external_type_lookup_caching::caches_positive_result ... ok
[INFO] [stdout] test analysis::tests::external_type_lookup::test_find_external_type_path_pub_struct ... ok
[INFO] [stdout] test analysis::tests::unresolved_type_reporting::resolved_type_is_not_reported_unresolved ... ok
[INFO] [stdout] 
[INFO] [stdout] failures:
[INFO] [stdout] 
[INFO] [stdout] ---- analysis::ast_cache::tests::edge_cases::test_empty_directory stdout ----
[INFO] [stdout] 
[INFO] [stdout] thread 'analysis::ast_cache::tests::edge_cases::test_empty_directory' (1852) panicked at src/analysis/ast_cache.rs:500:38:
[INFO] [stdout] called `Result::unwrap()` on an `Err` value: Os { code: 30, kind: ReadOnlyFilesystem, message: "Read-only file system" }
[INFO] [stdout] stack backtrace:
[INFO] [stdout]    0:     0x6122c6cffad1 - <<std[70759c8f55707aa4]::sys::backtrace::BacktraceLock>::print::DisplayBacktrace as core[df12db4294e9bfd3]::fmt::Display>::fmt
[INFO] [stdout]    1:     0x6122c6d1893a - core[df12db4294e9bfd3]::fmt::write
[INFO] [stdout]    2:     0x6122c6d045cc - <alloc[2182bb758b4b3781]::vec::Vec<u8> as core[df12db4294e9bfd3]::io::write::Write>::write_fmt
[INFO] [stdout]    3:     0x6122c6cd7996 - std[70759c8f55707aa4]::panicking::default_hook::{closure#0}
[INFO] [stdout]    4:     0x6122c6cf5a19 - std[70759c8f55707aa4]::panicking::default_hook
[INFO] [stdout]    5:     0x6122c6963ba0 - test[9d35eded1c95d3be]::test_main_inner::<test[9d35eded1c95d3be]::test_main_static::{closure#0}>::{closure#0}
[INFO] [stdout]    6:     0x6122c6cf5d42 - std[70759c8f55707aa4]::panicking::panic_with_hook
[INFO] [stdout]    7:     0x6122c6cd7a42 - std[70759c8f55707aa4]::panicking::panic_handler::{closure#0}
[INFO] [stdout]    8:     0x6122c6cd0289 - std[70759c8f55707aa4]::sys::backtrace::__rust_end_short_backtrace::<std[70759c8f55707aa4]::panicking::panic_handler::{closure#0}, !>
[INFO] [stdout]    9:     0x6122c6cd894d - __rustc[8fa7c3cbc660c2b3]::rust_begin_unwind
[INFO] [stdout]   10:     0x6122c6d1915c - core[df12db4294e9bfd3]::panicking::panic_fmt
[INFO] [stdout]   11:     0x6122c6d18f32 - core[df12db4294e9bfd3]::result::unwrap_failed
[INFO] [stdout]   12:     0x6122c6821cbb - tauri_typegen[5489838d7edb4c4c]::analysis::ast_cache::tests::edge_cases::test_empty_directory
[INFO] [stdout]   13:     0x6122c6816e09 - <tauri_typegen[5489838d7edb4c4c]::analysis::ast_cache::tests::edge_cases::test_empty_directory::{closure#0} as core[df12db4294e9bfd3]::ops::function::FnOnce<()>>::call_once
[INFO] [stdout]   14:     0x6122c6956e8b - test[9d35eded1c95d3be]::__rust_begin_short_backtrace::<core[df12db4294e9bfd3]::result::Result<(), alloc[2182bb758b4b3781]::string::String>, fn() -> core[df12db4294e9bfd3]::result::Result<(), alloc[2182bb758b4b3781]::string::String>>
[INFO] [stdout]   15:     0x6122c69644f5 - test[9d35eded1c95d3be]::run_test::{closure#0}
[INFO] [stdout]   16:     0x6122c695ddb4 - std[70759c8f55707aa4]::sys::backtrace::__rust_begin_short_backtrace::<test[9d35eded1c95d3be]::run_test::{closure#1}, ()>
[INFO] [stdout]   17:     0x6122c6967652 - <std[70759c8f55707aa4]::thread::lifecycle::spawn_unchecked<test[9d35eded1c95d3be]::run_test::{closure#1}, ()>::{closure#1} as core[df12db4294e9bfd3]::ops::function::FnOnce<()>>::call_once::{shim:vtable#0}
[INFO] [stdout]   18:     0x6122c6cfea29 - <std[70759c8f55707aa4]::sys::thread::unix::Thread>::new::thread_start
[INFO] [stdout]   19:     0x7ef78ab7edfa - <unknown>
[INFO] [stdout]   20:     0x7ef78ac123d4 - clone
[INFO] [stdout]   21:                0x0 - <unknown>
[INFO] [stdout] 
[INFO] [stdout] ---- analysis::ast_cache::tests::edge_cases::test_cache_same_file_twice stdout ----
[INFO] [stdout] 
[INFO] [stdout] thread 'analysis::ast_cache::tests::edge_cases::test_cache_same_file_twice' (1850) panicked at src/analysis/ast_cache.rs:182:40:
[INFO] [stdout] called `Result::unwrap()` on an `Err` value: Os { code: 30, kind: ReadOnlyFilesystem, message: "Read-only file system" }
[INFO] [stdout] stack backtrace:
[INFO] [stdout]    0:     0x6122c6cffad1 - <<std[70759c8f55707aa4]::sys::backtrace::BacktraceLock>::print::DisplayBacktrace as core[df12db4294e9bfd3]::fmt::Display>::fmt
[INFO] [stdout]    1:     0x6122c6d1893a - core[df12db4294e9bfd3]::fmt::write
[INFO] [stdout]    2:     0x6122c6d045cc - <alloc[2182bb758b4b3781]::vec::Vec<u8> as core[df12db4294e9bfd3]::io::write::Write>::write_fmt
[INFO] [stdout]    3:     0x6122c6cd7996 - std[70759c8f55707aa4]::panicking::default_hook::{closure#0}
[INFO] [stdout]    4:     0x6122c6cf5a19 - std[70759c8f55707aa4]::panicking::default_hook
[INFO] [stdout]    5:     0x6122c6963ba0 - test[9d35eded1c95d3be]::test_main_inner::<test[9d35eded1c95d3be]::test_main_static::{closure#0}>::{closure#0}
[INFO] [stdout]    6:     0x6122c6cf5d42 - std[70759c8f55707aa4]::panicking::panic_with_hook
[INFO] [stdout]    7:     0x6122c6cd7a42 - std[70759c8f55707aa4]::panicking::panic_handler::{closure#0}
[INFO] [stdout]    8:     0x6122c6cd0289 - std[70759c8f55707aa4]::sys::backtrace::__rust_end_short_backtrace::<std[70759c8f55707aa4]::panicking::panic_handler::{closure#0}, !>
[INFO] [stdout]    9:     0x6122c6cd894d - __rustc[8fa7c3cbc660c2b3]::rust_begin_unwind
[INFO] [stdout]   10:     0x6122c6d1915c - core[df12db4294e9bfd3]::panicking::panic_fmt
[INFO] [stdout]   11:     0x6122c6d18f32 - core[df12db4294e9bfd3]::result::unwrap_failed
[INFO] [stdout]   12:     0x6122c68fdfed - tauri_typegen[5489838d7edb4c4c]::analysis::ast_cache::tests::create_rust_file::<&alloc[2182bb758b4b3781]::string::String>
[INFO] [stdout]   13:     0x6122c6821d9c - tauri_typegen[5489838d7edb4c4c]::analysis::ast_cache::tests::edge_cases::test_cache_same_file_twice
[INFO] [stdout]   14:     0x6122c6816e29 - <tauri_typegen[5489838d7edb4c4c]::analysis::ast_cache::tests::edge_cases::test_cache_same_file_twice::{closure#0} as core[df12db4294e9bfd3]::ops::function::FnOnce<()>>::call_once
[INFO] [stdout]   15:     0x6122c6956e8b - test[9d35eded1c95d3be]::__rust_begin_short_backtrace::<core[df12db4294e9bfd3]::result::Result<(), alloc[2182bb758b4b3781]::string::String>, fn() -> core[df12db4294e9bfd3]::result::Result<(), alloc[2182bb758b4b3781]::string::String>>
[INFO] [stdout]   16:     0x6122c69644f5 - test[9d35eded1c95d3be]::run_test::{closure#0}
[INFO] [stdout]   17:     0x6122c695ddb4 - std[70759c8f55707aa4]::sys::backtrace::__rust_begin_short_backtrace::<test[9d35eded1c95d3be]::run_test::{closure#1}, ()>
[INFO] [stdout]   18:     0x6122c6967652 - <std[70759c8f55707aa4]::thread::lifecycle::spawn_unchecked<test[9d35eded1c95d3be]::run_test::{closure#1}, ()>::{closure#1} as core[df12db4294e9bfd3]::ops::function::FnOnce<()>>::call_once::{shim:vtable#0}
[INFO] [stdout]   19:     0x6122c6cfea29 - <std[70759c8f55707aa4]::sys::thread::unix::Thread>::new::thread_start
[INFO] [stdout]   20:     0x7ef78ab7edfa - <unknown>
[INFO] [stdout]   21:     0x7ef78ac123d4 - clone
[INFO] [stdout]   22:                0x0 - <unknown>
[INFO] [stdout] 
[INFO] [stdout] ---- analysis::ast_cache::tests::multi_file_operations::test_parse_and_cache_all_files stdout ----
[INFO] [stdout] 
[INFO] [stdout] thread 'analysis::ast_cache::tests::multi_file_operations::test_parse_and_cache_all_files' (1856) panicked at src/analysis/ast_cache.rs:182:40:
[INFO] [stdout] called `Result::unwrap()` on an `Err` value: Os { code: 30, kind: ReadOnlyFilesystem, message: "Read-only file system" }
[INFO] [stdout] stack backtrace:
[INFO] [stdout]    0:     0x6122c6cffad1 - <<std[70759c8f55707aa4]::sys::backtrace::BacktraceLock>::print::DisplayBacktrace as core[df12db4294e9bfd3]::fmt::Display>::fmt
[INFO] [stdout]    1:     0x6122c6d1893a - core[df12db4294e9bfd3]::fmt::write
[INFO] [stdout]    2:     0x6122c6d045cc - <alloc[2182bb758b4b3781]::vec::Vec<u8> as core[df12db4294e9bfd3]::io::write::Write>::write_fmt
[INFO] [stdout]    3:     0x6122c6cd7996 - std[70759c8f55707aa4]::panicking::default_hook::{closure#0}
[INFO] [stdout]    4:     0x6122c6cf5a19 - std[70759c8f55707aa4]::panicking::default_hook
[INFO] [stdout]    5:     0x6122c6963ba0 - test[9d35eded1c95d3be]::test_main_inner::<test[9d35eded1c95d3be]::test_main_static::{closure#0}>::{closure#0}
[INFO] [stdout]    6:     0x6122c6cf5d42 - std[70759c8f55707aa4]::panicking::panic_with_hook
[INFO] [stdout]    7:     0x6122c6cd7a42 - std[70759c8f55707aa4]::panicking::panic_handler::{closure#0}
[INFO] [stdout]    8:     0x6122c6cd0289 - std[70759c8f55707aa4]::sys::backtrace::__rust_end_short_backtrace::<std[70759c8f55707aa4]::panicking::panic_handler::{closure#0}, !>
[INFO] [stdout]    9:     0x6122c6cd894d - __rustc[8fa7c3cbc660c2b3]::rust_begin_unwind
[INFO] [stdout]   10:     0x6122c6d1915c - core[df12db4294e9bfd3]::panicking::panic_fmt
[INFO] [stdout]   11:     0x6122c6d18f32 - core[df12db4294e9bfd3]::result::unwrap_failed
[INFO] [stdout]   12:     0x6122c68fdfed - tauri_typegen[5489838d7edb4c4c]::analysis::ast_cache::tests::create_rust_file::<&alloc[2182bb758b4b3781]::string::String>
[INFO] [stdout]   13:     0x6122c6877e4c - tauri_typegen[5489838d7edb4c4c]::analysis::ast_cache::tests::multi_file_operations::test_parse_and_cache_all_files
[INFO] [stdout]   14:     0x6122c6817629 - <tauri_typegen[5489838d7edb4c4c]::analysis::ast_cache::tests::multi_file_operations::test_parse_and_cache_all_files::{closure#0} as core[df12db4294e9bfd3]::ops::function::FnOnce<()>>::call_once
[INFO] [stdout]   15:     0x6122c6956e8b - test[9d35eded1c95d3be]::__rust_begin_short_backtrace::<core[df12db4294e9bfd3]::result::Result<(), alloc[2182bb758b4b3781]::string::String>, fn() -> core[df12db4294e9bfd3]::result::Result<(), alloc[2182bb758b4b3781]::string::String>>
[INFO] [stdout]   16:     0x6122c69644f5 - test[9d35eded1c95d3be]::run_test::{closure#0}
[INFO] [stdout]   17:     0x6122c695ddb4 - std[70759c8f55707aa4]::sys::backtrace::__rust_begin_short_backtrace::<test[9d35eded1c95d3be]::run_test::{closure#1}, ()>
[INFO] [stdout]   18:     0x6122c6967652 - <std[70759c8f55707aa4]::thread::lifecycle::spawn_unchecked<test[9d35eded1c95d3be]::run_test::{closure#1}, ()>::{closure#1} as core[df12db4294e9bfd3]::ops::function::FnOnce<()>>::call_once::{shim:vtable#0}
[INFO] [stdout]   19:     0x6122c6cfea29 - <std[70759c8f55707aa4]::sys::thread::unix::Thread>::new::thread_start
[INFO] [stdout]   20:     0x7ef78ab7edfa - <unknown>
[INFO] [stdout]   21:     0x7ef78ac123d4 - clone
[INFO] [stdout]   22:                0x0 - <unknown>
[INFO] [stdout] 
[INFO] [stdout] ---- analysis::ast_cache::tests::edge_cases::test_directory_with_only_non_rust_files stdout ----
[INFO] [stdout] 
[INFO] [stdout] thread 'analysis::ast_cache::tests::edge_cases::test_directory_with_only_non_rust_files' (1851) panicked at src/analysis/ast_cache.rs:182:40:
[INFO] [stdout] called `Result::unwrap()` on an `Err` value: Os { code: 30, kind: ReadOnlyFilesystem, message: "Read-only file system" }
[INFO] [stdout] stack backtrace:
[INFO] [stdout]    0:     0x6122c6cffad1 - <<std[70759c8f55707aa4]::sys::backtrace::BacktraceLock>::print::DisplayBacktrace as core[df12db4294e9bfd3]::fmt::Display>::fmt
[INFO] [stdout]    1:     0x6122c6d1893a - core[df12db4294e9bfd3]::fmt::write
[INFO] [stdout]    2:     0x6122c6d045cc - <alloc[2182bb758b4b3781]::vec::Vec<u8> as core[df12db4294e9bfd3]::io::write::Write>::write_fmt
[INFO] [stdout]    3:     0x6122c6cd7996 - std[70759c8f55707aa4]::panicking::default_hook::{closure#0}
[INFO] [stdout]    4:     0x6122c6cf5a19 - std[70759c8f55707aa4]::panicking::default_hook
[INFO] [stdout]    5:     0x6122c6963ba0 - test[9d35eded1c95d3be]::test_main_inner::<test[9d35eded1c95d3be]::test_main_static::{closure#0}>::{closure#0}
[INFO] [stdout]    6:     0x6122c6cf5d42 - std[70759c8f55707aa4]::panicking::panic_with_hook
[INFO] [stdout]    7:     0x6122c6cd7a42 - std[70759c8f55707aa4]::panicking::panic_handler::{closure#0}
[INFO] [stdout]    8:     0x6122c6cd0289 - std[70759c8f55707aa4]::sys::backtrace::__rust_end_short_backtrace::<std[70759c8f55707aa4]::panicking::panic_handler::{closure#0}, !>
[INFO] [stdout]    9:     0x6122c6cd894d - __rustc[8fa7c3cbc660c2b3]::rust_begin_unwind
[INFO] [stdout]   10:     0x6122c6d1915c - core[df12db4294e9bfd3]::panicking::panic_fmt
[INFO] [stdout]   11:     0x6122c6d18f32 - core[df12db4294e9bfd3]::result::unwrap_failed
[INFO] [stdout]   12:     0x6122c68fdfed - tauri_typegen[5489838d7edb4c4c]::analysis::ast_cache::tests::create_rust_file::<&alloc[2182bb758b4b3781]::string::String>
[INFO] [stdout]   13:     0x6122c682224a - tauri_typegen[5489838d7edb4c4c]::analysis::ast_cache::tests::edge_cases::test_directory_with_only_non_rust_files
[INFO] [stdout]   14:     0x6122c6816e69 - <tauri_typegen[5489838d7edb4c4c]::analysis::ast_cache::tests::edge_cases::test_directory_with_only_non_rust_files::{closure#0} as core[df12db4294e9bfd3]::ops::function::FnOnce<()>>::call_once
[INFO] [stdout]   15:     0x6122c6956e8b - test[9d35eded1c95d3be]::__rust_begin_short_backtrace::<core[df12db4294e9bfd3]::result::Result<(), alloc[2182bb758b4b3781]::string::String>, fn() -> core[df12db4294e9bfd3]::result::Result<(), alloc[2182bb758b4b3781]::string::String>>
[INFO] [stdout]   16:     0x6122c69644f5 - test[9d35eded1c95d3be]::run_test::{closure#0}
[INFO] [stdout]   17:     0x6122c695ddb4 - std[70759c8f55707aa4]::sys::backtrace::__rust_begin_short_backtrace::<test[9d35eded1c95d3be]::run_test::{closure#1}, ()>
[INFO] [stdout]   18:     0x6122c6967652 - <std[70759c8f55707aa4]::thread::lifecycle::spawn_unchecked<test[9d35eded1c95d3be]::run_test::{closure#1}, ()>::{closure#1} as core[df12db4294e9bfd3]::ops::function::FnOnce<()>>::call_once::{shim:vtable#0}
[INFO] [stdout]   19:     0x6122c6cfea29 - <std[70759c8f55707aa4]::sys::thread::unix::Thread>::new::thread_start
[INFO] [stdout]   20:     0x7ef78ab7edfa - <unknown>
[INFO] [stdout]   21:     0x7ef78ac123d4 - clone
[INFO] [stdout]   22:                0x0 - <unknown>
[INFO] [stdout] 
[INFO] [stdout] ---- analysis::ast_cache::tests::edge_cases::test_parse_empty_rust_file stdout ----
[INFO] [stdout] 
[INFO] [stdout] thread 'analysis::ast_cache::tests::edge_cases::test_parse_empty_rust_file' (1853) panicked at src/analysis/ast_cache.rs:182:40:
[INFO] [stdout] called `Result::unwrap()` on an `Err` value: Os { code: 30, kind: ReadOnlyFilesystem, message: "Read-only file system" }
[INFO] [stdout] stack backtrace:
[INFO] [stdout]    0:     0x6122c6cffad1 - <<std[70759c8f55707aa4]::sys::backtrace::BacktraceLock>::print::DisplayBacktrace as core[df12db4294e9bfd3]::fmt::Display>::fmt
[INFO] [stdout]    1:     0x6122c6d1893a - core[df12db4294e9bfd3]::fmt::write
[INFO] [stdout]    2:     0x6122c6d045cc - <alloc[2182bb758b4b3781]::vec::Vec<u8> as core[df12db4294e9bfd3]::io::write::Write>::write_fmt
[INFO] [stdout]    3:     0x6122c6cd7996 - std[70759c8f55707aa4]::panicking::default_hook::{closure#0}
[INFO] [stdout]    4:     0x6122c6cf5a19 - std[70759c8f55707aa4]::panicking::default_hook
[INFO] [stdout]    5:     0x6122c6963ba0 - test[9d35eded1c95d3be]::test_main_inner::<test[9d35eded1c95d3be]::test_main_static::{closure#0}>::{closure#0}
[INFO] [stdout]    6:     0x6122c6cf5d42 - std[70759c8f55707aa4]::panicking::panic_with_hook
[INFO] [stdout]    7:     0x6122c6cd7a42 - std[70759c8f55707aa4]::panicking::panic_handler::{closure#0}
[INFO] [stdout]    8:     0x6122c6cd0289 - std[70759c8f55707aa4]::sys::backtrace::__rust_end_short_backtrace::<std[70759c8f55707aa4]::panicking::panic_handler::{closure#0}, !>
[INFO] [stdout]    9:     0x6122c6cd894d - __rustc[8fa7c3cbc660c2b3]::rust_begin_unwind
[INFO] [stdout]   10:     0x6122c6d1915c - core[df12db4294e9bfd3]::panicking::panic_fmt
[INFO] [stdout]   11:     0x6122c6d18f32 - core[df12db4294e9bfd3]::result::unwrap_failed
[INFO] [stdout]   12:     0x6122c68fdfed - tauri_typegen[5489838d7edb4c4c]::analysis::ast_cache::tests::create_rust_file::<&alloc[2182bb758b4b3781]::string::String>
[INFO] [stdout]   13:     0x6122c682202a - tauri_typegen[5489838d7edb4c4c]::analysis::ast_cache::tests::edge_cases::test_parse_empty_rust_file
[INFO] [stdout]   14:     0x6122c6816e49 - <tauri_typegen[5489838d7edb4c4c]::analysis::ast_cache::tests::edge_cases::test_parse_empty_rust_file::{closure#0} as core[df12db4294e9bfd3]::ops::function::FnOnce<()>>::call_once
[INFO] [stdout]   15:     0x6122c6956e8b - test[9d35eded1c95d3be]::__rust_begin_short_backtrace::<core[df12db4294e9bfd3]::result::Result<(), alloc[2182bb758b4b3781]::string::String>, fn() -> core[df12db4294e9bfd3]::result::Result<(), alloc[2182bb758b4b3781]::string::String>>
[INFO] [stdout]   16:     0x6122c69644f5 - test[9d35eded1c95d3be]::run_test::{closure#0}
[INFO] [stdout]   17:     0x6122c695ddb4 - std[70759c8f55707aa4]::sys::backtrace::__rust_begin_short_backtrace::<test[9d35eded1c95d3be]::run_test::{closure#1}, ()>
[INFO] [stdout]   18:     0x6122c6967652 - <std[70759c8f55707aa4]::thread::lifecycle::spawn_unchecked<test[9d35eded1c95d3be]::run_test::{closure#1}, ()>::{closure#1} as core[df12db4294e9bfd3]::ops::function::FnOnce<()>>::call_once::{shim:vtable#0}
[INFO] [stdout]   19:     0x6122c6cfea29 - <std[70759c8f55707aa4]::sys::thread::unix::Thread>::new::thread_start
[INFO] [stdout]   20:     0x7ef78ab7edfa - <unknown>
[INFO] [stdout]   21:     0x7ef78ac123d4 - clone
[INFO] [stdout]   22:                0x0 - <unknown>
[INFO] [stdout] 
[INFO] [stdout] ---- analysis::ast_cache::tests::multi_file_operations::test_parse_continues_on_syntax_error stdout ----
[INFO] [stdout] 
[INFO] [stdout] thread 'analysis::ast_cache::tests::multi_file_operations::test_parse_continues_on_syntax_error' (1857) panicked at src/analysis/ast_cache.rs:182:40:
[INFO] [stdout] called `Result::unwrap()` on an `Err` value: Os { code: 30, kind: ReadOnlyFilesystem, message: "Read-only file system" }
[INFO] [stdout] stack backtrace:
[INFO] [stdout]    0:     0x6122c6cffad1 - <<std[70759c8f55707aa4]::sys::backtrace::BacktraceLock>::print::DisplayBacktrace as core[df12db4294e9bfd3]::fmt::Display>::fmt
[INFO] [stdout]    1:     0x6122c6d1893a - core[df12db4294e9bfd3]::fmt::write
[INFO] [stdout]    2:     0x6122c6d045cc - <alloc[2182bb758b4b3781]::vec::Vec<u8> as core[df12db4294e9bfd3]::io::write::Write>::write_fmt
[INFO] [stdout]    3:     0x6122c6cd7996 - std[70759c8f55707aa4]::panicking::default_hook::{closure#0}
[INFO] [stdout]    4:     0x6122c6cf5a19 - std[70759c8f55707aa4]::panicking::default_hook
[INFO] [stdout]    5:     0x6122c6963ba0 - test[9d35eded1c95d3be]::test_main_inner::<test[9d35eded1c95d3be]::test_main_static::{closure#0}>::{closure#0}
[INFO] [stdout]    6:     0x6122c6cf5d42 - std[70759c8f55707aa4]::panicking::panic_with_hook
[INFO] [stdout]    7:     0x6122c6cd7a42 - std[70759c8f55707aa4]::panicking::panic_handler::{closure#0}
[INFO] [stdout]    8:     0x6122c6cd0289 - std[70759c8f55707aa4]::sys::backtrace::__rust_end_short_backtrace::<std[70759c8f55707aa4]::panicking::panic_handler::{closure#0}, !>
[INFO] [stdout]    9:     0x6122c6cd894d - __rustc[8fa7c3cbc660c2b3]::rust_begin_unwind
[INFO] [stdout]   10:     0x6122c6d1915c - core[df12db4294e9bfd3]::panicking::panic_fmt
[INFO] [stdout]   11:     0x6122c6d18f32 - core[df12db4294e9bfd3]::result::unwrap_failed
[INFO] [stdout]   12:     0x6122c68fdfed - tauri_typegen[5489838d7edb4c4c]::analysis::ast_cache::tests::create_rust_file::<&alloc[2182bb758b4b3781]::string::String>
[INFO] [stdout]   13:     0x6122c68788ac - tauri_typegen[5489838d7edb4c4c]::analysis::ast_cache::tests::multi_file_operations::test_parse_continues_on_syntax_error
[INFO] [stdout]   14:     0x6122c68176a9 - <tauri_typegen[5489838d7edb4c4c]::analysis::ast_cache::tests::multi_file_operations::test_parse_continues_on_syntax_error::{closure#0} as core[df12db4294e9bfd3]::ops::function::FnOnce<()>>::call_once
[INFO] [stdout]   15:     0x6122c6956e8b - test[9d35eded1c95d3be]::__rust_begin_short_backtrace::<core[df12db4294e9bfd3]::result::Result<(), alloc[2182bb758b4b3781]::string::String>, fn() -> core[df12db4294e9bfd3]::result::Result<(), alloc[2182bb758b4b3781]::string::String>>
[INFO] [stdout]   16:     0x6122c69644f5 - test[9d35eded1c95d3be]::run_test::{closure#0}
[INFO] [stdout]   17:     0x6122c695ddb4 - std[70759c8f55707aa4]::sys::backtrace::__rust_begin_short_backtrace::<test[9d35eded1c95d3be]::run_test::{closure#1}, ()>
[INFO] [stdout]   18:     0x6122c6967652 - <std[70759c8f55707aa4]::thread::lifecycle::spawn_unchecked<test[9d35eded1c95d3be]::run_test::{closure#1}, ()>::{closure#1} as core[df12db4294e9bfd3]::ops::function::FnOnce<()>>::call_once::{shim:vtable#0}
[INFO] [stdout]   19:     0x6122c6cfea29 - <std[70759c8f55707aa4]::sys::thread::unix::Thread>::new::thread_start
[INFO] [stdout]   20:     0x7ef78ab7edfa - <unknown>
[INFO] [stdout]   21:     0x7ef78ac123d4 - clone
[INFO] [stdout]   22:                0x0 - <unknown>
[INFO] [stdout] 
[INFO] [stdout] ---- analysis::ast_cache::tests::single_file_operations::test_parse_invalid_syntax_errors stdout ----
[INFO] [stdout] 
[INFO] [stdout] thread 'analysis::ast_cache::tests::single_file_operations::test_parse_invalid_syntax_errors' (1864) panicked at src/analysis/ast_cache.rs:182:40:
[INFO] [stdout] called `Result::unwrap()` on an `Err` value: Os { code: 30, kind: ReadOnlyFilesystem, message: "Read-only file system" }
[INFO] [stdout] stack backtrace:
[INFO] [stdout]    0:     0x6122c6cffad1 - <<std[70759c8f55707aa4]::sys::backtrace::BacktraceLock>::print::DisplayBacktrace as core[df12db4294e9bfd3]::fmt::Display>::fmt
[INFO] [stdout]    1:     0x6122c6d1893a - core[df12db4294e9bfd3]::fmt::write
[INFO] [stdout]    2:     0x6122c6d045cc - <alloc[2182bb758b4b3781]::vec::Vec<u8> as core[df12db4294e9bfd3]::io::write::Write>::write_fmt
[INFO] [stdout]    3:     0x6122c6cd7996 - std[70759c8f55707aa4]::panicking::default_hook::{closure#0}
[INFO] [stdout]    4:     0x6122c6cf5a19 - std[70759c8f55707aa4]::panicking::default_hook
[INFO] [stdout]    5:     0x6122c6963ba0 - test[9d35eded1c95d3be]::test_main_inner::<test[9d35eded1c95d3be]::test_main_static::{closure#0}>::{closure#0}
[INFO] [stdout]    6:     0x6122c6cf5d42 - std[70759c8f55707aa4]::panicking::panic_with_hook
[INFO] [stdout]    7:     0x6122c6cd7a42 - std[70759c8f55707aa4]::panicking::panic_handler::{closure#0}
[INFO] [stdout]    8:     0x6122c6cd0289 - std[70759c8f55707aa4]::sys::backtrace::__rust_end_short_backtrace::<std[70759c8f55707aa4]::panicking::panic_handler::{closure#0}, !>
[INFO] [stdout]    9:     0x6122c6cd894d - __rustc[8fa7c3cbc660c2b3]::rust_begin_unwind
[INFO] [stdout]   10:     0x6122c6d1915c - core[df12db4294e9bfd3]::panicking::panic_fmt
[INFO] [stdout]   11:     0x6122c6d18f32 - core[df12db4294e9bfd3]::result::unwrap_failed
[INFO] [stdout]   12:     0x6122c68fdfed - tauri_typegen[5489838d7edb4c4c]::analysis::ast_cache::tests::create_rust_file::<&alloc[2182bb758b4b3781]::string::String>
[INFO] [stdout]   13:     0x6122c68f5ffe - tauri_typegen[5489838d7edb4c4c]::analysis::ast_cache::tests::single_file_operations::test_parse_invalid_syntax_errors
[INFO] [stdout]   14:     0x6122c68176e9 - <tauri_typegen[5489838d7edb4c4c]::analysis::ast_cache::tests::single_file_operations::test_parse_invalid_syntax_errors::{closure#0} as core[df12db4294e9bfd3]::ops::function::FnOnce<()>>::call_once
[INFO] [stdout]   15:     0x6122c6956e8b - test[9d35eded1c95d3be]::__rust_begin_short_backtrace::<core[df12db4294e9bfd3]::result::Result<(), alloc[2182bb758b4b3781]::string::String>, fn() -> core[df12db4294e9bfd3]::result::Result<(), alloc[2182bb758b4b3781]::string::String>>
[INFO] [stdout]   16:     0x6122c69644f5 - test[9d35eded1c95d3be]::run_test::{closure#0}
[INFO] [stdout]   17:     0x6122c695ddb4 - std[70759c8f55707aa4]::sys::backtrace::__rust_begin_short_backtrace::<test[9d35eded1c95d3be]::run_test::{closure#1}, ()>
[INFO] [stdout]   18:     0x6122c6967652 - <std[70759c8f55707aa4]::thread::lifecycle::spawn_unchecked<test[9d35eded1c95d3be]::run_test::{closure#1}, ()>::{closure#1} as core[df12db4294e9bfd3]::ops::function::FnOnce<()>>::call_once::{shim:vtable#0}
[INFO] [stdout]   19:     0x6122c6cfea29 - <std[70759c8f55707aa4]::sys::thread::unix::Thread>::new::thread_start
[INFO] [stdout]   20:     0x7ef78ab7edfa - <unknown>
[INFO] [stdout]   21:     0x7ef78ac123d4 - clone
[INFO] [stdout]   22:                0x0 - <unknown>
[INFO] [stdout] 
[INFO] [stdout] ---- analysis::ast_cache::tests::multi_file_operations::test_parse_with_verbose_output stdout ----
[INFO] [stdout] 
[INFO] [stdout] thread 'analysis::ast_cache::tests::multi_file_operations::test_parse_with_verbose_output' (1860) panicked at src/analysis/ast_cache.rs:182:40:
[INFO] [stdout] called `Result::unwrap()` on an `Err` value: Os { code: 30, kind: ReadOnlyFilesystem, message: "Read-only file system" }
[INFO] [stdout] stack backtrace:
[INFO] [stdout]    0:     0x6122c6cffad1 - <<std[70759c8f55707aa4]::sys::backtrace::BacktraceLock>::print::DisplayBacktrace as core[df12db4294e9bfd3]::fmt::Display>::fmt
[INFO] [stdout]    1:     0x6122c6d1893a - core[df12db4294e9bfd3]::fmt::write
[INFO] [stdout]    2:     0x6122c6d045cc - <alloc[2182bb758b4b3781]::vec::Vec<u8> as core[df12db4294e9bfd3]::io::write::Write>::write_fmt
[INFO] [stdout]    3:     0x6122c6cd7996 - std[70759c8f55707aa4]::panicking::default_hook::{closure#0}
[INFO] [stdout]    4:     0x6122c6cf5a19 - std[70759c8f55707aa4]::panicking::default_hook
[INFO] [stdout]    5:     0x6122c6963ba0 - test[9d35eded1c95d3be]::test_main_inner::<test[9d35eded1c95d3be]::test_main_static::{closure#0}>::{closure#0}
[INFO] [stdout]    6:     0x6122c6cf5d42 - std[70759c8f55707aa4]::panicking::panic_with_hook
[INFO] [stdout]    7:     0x6122c6cd7a42 - std[70759c8f55707aa4]::panicking::panic_handler::{closure#0}
[INFO] [stdout]    8:     0x6122c6cd0289 - std[70759c8f55707aa4]::sys::backtrace::__rust_end_short_backtrace::<std[70759c8f55707aa4]::panicking::panic_handler::{closure#0}, !>
[INFO] [stdout]    9:     0x6122c6cd894d - __rustc[8fa7c3cbc660c2b3]::rust_begin_unwind
[INFO] [stdout]   10:     0x6122c6d1915c - core[df12db4294e9bfd3]::panicking::panic_fmt
[INFO] [stdout]   11:     0x6122c6d18f32 - core[df12db4294e9bfd3]::result::unwrap_failed
[INFO] [stdout]   12:     0x6122c68fdfed - tauri_typegen[5489838d7edb4c4c]::analysis::ast_cache::tests::create_rust_file::<&alloc[2182bb758b4b3781]::string::String>
[INFO] [stdout]   13:     0x6122c68783ce - tauri_typegen[5489838d7edb4c4c]::analysis::ast_cache::tests::multi_file_operations::test_parse_with_verbose_output
[INFO] [stdout]   14:     0x6122c6817669 - <tauri_typegen[5489838d7edb4c4c]::analysis::ast_cache::tests::multi_file_operations::test_parse_with_verbose_output::{closure#0} as core[df12db4294e9bfd3]::ops::function::FnOnce<()>>::call_once
[INFO] [stdout]   15:     0x6122c6956e8b - test[9d35eded1c95d3be]::__rust_begin_short_backtrace::<core[df12db4294e9bfd3]::result::Result<(), alloc[2182bb758b4b3781]::string::String>, fn() -> core[df12db4294e9bfd3]::result::Result<(), alloc[2182bb758b4b3781]::string::String>>
[INFO] [stdout]   16:     0x6122c69644f5 - test[9d35eded1c95d3be]::run_test::{closure#0}
[INFO] [stdout]   17:     0x6122c695ddb4 - std[70759c8f55707aa4]::sys::backtrace::__rust_begin_short_backtrace::<test[9d35eded1c95d3be]::run_test::{closure#1}, ()>
[INFO] [stdout]   18:     0x6122c6967652 - <std[70759c8f55707aa4]::thread::lifecycle::spawn_unchecked<test[9d35eded1c95d3be]::run_test::{closure#1}, ()>::{closure#1} as core[df12db4294e9bfd3]::ops::function::FnOnce<()>>::call_once::{shim:vtable#0}
[INFO] [stdout]   19:     0x6122c6cfea29 - <std[70759c8f55707aa4]::sys::thread::unix::Thread>::new::thread_start
[INFO] [stdout]   20:     0x7ef78ab7edfa - <unknown>
[INFO] [stdout]   21:     0x7ef78ac123d4 - clone
[INFO] [stdout]   22:                0x0 - <unknown>
[INFO] [stdout] 
[INFO] [stdout] ---- analysis::ast_cache::tests::multi_file_operations::test_parse_skips_git_directory stdout ----
[INFO] [stdout] 
[INFO] [stdout] thread 'analysis::ast_cache::tests::multi_file_operations::test_parse_skips_git_directory' (1858) panicked at src/analysis/ast_cache.rs:325:62:
[INFO] [stdout] called `Result::unwrap()` on an `Err` value: Os { code: 30, kind: ReadOnlyFilesystem, message: "Read-only file system" }
[INFO] [stdout] stack backtrace:
[INFO] [stdout]    0:     0x6122c6cffad1 - <<std[70759c8f55707aa4]::sys::backtrace::BacktraceLock>::print::DisplayBacktrace as core[df12db4294e9bfd3]::fmt::Display>::fmt
[INFO] [stdout]    1:     0x6122c6d1893a - core[df12db4294e9bfd3]::fmt::write
[INFO] [stdout]    2:     0x6122c6d045cc - <alloc[2182bb758b4b3781]::vec::Vec<u8> as core[df12db4294e9bfd3]::io::write::Write>::write_fmt
[INFO] [stdout]    3:     0x6122c6cd7996 - std[70759c8f55707aa4]::panicking::default_hook::{closure#0}
[INFO] [stdout]    4:     0x6122c6cf5a19 - std[70759c8f55707aa4]::panicking::default_hook
[INFO] [stdout]    5:     0x6122c6963ba0 - test[9d35eded1c95d3be]::test_main_inner::<test[9d35eded1c95d3be]::test_main_static::{closure#0}>::{closure#0}
[INFO] [stdout]    6:     0x6122c6cf5d42 - std[70759c8f55707aa4]::panicking::panic_with_hook
[INFO] [stdout]    7:     0x6122c6cd7a42 - std[70759c8f55707aa4]::panicking::panic_handler::{closure#0}
[INFO] [stdout]    8:     0x6122c6cd0289 - std[70759c8f55707aa4]::sys::backtrace::__rust_end_short_backtrace::<std[70759c8f55707aa4]::panicking::panic_handler::{closure#0}, !>
[INFO] [stdout]    9:     0x6122c6cd894d - __rustc[8fa7c3cbc660c2b3]::rust_begin_unwind
[INFO] [stdout]   10:     0x6122c6d1915c - core[df12db4294e9bfd3]::panicking::panic_fmt
[INFO] [stdout]   11:     0x6122c6d18f32 - core[df12db4294e9bfd3]::result::unwrap_failed
[INFO] [stdout]   12:     0x6122c68782b1 - tauri_typegen[5489838d7edb4c4c]::analysis::ast_cache::tests::multi_file_operations::test_parse_skips_git_directory
[INFO] [stdout]   13:     0x6122c6817649 - <tauri_typegen[5489838d7edb4c4c]::analysis::ast_cache::tests::multi_file_operations::test_parse_skips_git_directory::{closure#0} as core[df12db4294e9bfd3]::ops::function::FnOnce<()>>::call_once
[INFO] [stdout]   14:     0x6122c6956e8b - test[9d35eded1c95d3be]::__rust_begin_short_backtrace::<core[df12db4294e9bfd3]::result::Result<(), alloc[2182bb758b4b3781]::string::String>, fn() -> core[df12db4294e9bfd3]::result::Result<(), alloc[2182bb758b4b3781]::string::String>>
[INFO] [stdout]   15:     0x6122c69644f5 - test[9d35eded1c95d3be]::run_test::{closure#0}
[INFO] [stdout]   16:     0x6122c695ddb4 - std[70759c8f55707aa4]::sys::backtrace::__rust_begin_short_backtrace::<test[9d35eded1c95d3be]::run_test::{closure#1}, ()>
[INFO] [stdout]   17:     0x6122c6967652 - <std[70759c8f55707aa4]::thread::lifecycle::spawn_unchecked<test[9d35eded1c95d3be]::run_test::{closure#1}, ()>::{closure#1} as core[df12db4294e9bfd3]::ops::function::FnOnce<()>>::call_once::{shim:vtable#0}
[INFO] [stdout]   18:     0x6122c6cfea29 - <std[70759c8f55707aa4]::sys::thread::unix::Thread>::new::thread_start
[INFO] [stdout]   19:     0x7ef78ab7edfa - <unknown>
[INFO] [stdout]   20:     0x7ef78ac123d4 - clone
[INFO] [stdout]   21:                0x0 - <unknown>
[INFO] [stdout] 
[INFO] [stdout] ---- analysis::ast_cache::tests::multi_file_operations::test_parse_skips_target_directory stdout ----
[INFO] [stdout] 
[INFO] [stdout] thread 'analysis::ast_cache::tests::multi_file_operations::test_parse_skips_target_directory' (1859) panicked at src/analysis/ast_cache.rs:309:64:
[INFO] [stdout] called `Result::unwrap()` on an `Err` value: Os { code: 30, kind: ReadOnlyFilesystem, message: "Read-only file system" }
[INFO] [stdout] stack backtrace:
[INFO] [stdout]    0:     0x6122c6cffad1 - <<std[70759c8f55707aa4]::sys::backtrace::BacktraceLock>::print::DisplayBacktrace as core[df12db4294e9bfd3]::fmt::Display>::fmt
[INFO] [stdout]    1:     0x6122c6d1893a - core[df12db4294e9bfd3]::fmt::write
[INFO] [stdout]    2:     0x6122c6d045cc - <alloc[2182bb758b4b3781]::vec::Vec<u8> as core[df12db4294e9bfd3]::io::write::Write>::write_fmt
[INFO] [stdout]    3:     0x6122c6cd7996 - std[70759c8f55707aa4]::panicking::default_hook::{closure#0}
[INFO] [stdout]    4:     0x6122c6cf5a19 - std[70759c8f55707aa4]::panicking::default_hook
[INFO] [stdout]    5:     0x6122c6963ba0 - test[9d35eded1c95d3be]::test_main_inner::<test[9d35eded1c95d3be]::test_main_static::{closure#0}>::{closure#0}
[INFO] [stdout]    6:     0x6122c6cf5d42 - std[70759c8f55707aa4]::panicking::panic_with_hook
[INFO] [stdout]    7:     0x6122c6cd7a42 - std[70759c8f55707aa4]::panicking::panic_handler::{closure#0}
[INFO] [stdout]    8:     0x6122c6cd0289 - std[70759c8f55707aa4]::sys::backtrace::__rust_end_short_backtrace::<std[70759c8f55707aa4]::panicking::panic_handler::{closure#0}, !>
[INFO] [stdout]    9:     0x6122c6cd894d - __rustc[8fa7c3cbc660c2b3]::rust_begin_unwind
[INFO] [stdout]   10:     0x6122c6d1915c - core[df12db4294e9bfd3]::panicking::panic_fmt
[INFO] [stdout]   11:     0x6122c6d18f32 - core[df12db4294e9bfd3]::result::unwrap_failed
[INFO] [stdout]   12:     0x6122c6878791 - tauri_typegen[5489838d7edb4c4c]::analysis::ast_cache::tests::multi_file_operations::test_parse_skips_target_directory
[INFO] [stdout]   13:     0x6122c6817689 - <tauri_typegen[5489838d7edb4c4c]::analysis::ast_cache::tests::multi_file_operations::test_parse_skips_target_directory::{closure#0} as core[df12db4294e9bfd3]::ops::function::FnOnce<()>>::call_once
[INFO] [stdout]   14:     0x6122c6956e8b - test[9d35eded1c95d3be]::__rust_begin_short_backtrace::<core[df12db4294e9bfd3]::result::Result<(), alloc[2182bb758b4b3781]::string::String>, fn() -> core[df12db4294e9bfd3]::result::Result<(), alloc[2182bb758b4b3781]::string::String>>
[INFO] [stdout]   15:     0x6122c69644f5 - test[9d35eded1c95d3be]::run_test::{closure#0}
[INFO] [stdout]   16:     0x6122c695ddb4 - std[70759c8f55707aa4]::sys::backtrace::__rust_begin_short_backtrace::<test[9d35eded1c95d3be]::run_test::{closure#1}, ()>
[INFO] [stdout]   17:     0x6122c6967652 - <std[70759c8f55707aa4]::thread::lifecycle::spawn_unchecked<test[9d35eded1c95d3be]::run_test::{closure#1}, ()>::{closure#1} as core[df12db4294e9bfd3]::ops::function::FnOnce<()>>::call_once::{shim:vtable#0}
[INFO] [stdout]   18:     0x6122c6cfea29 - <std[70759c8f55707aa4]::sys::thread::unix::Thread>::new::thread_start
[INFO] [stdout]   19:     0x7ef78ab7edfa - <unknown>
[INFO] [stdout]   20:     0x7ef78ac123d4 - clone
[INFO] [stdout]   21:                0x0 - <unknown>
[INFO] [stdout] 
[INFO] [stdout] ---- analysis::ast_cache::tests::single_file_operations::test_parse_and_cache_single_file stdout ----
[INFO] [stdout] 
[INFO] [stdout] thread 'analysis::ast_cache::tests::single_file_operations::test_parse_and_cache_single_file' (1863) panicked at src/analysis/ast_cache.rs:182:40:
[INFO] [stdout] called `Result::unwrap()` on an `Err` value: Os { code: 30, kind: ReadOnlyFilesystem, message: "Read-only file system" }
[INFO] [stdout] stack backtrace:
[INFO] [stdout]    0:     0x6122c6cffad1 - <<std[70759c8f55707aa4]::sys::backtrace::BacktraceLock>::print::DisplayBacktrace as core[df12db4294e9bfd3]::fmt::Display>::fmt
[INFO] [stdout]    1:     0x6122c6d1893a - core[df12db4294e9bfd3]::fmt::write
[INFO] [stdout]    2:     0x6122c6d045cc - <alloc[2182bb758b4b3781]::vec::Vec<u8> as core[df12db4294e9bfd3]::io::write::Write>::write_fmt
[INFO] [stdout]    3:     0x6122c6cd7996 - std[70759c8f55707aa4]::panicking::default_hook::{closure#0}
[INFO] [stdout]    4:     0x6122c6cf5a19 - std[70759c8f55707aa4]::panicking::default_hook
[INFO] [stdout]    5:     0x6122c6963ba0 - test[9d35eded1c95d3be]::test_main_inner::<test[9d35eded1c95d3be]::test_main_static::{closure#0}>::{closure#0}
[INFO] [stdout]    6:     0x6122c6cf5d42 - std[70759c8f55707aa4]::panicking::panic_with_hook
[INFO] [stdout]    7:     0x6122c6cd7a42 - std[70759c8f55707aa4]::panicking::panic_handler::{closure#0}
[INFO] [stdout]    8:     0x6122c6cd0289 - std[70759c8f55707aa4]::sys::backtrace::__rust_end_short_backtrace::<std[70759c8f55707aa4]::panicking::panic_handler::{closure#0}, !>
[INFO] [stdout]    9:     0x6122c6cd894d - __rustc[8fa7c3cbc660c2b3]::rust_begin_unwind
[INFO] [stdout]   10:     0x6122c6d1915c - core[df12db4294e9bfd3]::panicking::panic_fmt
[INFO] [stdout]   11:     0x6122c6d18f32 - core[df12db4294e9bfd3]::result::unwrap_failed
[INFO] [stdout]   12:     0x6122c68fdfed - tauri_typegen[5489838d7edb4c4c]::analysis::ast_cache::tests::create_rust_file::<&alloc[2182bb758b4b3781]::string::String>
[INFO] [stdout]   13:     0x6122c68f5c87 - tauri_typegen[5489838d7edb4c4c]::analysis::ast_cache::tests::single_file_operations::test_parse_and_cache_single_file
[INFO] [stdout]   14:     0x6122c68176c9 - <tauri_typegen[5489838d7edb4c4c]::analysis::ast_cache::tests::single_file_operations::test_parse_and_cache_single_file::{closure#0} as core[df12db4294e9bfd3]::ops::function::FnOnce<()>>::call_once
[INFO] [stdout]   15:     0x6122c6956e8b - test[9d35eded1c95d3be]::__rust_begin_short_backtrace::<core[df12db4294e9bfd3]::result::Result<(), alloc[2182bb758b4b3781]::string::String>, fn() -> core[df12db4294e9bfd3]::result::Result<(), alloc[2182bb758b4b3781]::string::String>>
[INFO] [stdout]   16:     0x6122c69644f5 - test[9d35eded1c95d3be]::run_test::{closure#0}
[INFO] [stdout]   17:     0x6122c695ddb4 - std[70759c8f55707aa4]::sys::backtrace::__rust_begin_short_backtrace::<test[9d35eded1c95d3be]::run_test::{closure#1}, ()>
[INFO] [stdout]   18:     0x6122c6967652 - <std[70759c8f55707aa4]::thread::lifecycle::spawn_unchecked<test[9d35eded1c95d3be]::run_test::{closure#1}, ()>::{closure#1} as core[df12db4294e9bfd3]::ops::function::FnOnce<()>>::call_once::{shim:vtable#0}
[INFO] [stdout]   19:     0x6122c6cfea29 - <std[70759c8f55707aa4]::sys::thread::unix::Thread>::new::thread_start
[INFO] [stdout]   20:     0x7ef78ab7edfa - <unknown>
[INFO] [stdout]   21:     0x7ef78ac123d4 - clone
[INFO] [stdout]   22:                0x0 - <unknown>
[INFO] [stdout] 
[INFO] [stdout] ---- generators::base::file_writer::tests::edge_cases::test_overwrite_existing_file stdout ----
[INFO] [stdout] 
[INFO] [stdout] thread 'generators::base::file_writer::tests::edge_cases::test_overwrite_existing_file' (2305) panicked at src/generators/base/file_writer.rs:126:39:
[INFO] [stdout] called `Result::unwrap()` on an `Err` value: Os { code: 30, kind: ReadOnlyFilesystem, message: "Read-only file system" }
[INFO] [stdout] stack backtrace:
[INFO] [stdout]    0:     0x6122c6cffad1 - <<std[70759c8f55707aa4]::sys::backtrace::BacktraceLock>::print::DisplayBacktrace as core[df12db4294e9bfd3]::fmt::Display>::fmt
[INFO] [stdout]    1:     0x6122c6d1893a - core[df12db4294e9bfd3]::fmt::write
[INFO] [stdout]    2:     0x6122c6d045cc - <alloc[2182bb758b4b3781]::vec::Vec<u8> as core[df12db4294e9bfd3]::io::write::Write>::write_fmt
[INFO] [stdout]    3:     0x6122c6cd7996 - std[70759c8f55707aa4]::panicking::default_hook::{closure#0}
[INFO] [stdout]    4:     0x6122c6cf5a19 - std[70759c8f55707aa4]::panicking::default_hook
[INFO] [stdout]    5:     0x6122c6963ba0 - test[9d35eded1c95d3be]::test_main_inner::<test[9d35eded1c95d3be]::test_main_static::{closure#0}>::{closure#0}
[INFO] [stdout]    6:     0x6122c6cf5d42 - std[70759c8f55707aa4]::panicking::panic_with_hook
[INFO] [stdout]    7:     0x6122c6cd7a42 - std[70759c8f55707aa4]::panicking::panic_handler::{closure#0}
[INFO] [stdout]    8:     0x6122c6cd0289 - std[70759c8f55707aa4]::sys::backtrace::__rust_end_short_backtrace::<std[70759c8f55707aa4]::panicking::panic_handler::{closure#0}, !>
[INFO] [stdout]    9:     0x6122c6cd894d - __rustc[8fa7c3cbc660c2b3]::rust_begin_unwind
[INFO] [stdout]   10:     0x6122c6d1915c - core[df12db4294e9bfd3]::panicking::panic_fmt
[INFO] [stdout]   11:     0x6122c6d18f32 - core[df12db4294e9bfd3]::result::unwrap_failed
[INFO] [stdout]   12:     0x6122c685e4b5 - <tauri_typegen[5489838d7edb4c4c]::generators::base::file_writer::tests::TestDir>::new
[INFO] [stdout]   13:     0x6122c686648d - tauri_typegen[5489838d7edb4c4c]::generators::base::file_writer::tests::edge_cases::test_overwrite_existing_file
[INFO] [stdout]   14:     0x6122c6817ec9 - <tauri_typegen[5489838d7edb4c4c]::generators::base::file_writer::tests::edge_cases::test_overwrite_existing_file::{closure#0} as core[df12db4294e9bfd3]::ops::function::FnOnce<()>>::call_once
[INFO] [stdout]   15:     0x6122c6956e8b - test[9d35eded1c95d3be]::__rust_begin_short_backtrace::<core[df12db4294e9bfd3]::result::Result<(), alloc[2182bb758b4b3781]::string::String>, fn() -> core[df12db4294e9bfd3]::result::Result<(), alloc[2182bb758b4b3781]::string::String>>
[INFO] [stdout]   16:     0x6122c69644f5 - test[9d35eded1c95d3be]::run_test::{closure#0}
[INFO] [stdout]   17:     0x6122c695ddb4 - std[70759c8f55707aa4]::sys::backtrace::__rust_begin_short_backtrace::<test[9d35eded1c95d3be]::run_test::{closure#1}, ()>
[INFO] [stdout]   18:     0x6122c6967652 - <std[70759c8f55707aa4]::thread::lifecycle::spawn_unchecked<test[9d35eded1c95d3be]::run_test::{closure#1}, ()>::{closure#1} as core[df12db4294e9bfd3]::ops::function::FnOnce<()>>::call_once::{shim:vtable#0}
[INFO] [stdout]   19:     0x6122c6cfea29 - <std[70759c8f55707aa4]::sys::thread::unix::Thread>::new::thread_start
[INFO] [stdout]   20:     0x7ef78ab7edfa - <unknown>
[INFO] [stdout]   21:     0x7ef78ac123d4 - clone
[INFO] [stdout]   22:                0x0 - <unknown>
[INFO] [stdout] 
[INFO] [stdout] ---- generators::base::file_writer::tests::edge_cases::test_write_empty_content stdout ----
[INFO] [stdout] 
[INFO] [stdout] thread 'generators::base::file_writer::tests::edge_cases::test_write_empty_content' (2306) panicked at src/generators/base/file_writer.rs:126:39:
[INFO] [stdout] called `Result::unwrap()` on an `Err` value: Os { code: 30, kind: ReadOnlyFilesystem, message: "Read-only file system" }
[INFO] [stdout] stack backtrace:
[INFO] [stdout]    0:     0x6122c6cffad1 - <<std[70759c8f55707aa4]::sys::backtrace::BacktraceLock>::print::DisplayBacktrace as core[df12db4294e9bfd3]::fmt::Display>::fmt
[INFO] [stdout]    1:     0x6122c6d1893a - core[df12db4294e9bfd3]::fmt::write
[INFO] [stdout]    2:     0x6122c6d045cc - <alloc[2182bb758b4b3781]::vec::Vec<u8> as core[df12db4294e9bfd3]::io::write::Write>::write_fmt
[INFO] [stdout]    3:     0x6122c6cd7996 - std[70759c8f55707aa4]::panicking::default_hook::{closure#0}
[INFO] [stdout]    4:     0x6122c6cf5a19 - std[70759c8f55707aa4]::panicking::default_hook
[INFO] [stdout]    5:     0x6122c6963ba0 - test[9d35eded1c95d3be]::test_main_inner::<test[9d35eded1c95d3be]::test_main_static::{closure#0}>::{closure#0}
[INFO] [stdout]    6:     0x6122c6cf5d42 - std[70759c8f55707aa4]::panicking::panic_with_hook
[INFO] [stdout]    7:     0x6122c6cd7a42 - std[70759c8f55707aa4]::panicking::panic_handler::{closure#0}
[INFO] [stdout]    8:     0x6122c6cd0289 - std[70759c8f55707aa4]::sys::backtrace::__rust_end_short_backtrace::<std[70759c8f55707aa4]::panicking::panic_handler::{closure#0}, !>
[INFO] [stdout]    9:     0x6122c6cd894d - __rustc[8fa7c3cbc660c2b3]::rust_begin_unwind
[INFO] [stdout]   10:     0x6122c6d1915c - core[df12db4294e9bfd3]::panicking::panic_fmt
[INFO] [stdout]   11:     0x6122c6d18f32 - core[df12db4294e9bfd3]::result::unwrap_failed
[INFO] [stdout]   12:     0x6122c685e4b5 - <tauri_typegen[5489838d7edb4c4c]::generators::base::file_writer::tests::TestDir>::new
[INFO] [stdout]   13:     0x6122c6865bca - tauri_typegen[5489838d7edb4c4c]::generators::base::file_writer::tests::edge_cases::test_write_empty_content
[INFO] [stdout]   14:     0x6122c6817e89 - <tauri_typegen[5489838d7edb4c4c]::generators::base::file_writer::tests::edge_cases::test_write_empty_content::{closure#0} as core[df12db4294e9bfd3]::ops::function::FnOnce<()>>::call_once
[INFO] [stdout]   15:     0x6122c6956e8b - test[9d35eded1c95d3be]::__rust_begin_short_backtrace::<core[df12db4294e9bfd3]::result::Result<(), alloc[2182bb758b4b3781]::string::String>, fn() -> core[df12db4294e9bfd3]::result::Result<(), alloc[2182bb758b4b3781]::string::String>>
[INFO] [stdout]   16:     0x6122c69644f5 - test[9d35eded1c95d3be]::run_test::{closure#0}
[INFO] [stdout]   17:     0x6122c695ddb4 - std[70759c8f55707aa4]::sys::backtrace::__rust_begin_short_backtrace::<test[9d35eded1c95d3be]::run_test::{closure#1}, ()>
[INFO] [stdout]   18:     0x6122c6967652 - <std[70759c8f55707aa4]::thread::lifecycle::spawn_unchecked<test[9d35eded1c95d3be]::run_test::{closure#1}, ()>::{closure#1} as core[df12db4294e9bfd3]::ops::function::FnOnce<()>>::call_once::{shim:vtable#0}
[INFO] [stdout]   19:     0x6122c6cfea29 - <std[70759c8f55707aa4]::sys::thread::unix::Thread>::new::thread_start
[INFO] [stdout]   20:     0x7ef78ab7edfa - <unknown>
[INFO] [stdout]   21:     0x7ef78ac123d4 - clone
[INFO] [stdout]   22:                0x0 - <unknown>
[INFO] [stdout] 
[INFO] [stdout] ---- generators::base::file_writer::tests::edge_cases::test_write_large_content stdout ----
[INFO] [stdout] 
[INFO] [stdout] thread 'generators::base::file_writer::tests::edge_cases::test_write_large_content' (2307) panicked at src/generators/base/file_writer.rs:126:39:
[INFO] [stdout] called `Result::unwrap()` on an `Err` value: Os { code: 30, kind: ReadOnlyFilesystem, message: "Read-only file system" }
[INFO] [stdout] stack backtrace:
[INFO] [stdout]    0:     0x6122c6cffad1 - <<std[70759c8f55707aa4]::sys::backtrace::BacktraceLock>::print::DisplayBacktrace as core[df12db4294e9bfd3]::fmt::Display>::fmt
[INFO] [stdout]    1:     0x6122c6d1893a - core[df12db4294e9bfd3]::fmt::write
[INFO] [stdout]    2:     0x6122c6d045cc - <alloc[2182bb758b4b3781]::vec::Vec<u8> as core[df12db4294e9bfd3]::io::write::Write>::write_fmt
[INFO] [stdout]    3:     0x6122c6cd7996 - std[70759c8f55707aa4]::panicking::default_hook::{closure#0}
[INFO] [stdout]    4:     0x6122c6cf5a19 - std[70759c8f55707aa4]::panicking::default_hook
[INFO] [stdout]    5:     0x6122c6963ba0 - test[9d35eded1c95d3be]::test_main_inner::<test[9d35eded1c95d3be]::test_main_static::{closure#0}>::{closure#0}
[INFO] [stdout]    6:     0x6122c6cf5d42 - std[70759c8f55707aa4]::panicking::panic_with_hook
[INFO] [stdout]    7:     0x6122c6cd7a42 - std[70759c8f55707aa4]::panicking::panic_handler::{closure#0}
[INFO] [stdout]    8:     0x6122c6cd0289 - std[70759c8f55707aa4]::sys::backtrace::__rust_end_short_backtrace::<std[70759c8f55707aa4]::panicking::panic_handler::{closure#0}, !>
[INFO] [stdout]    9:     0x6122c6cd894d - __rustc[8fa7c3cbc660c2b3]::rust_begin_unwind
[INFO] [stdout]   10:     0x6122c6d1915c - core[df12db4294e9bfd3]::panicking::panic_fmt
[INFO] [stdout]   11:     0x6122c6d18f32 - core[df12db4294e9bfd3]::result::unwrap_failed
[INFO] [stdout]   12:     0x6122c685e4b5 - <tauri_typegen[5489838d7edb4c4c]::generators::base::file_writer::tests::TestDir>::new
[INFO] [stdout]   13:     0x6122c6865f6b - tauri_typegen[5489838d7edb4c4c]::generators::base::file_writer::tests::edge_cases::test_write_large_content
[INFO] [stdout]   14:     0x6122c6817ea9 - <tauri_typegen[5489838d7edb4c4c]::generators::base::file_writer::tests::edge_cases::test_write_large_content::{closure#0} as core[df12db4294e9bfd3]::ops::function::FnOnce<()>>::call_once
[INFO] [stdout]   15:     0x6122c6956e8b - test[9d35eded1c95d3be]::__rust_begin_short_backtrace::<core[df12db4294e9bfd3]::result::Result<(), alloc[2182bb758b4b3781]::string::String>, fn() -> core[df12db4294e9bfd3]::result::Result<(), alloc[2182bb758b4b3781]::string::String>>
[INFO] [stdout]   16:     0x6122c69644f5 - test[9d35eded1c95d3be]::run_test::{closure#0}
[INFO] [stdout]   17:     0x6122c695ddb4 - std[70759c8f55707aa4]::sys::backtrace::__rust_begin_short_backtrace::<test[9d35eded1c95d3be]::run_test::{closure#1}, ()>
[INFO] [stdout]   18:     0x6122c6967652 - <std[70759c8f55707aa4]::thread::lifecycle::spawn_unchecked<test[9d35eded1c95d3be]::run_test::{closure#1}, ()>::{closure#1} as core[df12db4294e9bfd3]::ops::function::FnOnce<()>>::call_once::{shim:vtable#0}
[INFO] [stdout]   19:     0x6122c6cfea29 - <std[70759c8f55707aa4]::sys::thread::unix::Thread>::new::thread_start
[INFO] [stdout]   20:     0x7ef78ab7edfa - <unknown>
[INFO] [stdout]   21:     0x7ef78ac123d4 - clone
[INFO] [stdout]   22:                0x0 - <unknown>
[INFO] [stdout] 
[INFO] [stdout] ---- generators::base::file_writer::tests::file_operations::test_ensure_directory_exists stdout ----
[INFO] [stdout] 
[INFO] [stdout] thread 'generators::base::file_writer::tests::file_operations::test_ensure_directory_exists' (2310) panicked at src/generators/base/file_writer.rs:126:39:
[INFO] [stdout] called `Result::unwrap()` on an `Err` value: Os { code: 30, kind: ReadOnlyFilesystem, message: "Read-only file system" }
[INFO] [stdout] stack backtrace:
[INFO] [stdout]    0:     0x6122c6cffad1 - <<std[70759c8f55707aa4]::sys::backtrace::BacktraceLock>::print::DisplayBacktrace as core[df12db4294e9bfd3]::fmt::Display>::fmt
[INFO] [stdout]    1:     0x6122c6d1893a - core[df12db4294e9bfd3]::fmt::write
[INFO] [stdout]    2:     0x6122c6d045cc - <alloc[2182bb758b4b3781]::vec::Vec<u8> as core[df12db4294e9bfd3]::io::write::Write>::write_fmt
[INFO] [stdout]    3:     0x6122c6cd7996 - std[70759c8f55707aa4]::panicking::default_hook::{closure#0}
[INFO] [stdout]    4:     0x6122c6cf5a19 - std[70759c8f55707aa4]::panicking::default_hook
[INFO] [stdout]    5:     0x6122c6963ba0 - test[9d35eded1c95d3be]::test_main_inner::<test[9d35eded1c95d3be]::test_main_static::{closure#0}>::{closure#0}
[INFO] [stdout]    6:     0x6122c6cf5d42 - std[70759c8f55707aa4]::panicking::panic_with_hook
[INFO] [stdout]    7:     0x6122c6cd7a42 - std[70759c8f55707aa4]::panicking::panic_handler::{closure#0}
[INFO] [stdout]    8:     0x6122c6cd0289 - std[70759c8f55707aa4]::sys::backtrace::__rust_end_short_backtrace::<std[70759c8f55707aa4]::panicking::panic_handler::{closure#0}, !>
[INFO] [stdout]    9:     0x6122c6cd894d - __rustc[8fa7c3cbc660c2b3]::rust_begin_unwind
[INFO] [stdout]   10:     0x6122c6d1915c - core[df12db4294e9bfd3]::panicking::panic_fmt
[INFO] [stdout]   11:     0x6122c6d18f32 - core[df12db4294e9bfd3]::result::unwrap_failed
[INFO] [stdout]   12:     0x6122c685e4b5 - <tauri_typegen[5489838d7edb4c4c]::generators::base::file_writer::tests::TestDir>::new
[INFO] [stdout]   13:     0x6122c68672e8 - tauri_typegen[5489838d7edb4c4c]::generators::base::file_writer::tests::file_operations::test_ensure_directory_exists
[INFO] [stdout]   14:     0x6122c68180a9 - <tauri_typegen[5489838d7edb4c4c]::generators::base::file_writer::tests::file_operations::test_ensure_directory_exists::{closure#0} as core[df12db4294e9bfd3]::ops::function::FnOnce<()>>::call_once
[INFO] [stdout]   15:     0x6122c6956e8b - test[9d35eded1c95d3be]::__rust_begin_short_backtrace::<core[df12db4294e9bfd3]::result::Result<(), alloc[2182bb758b4b3781]::string::String>, fn() -> core[df12db4294e9bfd3]::result::Result<(), alloc[2182bb758b4b3781]::string::String>>
[INFO] [stdout]   16:     0x6122c69644f5 - test[9d35eded1c95d3be]::run_test::{closure#0}
[INFO] [stdout]   17:     0x6122c695ddb4 - std[70759c8f55707aa4]::sys::backtrace::__rust_begin_short_backtrace::<test[9d35eded1c95d3be]::run_test::{closure#1}, ()>
[INFO] [stdout]   18:     0x6122c6967652 - <std[70759c8f55707aa4]::thread::lifecycle::spawn_unchecked<test[9d35eded1c95d3be]::run_test::{closure#1}, ()>::{closure#1} as core[df12db4294e9bfd3]::ops::function::FnOnce<()>>::call_once::{shim:vtable#0}
[INFO] [stdout]   19:     0x6122c6cfea29 - <std[70759c8f55707aa4]::sys::thread::unix::Thread>::new::thread_start
[INFO] [stdout]   20:     0x7ef78ab7edfa - <unknown>
[INFO] [stdout]   21:     0x7ef78ac123d4 - clone
[INFO] [stdout]   22:                0x0 - <unknown>
[INFO] [stdout] 
[INFO] [stdout] ---- generators::base::file_writer::tests::file_operations::test_delete_file stdout ----
[INFO] [stdout] 
[INFO] [stdout] thread 'generators::base::file_writer::tests::file_operations::test_delete_file' (2308) panicked at src/generators/base/file_writer.rs:126:39:
[INFO] [stdout] called `Result::unwrap()` on an `Err` value: Os { code: 30, kind: ReadOnlyFilesystem, message: "Read-only file system" }
[INFO] [stdout] stack backtrace:
[INFO] [stdout]    0:     0x6122c6cffad1 - <<std[70759c8f55707aa4]::sys::backtrace::BacktraceLock>::print::DisplayBacktrace as core[df12db4294e9bfd3]::fmt::Display>::fmt
[INFO] [stdout]    1:     0x6122c6d1893a - core[df12db4294e9bfd3]::fmt::write
[INFO] [stdout]    2:     0x6122c6d045cc - <alloc[2182bb758b4b3781]::vec::Vec<u8> as core[df12db4294e9bfd3]::io::write::Write>::write_fmt
[INFO] [stdout]    3:     0x6122c6cd7996 - std[70759c8f55707aa4]::panicking::default_hook::{closure#0}
[INFO] [stdout]    4:     0x6122c6cf5a19 - std[70759c8f55707aa4]::panicking::default_hook
[INFO] [stdout]    5:     0x6122c6963ba0 - test[9d35eded1c95d3be]::test_main_inner::<test[9d35eded1c95d3be]::test_main_static::{closure#0}>::{closure#0}
[INFO] [stdout]    6:     0x6122c6cf5d42 - std[70759c8f55707aa4]::panicking::panic_with_hook
[INFO] [stdout]    7:     0x6122c6cd7a42 - std[70759c8f55707aa4]::panicking::panic_handler::{closure#0}
[INFO] [stdout]    8:     0x6122c6cd0289 - std[70759c8f55707aa4]::sys::backtrace::__rust_end_short_backtrace::<std[70759c8f55707aa4]::panicking::panic_handler::{closure#0}, !>
[INFO] [stdout]    9:     0x6122c6cd894d - __rustc[8fa7c3cbc660c2b3]::rust_begin_unwind
[INFO] [stdout]   10:     0x6122c6d1915c - core[df12db4294e9bfd3]::panicking::panic_fmt
[INFO] [stdout]   11:     0x6122c6d18f32 - core[df12db4294e9bfd3]::result::unwrap_failed
[INFO] [stdout]   12:     0x6122c685e4b5 - <tauri_typegen[5489838d7edb4c4c]::generators::base::file_writer::tests::TestDir>::new
[INFO] [stdout]   13:     0x6122c686691a - tauri_typegen[5489838d7edb4c4c]::generators::base::file_writer::tests::file_operations::test_delete_file
[INFO] [stdout]   14:     0x6122c6818029 - <tauri_typegen[5489838d7edb4c4c]::generators::base::file_writer::tests::file_operations::test_delete_file::{closure#0} as core[df12db4294e9bfd3]::ops::function::FnOnce<()>>::call_once
[INFO] [stdout]   15:     0x6122c6956e8b - test[9d35eded1c95d3be]::__rust_begin_short_backtrace::<core[df12db4294e9bfd3]::result::Result<(), alloc[2182bb758b4b3781]::string::String>, fn() -> core[df12db4294e9bfd3]::result::Result<(), alloc[2182bb758b4b3781]::string::String>>
[INFO] [stdout]   16:     0x6122c69644f5 - test[9d35eded1c95d3be]::run_test::{closure#0}
[INFO] [stdout]   17:     0x6122c695ddb4 - std[70759c8f55707aa4]::sys::backtrace::__rust_begin_short_backtrace::<test[9d35eded1c95d3be]::run_test::{closure#1}, ()>
[INFO] [stdout]   18:     0x6122c6967652 - <std[70759c8f55707aa4]::thread::lifecycle::spawn_unchecked<test[9d35eded1c95d3be]::run_test::{closure#1}, ()>::{closure#1} as core[df12db4294e9bfd3]::ops::function::FnOnce<()>>::call_once::{shim:vtable#0}
[INFO] [stdout]   19:     0x6122c6cfea29 - <std[70759c8f55707aa4]::sys::thread::unix::Thread>::new::thread_start
[INFO] [stdout]   20:     0x7ef78ab7edfa - <unknown>
[INFO] [stdout]   21:     0x7ef78ac123d4 - clone
[INFO] [stdout]   22:                0x0 - <unknown>
[INFO] [stdout] 
[INFO] [stdout] ---- generators::base::file_writer::tests::file_operations::test_ensure_directory_exists_already_exists stdout ----
[INFO] [stdout] 
[INFO] [stdout] thread 'generators::base::file_writer::tests::file_operations::test_ensure_directory_exists_already_exists' (2311) panicked at src/generators/base/file_writer.rs:126:39:
[INFO] [stdout] called `Result::unwrap()` on an `Err` value: Os { code: 30, kind: ReadOnlyFilesystem, message: "Read-only file system" }
[INFO] [stdout] stack backtrace:
[INFO] [stdout]    0:     0x6122c6cffad1 - <<std[70759c8f55707aa4]::sys::backtrace::BacktraceLock>::print::DisplayBacktrace as core[df12db4294e9bfd3]::fmt::Display>::fmt
[INFO] [stdout]    1:     0x6122c6d1893a - core[df12db4294e9bfd3]::fmt::write
[INFO] [stdout]    2:     0x6122c6d045cc - <alloc[2182bb758b4b3781]::vec::Vec<u8> as core[df12db4294e9bfd3]::io::write::Write>::write_fmt
[INFO] [stdout]    3:     0x6122c6cd7996 - std[70759c8f55707aa4]::panicking::default_hook::{closure#0}
[INFO] [stdout]    4:     0x6122c6cf5a19 - std[70759c8f55707aa4]::panicking::default_hook
[INFO] [stdout]    5:     0x6122c6963ba0 - test[9d35eded1c95d3be]::test_main_inner::<test[9d35eded1c95d3be]::test_main_static::{closure#0}>::{closure#0}
[INFO] [stdout]    6:     0x6122c6cf5d42 - std[70759c8f55707aa4]::panicking::panic_with_hook
[INFO] [stdout]    7:     0x6122c6cd7a42 - std[70759c8f55707aa4]::panicking::panic_handler::{closure#0}
[INFO] [stdout]    8:     0x6122c6cd0289 - std[70759c8f55707aa4]::sys::backtrace::__rust_end_short_backtrace::<std[70759c8f55707aa4]::panicking::panic_handler::{closure#0}, !>
[INFO] [stdout]    9:     0x6122c6cd894d - __rustc[8fa7c3cbc660c2b3]::rust_begin_unwind
[INFO] [stdout]   10:     0x6122c6d1915c - core[df12db4294e9bfd3]::panicking::panic_fmt
[INFO] [stdout]   11:     0x6122c6d18f32 - core[df12db4294e9bfd3]::result::unwrap_failed
[INFO] [stdout]   12:     0x6122c685e4b5 - <tauri_typegen[5489838d7edb4c4c]::generators::base::file_writer::tests::TestDir>::new
[INFO] [stdout]   13:     0x6122c6867511 - tauri_typegen[5489838d7edb4c4c]::generators::base::file_writer::tests::file_operations::test_ensure_directory_exists_already_exists
[INFO] [stdout]   14:     0x6122c68180c9 - <tauri_typegen[5489838d7edb4c4c]::generators::base::file_writer::tests::file_operations::test_ensure_directory_exists_already_exists::{closure#0} as core[df12db4294e9bfd3]::ops::function::FnOnce<()>>::call_once
[INFO] [stdout]   15:     0x6122c6956e8b - test[9d35eded1c95d3be]::__rust_begin_short_backtrace::<core[df12db4294e9bfd3]::result::Result<(), alloc[2182bb758b4b3781]::string::String>, fn() -> core[df12db4294e9bfd3]::result::Result<(), alloc[2182bb758b4b3781]::string::String>>
[INFO] [stdout]   16:     0x6122c69644f5 - test[9d35eded1c95d3be]::run_test::{closure#0}
[INFO] [stdout]   17:     0x6122c695ddb4 - std[70759c8f55707aa4]::sys::backtrace::__rust_begin_short_backtrace::<test[9d35eded1c95d3be]::run_test::{closure#1}, ()>
[INFO] [stdout]   18:     0x6122c6967652 - <std[70759c8f55707aa4]::thread::lifecycle::spawn_unchecked<test[9d35eded1c95d3be]::run_test::{closure#1}, ()>::{closure#1} as core[df12db4294e9bfd3]::ops::function::FnOnce<()>>::call_once::{shim:vtable#0}
[INFO] [stdout]   19:     0x6122c6cfea29 - <std[70759c8f55707aa4]::sys::thread::unix::Thread>::new::thread_start
[INFO] [stdout]   20:     0x7ef78ab7edfa - <unknown>
[INFO] [stdout]   21:     0x7ef78ac123d4 - clone
[INFO] [stdout]   22:                0x0 - <unknown>
[INFO] [stdout] 
[INFO] [stdout] ---- generators::base::file_writer::tests::file_writing::test_write_commands_file stdout ----
[INFO] [stdout] 
[INFO] [stdout] thread 'generators::base::file_writer::tests::file_writing::test_write_commands_file' (2314) panicked at src/generators/base/file_writer.rs:126:39:
[INFO] [stdout] called `Result::unwrap()` on an `Err` value: Os { code: 30, kind: ReadOnlyFilesystem, message: "Read-only file system" }
[INFO] [stdout] stack backtrace:
[INFO] [stdout]    0:     0x6122c6cffad1 - <<std[70759c8f55707aa4]::sys::backtrace::BacktraceLock>::print::DisplayBacktrace as core[df12db4294e9bfd3]::fmt::Display>::fmt
[INFO] [stdout]    1:     0x6122c6d1893a - core[df12db4294e9bfd3]::fmt::write
[INFO] [stdout]    2:     0x6122c6d045cc - <alloc[2182bb758b4b3781]::vec::Vec<u8> as core[df12db4294e9bfd3]::io::write::Write>::write_fmt
[INFO] [stdout]    3:     0x6122c6cd7996 - std[70759c8f55707aa4]::panicking::default_hook::{closure#0}
[INFO] [stdout]    4:     0x6122c6cf5a19 - std[70759c8f55707aa4]::panicking::default_hook
[INFO] [stdout]    5:     0x6122c6963ba0 - test[9d35eded1c95d3be]::test_main_inner::<test[9d35eded1c95d3be]::test_main_static::{closure#0}>::{closure#0}
[INFO] [stdout]    6:     0x6122c6cf5d42 - std[70759c8f55707aa4]::panicking::panic_with_hook
[INFO] [stdout]    7:     0x6122c6cd7a42 - std[70759c8f55707aa4]::panicking::panic_handler::{closure#0}
[INFO] [stdout]    8:     0x6122c6cd0289 - std[70759c8f55707aa4]::sys::backtrace::__rust_end_short_backtrace::<std[70759c8f55707aa4]::panicking::panic_handler::{closure#0}, !>
[INFO] [stdout]    9:     0x6122c6cd894d - __rustc[8fa7c3cbc660c2b3]::rust_begin_unwind
[INFO] [stdout]   10:     0x6122c6d1915c - core[df12db4294e9bfd3]::panicking::panic_fmt
[INFO] [stdout]   11:     0x6122c6d18f32 - core[df12db4294e9bfd3]::result::unwrap_failed
[INFO] [stdout]   12:     0x6122c685e4b5 - <tauri_typegen[5489838d7edb4c4c]::generators::base::file_writer::tests::TestDir>::new
[INFO] [stdout]   13:     0x6122c690cd08 - tauri_typegen[5489838d7edb4c4c]::generators::base::file_writer::tests::file_writing::test_write_commands_file
[INFO] [stdout]   14:     0x6122c6817f69 - <tauri_typegen[5489838d7edb4c4c]::generators::base::file_writer::tests::file_writing::test_write_commands_file::{closure#0} as core[df12db4294e9bfd3]::ops::function::FnOnce<()>>::call_once
[INFO] [stdout]   15:     0x6122c6956e8b - test[9d35eded1c95d3be]::__rust_begin_short_backtrace::<core[df12db4294e9bfd3]::result::Result<(), alloc[2182bb758b4b3781]::string::String>, fn() -> core[df12db4294e9bfd3]::result::Result<(), alloc[2182bb758b4b3781]::string::String>>
[INFO] [stdout]   16:     0x6122c69644f5 - test[9d35eded1c95d3be]::run_test::{closure#0}
[INFO] [stdout]   17:     0x6122c695ddb4 - std[70759c8f55707aa4]::sys::backtrace::__rust_begin_short_backtrace::<test[9d35eded1c95d3be]::run_test::{closure#1}, ()>
[INFO] [stdout]   18:     0x6122c6967652 - <std[70759c8f55707aa4]::thread::lifecycle::spawn_unchecked<test[9d35eded1c95d3be]::run_test::{closure#1}, ()>::{closure#1} as core[df12db4294e9bfd3]::ops::function::FnOnce<()>>::call_once::{shim:vtable#0}
[INFO] [stdout]   19:     0x6122c6cfea29 - <std[70759c8f55707aa4]::sys::thread::unix::Thread>::new::thread_start
[INFO] [stdout]   20:     0x7ef78ab7edfa - <unknown>
[INFO] [stdout]   21:     0x7ef78ac123d4 - clone
[INFO] [stdout]   22:                0x0 - <unknown>
[INFO] [stdout] 
[INFO] [stdout] ---- generators::base::file_writer::tests::file_writing::test_write_index_file stdout ----
[INFO] [stdout] 
[INFO] [stdout] thread 'generators::base::file_writer::tests::file_writing::test_write_index_file' (2316) panicked at src/generators/base/file_writer.rs:126:39:
[INFO] [stdout] called `Result::unwrap()` on an `Err` value: Os { code: 30, kind: ReadOnlyFilesystem, message: "Read-only file system" }
[INFO] [stdout] stack backtrace:
[INFO] [stdout]    0:     0x6122c6cffad1 - <<std[70759c8f55707aa4]::sys::backtrace::BacktraceLock>::print::DisplayBacktrace as core[df12db4294e9bfd3]::fmt::Display>::fmt
[INFO] [stdout]    1:     0x6122c6d1893a - core[df12db4294e9bfd3]::fmt::write
[INFO] [stdout]    2:     0x6122c6d045cc - <alloc[2182bb758b4b3781]::vec::Vec<u8> as core[df12db4294e9bfd3]::io::write::Write>::write_fmt
[INFO] [stdout]    3:     0x6122c6cd7996 - std[70759c8f55707aa4]::panicking::default_hook::{closure#0}
[INFO] [stdout]    4:     0x6122c6cf5a19 - std[70759c8f55707aa4]::panicking::default_hook
[INFO] [stdout]    5:     0x6122c6963ba0 - test[9d35eded1c95d3be]::test_main_inner::<test[9d35eded1c95d3be]::test_main_static::{closure#0}>::{closure#0}
[INFO] [stdout]    6:     0x6122c6cf5d42 - std[70759c8f55707aa4]::panicking::panic_with_hook
[INFO] [stdout]    7:     0x6122c6cd7a42 - std[70759c8f55707aa4]::panicking::panic_handler::{closure#0}
[INFO] [stdout]    8:     0x6122c6cd0289 - std[70759c8f55707aa4]::sys::backtrace::__rust_end_short_backtrace::<std[70759c8f55707aa4]::panicking::panic_handler::{closure#0}, !>
[INFO] [stdout]    9:     0x6122c6cd894d - __rustc[8fa7c3cbc660c2b3]::rust_begin_unwind
[INFO] [stdout]   10:     0x6122c6d1915c - core[df12db4294e9bfd3]::panicking::panic_fmt
[INFO] [stdout]   11:     0x6122c6d18f32 - core[df12db4294e9bfd3]::result::unwrap_failed
[INFO] [stdout]   12:     0x6122c685e4b5 - <tauri_typegen[5489838d7edb4c4c]::generators::base::file_writer::tests::TestDir>::new
[INFO] [stdout]   13:     0x6122c690c388 - tauri_typegen[5489838d7edb4c4c]::generators::base::file_writer::tests::file_writing::test_write_index_file
[INFO] [stdout]   14:     0x6122c6817ee9 - <tauri_typegen[5489838d7edb4c4c]::generators::base::file_writer::tests::file_writing::test_write_index_file::{closure#0} as core[df12db4294e9bfd3]::ops::function::FnOnce<()>>::call_once
[INFO] [stdout]   15:     0x6122c6956e8b - test[9d35eded1c95d3be]::__rust_begin_short_backtrace::<core[df12db4294e9bfd3]::result::Result<(), alloc[2182bb758b4b3781]::string::String>, fn() -> core[df12db4294e9bfd3]::result::Result<(), alloc[2182bb758b4b3781]::string::String>>
[INFO] [stdout]   16:     0x6122c69644f5 - test[9d35eded1c95d3be]::run_test::{closure#0}
[INFO] [stdout]   17:     0x6122c695ddb4 - std[70759c8f55707aa4]::sys::backtrace::__rust_begin_short_backtrace::<test[9d35eded1c95d3be]::run_test::{closure#1}, ()>
[INFO] [stdout]   18:     0x6122c6967652 - <std[70759c8f55707aa4]::thread::lifecycle::spawn_unchecked<test[9d35eded1c95d3be]::run_test::{closure#1}, ()>::{closure#1} as core[df12db4294e9bfd3]::ops::function::FnOnce<()>>::call_once::{shim:vtable#0}
[INFO] [stdout]   19:     0x6122c6cfea29 - <std[70759c8f55707aa4]::sys::thread::unix::Thread>::new::thread_start
[INFO] [stdout]   20:     0x7ef78ab7edfa - <unknown>
[INFO] [stdout]   21:     0x7ef78ac123d4 - clone
[INFO] [stdout]   22:                0x0 - <unknown>
[INFO] [stdout] 
[INFO] [stdout] ---- generators::base::file_writer::tests::file_writing::test_write_multiple_files stdout ----
[INFO] [stdout] 
[INFO] [stdout] thread 'generators::base::file_writer::tests::file_writing::test_write_multiple_files' (2317) panicked at src/generators/base/file_writer.rs:126:39:
[INFO] [stdout] called `Result::unwrap()` on an `Err` value: Os { code: 30, kind: ReadOnlyFilesystem, message: "Read-only file system" }
[INFO] [stdout] stack backtrace:
[INFO] [stdout]    0:     0x6122c6cffad1 - <<std[70759c8f55707aa4]::sys::backtrace::BacktraceLock>::print::DisplayBacktrace as core[df12db4294e9bfd3]::fmt::Display>::fmt
[INFO] [stdout]    1:     0x6122c6d1893a - core[df12db4294e9bfd3]::fmt::write
[INFO] [stdout]    2:     0x6122c6d045cc - <alloc[2182bb758b4b3781]::vec::Vec<u8> as core[df12db4294e9bfd3]::io::write::Write>::write_fmt
[INFO] [stdout]    3:     0x6122c6cd7996 - std[70759c8f55707aa4]::panicking::default_hook::{closure#0}
[INFO] [stdout]    4:     0x6122c6cf5a19 - std[70759c8f55707aa4]::panicking::default_hook
[INFO] [stdout]    5:     0x6122c6963ba0 - test[9d35eded1c95d3be]::test_main_inner::<test[9d35eded1c95d3be]::test_main_static::{closure#0}>::{closure#0}
[INFO] [stdout]    6:     0x6122c6cf5d42 - std[70759c8f55707aa4]::panicking::panic_with_hook
[INFO] [stdout]    7:     0x6122c6cd7a42 - std[70759c8f55707aa4]::panicking::panic_handler::{closure#0}
[INFO] [stdout]    8:     0x6122c6cd0289 - std[70759c8f55707aa4]::sys::backtrace::__rust_end_short_backtrace::<std[70759c8f55707aa4]::panicking::panic_handler::{closure#0}, !>
[INFO] [stdout]    9:     0x6122c6cd894d - __rustc[8fa7c3cbc660c2b3]::rust_begin_unwind
[INFO] [stdout]   10:     0x6122c6d1915c - core[df12db4294e9bfd3]::panicking::panic_fmt
[INFO] [stdout]   11:     0x6122c6d18f32 - core[df12db4294e9bfd3]::result::unwrap_failed
[INFO] [stdout]   12:     0x6122c685e4b5 - <tauri_typegen[5489838d7edb4c4c]::generators::base::file_writer::tests::TestDir>::new
[INFO] [stdout]   13:     0x6122c690cf65 - tauri_typegen[5489838d7edb4c4c]::generators::base::file_writer::tests::file_writing::test_write_multiple_files
[INFO] [stdout]   14:     0x6122c6817f89 - <tauri_typegen[5489838d7edb4c4c]::generators::base::file_writer::tests::file_writing::test_write_multiple_files::{closure#0} as core[df12db4294e9bfd3]::ops::function::FnOnce<()>>::call_once
[INFO] [stdout]   15:     0x6122c6956e8b - test[9d35eded1c95d3be]::__rust_begin_short_backtrace::<core[df12db4294e9bfd3]::result::Result<(), alloc[2182bb758b4b3781]::string::String>, fn() -> core[df12db4294e9bfd3]::result::Result<(), alloc[2182bb758b4b3781]::string::String>>
[INFO] [stdout]   16:     0x6122c69644f5 - test[9d35eded1c95d3be]::run_test::{closure#0}
[INFO] [stdout]   17:     0x6122c695ddb4 - std[70759c8f55707aa4]::sys::backtrace::__rust_begin_short_backtrace::<test[9d35eded1c95d3be]::run_test::{closure#1}, ()>
[INFO] [stdout]   18:     0x6122c6967652 - <std[70759c8f55707aa4]::thread::lifecycle::spawn_unchecked<test[9d35eded1c95d3be]::run_test::{closure#1}, ()>::{closure#1} as core[df12db4294e9bfd3]::ops::function::FnOnce<()>>::call_once::{shim:vtable#0}
[INFO] [stdout]   19:     0x6122c6cfea29 - <std[70759c8f55707aa4]::sys::thread::unix::Thread>::new::thread_start
[INFO] [stdout]   20:     0x7ef78ab7edfa - <unknown>
[INFO] [stdout]   21:     0x7ef78ac123d4 - clone
[INFO] [stdout]   22:                0x0 - <unknown>
[INFO] [stdout] 
[INFO] [stdout] ---- generators::base::file_writer::tests::file_writing::test_write_schemas_file stdout ----
[INFO] [stdout] 
[INFO] [stdout] thread 'generators::base::file_writer::tests::file_writing::test_write_schemas_file' (2318) panicked at src/generators/base/file_writer.rs:126:39:
[INFO] [stdout] called `Result::unwrap()` on an `Err` value: Os { code: 30, kind: ReadOnlyFilesystem, message: "Read-only file system" }
[INFO] [stdout] stack backtrace:
[INFO] [stdout]    0:     0x6122c6cffad1 - <<std[70759c8f55707aa4]::sys::backtrace::BacktraceLock>::print::DisplayBacktrace as core[df12db4294e9bfd3]::fmt::Display>::fmt
[INFO] [stdout]    1:     0x6122c6d1893a - core[df12db4294e9bfd3]::fmt::write
[INFO] [stdout]    2:     0x6122c6d045cc - <alloc[2182bb758b4b3781]::vec::Vec<u8> as core[df12db4294e9bfd3]::io::write::Write>::write_fmt
[INFO] [stdout]    3:     0x6122c6cd7996 - std[70759c8f55707aa4]::panicking::default_hook::{closure#0}
[INFO] [stdout]    4:     0x6122c6cf5a19 - std[70759c8f55707aa4]::panicking::default_hook
[INFO] [stdout]    5:     0x6122c6963ba0 - test[9d35eded1c95d3be]::test_main_inner::<test[9d35eded1c95d3be]::test_main_static::{closure#0}>::{closure#0}
[INFO] [stdout]    6:     0x6122c6cf5d42 - std[70759c8f55707aa4]::panicking::panic_with_hook
[INFO] [stdout]    7:     0x6122c6cd7a42 - std[70759c8f55707aa4]::panicking::panic_handler::{closure#0}
[INFO] [stdout]    8:     0x6122c6cd0289 - std[70759c8f55707aa4]::sys::backtrace::__rust_end_short_backtrace::<std[70759c8f55707aa4]::panicking::panic_handler::{closure#0}, !>
[INFO] [stdout]    9:     0x6122c6cd894d - __rustc[8fa7c3cbc660c2b3]::rust_begin_unwind
[INFO] [stdout]   10:     0x6122c6d1915c - core[df12db4294e9bfd3]::panicking::panic_fmt
[INFO] [stdout]   11:     0x6122c6d18f32 - core[df12db4294e9bfd3]::result::unwrap_failed
[INFO] [stdout]   12:     0x6122c685e4b5 - <tauri_typegen[5489838d7edb4c4c]::generators::base::file_writer::tests::TestDir>::new
[INFO] [stdout]   13:     0x6122c690caa8 - tauri_typegen[5489838d7edb4c4c]::generators::base::file_writer::tests::file_writing::test_write_schemas_file
[INFO] [stdout]   14:     0x6122c6817f49 - <tauri_typegen[5489838d7edb4c4c]::generators::base::file_writer::tests::file_writing::test_write_schemas_file::{closure#0} as core[df12db4294e9bfd3]::ops::function::FnOnce<()>>::call_once
[INFO] [stdout]   15:     0x6122c6956e8b - test[9d35eded1c95d3be]::__rust_begin_short_backtrace::<core[df12db4294e9bfd3]::result::Result<(), alloc[2182bb758b4b3781]::string::String>, fn() -> core[df12db4294e9bfd3]::result::Result<(), alloc[2182bb758b4b3781]::string::String>>
[INFO] [stdout]   16:     0x6122c69644f5 - test[9d35eded1c95d3be]::run_test::{closure#0}
[INFO] [stdout]   17:     0x6122c695ddb4 - std[70759c8f55707aa4]::sys::backtrace::__rust_begin_short_backtrace::<test[9d35eded1c95d3be]::run_test::{closure#1}, ()>
[INFO] [stdout]   18:     0x6122c6967652 - <std[70759c8f55707aa4]::thread::lifecycle::spawn_unchecked<test[9d35eded1c95d3be]::run_test::{closure#1}, ()>::{closure#1} as core[df12db4294e9bfd3]::ops::function::FnOnce<()>>::call_once::{shim:vtable#0}
[INFO] [stdout]   19:     0x6122c6cfea29 - <std[70759c8f55707aa4]::sys::thread::unix::Thread>::new::thread_start
[INFO] [stdout]   20:     0x7ef78ab7edfa - <unknown>
[INFO] [stdout]   21:     0x7ef78ac123d4 - clone
[INFO] [stdout]   22:                0x0 - <unknown>
[INFO] [stdout] 
[INFO] [stdout] ---- generators::base::file_writer::tests::file_operations::test_delete_nonexistent_file stdout ----
[INFO] [stdout] 
[INFO] [stdout] thread 'generators::base::file_writer::tests::file_operations::test_delete_nonexistent_file' (2309) panicked at src/generators/base/file_writer.rs:126:39:
[INFO] [stdout] called `Result::unwrap()` on an `Err` value: Os { code: 30, kind: ReadOnlyFilesystem, message: "Read-only file system" }
[INFO] [stdout] stack backtrace:
[INFO] [stdout]    0:     0x6122c6cffad1 - <<std[70759c8f55707aa4]::sys::backtrace::BacktraceLock>::print::DisplayBacktrace as core[df12db4294e9bfd3]::fmt::Display>::fmt
[INFO] [stdout]    1:     0x6122c6d1893a - core[df12db4294e9bfd3]::fmt::write
[INFO] [stdout]    2:     0x6122c6d045cc - <alloc[2182bb758b4b3781]::vec::Vec<u8> as core[df12db4294e9bfd3]::io::write::Write>::write_fmt
[INFO] [stdout]    3:     0x6122c6cd7996 - std[70759c8f55707aa4]::panicking::default_hook::{closure#0}
[INFO] [stdout]    4:     0x6122c6cf5a19 - std[70759c8f55707aa4]::panicking::default_hook
[INFO] [stdout]    5:     0x6122c6963ba0 - test[9d35eded1c95d3be]::test_main_inner::<test[9d35eded1c95d3be]::test_main_static::{closure#0}>::{closure#0}
[INFO] [stdout]    6:     0x6122c6cf5d42 - std[70759c8f55707aa4]::panicking::panic_with_hook
[INFO] [stdout]    7:     0x6122c6cd7a42 - std[70759c8f55707aa4]::panicking::panic_handler::{closure#0}
[INFO] [stdout]    8:     0x6122c6cd0289 - std[70759c8f55707aa4]::sys::backtrace::__rust_end_short_backtrace::<std[70759c8f55707aa4]::panicking::panic_handler::{closure#0}, !>
[INFO] [stdout]    9:     0x6122c6cd894d - __rustc[8fa7c3cbc660c2b3]::rust_begin_unwind
[INFO] [stdout]   10:     0x6122c6d1915c - core[df12db4294e9bfd3]::panicking::panic_fmt
[INFO] [stdout]   11:     0x6122c6d18f32 - core[df12db4294e9bfd3]::result::unwrap_failed
[INFO] [stdout]   12:     0x6122c685e4b5 - <tauri_typegen[5489838d7edb4c4c]::generators::base::file_writer::tests::TestDir>::new
[INFO] [stdout]   13:     0x6122c68670ba - tauri_typegen[5489838d7edb4c4c]::generators::base::file_writer::tests::file_operations::test_delete_nonexistent_file
[INFO] [stdout]   14:     0x6122c6818089 - <tauri_typegen[5489838d7edb4c4c]::generators::base::file_writer::tests::file_operations::test_delete_nonexistent_file::{closure#0} as core[df12db4294e9bfd3]::ops::function::FnOnce<()>>::call_once
[INFO] [stdout]   15:     0x6122c6956e8b - test[9d35eded1c95d3be]::__rust_begin_short_backtrace::<core[df12db4294e9bfd3]::result::Result<(), alloc[2182bb758b4b3781]::string::String>, fn() -> core[df12db4294e9bfd3]::result::Result<(), alloc[2182bb758b4b3781]::string::String>>
[INFO] [stdout]   16:     0x6122c69644f5 - test[9d35eded1c95d3be]::run_test::{closure#0}
[INFO] [stdout]   17:     0x6122c695ddb4 - std[70759c8f55707aa4]::sys::backtrace::__rust_begin_short_backtrace::<test[9d35eded1c95d3be]::run_test::{closure#1}, ()>
[INFO] [stdout]   18:     0x6122c6967652 - <std[70759c8f55707aa4]::thread::lifecycle::spawn_unchecked<test[9d35eded1c95d3be]::run_test::{closure#1}, ()>::{closure#1} as core[df12db4294e9bfd3]::ops::function::FnOnce<()>>::call_once::{shim:vtable#0}
[INFO] [stdout]   19:     0x6122c6cfea29 - <std[70759c8f55707aa4]::sys::thread::unix::Thread>::new::thread_start
[INFO] [stdout]   20:     0x7ef78ab7edfa - <unknown>
[INFO] [stdout]   21:     0x7ef78ac123d4 - clone
[INFO] [stdout]   22:                0x0 - <unknown>
[INFO] [stdout] 
[INFO] [stdout] ---- generators::base::file_writer::tests::file_writing::test_write_events_file stdout ----
[INFO] [stdout] 
[INFO] [stdout] thread 'generators::base::file_writer::tests::file_writing::test_write_events_file' (2315) panicked at src/generators/base/file_writer.rs:126:39:
[INFO] [stdout] called `Result::unwrap()` on an `Err` value: Os { code: 30, kind: ReadOnlyFilesystem, message: "Read-only file system" }
[INFO] [stdout] stack backtrace:
[INFO] [stdout]    0:     0x6122c6cffad1 - <<std[70759c8f55707aa4]::sys::backtrace::BacktraceLock>::print::DisplayBacktrace as core[df12db4294e9bfd3]::fmt::Display>::fmt
[INFO] [stdout]    1:     0x6122c6d1893a - core[df12db4294e9bfd3]::fmt::write
[INFO] [stdout]    2:     0x6122c6d045cc - <alloc[2182bb758b4b3781]::vec::Vec<u8> as core[df12db4294e9bfd3]::io::write::Write>::write_fmt
[INFO] [stdout]    3:     0x6122c6cd7996 - std[70759c8f55707aa4]::panicking::default_hook::{closure#0}
[INFO] [stdout]    4:     0x6122c6cf5a19 - std[70759c8f55707aa4]::panicking::default_hook
[INFO] [stdout]    5:     0x6122c6963ba0 - test[9d35eded1c95d3be]::test_main_inner::<test[9d35eded1c95d3be]::test_main_static::{closure#0}>::{closure#0}
[INFO] [stdout]    6:     0x6122c6cf5d42 - std[70759c8f55707aa4]::panicking::panic_with_hook
[INFO] [stdout]    7:     0x6122c6cd7a42 - std[70759c8f55707aa4]::panicking::panic_handler::{closure#0}
[INFO] [stdout]    8:     0x6122c6cd0289 - std[70759c8f55707aa4]::sys::backtrace::__rust_end_short_backtrace::<std[70759c8f55707aa4]::panicking::panic_handler::{closure#0}, !>
[INFO] [stdout]    9:     0x6122c6cd894d - __rustc[8fa7c3cbc660c2b3]::rust_begin_unwind
[INFO] [stdout]   10:     0x6122c6d1915c - core[df12db4294e9bfd3]::panicking::panic_fmt
[INFO] [stdout]   11:     0x6122c6d18f32 - core[df12db4294e9bfd3]::result::unwrap_failed
[INFO] [stdout]   12:     0x6122c685e4b5 - <tauri_typegen[5489838d7edb4c4c]::generators::base::file_writer::tests::TestDir>::new
[INFO] [stdout]   13:     0x6122c690c848 - tauri_typegen[5489838d7edb4c4c]::generators::base::file_writer::tests::file_writing::test_write_events_file
[INFO] [stdout]   14:     0x6122c6817f29 - <tauri_typegen[5489838d7edb4c4c]::generators::base::file_writer::tests::file_writing::test_write_events_file::{closure#0} as core[df12db4294e9bfd3]::ops::function::FnOnce<()>>::call_once
[INFO] [stdout]   15:     0x6122c6956e8b - test[9d35eded1c95d3be]::__rust_begin_short_backtrace::<core[df12db4294e9bfd3]::result::Result<(), alloc[2182bb758b4b3781]::string::String>, fn() -> core[df12db4294e9bfd3]::result::Result<(), alloc[2182bb758b4b3781]::string::String>>
[INFO] [stdout]   16:     0x6122c69644f5 - test[9d35eded1c95d3be]::run_test::{closure#0}
[INFO] [stdout]   17:     0x6122c695ddb4 - std[70759c8f55707aa4]::sys::backtrace::__rust_begin_short_backtrace::<test[9d35eded1c95d3be]::run_test::{closure#1}, ()>
[INFO] [stdout]   18:     0x6122c6967652 - <std[70759c8f55707aa4]::thread::lifecycle::spawn_unchecked<test[9d35eded1c95d3be]::run_test::{closure#1}, ()>::{closure#1} as core[df12db4294e9bfd3]::ops::function::FnOnce<()>>::call_once::{shim:vtable#0}
[INFO] [stderr] error: test failed, to rerun pass `--lib`
[INFO] [stdout]   19:     0x6122c6cfea29 - <std[70759c8f55707aa4]::sys::thread::unix::Thread>::new::thread_start
[INFO] [stdout]   20:     0x7ef78ab7edfa - <unknown>
[INFO] [stdout]   21:     0x7ef78ac123d4 - clone
[INFO] [stdout]   22:                0x0 - <unknown>
[INFO] [stdout] 
[INFO] [stdout] ---- generators::base::file_writer::tests::file_writing::test_write_typescript_file stdout ----
[INFO] [stdout] 
[INFO] [stdout] thread 'generators::base::file_writer::tests::file_writing::test_write_typescript_file' (2320) panicked at src/generators/base/file_writer.rs:126:39:
[INFO] [stdout] called `Result::unwrap()` on an `Err` value: Os { code: 30, kind: ReadOnlyFilesystem, message: "Read-only file system" }
[INFO] [stdout] stack backtrace:
[INFO] [stdout]    0:     0x6122c6cffad1 - <<std[70759c8f55707aa4]::sys::backtrace::BacktraceLock>::print::DisplayBacktrace as core[df12db4294e9bfd3]::fmt::Display>::fmt
[INFO] [stdout]    1:     0x6122c6d1893a - core[df12db4294e9bfd3]::fmt::write
[INFO] [stdout]    2:     0x6122c6d045cc - <alloc[2182bb758b4b3781]::vec::Vec<u8> as core[df12db4294e9bfd3]::io::write::Write>::write_fmt
[INFO] [stdout]    3:     0x6122c6cd7996 - std[70759c8f55707aa4]::panicking::default_hook::{closure#0}
[INFO] [stdout]    4:     0x6122c6cf5a19 - std[70759c8f55707aa4]::panicking::default_hook
[INFO] [stdout]    5:     0x6122c6963ba0 - test[9d35eded1c95d3be]::test_main_inner::<test[9d35eded1c95d3be]::test_main_static::{closure#0}>::{closure#0}
[INFO] [stdout]    6:     0x6122c6cf5d42 - std[70759c8f55707aa4]::panicking::panic_with_hook
[INFO] [stdout]    7:     0x6122c6cd7a42 - std[70759c8f55707aa4]::panicking::panic_handler::{closure#0}
[INFO] [stdout]    8:     0x6122c6cd0289 - std[70759c8f55707aa4]::sys::backtrace::__rust_end_short_backtrace::<std[70759c8f55707aa4]::panicking::panic_handler::{closure#0}, !>
[INFO] [stdout]    9:     0x6122c6cd894d - __rustc[8fa7c3cbc660c2b3]::rust_begin_unwind
[INFO] [stdout]   10:     0x6122c6d1915c - core[df12db4294e9bfd3]::panicking::panic_fmt
[INFO] [stdout]   11:     0x6122c6d18f32 - core[df12db4294e9bfd3]::result::unwrap_failed
[INFO] [stdout]   12:     0x6122c685e4b5 - <tauri_typegen[5489838d7edb4c4c]::generators::base::file_writer::tests::TestDir>::new
[INFO] [stdout]   13:     0x6122c690d4f8 - tauri_typegen[5489838d7edb4c4c]::generators::base::file_writer::tests::file_writing::test_write_typescript_file
[INFO] [stdout]   14:     0x6122c6817fa9 - <tauri_typegen[5489838d7edb4c4c]::generators::base::file_writer::tests::file_writing::test_write_typescript_file::{closure#0} as core[df12db4294e9bfd3]::ops::function::FnOnce<()>>::call_once
[INFO] [stdout]   15:     0x6122c6956e8b - test[9d35eded1c95d3be]::__rust_begin_short_backtrace::<core[df12db4294e9bfd3]::result::Result<(), alloc[2182bb758b4b3781]::string::String>, fn() -> core[df12db4294e9bfd3]::result::Result<(), alloc[2182bb758b4b3781]::string::String>>
[INFO] [stdout]   16:     0x6122c69644f5 - test[9d35eded1c95d3be]::run_test::{closure#0}
[INFO] [stdout]   17:     0x6122c695ddb4 - std[70759c8f55707aa4]::sys::backtrace::__rust_begin_short_backtrace::<test[9d35eded1c95d3be]::run_test::{closure#1}, ()>
[INFO] [stdout]   18:     0x6122c6967652 - <std[70759c8f55707aa4]::thread::lifecycle::spawn_unchecked<test[9d35eded1c95d3be]::run_test::{closure#1}, ()>::{closure#1} as core[df12db4294e9bfd3]::ops::function::FnOnce<()>>::call_once::{shim:vtable#0}
[INFO] [stdout]   19:     0x6122c6cfea29 - <std[70759c8f55707aa4]::sys::thread::unix::Thread>::new::thread_start
[INFO] [stdout]   20:     0x7ef78ab7edfa - <unknown>
[INFO] [stdout]   21:     0x7ef78ac123d4 - clone
[INFO] [stdout]   22:                0x0 - <unknown>
[INFO] [stdout] 
[INFO] [stdout] ---- generators::base::file_writer::tests::file_writing::test_write_types_file stdout ----
[INFO] [stdout] 
[INFO] [stdout] thread 'generators::base::file_writer::tests::file_writing::test_write_types_file' (2319) panicked at src/generators/base/file_writer.rs:126:39:
[INFO] [stdout] called `Result::unwrap()` on an `Err` value: Os { code: 30, kind: ReadOnlyFilesystem, message: "Read-only file system" }
[INFO] [stdout] stack backtrace:
[INFO] [stdout]    0:     0x6122c6cffad1 - <<std[70759c8f55707aa4]::sys::backtrace::BacktraceLock>::print::DisplayBacktrace as core[df12db4294e9bfd3]::fmt::Display>::fmt
[INFO] [stdout]    1:     0x6122c6d1893a - core[df12db4294e9bfd3]::fmt::write
[INFO] [stdout]    2:     0x6122c6d045cc - <alloc[2182bb758b4b3781]::vec::Vec<u8> as core[df12db4294e9bfd3]::io::write::Write>::write_fmt
[INFO] [stdout]    3:     0x6122c6cd7996 - std[70759c8f55707aa4]::panicking::default_hook::{closure#0}
[INFO] [stdout]    4:     0x6122c6cf5a19 - std[70759c8f55707aa4]::panicking::default_hook
[INFO] [stdout]    5:     0x6122c6963ba0 - test[9d35eded1c95d3be]::test_main_inner::<test[9d35eded1c95d3be]::test_main_static::{closure#0}>::{closure#0}
[INFO] [stdout]    6:     0x6122c6cf5d42 - std[70759c8f55707aa4]::panicking::panic_with_hook
[INFO] [stdout]    7:     0x6122c6cd7a42 - std[70759c8f55707aa4]::panicking::panic_handler::{closure#0}
[INFO] [stdout]    8:     0x6122c6cd0289 - std[70759c8f55707aa4]::sys::backtrace::__rust_end_short_backtrace::<std[70759c8f55707aa4]::panicking::panic_handler::{closure#0}, !>
[INFO] [stdout]    9:     0x6122c6cd894d - __rustc[8fa7c3cbc660c2b3]::rust_begin_unwind
[INFO] [stdout]   10:     0x6122c6d1915c - core[df12db4294e9bfd3]::panicking::panic_fmt
[INFO] [stdout]   11:     0x6122c6d18f32 - core[df12db4294e9bfd3]::result::unwrap_failed
[INFO] [stdout]   12:     0x6122c685e4b5 - <tauri_typegen[5489838d7edb4c4c]::generators::base::file_writer::tests::TestDir>::new
[INFO] [stdout]   13:     0x6122c690c5e8 - tauri_typegen[5489838d7edb4c4c]::generators::base::file_writer::tests::file_writing::test_write_types_file
[INFO] [stdout]   14:     0x6122c6817f09 - <tauri_typegen[5489838d7edb4c4c]::generators::base::file_writer::tests::file_writing::test_write_types_file::{closure#0} as core[df12db4294e9bfd3]::ops::function::FnOnce<()>>::call_once
[INFO] [stdout]   15:     0x6122c6956e8b - test[9d35eded1c95d3be]::__rust_begin_short_backtrace::<core[df12db4294e9bfd3]::result::Result<(), alloc[2182bb758b4b3781]::string::String>, fn() -> core[df12db4294e9bfd3]::result::Result<(), alloc[2182bb758b4b3781]::string::String>>
[INFO] [stdout]   16:     0x6122c69644f5 - test[9d35eded1c95d3be]::run_test::{closure#0}
[INFO] [stdout]   17:     0x6122c695ddb4 - std[70759c8f55707aa4]::sys::backtrace::__rust_begin_short_backtrace::<test[9d35eded1c95d3be]::run_test::{closure#1}, ()>
[INFO] [stdout]   18:     0x6122c6967652 - <std[70759c8f55707aa4]::thread::lifecycle::spawn_unchecked<test[9d35eded1c95d3be]::run_test::{closure#1}, ()>::{closure#1} as core[df12db4294e9bfd3]::ops::function::FnOnce<()>>::call_once::{shim:vtable#0}
[INFO] [stdout]   19:     0x6122c6cfea29 - <std[70759c8f55707aa4]::sys::thread::unix::Thread>::new::thread_start
[INFO] [stdout]   20:     0x7ef78ab7edfa - <unknown>
[INFO] [stdout]   21:     0x7ef78ac123d4 - clone
[INFO] [stdout]   22:                0x0 - <unknown>
[INFO] [stdout] 
[INFO] [stdout] ---- generators::base::file_writer::tests::file_operations::test_file_exists_true stdout ----
[INFO] [stdout] 
[INFO] [stdout] thread 'generators::base::file_writer::tests::file_operations::test_file_exists_true' (2313) panicked at src/generators/base/file_writer.rs:126:39:
[INFO] [stdout] called `Result::unwrap()` on an `Err` value: Os { code: 30, kind: ReadOnlyFilesystem, message: "Read-only file system" }
[INFO] [stdout] stack backtrace:
[INFO] [stdout]    0:     0x6122c6cffad1 - <<std[70759c8f55707aa4]::sys::backtrace::BacktraceLock>::print::DisplayBacktrace as core[df12db4294e9bfd3]::fmt::Display>::fmt
[INFO] [stdout]    1:     0x6122c6d1893a - core[df12db4294e9bfd3]::fmt::write
[INFO] [stdout]    2:     0x6122c6d045cc - <alloc[2182bb758b4b3781]::vec::Vec<u8> as core[df12db4294e9bfd3]::io::write::Write>::write_fmt
[INFO] [stdout]    3:     0x6122c6cd7996 - std[70759c8f55707aa4]::panicking::default_hook::{closure#0}
[INFO] [stdout]    4:     0x6122c6cf5a19 - std[70759c8f55707aa4]::panicking::default_hook
[INFO] [stdout]    5:     0x6122c6963ba0 - test[9d35eded1c95d3be]::test_main_inner::<test[9d35eded1c95d3be]::test_main_static::{closure#0}>::{closure#0}
[INFO] [stdout]    6:     0x6122c6cf5d42 - std[70759c8f55707aa4]::panicking::panic_with_hook
[INFO] [stdout]    7:     0x6122c6cd7a42 - std[70759c8f55707aa4]::panicking::panic_handler::{closure#0}
[INFO] [stdout]    8:     0x6122c6cd0289 - std[70759c8f55707aa4]::sys::backtrace::__rust_end_short_backtrace::<std[70759c8f55707aa4]::panicking::panic_handler::{closure#0}, !>
[INFO] [stdout]    9:     0x6122c6cd894d - __rustc[8fa7c3cbc660c2b3]::rust_begin_unwind
[INFO] [stdout]   10:     0x6122c6d1915c - core[df12db4294e9bfd3]::panicking::panic_fmt
[INFO] [stdout]   11:     0x6122c6d18f32 - core[df12db4294e9bfd3]::result::unwrap_failed
[INFO] [stdout]   12:     0x6122c685e4b5 - <tauri_typegen[5489838d7edb4c4c]::generators::base::file_writer::tests::TestDir>::new
[INFO] [stdout]   13:     0x6122c6866c2a - tauri_typegen[5489838d7edb4c4c]::generators::base::file_writer::tests::file_operations::test_file_exists_true
[INFO] [stdout]   14:     0x6122c6818049 - <tauri_typegen[5489838d7edb4c4c]::generators::base::file_writer::tests::file_operations::test_file_exists_true::{closure#0} as core[df12db4294e9bfd3]::ops::function::FnOnce<()>>::call_once
[INFO] [stdout]   15:     0x6122c6956e8b - test[9d35eded1c95d3be]::__rust_begin_short_backtrace::<core[df12db4294e9bfd3]::result::Result<(), alloc[2182bb758b4b3781]::string::String>, fn() -> core[df12db4294e9bfd3]::result::Result<(), alloc[2182bb758b4b3781]::string::String>>
[INFO] [stdout]   16:     0x6122c69644f5 - test[9d35eded1c95d3be]::run_test::{closure#0}
[INFO] [stdout]   17:     0x6122c695ddb4 - std[70759c8f55707aa4]::sys::backtrace::__rust_begin_short_backtrace::<test[9d35eded1c95d3be]::run_test::{closure#1}, ()>
[INFO] [stdout]   18:     0x6122c6967652 - <std[70759c8f55707aa4]::thread::lifecycle::spawn_unchecked<test[9d35eded1c95d3be]::run_test::{closure#1}, ()>::{closure#1} as core[df12db4294e9bfd3]::ops::function::FnOnce<()>>::call_once::{shim:vtable#0}
[INFO] [stdout]   19:     0x6122c6cfea29 - <std[70759c8f55707aa4]::sys::thread::unix::Thread>::new::thread_start
[INFO] [stdout]   20:     0x7ef78ab7edfa - <unknown>
[INFO] [stdout]   21:     0x7ef78ac123d4 - clone
[INFO] [stdout]   22:                0x0 - <unknown>
[INFO] [stdout] 
[INFO] [stdout] ---- generators::base::file_writer::tests::getters::test_get_generated_files_after_writing stdout ----
[INFO] [stdout] 
[INFO] [stdout] thread 'generators::base::file_writer::tests::getters::test_get_generated_files_after_writing' (2322) panicked at src/generators/base/file_writer.rs:126:39:
[INFO] [stdout] called `Result::unwrap()` on an `Err` value: Os { code: 30, kind: ReadOnlyFilesystem, message: "Read-only file system" }
[INFO] [stdout] stack backtrace:
[INFO] [stdout]    0:     0x6122c6cffad1 - <<std[70759c8f55707aa4]::sys::backtrace::BacktraceLock>::print::DisplayBacktrace as core[df12db4294e9bfd3]::fmt::Display>::fmt
[INFO] [stdout]    1:     0x6122c6d1893a - core[df12db4294e9bfd3]::fmt::write
[INFO] [stdout]    2:     0x6122c6d045cc - <alloc[2182bb758b4b3781]::vec::Vec<u8> as core[df12db4294e9bfd3]::io::write::Write>::write_fmt
[INFO] [stdout]    3:     0x6122c6cd7996 - std[70759c8f55707aa4]::panicking::default_hook::{closure#0}
[INFO] [stdout]    4:     0x6122c6cf5a19 - std[70759c8f55707aa4]::panicking::default_hook
[INFO] [stdout]    5:     0x6122c6963ba0 - test[9d35eded1c95d3be]::test_main_inner::<test[9d35eded1c95d3be]::test_main_static::{closure#0}>::{closure#0}
[INFO] [stdout]    6:     0x6122c6cf5d42 - std[70759c8f55707aa4]::panicking::panic_with_hook
[INFO] [stdout]    7:     0x6122c6cd7a42 - std[70759c8f55707aa4]::panicking::panic_handler::{closure#0}
[INFO] [stdout]    8:     0x6122c6cd0289 - std[70759c8f55707aa4]::sys::backtrace::__rust_end_short_backtrace::<std[70759c8f55707aa4]::panicking::panic_handler::{closure#0}, !>
[INFO] [stdout]    9:     0x6122c6cd894d - __rustc[8fa7c3cbc660c2b3]::rust_begin_unwind
[INFO] [stdout]   10:     0x6122c6d1915c - core[df12db4294e9bfd3]::panicking::panic_fmt
[INFO] [stdout]   11:     0x6122c6d18f32 - core[df12db4294e9bfd3]::result::unwrap_failed
[INFO] [stdout]   12:     0x6122c685e4b5 - <tauri_typegen[5489838d7edb4c4c]::generators::base::file_writer::tests::TestDir>::new
[INFO] [stdout]   13:     0x6122c690e0d2 - tauri_typegen[5489838d7edb4c4c]::generators::base::file_writer::tests::getters::test_get_generated_files_after_writing
[INFO] [stdout]   14:     0x6122c6818149 - <tauri_typegen[5489838d7edb4c4c]::generators::base::file_writer::tests::getters::test_get_generated_files_after_writing::{closure#0} as core[df12db4294e9bfd3]::ops::function::FnOnce<()>>::call_once
[INFO] [stdout]   15:     0x6122c6956e8b - test[9d35eded1c95d3be]::__rust_begin_short_backtrace::<core[df12db4294e9bfd3]::result::Result<(), alloc[2182bb758b4b3781]::string::String>, fn() -> core[df12db4294e9bfd3]::result::Result<(), alloc[2182bb758b4b3781]::string::String>>
[INFO] [stdout]   16:     0x6122c69644f5 - test[9d35eded1c95d3be]::run_test::{closure#0}
[INFO] [stdout]   17:     0x6122c695ddb4 - std[70759c8f55707aa4]::sys::backtrace::__rust_begin_short_backtrace::<test[9d35eded1c95d3be]::run_test::{closure#1}, ()>
[INFO] [stdout]   18:     0x6122c6967652 - <std[70759c8f55707aa4]::thread::lifecycle::spawn_unchecked<test[9d35eded1c95d3be]::run_test::{closure#1}, ()>::{closure#1} as core[df12db4294e9bfd3]::ops::function::FnOnce<()>>::call_once::{shim:vtable#0}
[INFO] [stdout]   19:     0x6122c6cfea29 - <std[70759c8f55707aa4]::sys::thread::unix::Thread>::new::thread_start
[INFO] [stdout]   20:     0x7ef78ab7edfa - <unknown>
[INFO] [stdout]   21:     0x7ef78ac123d4 - clone
[INFO] [stdout]   22:                0x0 - <unknown>
[INFO] [stdout] 
[INFO] [stdout] ---- generators::base::file_writer::tests::getters::test_get_output_path stdout ----
[INFO] [stdout] 
[INFO] [stdout] thread 'generators::base::file_writer::tests::getters::test_get_output_path' (2324) panicked at src/generators/base/file_writer.rs:126:39:
[INFO] [stdout] called `Result::unwrap()` on an `Err` value: Os { code: 30, kind: ReadOnlyFilesystem, message: "Read-only file system" }
[INFO] [stdout] stack backtrace:
[INFO] [stdout]    0:     0x6122c6cffad1 - <<std[70759c8f55707aa4]::sys::backtrace::BacktraceLock>::print::DisplayBacktrace as core[df12db4294e9bfd3]::fmt::Display>::fmt
[INFO] [stdout]    1:     0x6122c6d1893a - core[df12db4294e9bfd3]::fmt::write
[INFO] [stdout]    2:     0x6122c6d045cc - <alloc[2182bb758b4b3781]::vec::Vec<u8> as core[df12db4294e9bfd3]::io::write::Write>::write_fmt
[INFO] [stdout]    3:     0x6122c6cd7996 - std[70759c8f55707aa4]::panicking::default_hook::{closure#0}
[INFO] [stdout]    4:     0x6122c6cf5a19 - std[70759c8f55707aa4]::panicking::default_hook
[INFO] [stdout]    5:     0x6122c6963ba0 - test[9d35eded1c95d3be]::test_main_inner::<test[9d35eded1c95d3be]::test_main_static::{closure#0}>::{closure#0}
[INFO] [stdout]    6:     0x6122c6cf5d42 - std[70759c8f55707aa4]::panicking::panic_with_hook
[INFO] [stdout]    7:     0x6122c6cd7a42 - std[70759c8f55707aa4]::panicking::panic_handler::{closure#0}
[INFO] [stdout]    8:     0x6122c6cd0289 - std[70759c8f55707aa4]::sys::backtrace::__rust_end_short_backtrace::<std[70759c8f55707aa4]::panicking::panic_handler::{closure#0}, !>
[INFO] [stdout]    9:     0x6122c6cd894d - __rustc[8fa7c3cbc660c2b3]::rust_begin_unwind
[INFO] [stdout]   10:     0x6122c6d1915c - core[df12db4294e9bfd3]::panicking::panic_fmt
[INFO] [stdout]   11:     0x6122c6d18f32 - core[df12db4294e9bfd3]::result::unwrap_failed
[INFO] [stdout]   12:     0x6122c685e4b5 - <tauri_typegen[5489838d7edb4c4c]::generators::base::file_writer::tests::TestDir>::new
[INFO] [stdout]   13:     0x6122c690dcb8 - tauri_typegen[5489838d7edb4c4c]::generators::base::file_writer::tests::getters::test_get_output_path
[INFO] [stdout]   14:     0x6122c6818109 - <tauri_typegen[5489838d7edb4c4c]::generators::base::file_writer::tests::getters::test_get_output_path::{closure#0} as core[df12db4294e9bfd3]::ops::function::FnOnce<()>>::call_once
[INFO] [stdout]   15:     0x6122c6956e8b - test[9d35eded1c95d3be]::__rust_begin_short_backtrace::<core[df12db4294e9bfd3]::result::Result<(), alloc[2182bb758b4b3781]::string::String>, fn() -> core[df12db4294e9bfd3]::result::Result<(), alloc[2182bb758b4b3781]::string::String>>
[INFO] [stdout]   16:     0x6122c69644f5 - test[9d35eded1c95d3be]::run_test::{closure#0}
[INFO] [stdout]   17:     0x6122c695ddb4 - std[70759c8f55707aa4]::sys::backtrace::__rust_begin_short_backtrace::<test[9d35eded1c95d3be]::run_test::{closure#1}, ()>
[INFO] [stdout]   18:     0x6122c6967652 - <std[70759c8f55707aa4]::thread::lifecycle::spawn_unchecked<test[9d35eded1c95d3be]::run_test::{closure#1}, ()>::{closure#1} as core[df12db4294e9bfd3]::ops::function::FnOnce<()>>::call_once::{shim:vtable#0}
[INFO] [stdout]   19:     0x6122c6cfea29 - <std[70759c8f55707aa4]::sys::thread::unix::Thread>::new::thread_start
[INFO] [stdout]   20:     0x7ef78ab7edfa - <unknown>
[INFO] [stdout]   21:     0x7ef78ac123d4 - clone
[INFO] [stdout]   22:                0x0 - <unknown>
[INFO] [stdout] 
[INFO] [stdout] ---- generators::base::file_writer::tests::initialization::test_new_creates_directory stdout ----
[INFO] [stdout] 
[INFO] [stdout] thread 'generators::base::file_writer::tests::initialization::test_new_creates_directory' (2325) panicked at src/generators/base/file_writer.rs:126:39:
[INFO] [stdout] called `Result::unwrap()` on an `Err` value: Os { code: 30, kind: ReadOnlyFilesystem, message: "Read-only file system" }
[INFO] [stdout] stack backtrace:
[INFO] [stdout]    0:     0x6122c6cffad1 - <<std[70759c8f55707aa4]::sys::backtrace::BacktraceLock>::print::DisplayBacktrace as core[df12db4294e9bfd3]::fmt::Display>::fmt
[INFO] [stdout]    1:     0x6122c6d1893a - core[df12db4294e9bfd3]::fmt::write
[INFO] [stdout]    2:     0x6122c6d045cc - <alloc[2182bb758b4b3781]::vec::Vec<u8> as core[df12db4294e9bfd3]::io::write::Write>::write_fmt
[INFO] [stdout]    3:     0x6122c6cd7996 - std[70759c8f55707aa4]::panicking::default_hook::{closure#0}
[INFO] [stdout]    4:     0x6122c6cf5a19 - std[70759c8f55707aa4]::panicking::default_hook
[INFO] [stdout]    5:     0x6122c6963ba0 - test[9d35eded1c95d3be]::test_main_inner::<test[9d35eded1c95d3be]::test_main_static::{closure#0}>::{closure#0}
[INFO] [stdout]    6:     0x6122c6cf5d42 - std[70759c8f55707aa4]::panicking::panic_with_hook
[INFO] [stdout]    7:     0x6122c6cd7a42 - std[70759c8f55707aa4]::panicking::panic_handler::{closure#0}
[INFO] [stdout]    8:     0x6122c6cd0289 - std[70759c8f55707aa4]::sys::backtrace::__rust_end_short_backtrace::<std[70759c8f55707aa4]::panicking::panic_handler::{closure#0}, !>
[INFO] [stdout]    9:     0x6122c6cd894d - __rustc[8fa7c3cbc660c2b3]::rust_begin_unwind
[INFO] [stdout]   10:     0x6122c6d1915c - core[df12db4294e9bfd3]::panicking::panic_fmt
[INFO] [stdout]   11:     0x6122c6d18f32 - core[df12db4294e9bfd3]::result::unwrap_failed
[INFO] [stdout]   12:     0x6122c685e4b5 - <tauri_typegen[5489838d7edb4c4c]::generators::base::file_writer::tests::TestDir>::new
[INFO] [stdout]   13:     0x6122c68251d6 - tauri_typegen[5489838d7edb4c4c]::generators::base::file_writer::tests::initialization::test_new_creates_directory
[INFO] [stdout]   14:     0x6122c6817fe9 - <tauri_typegen[5489838d7edb4c4c]::generators::base::file_writer::tests::initialization::test_new_creates_directory::{closure#0} as core[df12db4294e9bfd3]::ops::function::FnOnce<()>>::call_once
[INFO] [stdout]   15:     0x6122c6956e8b - test[9d35eded1c95d3be]::__rust_begin_short_backtrace::<core[df12db4294e9bfd3]::result::Result<(), alloc[2182bb758b4b3781]::string::String>, fn() -> core[df12db4294e9bfd3]::result::Result<(), alloc[2182bb758b4b3781]::string::String>>
[INFO] [stdout]   16:     0x6122c69644f5 - test[9d35eded1c95d3be]::run_test::{closure#0}
[INFO] [stdout]   17:     0x6122c695ddb4 - std[70759c8f55707aa4]::sys::backtrace::__rust_begin_short_backtrace::<test[9d35eded1c95d3be]::run_test::{closure#1}, ()>
[INFO] [stdout]   18:     0x6122c6967652 - <std[70759c8f55707aa4]::thread::lifecycle::spawn_unchecked<test[9d35eded1c95d3be]::run_test::{closure#1}, ()>::{closure#1} as core[df12db4294e9bfd3]::ops::function::FnOnce<()>>::call_once::{shim:vtable#0}
[INFO] [stdout]   19:     0x6122c6cfea29 - <std[70759c8f55707aa4]::sys::thread::unix::Thread>::new::thread_start
[INFO] [stdout]   20:     0x7ef78ab7edfa - <unknown>
[INFO] [stdout]   21:     0x7ef78ac123d4 - clone
[INFO] [stdout]   22:                0x0 - <unknown>
[INFO] [stdout] 
[INFO] [stdout] ---- generators::base::file_writer::tests::getters::test_get_generated_files_empty stdout ----
[INFO] [stdout] 
[INFO] [stdout] thread 'generators::base::file_writer::tests::getters::test_get_generated_files_empty' (2323) panicked at src/generators/base/file_writer.rs:126:39:
[INFO] [stdout] called `Result::unwrap()` on an `Err` value: Os { code: 30, kind: ReadOnlyFilesystem, message: "Read-only file system" }
[INFO] [stdout] stack backtrace:
[INFO] [stdout]    0:     0x6122c6cffad1 - <<std[70759c8f55707aa4]::sys::backtrace::BacktraceLock>::print::DisplayBacktrace as core[df12db4294e9bfd3]::fmt::Display>::fmt
[INFO] [stdout]    1:     0x6122c6d1893a - core[df12db4294e9bfd3]::fmt::write
[INFO] [stdout]    2:     0x6122c6d045cc - <alloc[2182bb758b4b3781]::vec::Vec<u8> as core[df12db4294e9bfd3]::io::write::Write>::write_fmt
[INFO] [stdout]    3:     0x6122c6cd7996 - std[70759c8f55707aa4]::panicking::default_hook::{closure#0}
[INFO] [stdout]    4:     0x6122c6cf5a19 - std[70759c8f55707aa4]::panicking::default_hook
[INFO] [stdout]    5:     0x6122c6963ba0 - test[9d35eded1c95d3be]::test_main_inner::<test[9d35eded1c95d3be]::test_main_static::{closure#0}>::{closure#0}
[INFO] [stdout]    6:     0x6122c6cf5d42 - std[70759c8f55707aa4]::panicking::panic_with_hook
[INFO] [stdout]    7:     0x6122c6cd7a42 - std[70759c8f55707aa4]::panicking::panic_handler::{closure#0}
[INFO] [stdout]    8:     0x6122c6cd0289 - std[70759c8f55707aa4]::sys::backtrace::__rust_end_short_backtrace::<std[70759c8f55707aa4]::panicking::panic_handler::{closure#0}, !>
[INFO] [stdout]    9:     0x6122c6cd894d - __rustc[8fa7c3cbc660c2b3]::rust_begin_unwind
[INFO] [stdout]   10:     0x6122c6d1915c - core[df12db4294e9bfd3]::panicking::panic_fmt
[INFO] [stdout]   11:     0x6122c6d18f32 - core[df12db4294e9bfd3]::result::unwrap_failed
[INFO] [stdout]   12:     0x6122c685e4b5 - <tauri_typegen[5489838d7edb4c4c]::generators::base::file_writer::tests::TestDir>::new
[INFO] [stdout]   13:     0x6122c690df22 - tauri_typegen[5489838d7edb4c4c]::generators::base::file_writer::tests::getters::test_get_generated_files_empty
[INFO] [stdout]   14:     0x6122c6818129 - <tauri_typegen[5489838d7edb4c4c]::generators::base::file_writer::tests::getters::test_get_generated_files_empty::{closure#0} as core[df12db4294e9bfd3]::ops::function::FnOnce<()>>::call_once
[INFO] [stdout]   15:     0x6122c6956e8b - test[9d35eded1c95d3be]::__rust_begin_short_backtrace::<core[df12db4294e9bfd3]::result::Result<(), alloc[2182bb758b4b3781]::string::String>, fn() -> core[df12db4294e9bfd3]::result::Result<(), alloc[2182bb758b4b3781]::string::String>>
[INFO] [stdout]   16:     0x6122c69644f5 - test[9d35eded1c95d3be]::run_test::{closure#0}
[INFO] [stdout]   17:     0x6122c695ddb4 - std[70759c8f55707aa4]::sys::backtrace::__rust_begin_short_backtrace::<test[9d35eded1c95d3be]::run_test::{closure#1}, ()>
[INFO] [stdout]   18:     0x6122c6967652 - <std[70759c8f55707aa4]::thread::lifecycle::spawn_unchecked<test[9d35eded1c95d3be]::run_test::{closure#1}, ()>::{closure#1} as core[df12db4294e9bfd3]::ops::function::FnOnce<()>>::call_once::{shim:vtable#0}
[INFO] [stdout]   19:     0x6122c6cfea29 - <std[70759c8f55707aa4]::sys::thread::unix::Thread>::new::thread_start
[INFO] [stdout]   20:     0x7ef78ab7edfa - <unknown>
[INFO] [stdout]   21:     0x7ef78ac123d4 - clone
[INFO] [stdout]   22:                0x0 - <unknown>
[INFO] [stdout] 
[INFO] [stdout] ---- generators::base::file_writer::tests::initialization::test_new_with_existing_directory stdout ----
[INFO] [stdout] 
[INFO] [stdout] thread 'generators::base::file_writer::tests::initialization::test_new_with_existing_directory' (2326) panicked at src/generators/base/file_writer.rs:126:39:
[INFO] [stdout] called `Result::unwrap()` on an `Err` value: Os { code: 30, kind: ReadOnlyFilesystem, message: "Read-only file system" }
[INFO] [stdout] stack backtrace:
[INFO] [stdout]    0:     0x6122c6cffad1 - <<std[70759c8f55707aa4]::sys::backtrace::BacktraceLock>::print::DisplayBacktrace as core[df12db4294e9bfd3]::fmt::Display>::fmt
[INFO] [stdout]    1:     0x6122c6d1893a - core[df12db4294e9bfd3]::fmt::write
[INFO] [stdout]    2:     0x6122c6d045cc - <alloc[2182bb758b4b3781]::vec::Vec<u8> as core[df12db4294e9bfd3]::io::write::Write>::write_fmt
[INFO] [stdout]    3:     0x6122c6cd7996 - std[70759c8f55707aa4]::panicking::default_hook::{closure#0}
[INFO] [stdout]    4:     0x6122c6cf5a19 - std[70759c8f55707aa4]::panicking::default_hook
[INFO] [stdout]    5:     0x6122c6963ba0 - test[9d35eded1c95d3be]::test_main_inner::<test[9d35eded1c95d3be]::test_main_static::{closure#0}>::{closure#0}
[INFO] [stdout]    6:     0x6122c6cf5d42 - std[70759c8f55707aa4]::panicking::panic_with_hook
[INFO] [stdout]    7:     0x6122c6cd7a42 - std[70759c8f55707aa4]::panicking::panic_handler::{closure#0}
[INFO] [stdout]    8:     0x6122c6cd0289 - std[70759c8f55707aa4]::sys::backtrace::__rust_end_short_backtrace::<std[70759c8f55707aa4]::panicking::panic_handler::{closure#0}, !>
[INFO] [stdout]    9:     0x6122c6cd894d - __rustc[8fa7c3cbc660c2b3]::rust_begin_unwind
[INFO] [stdout]   10:     0x6122c6d1915c - core[df12db4294e9bfd3]::panicking::panic_fmt
[INFO] [stdout]   11:     0x6122c6d18f32 - core[df12db4294e9bfd3]::result::unwrap_failed
[INFO] [stdout]   12:     0x6122c685e4b5 - <tauri_typegen[5489838d7edb4c4c]::generators::base::file_writer::tests::TestDir>::new
[INFO] [stdout]   13:     0x6122c68253b3 - tauri_typegen[5489838d7edb4c4c]::generators::base::file_writer::tests::initialization::test_new_with_existing_directory
[INFO] [stdout]   14:     0x6122c6818009 - <tauri_typegen[5489838d7edb4c4c]::generators::base::file_writer::tests::initialization::test_new_with_existing_directory::{closure#0} as core[df12db4294e9bfd3]::ops::function::FnOnce<()>>::call_once
[INFO] [stdout]   15:     0x6122c6956e8b - test[9d35eded1c95d3be]::__rust_begin_short_backtrace::<core[df12db4294e9bfd3]::result::Result<(), alloc[2182bb758b4b3781]::string::String>, fn() -> core[df12db4294e9bfd3]::result::Result<(), alloc[2182bb758b4b3781]::string::String>>
[INFO] [stdout]   16:     0x6122c69644f5 - test[9d35eded1c95d3be]::run_test::{closure#0}
[INFO] [stdout]   17:     0x6122c695ddb4 - std[70759c8f55707aa4]::sys::backtrace::__rust_begin_short_backtrace::<test[9d35eded1c95d3be]::run_test::{closure#1}, ()>
[INFO] [stdout]   18:     0x6122c6967652 - <std[70759c8f55707aa4]::thread::lifecycle::spawn_unchecked<test[9d35eded1c95d3be]::run_test::{closure#1}, ()>::{closure#1} as core[df12db4294e9bfd3]::ops::function::FnOnce<()>>::call_once::{shim:vtable#0}
[INFO] [stdout]   19:     0x6122c6cfea29 - <std[70759c8f55707aa4]::sys::thread::unix::Thread>::new::thread_start
[INFO] [stdout]   20:     0x7ef78ab7edfa - <unknown>
[INFO] [stdout]   21:     0x7ef78ac123d4 - clone
[INFO] [stdout]   22:                0x0 - <unknown>
[INFO] [stdout] 
[INFO] [stdout] ---- generators::base::file_writer::tests::initialization::test_new_with_nested_path stdout ----
[INFO] [stdout] 
[INFO] [stdout] thread 'generators::base::file_writer::tests::initialization::test_new_with_nested_path' (2327) panicked at src/generators/base/file_writer.rs:126:39:
[INFO] [stdout] called `Result::unwrap()` on an `Err` value: Os { code: 30, kind: ReadOnlyFilesystem, message: "Read-only file system" }
[INFO] [stdout] stack backtrace:
[INFO] [stdout]    0:     0x6122c6cffad1 - <<std[70759c8f55707aa4]::sys::backtrace::BacktraceLock>::print::DisplayBacktrace as core[df12db4294e9bfd3]::fmt::Display>::fmt
[INFO] [stdout]    1:     0x6122c6d1893a - core[df12db4294e9bfd3]::fmt::write
[INFO] [stdout]    2:     0x6122c6d045cc - <alloc[2182bb758b4b3781]::vec::Vec<u8> as core[df12db4294e9bfd3]::io::write::Write>::write_fmt
[INFO] [stdout]    3:     0x6122c6cd7996 - std[70759c8f55707aa4]::panicking::default_hook::{closure#0}
[INFO] [stdout]    4:     0x6122c6cf5a19 - std[70759c8f55707aa4]::panicking::default_hook
[INFO] [stdout]    5:     0x6122c6963ba0 - test[9d35eded1c95d3be]::test_main_inner::<test[9d35eded1c95d3be]::test_main_static::{closure#0}>::{closure#0}
[INFO] [stdout]    6:     0x6122c6cf5d42 - std[70759c8f55707aa4]::panicking::panic_with_hook
[INFO] [stdout]    7:     0x6122c6cd7a42 - std[70759c8f55707aa4]::panicking::panic_handler::{closure#0}
[INFO] [stdout]    8:     0x6122c6cd0289 - std[70759c8f55707aa4]::sys::backtrace::__rust_end_short_backtrace::<std[70759c8f55707aa4]::panicking::panic_handler::{closure#0}, !>
[INFO] [stdout]    9:     0x6122c6cd894d - __rustc[8fa7c3cbc660c2b3]::rust_begin_unwind
[INFO] [stdout]   10:     0x6122c6d1915c - core[df12db4294e9bfd3]::panicking::panic_fmt
[INFO] [stdout]   11:     0x6122c6d18f32 - core[df12db4294e9bfd3]::result::unwrap_failed
[INFO] [stdout]   12:     0x6122c685e4b5 - <tauri_typegen[5489838d7edb4c4c]::generators::base::file_writer::tests::TestDir>::new
[INFO] [stdout]   13:     0x6122c6824f58 - tauri_typegen[5489838d7edb4c4c]::generators::base::file_writer::tests::initialization::test_new_with_nested_path
[INFO] [stdout]   14:     0x6122c6817fc9 - <tauri_typegen[5489838d7edb4c4c]::generators::base::file_writer::tests::initialization::test_new_with_nested_path::{closure#0} as core[df12db4294e9bfd3]::ops::function::FnOnce<()>>::call_once
[INFO] [stdout]   15:     0x6122c6956e8b - test[9d35eded1c95d3be]::__rust_begin_short_backtrace::<core[df12db4294e9bfd3]::result::Result<(), alloc[2182bb758b4b3781]::string::String>, fn() -> core[df12db4294e9bfd3]::result::Result<(), alloc[2182bb758b4b3781]::string::String>>
[INFO] [stdout]   16:     0x6122c69644f5 - test[9d35eded1c95d3be]::run_test::{closure#0}
[INFO] [stdout]   17:     0x6122c695ddb4 - std[70759c8f55707aa4]::sys::backtrace::__rust_begin_short_backtrace::<test[9d35eded1c95d3be]::run_test::{closure#1}, ()>
[INFO] [stdout]   18:     0x6122c6967652 - <std[70759c8f55707aa4]::thread::lifecycle::spawn_unchecked<test[9d35eded1c95d3be]::run_test::{closure#1}, ()>::{closure#1} as core[df12db4294e9bfd3]::ops::function::FnOnce<()>>::call_once::{shim:vtable#0}
[INFO] [stdout]   19:     0x6122c6cfea29 - <std[70759c8f55707aa4]::sys::thread::unix::Thread>::new::thread_start
[INFO] [stdout]   20:     0x7ef78ab7edfa - <unknown>
[INFO] [stdout]   21:     0x7ef78ac123d4 - clone
[INFO] [stdout]   22:                0x0 - <unknown>
[INFO] [stdout] 
[INFO] [stdout] ---- generators::base::file_writer::tests::getters::test_get_file_path stdout ----
[INFO] [stdout] 
[INFO] [stdout] thread 'generators::base::file_writer::tests::getters::test_get_file_path' (2321) panicked at src/generators/base/file_writer.rs:126:39:
[INFO] [stdout] called `Result::unwrap()` on an `Err` value: Os { code: 30, kind: ReadOnlyFilesystem, message: "Read-only file system" }
[INFO] [stdout] stack backtrace:
[INFO] [stdout]    0:     0x6122c6cffad1 - <<std[70759c8f55707aa4]::sys::backtrace::BacktraceLock>::print::DisplayBacktrace as core[df12db4294e9bfd3]::fmt::Display>::fmt
[INFO] [stdout]    1:     0x6122c6d1893a - core[df12db4294e9bfd3]::fmt::write
[INFO] [stdout]    2:     0x6122c6d045cc - <alloc[2182bb758b4b3781]::vec::Vec<u8> as core[df12db4294e9bfd3]::io::write::Write>::write_fmt
[INFO] [stdout]    3:     0x6122c6cd7996 - std[70759c8f55707aa4]::panicking::default_hook::{closure#0}
[INFO] [stdout]    4:     0x6122c6cf5a19 - std[70759c8f55707aa4]::panicking::default_hook
[INFO] [stdout]    5:     0x6122c6963ba0 - test[9d35eded1c95d3be]::test_main_inner::<test[9d35eded1c95d3be]::test_main_static::{closure#0}>::{closure#0}
[INFO] [stdout]    6:     0x6122c6cf5d42 - std[70759c8f55707aa4]::panicking::panic_with_hook
[INFO] [stdout]    7:     0x6122c6cd7a42 - std[70759c8f55707aa4]::panicking::panic_handler::{closure#0}
[INFO] [stdout]    8:     0x6122c6cd0289 - std[70759c8f55707aa4]::sys::backtrace::__rust_end_short_backtrace::<std[70759c8f55707aa4]::panicking::panic_handler::{closure#0}, !>
[INFO] [stdout]    9:     0x6122c6cd894d - __rustc[8fa7c3cbc660c2b3]::rust_begin_unwind
[INFO] [stdout]   10:     0x6122c6d1915c - core[df12db4294e9bfd3]::panicking::panic_fmt
[INFO] [stdout]   11:     0x6122c6d18f32 - core[df12db4294e9bfd3]::result::unwrap_failed
[INFO] [stdout]   12:     0x6122c685e4b5 - <tauri_typegen[5489838d7edb4c4c]::generators::base::file_writer::tests::TestDir>::new
[INFO] [stdout]   13:     0x6122c690d948 - tauri_typegen[5489838d7edb4c4c]::generators::base::file_writer::tests::getters::test_get_file_path
[INFO] [stdout]   14:     0x6122c68180e9 - <tauri_typegen[5489838d7edb4c4c]::generators::base::file_writer::tests::getters::test_get_file_path::{closure#0} as core[df12db4294e9bfd3]::ops::function::FnOnce<()>>::call_once
[INFO] [stdout]   15:     0x6122c6956e8b - test[9d35eded1c95d3be]::__rust_begin_short_backtrace::<core[df12db4294e9bfd3]::result::Result<(), alloc[2182bb758b4b3781]::string::String>, fn() -> core[df12db4294e9bfd3]::result::Result<(), alloc[2182bb758b4b3781]::string::String>>
[INFO] [stdout]   16:     0x6122c69644f5 - test[9d35eded1c95d3be]::run_test::{closure#0}
[INFO] [stdout]   17:     0x6122c695ddb4 - std[70759c8f55707aa4]::sys::backtrace::__rust_begin_short_backtrace::<test[9d35eded1c95d3be]::run_test::{closure#1}, ()>
[INFO] [stdout]   18:     0x6122c6967652 - <std[70759c8f55707aa4]::thread::lifecycle::spawn_unchecked<test[9d35eded1c95d3be]::run_test::{closure#1}, ()>::{closure#1} as core[df12db4294e9bfd3]::ops::function::FnOnce<()>>::call_once::{shim:vtable#0}
[INFO] [stdout]   19:     0x6122c6cfea29 - <std[70759c8f55707aa4]::sys::thread::unix::Thread>::new::thread_start
[INFO] [stdout]   20:     0x7ef78ab7edfa - <unknown>
[INFO] [stdout]   21:     0x7ef78ac123d4 - clone
[INFO] [stdout]   22:                0x0 - <unknown>
[INFO] [stdout] 
[INFO] [stdout] ---- generators::base::file_writer::tests::test_test_dir_cleans_up_on_drop stdout ----
[INFO] [stdout] 
[INFO] [stdout] thread 'generators::base::file_writer::tests::test_test_dir_cleans_up_on_drop' (2329) panicked at src/generators/base/file_writer.rs:126:39:
[INFO] [stdout] called `Result::unwrap()` on an `Err` value: Os { code: 30, kind: ReadOnlyFilesystem, message: "Read-only file system" }
[INFO] [stdout] stack backtrace:
[INFO] [stdout]    0:     0x6122c6cffad1 - <<std[70759c8f55707aa4]::sys::backtrace::BacktraceLock>::print::DisplayBacktrace as core[df12db4294e9bfd3]::fmt::Display>::fmt
[INFO] [stdout]    1:     0x6122c6d1893a - core[df12db4294e9bfd3]::fmt::write
[INFO] [stdout]    2:     0x6122c6d045cc - <alloc[2182bb758b4b3781]::vec::Vec<u8> as core[df12db4294e9bfd3]::io::write::Write>::write_fmt
[INFO] [stdout]    3:     0x6122c6cd7996 - std[70759c8f55707aa4]::panicking::default_hook::{closure#0}
[INFO] [stdout]    4:     0x6122c6cf5a19 - std[70759c8f55707aa4]::panicking::default_hook
[INFO] [stdout]    5:     0x6122c6963ba0 - test[9d35eded1c95d3be]::test_main_inner::<test[9d35eded1c95d3be]::test_main_static::{closure#0}>::{closure#0}
[INFO] [stdout]    6:     0x6122c6cf5d42 - std[70759c8f55707aa4]::panicking::panic_with_hook
[INFO] [stdout]    7:     0x6122c6cd7a42 - std[70759c8f55707aa4]::panicking::panic_handler::{closure#0}
[INFO] [stdout]    8:     0x6122c6cd0289 - std[70759c8f55707aa4]::sys::backtrace::__rust_end_short_backtrace::<std[70759c8f55707aa4]::panicking::panic_handler::{closure#0}, !>
[INFO] [stdout]    9:     0x6122c6cd894d - __rustc[8fa7c3cbc660c2b3]::rust_begin_unwind
[INFO] [stdout]   10:     0x6122c6d1915c - core[df12db4294e9bfd3]::panicking::panic_fmt
[INFO] [stdout]   11:     0x6122c6d18f32 - core[df12db4294e9bfd3]::result::unwrap_failed
[INFO] [stdout]   12:     0x6122c685e4b5 - <tauri_typegen[5489838d7edb4c4c]::generators::base::file_writer::tests::TestDir>::new
[INFO] [stdout]   13:     0x6122c6865258 - tauri_typegen[5489838d7edb4c4c]::generators::base::file_writer::tests::test_test_dir_cleans_up_on_drop
[INFO] [stdout]   14:     0x6122c6814bf9 - <tauri_typegen[5489838d7edb4c4c]::generators::base::file_writer::tests::test_test_dir_cleans_up_on_drop::{closure#0} as core[df12db4294e9bfd3]::ops::function::FnOnce<()>>::call_once
[INFO] [stdout]   15:     0x6122c6956e8b - test[9d35eded1c95d3be]::__rust_begin_short_backtrace::<core[df12db4294e9bfd3]::result::Result<(), alloc[2182bb758b4b3781]::string::String>, fn() -> core[df12db4294e9bfd3]::result::Result<(), alloc[2182bb758b4b3781]::string::String>>
[INFO] [stdout]   16:     0x6122c69644f5 - test[9d35eded1c95d3be]::run_test::{closure#0}
[INFO] [stdout]   17:     0x6122c695ddb4 - std[70759c8f55707aa4]::sys::backtrace::__rust_begin_short_backtrace::<test[9d35eded1c95d3be]::run_test::{closure#1}, ()>
[INFO] [stdout]   18:     0x6122c6967652 - <std[70759c8f55707aa4]::thread::lifecycle::spawn_unchecked<test[9d35eded1c95d3be]::run_test::{closure#1}, ()>::{closure#1} as core[df12db4294e9bfd3]::ops::function::FnOnce<()>>::call_once::{shim:vtable#0}
[INFO] [stdout]   19:     0x6122c6cfea29 - <std[70759c8f55707aa4]::sys::thread::unix::Thread>::new::thread_start
[INFO] [stdout]   20:     0x7ef78ab7edfa - <unknown>
[INFO] [stdout]   21:     0x7ef78ac123d4 - clone
[INFO] [stdout]   22:                0x0 - <unknown>
[INFO] [stdout] 
[INFO] [stdout] ---- generators::base::file_writer::tests::file_operations::test_file_exists_false stdout ----
[INFO] [stdout] 
[INFO] [stdout] thread 'generators::base::file_writer::tests::file_operations::test_file_exists_false' (2312) panicked at src/generators/base/file_writer.rs:126:39:
[INFO] [stdout] called `Result::unwrap()` on an `Err` value: Os { code: 30, kind: ReadOnlyFilesystem, message: "Read-only file system" }
[INFO] [stdout] stack backtrace:
[INFO] [stdout]    0:     0x6122c6cffad1 - <<std[70759c8f55707aa4]::sys::backtrace::BacktraceLock>::print::DisplayBacktrace as core[df12db4294e9bfd3]::fmt::Display>::fmt
[INFO] [stdout]    1:     0x6122c6d1893a - core[df12db4294e9bfd3]::fmt::write
[INFO] [stdout]    2:     0x6122c6d045cc - <alloc[2182bb758b4b3781]::vec::Vec<u8> as core[df12db4294e9bfd3]::io::write::Write>::write_fmt
[INFO] [stdout]    3:     0x6122c6cd7996 - std[70759c8f55707aa4]::panicking::default_hook::{closure#0}
[INFO] [stdout]    4:     0x6122c6cf5a19 - std[70759c8f55707aa4]::panicking::default_hook
[INFO] [stdout]    5:     0x6122c6963ba0 - test[9d35eded1c95d3be]::test_main_inner::<test[9d35eded1c95d3be]::test_main_static::{closure#0}>::{closure#0}
[INFO] [stdout]    6:     0x6122c6cf5d42 - std[70759c8f55707aa4]::panicking::panic_with_hook
[INFO] [stdout]    7:     0x6122c6cd7a42 - std[70759c8f55707aa4]::panicking::panic_handler::{closure#0}
[INFO] [stdout]    8:     0x6122c6cd0289 - std[70759c8f55707aa4]::sys::backtrace::__rust_end_short_backtrace::<std[70759c8f55707aa4]::panicking::panic_handler::{closure#0}, !>
[INFO] [stdout]    9:     0x6122c6cd894d - __rustc[8fa7c3cbc660c2b3]::rust_begin_unwind
[INFO] [stdout]   10:     0x6122c6d1915c - core[df12db4294e9bfd3]::panicking::panic_fmt
[INFO] [stdout]   11:     0x6122c6d18f32 - core[df12db4294e9bfd3]::result::unwrap_failed
[INFO] [stdout]   12:     0x6122c685e4b5 - <tauri_typegen[5489838d7edb4c4c]::generators::base::file_writer::tests::TestDir>::new
[INFO] [stdout]   13:     0x6122c6866eaa - tauri_typegen[5489838d7edb4c4c]::generators::base::file_writer::tests::file_operations::test_file_exists_false
[INFO] [stdout]   14:     0x6122c6818069 - <tauri_typegen[5489838d7edb4c4c]::generators::base::file_writer::tests::file_operations::test_file_exists_false::{closure#0} as core[df12db4294e9bfd3]::ops::function::FnOnce<()>>::call_once
[INFO] [stdout]   15:     0x6122c6956e8b - test[9d35eded1c95d3be]::__rust_begin_short_backtrace::<core[df12db4294e9bfd3]::result::Result<(), alloc[2182bb758b4b3781]::string::String>, fn() -> core[df12db4294e9bfd3]::result::Result<(), alloc[2182bb758b4b3781]::string::String>>
[INFO] [stdout]   16:     0x6122c69644f5 - test[9d35eded1c95d3be]::run_test::{closure#0}
[INFO] [stdout]   17:     0x6122c695ddb4 - std[70759c8f55707aa4]::sys::backtrace::__rust_begin_short_backtrace::<test[9d35eded1c95d3be]::run_test::{closure#1}, ()>
[INFO] [stdout]   18:     0x6122c6967652 - <std[70759c8f55707aa4]::thread::lifecycle::spawn_unchecked<test[9d35eded1c95d3be]::run_test::{closure#1}, ()>::{closure#1} as core[df12db4294e9bfd3]::ops::function::FnOnce<()>>::call_once::{shim:vtable#0}
[INFO] [stdout]   19:     0x6122c6cfea29 - <std[70759c8f55707aa4]::sys::thread::unix::Thread>::new::thread_start
[INFO] [stdout]   20:     0x7ef78ab7edfa - <unknown>
[INFO] [stdout]   21:     0x7ef78ac123d4 - clone
[INFO] [stdout]   22:                0x0 - <unknown>
[INFO] [stdout] 
[INFO] [stdout] 
[INFO] [stdout] failures:
[INFO] [stdout]     analysis::ast_cache::tests::edge_cases::test_cache_same_file_twice
[INFO] [stdout]     analysis::ast_cache::tests::edge_cases::test_directory_with_only_non_rust_files
[INFO] [stdout]     analysis::ast_cache::tests::edge_cases::test_empty_directory
[INFO] [stdout]     analysis::ast_cache::tests::edge_cases::test_parse_empty_rust_file
[INFO] [stdout]     analysis::ast_cache::tests::multi_file_operations::test_parse_and_cache_all_files
[INFO] [stdout]     analysis::ast_cache::tests::multi_file_operations::test_parse_continues_on_syntax_error
[INFO] [stdout]     analysis::ast_cache::tests::multi_file_operations::test_parse_skips_git_directory
[INFO] [stdout]     analysis::ast_cache::tests::multi_file_operations::test_parse_skips_target_directory
[INFO] [stdout]     analysis::ast_cache::tests::multi_file_operations::test_parse_with_verbose_output
[INFO] [stdout]     analysis::ast_cache::tests::single_file_operations::test_parse_and_cache_single_file
[INFO] [stdout]     analysis::ast_cache::tests::single_file_operations::test_parse_invalid_syntax_errors
[INFO] [stdout]     generators::base::file_writer::tests::edge_cases::test_overwrite_existing_file
[INFO] [stdout]     generators::base::file_writer::tests::edge_cases::test_write_empty_content
[INFO] [stdout]     generators::base::file_writer::tests::edge_cases::test_write_large_content
[INFO] [stdout]     generators::base::file_writer::tests::file_operations::test_delete_file
[INFO] [stdout]     generators::base::file_writer::tests::file_operations::test_delete_nonexistent_file
[INFO] [stdout]     generators::base::file_writer::tests::file_operations::test_ensure_directory_exists
[INFO] [stdout]     generators::base::file_writer::tests::file_operations::test_ensure_directory_exists_already_exists
[INFO] [stdout]     generators::base::file_writer::tests::file_operations::test_file_exists_false
[INFO] [stdout]     generators::base::file_writer::tests::file_operations::test_file_exists_true
[INFO] [stdout]     generators::base::file_writer::tests::file_writing::test_write_commands_file
[INFO] [stdout]     generators::base::file_writer::tests::file_writing::test_write_events_file
[INFO] [stdout]     generators::base::file_writer::tests::file_writing::test_write_index_file
[INFO] [stdout]     generators::base::file_writer::tests::file_writing::test_write_multiple_files
[INFO] [stdout]     generators::base::file_writer::tests::file_writing::test_write_schemas_file
[INFO] [stdout]     generators::base::file_writer::tests::file_writing::test_write_types_file
[INFO] [stdout]     generators::base::file_writer::tests::file_writing::test_write_typescript_file
[INFO] [stdout]     generators::base::file_writer::tests::getters::test_get_file_path
[INFO] [stdout]     generators::base::file_writer::tests::getters::test_get_generated_files_after_writing
[INFO] [stdout]     generators::base::file_writer::tests::getters::test_get_generated_files_empty
[INFO] [stdout]     generators::base::file_writer::tests::getters::test_get_output_path
[INFO] [stdout]     generators::base::file_writer::tests::initialization::test_new_creates_directory
[INFO] [stdout]     generators::base::file_writer::tests::initialization::test_new_with_existing_directory
[INFO] [stdout]     generators::base::file_writer::tests::initialization::test_new_with_nested_path
[INFO] [stdout]     generators::base::file_writer::tests::test_test_dir_cleans_up_on_drop
[INFO] [stdout] 
[INFO] [stdout] test result: FAILED. 686 passed; 35 failed; 0 ignored; 0 measured; 0 filtered out; finished in 2.11s
[INFO] [stdout] 
[INFO] running `Command { std: "docker" "inspect" "fd78e7e32ef606b704a6b98d56e0222817e8bf81b24566745a5e234e15e9807d", kill_on_drop: false }`
[INFO] running `Command { std: "docker" "rm" "-f" "fd78e7e32ef606b704a6b98d56e0222817e8bf81b24566745a5e234e15e9807d", kill_on_drop: false }`
[INFO] [stdout] fd78e7e32ef606b704a6b98d56e0222817e8bf81b24566745a5e234e15e9807d
