[INFO] fetching crate tauri-soup-sys 0.14.1...
[INFO] testing tauri-soup-sys-0.14.1 against 1.99.0-beta.8+cargoflags=--release for beta-release-1.100-2
[INFO] extracting crate tauri-soup-sys 0.14.1 into /workspace/builds/worker-4-tc1/source
[INFO] started tweaking crates.io crate tauri-soup-sys 0.14.1
[INFO] finished tweaking crates.io crate tauri-soup-sys 0.14.1
[INFO] tweaked toml for crates.io crate tauri-soup-sys 0.14.1 written to /workspace/builds/worker-4-tc1/source/Cargo.toml
[INFO] validating manifest of crates.io crate tauri-soup-sys 0.14.1 on toolchain 1.99.0-beta.8
[INFO] running `Command { std: CARGO_HOME="/workspace/cargo-home" RUSTUP_HOME="/workspace/rustup-home" "/workspace/cargo-home/bin/cargo" "+1.99.0-beta.8" "metadata" "--manifest-path" "Cargo.toml" "--no-deps", kill_on_drop: false }`
[INFO] running `Command { std: CARGO_HOME="/workspace/cargo-home" RUSTUP_HOME="/workspace/rustup-home" "/workspace/cargo-home/bin/cargo" "+1.99.0-beta.8" "generate-lockfile" "--manifest-path" "Cargo.toml", kill_on_drop: false }`
[INFO] [stderr]     Updating crates.io index
[INFO] [stderr]      Locking 45 packages to highest compatible versions
[INFO] [stderr]       Adding bitflags v1.3.2 (available: v2.13.2)
[INFO] [stderr]       Adding gio-sys v0.14.0 (available: v0.22.9)
[INFO] [stderr]       Adding glib-sys v0.14.0 (available: v0.22.9)
[INFO] [stderr]       Adding gobject-sys v0.14.0 (available: v0.22.9)
[INFO] [stderr]       Adding system-deps v3.2.0 (available: v9.0.0)
[INFO] running `Command { std: CARGO_HOME="/workspace/cargo-home" RUSTUP_HOME="/workspace/rustup-home" "/workspace/cargo-home/bin/cargo" "+1.99.0-beta.8" "fetch" "--manifest-path" "Cargo.toml", kill_on_drop: false }`
[INFO] [stderr]  Downloading crates ...
[INFO] [stderr]   Downloaded system-deps v3.2.0
[INFO] [stderr]   Downloaded strum_macros v0.21.1
[INFO] [stderr]   Downloaded strum v0.21.0
[INFO] [stderr]   Downloaded cfg-expr v0.8.1
[INFO] [stderr]   Downloaded version-compare v0.0.11
[INFO] [stderr]   Downloaded glib-sys v0.14.0
[INFO] [stderr]   Downloaded gobject-sys v0.14.0
[INFO] [stderr]   Downloaded gio-sys v0.14.0
[INFO] running `Command { std: "docker" "create" "-v" "/var/lib/crater-agent-workspace/builds/worker-4-tc1/source:/opt/rustwide/workdir:ro,Z" "-v" "/var/lib/crater-agent-workspace/builds/worker-4-tc1/target:/opt/rustwide/target:rw,Z" "-v" "/var/lib/crater-agent-workspace/cargo-home:/opt/rustwide/cargo-home:ro,Z" "-v" "/var/lib/crater-agent-workspace/rustup-home:/opt/rustwide/rustup-home:ro,Z" "-m" "1610612736" "--network" "none" "ghcr.io/rust-lang/crates-build-env/linux@sha256:77db811e55d90add9212f6832c23229e3de5f1c1f9905e8cb07319ea15df73ac" "sleep" "infinity", kill_on_drop: false }`
[INFO] [stdout] b98a79a6d3348fc222bedfecf5ee422a0e331cf818016651de2466cf29d9630f
[INFO] running `Command { std: "docker" "start" "b98a79a6d3348fc222bedfecf5ee422a0e331cf818016651de2466cf29d9630f", kill_on_drop: false }`
[INFO] running `Command { std: "docker" "inspect" "b98a79a6d3348fc222bedfecf5ee422a0e331cf818016651de2466cf29d9630f", kill_on_drop: false }`
[INFO] running `Command { std: "docker" "exec" "-e" "SOURCE_DIR=/opt/rustwide/workdir" "-e" "CARGO_HOME=/opt/rustwide/cargo-home" "-e" "RUSTUP_HOME=/opt/rustwide/rustup-home" "-e" "CARGO_TARGET_DIR=/opt/rustwide/target" "-w" "/opt/rustwide/workdir" "--user" "0:0" "b98a79a6d3348fc222bedfecf5ee422a0e331cf818016651de2466cf29d9630f" "/opt/rustwide/cargo-home/bin/cargo" "+1.99.0-beta.8" "metadata" "--no-deps" "--format-version=1", kill_on_drop: false }`
[INFO] running `Command { std: "docker" "inspect" "b98a79a6d3348fc222bedfecf5ee422a0e331cf818016651de2466cf29d9630f", kill_on_drop: false }`
[INFO] running `Command { std: "docker" "exec" "-e" "SOURCE_DIR=/opt/rustwide/workdir" "-e" "CARGO_HOME=/opt/rustwide/cargo-home" "-e" "RUSTUP_HOME=/opt/rustwide/rustup-home" "-e" "CARGO_TARGET_DIR=/opt/rustwide/target" "-e" "CARGO_INCREMENTAL=0" "-e" "RUST_BACKTRACE=full" "-e" "RUSTFLAGS=--cap-lints=warn" "-e" "RUSTDOCFLAGS=--cap-lints=warn" "-w" "/opt/rustwide/workdir" "--user" "0:0" "b98a79a6d3348fc222bedfecf5ee422a0e331cf818016651de2466cf29d9630f" "/opt/rustwide/cargo-home/bin/cargo" "+1.99.0-beta.8" "build" "--frozen" "--message-format=json" "--release", kill_on_drop: false }`
[INFO] [stderr]    Compiling syn v1.0.109
[INFO] [stderr]    Compiling unicode-segmentation v1.13.3
[INFO] [stderr]    Compiling smallvec v1.16.3
[INFO] [stderr]    Compiling either v1.19.0
[INFO] [stderr]    Compiling thiserror v1.0.69
[INFO] [stderr]    Compiling toml v0.5.11
[INFO] [stderr]    Compiling strum v0.21.0
[INFO] [stderr]    Compiling version-compare v0.0.11
[INFO] [stderr]    Compiling libc v0.2.191
[INFO] [stderr]    Compiling itertools v0.10.5
[INFO] [stderr]    Compiling cfg-expr v0.8.1
[INFO] [stderr]    Compiling heck v0.3.3
[INFO] [stderr]    Compiling strum_macros v0.21.1
[INFO] [stderr]    Compiling system-deps v3.2.0
[INFO] [stderr]    Compiling glib-sys v0.14.0
[INFO] [stderr]    Compiling gobject-sys v0.14.0
[INFO] [stderr]    Compiling gio-sys v0.14.0
[INFO] [stderr]    Compiling tauri-soup-sys v0.14.1 (/opt/rustwide/workdir)
[INFO] [stdout] warning: unused import: `std::io::prelude::*`
[INFO] [stdout]  --> build.rs:9:5
[INFO] [stdout]   |
[INFO] [stdout] 9 | use std::io::prelude::*;
[INFO] [stdout]   |     ^^^^^^^^^^^^^^^^^^^
[INFO] [stdout]   |
[INFO] [stdout]   = note: `#[warn(unused_imports)]` (part of `#[warn(unused)]`) on by default
[INFO] [stdout] 
[INFO] [stdout] 
[INFO] [stdout] warning: unused import: `std::io`
[INFO] [stdout]   --> build.rs:11:5
[INFO] [stdout]    |
[INFO] [stdout] 11 | use std::io;
[INFO] [stdout]    |     ^^^^^^^
[INFO] [stdout] 
[INFO] [stdout] 
[INFO] [stderr]     Finished `release` profile [optimized] target(s) in 15.42s
[INFO] running `Command { std: "docker" "inspect" "b98a79a6d3348fc222bedfecf5ee422a0e331cf818016651de2466cf29d9630f", kill_on_drop: false }`
[INFO] running `Command { std: "docker" "exec" "-e" "SOURCE_DIR=/opt/rustwide/workdir" "-e" "CARGO_HOME=/opt/rustwide/cargo-home" "-e" "RUSTUP_HOME=/opt/rustwide/rustup-home" "-e" "CARGO_TARGET_DIR=/opt/rustwide/target" "-e" "CARGO_INCREMENTAL=0" "-e" "RUST_BACKTRACE=full" "-e" "RUSTFLAGS=--cap-lints=warn" "-e" "RUSTDOCFLAGS=--cap-lints=warn" "-w" "/opt/rustwide/workdir" "--user" "0:0" "b98a79a6d3348fc222bedfecf5ee422a0e331cf818016651de2466cf29d9630f" "/opt/rustwide/cargo-home/bin/cargo" "+1.99.0-beta.8" "test" "--frozen" "--no-run" "--message-format=json" "--release", kill_on_drop: false }`
[INFO] [stderr]    Compiling getrandom v0.4.3
[INFO] [stdout] warning: unused import: `std::io::prelude::*`
[INFO] [stdout]  --> build.rs:9:5
[INFO] [stdout]   |
[INFO] [stdout] 9 | use std::io::prelude::*;
[INFO] [stdout]   |     ^^^^^^^^^^^^^^^^^^^
[INFO] [stdout]   |
[INFO] [stdout]   = note: `#[warn(unused_imports)]` (part of `#[warn(unused)]`) on by default
[INFO] [stdout] 
[INFO] [stdout] 
[INFO] [stdout] warning: unused import: `std::io`
[INFO] [stdout]   --> build.rs:11:5
[INFO] [stdout]    |
[INFO] [stdout] 11 | use std::io;
[INFO] [stdout]    |     ^^^^^^^
[INFO] [stdout] 
[INFO] [stdout] 
[INFO] [stderr]    Compiling tempfile v3.27.0
[INFO] [stderr]    Compiling tauri-soup-sys v0.14.1 (/opt/rustwide/workdir)
[INFO] [stderr]     Finished `release` profile [optimized] target(s) in 2.30s
[INFO] running `Command { std: "docker" "inspect" "b98a79a6d3348fc222bedfecf5ee422a0e331cf818016651de2466cf29d9630f", kill_on_drop: false }`
[INFO] running `Command { std: "docker" "exec" "-e" "SOURCE_DIR=/opt/rustwide/workdir" "-e" "CARGO_HOME=/opt/rustwide/cargo-home" "-e" "RUSTUP_HOME=/opt/rustwide/rustup-home" "-e" "CARGO_TARGET_DIR=/opt/rustwide/target" "-e" "CARGO_INCREMENTAL=0" "-e" "RUST_BACKTRACE=full" "-e" "RUSTFLAGS=--cap-lints=warn" "-e" "RUSTDOCFLAGS=--cap-lints=warn" "-w" "/opt/rustwide/workdir" "--user" "0:0" "b98a79a6d3348fc222bedfecf5ee422a0e331cf818016651de2466cf29d9630f" "/opt/rustwide/cargo-home/bin/cargo" "+1.99.0-beta.8" "test" "--frozen" "--release", kill_on_drop: false }`
[INFO] [stderr] warning: unused import: `std::io::prelude::*`
[INFO] [stderr]  --> build.rs:9:5
[INFO] [stderr]   |
[INFO] [stderr] 9 | use std::io::prelude::*;
[INFO] [stderr]   |     ^^^^^^^^^^^^^^^^^^^
[INFO] [stderr]   |
[INFO] [stderr]   = note: `#[warn(unused_imports)]` (part of `#[warn(unused)]`) on by default
[INFO] [stderr] 
[INFO] [stderr] warning: unused import: `std::io`
[INFO] [stderr]   --> build.rs:11:5
[INFO] [stderr]    |
[INFO] [stderr] 11 | use std::io;
[INFO] [stderr]    |     ^^^^^^^
[INFO] [stderr] 
[INFO] [stderr] warning: `tauri-soup-sys` (build script) generated 2 warnings
[INFO] [stderr]     Finished `release` profile [optimized] target(s) in 0.07s
[INFO] [stderr]      Running unittests src/lib.rs (/opt/rustwide/target/release/deps/soup_sys-5b1e31bad4449dbc)
[INFO] [stdout] 
[INFO] [stdout] running 0 tests
[INFO] [stdout] 
[INFO] [stdout] test result: ok. 0 passed; 0 failed; 0 ignored; 0 measured; 0 filtered out; finished in 0.00s
[INFO] [stdout] 
[INFO] [stderr]      Running tests/abi.rs (/opt/rustwide/target/release/deps/abi-37d21ac642d5d1d7)
[INFO] [stdout] 
[INFO] [stdout] running 2 tests
[INFO] [stderr] tests/constant.c: In function 'main':
[INFO] [stderr] tests/constant.c:221:27: error: 'SOUP_REQUESTER_ERROR_BAD_URI' undeclared (first use in this function); did you mean 'SOUP_REQUEST_ERROR_BAD_URI'?
[INFO] [stderr]   221 |     PRINT_CONSTANT((gint) SOUP_REQUESTER_ERROR_BAD_URI);
[INFO] [stderr]       |                           ^~~~~~~~~~~~~~~~~~~~~~~~~~~~
[INFO] [stderr] tests/constant.c:10:22: note: in definition of macro 'PRINT_CONSTANT'
[INFO] [stderr]    10 |     printf(_Generic((CONSTANT_NAME), \
[INFO] [stderr]       |                      ^~~~~~~~~~~~~
[INFO] [stderr] tests/constant.c:221:27: note: each undeclared identifier is reported only once for each function it appears in
[INFO] [stderr]   221 |     PRINT_CONSTANT((gint) SOUP_REQUESTER_ERROR_BAD_URI);
[INFO] [stderr]       |                           ^~~~~~~~~~~~~~~~~~~~~~~~~~~~
[INFO] [stderr] tests/constant.c:10:22: note: in definition of macro 'PRINT_CONSTANT'
[INFO] [stderr]    10 |     printf(_Generic((CONSTANT_NAME), \
[INFO] [stderr]       |                      ^~~~~~~~~~~~~
[INFO] [stderr] tests/constant.c:222:27: error: 'SOUP_REQUESTER_ERROR_UNSUPPORTED_URI_SCHEME' undeclared (first use in this function); did you mean 'SOUP_REQUEST_ERROR_UNSUPPORTED_URI_SCHEME'?
[INFO] [stderr]   222 |     PRINT_CONSTANT((gint) SOUP_REQUESTER_ERROR_UNSUPPORTED_URI_SCHEME);
[INFO] [stderr]       |                           ^~~~~~~~~~~~~~~~~~~~~~~~~~~~~~~~~~~~~~~~~~~
[INFO] [stderr] tests/constant.c:10:22: note: in definition of macro 'PRINT_CONSTANT'
[INFO] [stderr]    10 |     printf(_Generic((CONSTANT_NAME), \
[INFO] [stderr]       |                      ^~~~~~~~~~~~~
[INFO] [stderr] tests/layout.c: In function 'main':
[INFO] [stderr] tests/layout.c:66:67: error: 'SoupPasswordManagerInterface' undeclared (first use in this function)
[INFO] [stderr]    66 |     printf("%s;%zu;%zu\n", "SoupPasswordManagerInterface", sizeof(SoupPasswordManagerInterface), alignof(SoupPasswordManagerInterface));
[INFO] [stderr]       |                                                                   ^~~~~~~~~~~~~~~~~~~~~~~~~~~~
[INFO] [stderr] tests/layout.c:66:67: note: each undeclared identifier is reported only once for each function it appears in
[INFO] [stderr] tests/layout.c:81:52: error: 'SoupRequester' undeclared (first use in this function); did you mean 'SoupRequest'?
[INFO] [stderr]    81 |     printf("%s;%zu;%zu\n", "SoupRequester", sizeof(SoupRequester), alignof(SoupRequester));
[INFO] [stderr]       |                                                    ^~~~~~~~~~~~~
[INFO] [stderr]       |                                                    SoupRequest
[INFO] [stderr] tests/layout.c:82:57: error: 'SoupRequesterClass' undeclared (first use in this function); did you mean 'SoupRequestClass'?
[INFO] [stderr]    82 |     printf("%s;%zu;%zu\n", "SoupRequesterClass", sizeof(SoupRequesterClass), alignof(SoupRequesterClass));
[INFO] [stderr]       |                                                         ^~~~~~~~~~~~~~~~~~
[INFO] [stderr]       |                                                         SoupRequestClass
[INFO] [stderr] tests/layout.c:83:57: error: 'SoupRequesterError' undeclared (first use in this function); did you mean 'SoupRequestError'?
[INFO] [stderr]    83 |     printf("%s;%zu;%zu\n", "SoupRequesterError", sizeof(SoupRequesterError), alignof(SoupRequesterError));
[INFO] [stderr]       |                                                         ^~~~~~~~~~~~~~~~~~
[INFO] [stderr]       |                                                         SoupRequestError
[INFO] [stdout] test cross_validate_constants_with_c ... FAILED
[INFO] [stdout] test cross_validate_layout_with_c ... FAILED
[INFO] [stderr] error: test failed, to rerun pass `--test abi`
[INFO] [stdout] 
[INFO] [stdout] failures:
[INFO] [stdout] 
[INFO] [stdout] ---- cross_validate_constants_with_c stdout ----
[INFO] [stdout] 
[INFO] [stdout] thread 'cross_validate_constants_with_c' (476) panicked at tests/abi.rs:119:39:
[INFO] [stdout] called `Result::unwrap()` on an `Err` value: "compilation command \"cc\" \"-Wno-deprecated-declarations\" \"-std=c11\" \"-D__USE_MINGW_ANSI_STDIO\" \"-I/usr/include/libsoup-2.4\" \"-I/usr/include/glib-2.0\" \"-I/usr/lib/x86_64-linux-gnu/glib-2.0/include\" \"-I/usr/include/libmount\" \"-I/usr/include/blkid\" \"-I/usr/include/sysprof-6\" \"-pthread\" \"-I/usr/include/libxml2\" \"tests/constant.c\" \"-o\" \"/tmp/abiw4YrGG/constant\" failed, exit status: 1"
[INFO] [stdout] stack backtrace:
[INFO] [stdout]    0:     0x5ace3e85c241 - <<std[70759c8f55707aa4]::sys::backtrace::BacktraceLock>::print::DisplayBacktrace as core[df12db4294e9bfd3]::fmt::Display>::fmt
[INFO] [stdout]    1:     0x5ace3e87245a - core[df12db4294e9bfd3]::fmt::write
[INFO] [stdout]    2:     0x5ace3e86205c - <alloc[2182bb758b4b3781]::vec::Vec<u8> as core[df12db4294e9bfd3]::io::write::Write>::write_fmt
[INFO] [stdout]    3:     0x5ace3e837066 - std[70759c8f55707aa4]::panicking::default_hook::{closure#0}
[INFO] [stdout]    4:     0x5ace3e854219 - std[70759c8f55707aa4]::panicking::default_hook
[INFO] [stdout]    5:     0x5ace3e7edbb0 - test[9d35eded1c95d3be]::test_main_inner::<test[9d35eded1c95d3be]::test_main_static::{closure#0}>::{closure#0}
[INFO] [stdout]    6:     0x5ace3e8543d2 - std[70759c8f55707aa4]::panicking::panic_with_hook
[INFO] [stdout]    7:     0x5ace3e837112 - std[70759c8f55707aa4]::panicking::panic_handler::{closure#0}
[INFO] [stdout]    8:     0x5ace3e82fd79 - std[70759c8f55707aa4]::sys::backtrace::__rust_end_short_backtrace::<std[70759c8f55707aa4]::panicking::panic_handler::{closure#0}, !>
[INFO] [stdout]    9:     0x5ace3e837d0d - __rustc[8fa7c3cbc660c2b3]::rust_begin_unwind
[INFO] [stdout]   10:     0x5ace3e872b8c - core[df12db4294e9bfd3]::panicking::panic_fmt
[INFO] [stdout]   11:     0x5ace3e872962 - core[df12db4294e9bfd3]::result::unwrap_failed
[INFO] [stdout]   12:     0x5ace3e7df2bb - <abi[179f6ca0c5985a58]::cross_validate_constants_with_c::{closure#0} as core[df12db4294e9bfd3]::ops::function::FnOnce<()>>::call_once
[INFO] [stdout]   13:     0x5ace3e7e0e9b - test[9d35eded1c95d3be]::__rust_begin_short_backtrace::<core[df12db4294e9bfd3]::result::Result<(), alloc[2182bb758b4b3781]::string::String>, fn() -> core[df12db4294e9bfd3]::result::Result<(), alloc[2182bb758b4b3781]::string::String>>
[INFO] [stdout]   14:     0x5ace3e7ee505 - test[9d35eded1c95d3be]::run_test::{closure#0}
[INFO] [stdout]   15:     0x5ace3e7e7dc4 - std[70759c8f55707aa4]::sys::backtrace::__rust_begin_short_backtrace::<test[9d35eded1c95d3be]::run_test::{closure#1}, ()>
[INFO] [stdout]   16:     0x5ace3e7f1662 - <std[70759c8f55707aa4]::thread::lifecycle::spawn_unchecked<test[9d35eded1c95d3be]::run_test::{closure#1}, ()>::{closure#1} as core[df12db4294e9bfd3]::ops::function::FnOnce<()>>::call_once::{shim:vtable#0}
[INFO] [stdout]   17:     0x5ace3e85ba99 - <std[70759c8f55707aa4]::sys::thread::unix::Thread>::new::thread_start
[INFO] [stdout]   18:     0x7b0883210dfa - <unknown>
[INFO] [stdout]   19:     0x7b08832a43d4 - clone
[INFO] [stdout]   20:                0x0 - <unknown>
[INFO] [stdout] 
[INFO] [stdout] ---- cross_validate_layout_with_c stdout ----
[INFO] [stdout] 
[INFO] [stdout] thread 'cross_validate_layout_with_c' (477) panicked at tests/abi.rs:159:37:
[INFO] [stdout] called `Result::unwrap()` on an `Err` value: "compilation command \"cc\" \"-Wno-deprecated-declarations\" \"-std=c11\" \"-D__USE_MINGW_ANSI_STDIO\" \"-I/usr/include/libsoup-2.4\" \"-I/usr/include/glib-2.0\" \"-I/usr/lib/x86_64-linux-gnu/glib-2.0/include\" \"-I/usr/include/libmount\" \"-I/usr/include/blkid\" \"-I/usr/include/sysprof-6\" \"-pthread\" \"-I/usr/include/libxml2\" \"tests/layout.c\" \"-o\" \"/tmp/abia9jz1z/layout\" failed, exit status: 1"
[INFO] [stdout] stack backtrace:
[INFO] [stdout]    0:     0x5ace3e85c241 - <<std[70759c8f55707aa4]::sys::backtrace::BacktraceLock>::print::DisplayBacktrace as core[df12db4294e9bfd3]::fmt::Display>::fmt
[INFO] [stdout]    1:     0x5ace3e87245a - core[df12db4294e9bfd3]::fmt::write
[INFO] [stdout]    2:     0x5ace3e86205c - <alloc[2182bb758b4b3781]::vec::Vec<u8> as core[df12db4294e9bfd3]::io::write::Write>::write_fmt
[INFO] [stdout]    3:     0x5ace3e837066 - std[70759c8f55707aa4]::panicking::default_hook::{closure#0}
[INFO] [stdout]    4:     0x5ace3e854219 - std[70759c8f55707aa4]::panicking::default_hook
[INFO] [stdout]    5:     0x5ace3e7edbb0 - test[9d35eded1c95d3be]::test_main_inner::<test[9d35eded1c95d3be]::test_main_static::{closure#0}>::{closure#0}
[INFO] [stdout]    6:     0x5ace3e8543d2 - std[70759c8f55707aa4]::panicking::panic_with_hook
[INFO] [stdout]    7:     0x5ace3e837112 - std[70759c8f55707aa4]::panicking::panic_handler::{closure#0}
[INFO] [stdout]    8:     0x5ace3e82fd79 - std[70759c8f55707aa4]::sys::backtrace::__rust_end_short_backtrace::<std[70759c8f55707aa4]::panicking::panic_handler::{closure#0}, !>
[INFO] [stdout]    9:     0x5ace3e837d0d - __rustc[8fa7c3cbc660c2b3]::rust_begin_unwind
[INFO] [stdout]   10:     0x5ace3e872b8c - core[df12db4294e9bfd3]::panicking::panic_fmt
[INFO] [stdout]   11:     0x5ace3e872962 - core[df12db4294e9bfd3]::result::unwrap_failed
[INFO] [stdout]   12:     0x5ace3e7dea20 - <abi[179f6ca0c5985a58]::cross_validate_layout_with_c::{closure#0} as core[df12db4294e9bfd3]::ops::function::FnOnce<()>>::call_once
[INFO] [stdout]   13:     0x5ace3e7e0e9b - test[9d35eded1c95d3be]::__rust_begin_short_backtrace::<core[df12db4294e9bfd3]::result::Result<(), alloc[2182bb758b4b3781]::string::String>, fn() -> core[df12db4294e9bfd3]::result::Result<(), alloc[2182bb758b4b3781]::string::String>>
[INFO] [stdout]   14:     0x5ace3e7ee505 - test[9d35eded1c95d3be]::run_test::{closure#0}
[INFO] [stdout]   15:     0x5ace3e7e7dc4 - std[70759c8f55707aa4]::sys::backtrace::__rust_begin_short_backtrace::<test[9d35eded1c95d3be]::run_test::{closure#1}, ()>
[INFO] [stdout]   16:     0x5ace3e7f1662 - <std[70759c8f55707aa4]::thread::lifecycle::spawn_unchecked<test[9d35eded1c95d3be]::run_test::{closure#1}, ()>::{closure#1} as core[df12db4294e9bfd3]::ops::function::FnOnce<()>>::call_once::{shim:vtable#0}
[INFO] [stdout]   17:     0x5ace3e85ba99 - <std[70759c8f55707aa4]::sys::thread::unix::Thread>::new::thread_start
[INFO] [stdout]   18:     0x7b0883210dfa - <unknown>
[INFO] [stdout]   19:     0x7b08832a43d4 - clone
[INFO] [stdout]   20:                0x0 - <unknown>
[INFO] [stdout] 
[INFO] [stdout] 
[INFO] [stdout] failures:
[INFO] [stdout]     cross_validate_constants_with_c
[INFO] [stdout]     cross_validate_layout_with_c
[INFO] [stdout] 
[INFO] [stdout] test result: FAILED. 0 passed; 2 failed; 0 ignored; 0 measured; 0 filtered out; finished in 0.61s
[INFO] [stdout] 
[INFO] running `Command { std: "docker" "inspect" "b98a79a6d3348fc222bedfecf5ee422a0e331cf818016651de2466cf29d9630f", kill_on_drop: false }`
[INFO] running `Command { std: "docker" "rm" "-f" "b98a79a6d3348fc222bedfecf5ee422a0e331cf818016651de2466cf29d9630f", kill_on_drop: false }`
[INFO] [stdout] b98a79a6d3348fc222bedfecf5ee422a0e331cf818016651de2466cf29d9630f
