[INFO] fetching crate tauri-plugin-shell 3.0.0-alpha.3...
[INFO] testing tauri-plugin-shell-3.0.0-alpha.3 against 1.100.0-beta.1+cargoflags=--release for beta-release-1.100-2
[INFO] extracting crate tauri-plugin-shell 3.0.0-alpha.3 into /workspace/builds/worker-3-tc2/source
[INFO] started tweaking crates.io crate tauri-plugin-shell 3.0.0-alpha.3
[INFO] finished tweaking crates.io crate tauri-plugin-shell 3.0.0-alpha.3
[INFO] tweaked toml for crates.io crate tauri-plugin-shell 3.0.0-alpha.3 written to /workspace/builds/worker-3-tc2/source/Cargo.toml
[INFO] validating manifest of crates.io crate tauri-plugin-shell 3.0.0-alpha.3 on toolchain 1.100.0-beta.1
[INFO] running `Command { std: CARGO_HOME="/workspace/cargo-home" RUSTUP_HOME="/workspace/rustup-home" "/workspace/cargo-home/bin/cargo" "+1.100.0-beta.1" "metadata" "--manifest-path" "Cargo.toml" "--no-deps", kill_on_drop: false }`
[INFO] crate crates.io crate tauri-plugin-shell 3.0.0-alpha.3 already has a lockfile, it will not be regenerated
[INFO] running `Command { std: CARGO_HOME="/workspace/cargo-home" RUSTUP_HOME="/workspace/rustup-home" "/workspace/cargo-home/bin/cargo" "+1.100.0-beta.1" "fetch" "--manifest-path" "Cargo.toml", kill_on_drop: false }`
[INFO] running `Command { std: "docker" "create" "-v" "/var/lib/crater-agent-workspace/builds/worker-3-tc2/source:/opt/rustwide/workdir:ro,Z" "-v" "/var/lib/crater-agent-workspace/builds/worker-3-tc2/target:/opt/rustwide/target:rw,Z" "-v" "/var/lib/crater-agent-workspace/cargo-home:/opt/rustwide/cargo-home:ro,Z" "-v" "/var/lib/crater-agent-workspace/rustup-home:/opt/rustwide/rustup-home:ro,Z" "-m" "1610612736" "--network" "none" "ghcr.io/rust-lang/crates-build-env/linux@sha256:77db811e55d90add9212f6832c23229e3de5f1c1f9905e8cb07319ea15df73ac" "sleep" "infinity", kill_on_drop: false }`
[INFO] [stdout] e90d4c3d5993b5fb220e16d9d4958fb7bf3456d1f746aaa5aac1260dc37a9034
[INFO] running `Command { std: "docker" "start" "e90d4c3d5993b5fb220e16d9d4958fb7bf3456d1f746aaa5aac1260dc37a9034", kill_on_drop: false }`
[INFO] running `Command { std: "docker" "inspect" "e90d4c3d5993b5fb220e16d9d4958fb7bf3456d1f746aaa5aac1260dc37a9034", kill_on_drop: false }`
[INFO] running `Command { std: "docker" "exec" "-e" "SOURCE_DIR=/opt/rustwide/workdir" "-e" "CARGO_HOME=/opt/rustwide/cargo-home" "-e" "RUSTUP_HOME=/opt/rustwide/rustup-home" "-e" "CARGO_TARGET_DIR=/opt/rustwide/target" "-w" "/opt/rustwide/workdir" "--user" "0:0" "e90d4c3d5993b5fb220e16d9d4958fb7bf3456d1f746aaa5aac1260dc37a9034" "/opt/rustwide/cargo-home/bin/cargo" "+1.100.0-beta.1" "metadata" "--no-deps" "--format-version=1", kill_on_drop: false }`
[INFO] running `Command { std: "docker" "inspect" "e90d4c3d5993b5fb220e16d9d4958fb7bf3456d1f746aaa5aac1260dc37a9034", kill_on_drop: false }`
[INFO] running `Command { std: "docker" "exec" "-e" "SOURCE_DIR=/opt/rustwide/workdir" "-e" "CARGO_HOME=/opt/rustwide/cargo-home" "-e" "RUSTUP_HOME=/opt/rustwide/rustup-home" "-e" "CARGO_TARGET_DIR=/opt/rustwide/target" "-e" "CARGO_INCREMENTAL=0" "-e" "RUST_BACKTRACE=full" "-e" "RUSTFLAGS=--cap-lints=warn" "-e" "RUSTDOCFLAGS=--cap-lints=warn" "-w" "/opt/rustwide/workdir" "--user" "0:0" "e90d4c3d5993b5fb220e16d9d4958fb7bf3456d1f746aaa5aac1260dc37a9034" "/opt/rustwide/cargo-home/bin/cargo" "+1.100.0-beta.1" "build" "--frozen" "--message-format=json" "--release", kill_on_drop: false }`
[INFO] [stderr]    Compiling serde_core v1.0.229
[INFO] [stderr]    Compiling siphasher v1.0.3
[INFO] [stderr]    Compiling cfg-if v1.0.4
[INFO] [stderr]    Compiling fastrand v2.5.0
[INFO] [stderr]    Compiling stable_deref_trait v1.2.1
[INFO] [stderr]    Compiling syn v3.0.5
[INFO] [stderr]    Compiling syn v2.0.119
[INFO] [stderr]    Compiling libc v0.2.189
[INFO] [stderr]    Compiling serde v1.0.229
[INFO] [stderr]    Compiling smallvec v1.16.1
[INFO] [stderr]    Compiling phf_shared v0.13.1
[INFO] [stderr]    Compiling typeid v1.0.3
[INFO] [stderr]    Compiling writeable v0.6.4
[INFO] [stderr]    Compiling phf_generator v0.13.1
[INFO] [stderr]    Compiling itoa v1.0.18
[INFO] [stderr]    Compiling phf_codegen v0.13.1
[INFO] [stderr]    Compiling litemap v0.8.3
[INFO] [stderr]    Compiling erased-serde v0.4.10
[INFO] [stderr]    Compiling utf8_iter v1.0.4
[INFO] [stderr]    Compiling strsim v0.11.1
[INFO] [stderr]    Compiling parking_lot_core v0.9.12
[INFO] [stderr]    Compiling icu_normalizer_data v2.3.0
[INFO] [stderr]    Compiling icu_properties_data v2.3.0
[INFO] [stderr]    Compiling new_debug_unreachable v1.0.6
[INFO] [stderr]    Compiling scopeguard v1.2.0
[INFO] [stderr]    Compiling indexmap v2.14.2
[INFO] [stderr]    Compiling lock_api v0.4.14
[INFO] [stderr]    Compiling string_cache_codegen v0.6.1
[INFO] [stderr]    Compiling zmij v1.0.23
[INFO] [stderr]    Compiling serde_json v1.0.151
[INFO] [stderr]    Compiling precomputed-hash v0.1.1
[INFO] [stderr]    Compiling getrandom v0.4.3
[INFO] [stderr]    Compiling web_atoms v0.2.6
[INFO] [stderr]    Compiling parking_lot v0.12.5
[INFO] [stderr]    Compiling winnow v1.0.4
[INFO] [stderr]    Compiling toml_writer v1.1.2+spec-1.1.0
[INFO] [stderr]    Compiling string_cache v0.9.0
[INFO] [stderr]    Compiling toml_parser v1.1.3+spec-1.1.0
[INFO] [stderr]    Compiling log v0.4.34
[INFO] [stderr]    Compiling percent-encoding v2.3.2
[INFO] [stderr]    Compiling dtoa v1.0.11
[INFO] [stderr]    Compiling form_urlencoded v1.2.2
[INFO] [stderr]    Compiling tendril v0.5.1
[INFO] [stderr]    Compiling dtoa-short v0.3.5
[INFO] [stderr]    Compiling selectors v0.38.0
[INFO] [stderr]    Compiling thiserror v2.0.20
[INFO] [stderr]    Compiling aho-corasick v1.1.5
[INFO] [stderr]    Compiling ref-cast v1.0.27
[INFO] [stderr]    Compiling bitflags v2.13.2
[INFO] [stderr]    Compiling regex-syntax v0.8.11
[INFO] [stderr]    Compiling camino v1.2.5
[INFO] [stderr]    Compiling servo_arc v0.4.3
[INFO] [stderr]    Compiling powerfmt v0.2.0
[INFO] [stderr]    Compiling bit-vec v0.8.0
[INFO] [stderr]    Compiling rustc-hash v2.1.3
[INFO] [stderr]    Compiling web-time v1.1.0
[INFO] [stderr]    Compiling deranged v0.5.8
[INFO] [stderr]    Compiling semver v1.0.28
[INFO] [stderr]    Compiling serde_spanned v1.1.1
[INFO] [stderr]    Compiling toml_datetime v1.1.1+spec-1.1.0
[INFO] [stderr]    Compiling uuid v1.26.1
[INFO] [stderr]    Compiling toml v1.1.6+spec-1.1.0
[INFO] [stderr]    Compiling cfb v0.14.0
[INFO] [stderr]    Compiling bit-set v0.8.0
[INFO] [stderr]    Compiling darling_core v0.24.1
[INFO] [stderr]    Compiling synstructure v0.13.2
[INFO] [stderr]    Compiling regex-automata v0.4.18
[INFO] [stderr]    Compiling serde_derive_internals v0.30.0
[INFO] [stderr]    Compiling time v0.3.55
[INFO] [stderr]    Compiling anyhow v1.0.104
[INFO] [stderr]    Compiling quick-xml v0.42.0
[INFO] [stderr]    Compiling base64 v0.23.1
[INFO] [stderr]    Compiling same-file v1.0.6
[INFO] [stderr]    Compiling bytes v1.12.1
[INFO] [stderr]    Compiling foldhash v0.2.0
[INFO] [stderr]    Compiling dyn-clone v1.0.20
[INFO] [stderr]    Compiling walkdir v2.5.0
[INFO] [stderr]    Compiling serde_derive v1.0.229
[INFO] [stderr]    Compiling zerovec-derive v0.11.6
[INFO] [stderr]    Compiling zerofrom-derive v0.1.7
[INFO] [stderr]    Compiling yoke-derive v0.8.2
[INFO] [stderr]    Compiling displaydoc v0.2.7
[INFO] [stderr]    Compiling phf_macros v0.13.1
[INFO] [stderr]    Compiling thiserror-impl v2.0.20
[INFO] [stderr]    Compiling derive_more-impl v2.1.1
[INFO] [stderr]    Compiling zerofrom v0.1.8
[INFO] [stderr]    Compiling yoke v0.8.3
[INFO] [stderr]    Compiling phf v0.13.1
[INFO] [stderr]    Compiling zerovec v0.11.8
[INFO] [stderr]    Compiling zerotrie v0.2.5
[INFO] [stderr]    Compiling cssparser-macros v0.7.1
[INFO] [stderr]    Compiling darling_macro v0.24.1
[INFO] [stderr]    Compiling derive_more v2.1.1
[INFO] [stderr]    Compiling cssparser v0.37.0
[INFO] [stderr]    Compiling tinystr v0.8.4
[INFO] [stderr]    Compiling potential_utf v0.1.6
[INFO] [stderr]    Compiling darling v0.24.1
[INFO] [stderr]    Compiling icu_collections v2.3.0
[INFO] [stderr]    Compiling icu_locale_core v2.3.0
[INFO] [stderr]    Compiling serde_with_macros v3.23.0
[INFO] [stderr]    Compiling markup5ever v0.39.0
[INFO] [stderr]    Compiling ref-cast-impl v1.0.27
[INFO] [stderr]    Compiling html5ever v0.39.0
[INFO] [stderr]    Compiling regex v1.13.1
[INFO] [stderr]    Compiling icu_provider v2.3.1
[INFO] [stderr]    Compiling schemars_derive v1.2.2
[INFO] [stderr]    Compiling serde_with v3.23.0
[INFO] [stderr]    Compiling icu_normalizer v2.3.0
[INFO] [stderr]    Compiling icu_properties v2.3.0
[INFO] [stderr]    Compiling jsonptr v0.7.1
[INFO] [stderr]    Compiling cargo-platform v0.1.9
[INFO] [stderr]    Compiling cargo_metadata v0.19.2
[INFO] [stderr]    Compiling json-patch v4.2.0
[INFO] [stderr]    Compiling dom_query v0.28.0
[INFO] [stderr]    Compiling plist v1.10.1
[INFO] [stderr]    Compiling http v1.5.0
[INFO] [stderr]    Compiling idna_adapter v1.2.2
[INFO] [stderr]    Compiling idna v1.1.0
[INFO] [stderr]    Compiling url v2.5.8
[INFO] [stderr]    Compiling serde-untagged v0.1.9
[INFO] [stderr]    Compiling infer v0.22.0
[INFO] [stderr]    Compiling glob v0.3.4
[INFO] [stderr]    Compiling ctor v1.0.13
[INFO] [stderr]    Compiling simd-adler32 v0.3.10
[INFO] [stderr]    Compiling schemars v1.2.2
[INFO] [stderr]    Compiling urlpattern v0.6.0
[INFO] [stderr]    Compiling adler2 v2.0.1
[INFO] [stderr]    Compiling crc32fast v1.5.1
[INFO] [stderr]    Compiling generic-array v0.14.7
[INFO] [stderr]    Compiling mio v1.2.3
[INFO] [stderr]    Compiling socket2 v0.6.5
[INFO] [stderr]    Compiling typenum v1.20.1
[INFO] [stderr]    Compiling find-msvc-tools v0.1.12
[INFO] [stderr]    Compiling cc v1.4.5
[INFO] [stderr]    Compiling tokio v1.53.1
[INFO] [stderr]    Compiling tauri-utils v3.0.0-alpha.3
[INFO] [stderr]    Compiling miniz_oxide v0.9.1
[INFO] [stderr]    Compiling rustc_version v0.4.1
[INFO] [stderr]    Compiling option-ext v0.2.0
[INFO] [stderr]    Compiling flate2 v1.1.10
[INFO] [stderr]    Compiling dirs-sys v0.5.0
[INFO] [stderr]    Compiling embed-resource v3.0.11
[INFO] [stderr]    Compiling http-body v1.1.0
[INFO] [stderr]    Compiling miniz_oxide v0.8.9
[INFO] [stderr]    Compiling fdeflate v0.3.7
[INFO] [stderr]    Compiling time-macros v0.2.32
[INFO] [stderr]    Compiling futures-task v0.3.34
[INFO] [stderr]    Compiling slab v0.4.12
[INFO] [stderr]    Compiling futures-util v0.3.34
[INFO] [stderr]    Compiling tauri-winres v0.3.6
[INFO] [stderr]    Compiling dirs v7.0.0
[INFO] [stderr]    Compiling crypto-common v0.1.7
[INFO] [stderr]    Compiling block-buffer v0.10.4
[INFO] [stderr]    Compiling cargo_toml v1.0.1
[INFO] [stderr]    Compiling bitflags v1.3.2
[INFO] [stderr]    Compiling crossbeam-utils v0.8.23
[INFO] [stderr]    Compiling png v0.17.16
[INFO] [stderr]    Compiling digest v0.10.7
[INFO] [stderr]    Compiling futures-channel v0.3.34
[INFO] [stderr]    Compiling sync_wrapper v1.0.2
[INFO] [stderr]    Compiling cookie v0.18.2
[INFO] [stderr]    Compiling cpufeatures v0.2.17
[INFO] [stderr]    Compiling byteorder v1.5.0
[INFO] [stderr]    Compiling ico v0.5.0
[INFO] [stderr]    Compiling hyper v1.11.1
[INFO] [stderr]    Compiling sha2 v0.10.9
[INFO] [stderr]    Compiling tower v0.5.3
[INFO] [stderr]    Compiling tracing v0.1.44
[INFO] [stderr]    Compiling png v0.18.1
[INFO] [stderr]    Compiling dpi v0.1.2
[INFO] [stderr]    Compiling futures-sink v0.3.34
[INFO] [stderr]    Compiling muda v0.20.0
[INFO] [stderr]    Compiling tauri-runtime v3.0.0-alpha.3
[INFO] [stderr]    Compiling base64 v0.22.1
[INFO] [stderr]    Compiling ipnet v2.12.2
[INFO] [stderr]    Compiling tauri-build v3.0.0-alpha.3
[INFO] [stderr]    Compiling dunce v1.0.5
[INFO] [stderr]    Compiling hyper-util v0.1.20
[INFO] [stderr]    Compiling tauri-codegen v3.0.0-alpha.3
[INFO] [stderr]    Compiling tauri-plugin v3.0.0-alpha.3
[INFO] [stderr]    Compiling tokio-util v0.7.19
[INFO] [stderr]    Compiling crossbeam-channel v0.5.17
[INFO] [stderr]    Compiling tower-http v0.6.11
[INFO] [stderr]    Compiling keyboard-types v0.8.3
[INFO] [stderr]    Compiling encoding_rs v0.8.41
[INFO] [stderr]    Compiling multiversion-macros v0.9.0
[INFO] [stderr]    Compiling http-body-util v0.1.5
[INFO] [stderr]    Compiling serialize-to-javascript-impl v0.1.2
[INFO] [stderr]    Compiling raw-window-handle v0.6.2
[INFO] [stderr]    Compiling multiversion v0.9.0
[INFO] [stderr]    Compiling serialize-to-javascript v0.1.2
[INFO] [stderr]    Compiling reqwest v0.13.5
[INFO] [stderr]    Compiling getrandom v0.3.4
[INFO] [stderr]    Compiling serde_repr v0.1.21
[INFO] [stderr]    Compiling simdutf8 v0.1.5
[INFO] [stderr]    Compiling multiversion_no_op v1.0.0
[INFO] [stderr]    Compiling core_detect v1.0.0
[INFO] [stderr]    Compiling heck v0.5.0
[INFO] [stderr]    Compiling os_pipe v1.2.3
[INFO] [stderr]    Compiling shared_child v1.1.2
[INFO] [stderr]    Compiling tauri v3.0.0-alpha.4
[INFO] [stderr]    Compiling tauri-plugin-shell v3.0.0-alpha.3 (/opt/rustwide/workdir)
[INFO] [stderr]    Compiling tauri-macros v3.0.0-alpha.3
[INFO] [stdout] warning: unused variable: `e`
[INFO] [stdout]    --> src/commands.rs:144:17
[INFO] [stdout]     |
[INFO] [stdout] 144 |             Err(e) => {
[INFO] [stdout]     |                 ^ help: if this is intentional, prefix it with an underscore: `_e`
[INFO] [stdout]     |
[INFO] [stdout]     = note: `#[warn(unused_variables)]` (part of `#[warn(unused)]`) on by default
[INFO] [stdout] 
[INFO] [stdout] 
[INFO] [stderr]     Finished `release` profile [optimized] target(s) in 5m 22s
[INFO] running `Command { std: "docker" "inspect" "e90d4c3d5993b5fb220e16d9d4958fb7bf3456d1f746aaa5aac1260dc37a9034", kill_on_drop: false }`
[INFO] running `Command { std: "docker" "exec" "-e" "SOURCE_DIR=/opt/rustwide/workdir" "-e" "CARGO_HOME=/opt/rustwide/cargo-home" "-e" "RUSTUP_HOME=/opt/rustwide/rustup-home" "-e" "CARGO_TARGET_DIR=/opt/rustwide/target" "-e" "CARGO_INCREMENTAL=0" "-e" "RUST_BACKTRACE=full" "-e" "RUSTFLAGS=--cap-lints=warn" "-e" "RUSTDOCFLAGS=--cap-lints=warn" "-w" "/opt/rustwide/workdir" "--user" "0:0" "e90d4c3d5993b5fb220e16d9d4958fb7bf3456d1f746aaa5aac1260dc37a9034" "/opt/rustwide/cargo-home/bin/cargo" "+1.100.0-beta.1" "test" "--frozen" "--no-run" "--message-format=json" "--release", kill_on_drop: false }`
[INFO] [stderr]    Compiling tauri-plugin-shell v3.0.0-alpha.3 (/opt/rustwide/workdir)
[INFO] [stdout] warning: unused variable: `e`
[INFO] [stdout]    --> src/commands.rs:144:17
[INFO] [stdout]     |
[INFO] [stdout] 144 |             Err(e) => {
[INFO] [stdout]     |                 ^ help: if this is intentional, prefix it with an underscore: `_e`
[INFO] [stdout]     |
[INFO] [stdout]     = note: `#[warn(unused_variables)]` (part of `#[warn(unused)]`) on by default
[INFO] [stdout] 
[INFO] [stdout] 
[INFO] [stdout] warning: unused variable: `e`
[INFO] [stdout]    --> src/commands.rs:144:17
[INFO] [stdout]     |
[INFO] [stdout] 144 |             Err(e) => {
[INFO] [stdout]     |                 ^ help: if this is intentional, prefix it with an underscore: `_e`
[INFO] [stdout]     |
[INFO] [stdout]     = note: `#[warn(unused_variables)]` (part of `#[warn(unused)]`) on by default
[INFO] [stdout] 
[INFO] [stdout] 
[INFO] [stderr]     Finished `release` profile [optimized] target(s) in 8.49s
[INFO] running `Command { std: "docker" "inspect" "e90d4c3d5993b5fb220e16d9d4958fb7bf3456d1f746aaa5aac1260dc37a9034", kill_on_drop: false }`
[INFO] running `Command { std: "docker" "exec" "-e" "SOURCE_DIR=/opt/rustwide/workdir" "-e" "CARGO_HOME=/opt/rustwide/cargo-home" "-e" "RUSTUP_HOME=/opt/rustwide/rustup-home" "-e" "CARGO_TARGET_DIR=/opt/rustwide/target" "-e" "CARGO_INCREMENTAL=0" "-e" "RUST_BACKTRACE=full" "-e" "RUSTFLAGS=--cap-lints=warn" "-e" "RUSTDOCFLAGS=--cap-lints=warn" "-w" "/opt/rustwide/workdir" "--user" "0:0" "e90d4c3d5993b5fb220e16d9d4958fb7bf3456d1f746aaa5aac1260dc37a9034" "/opt/rustwide/cargo-home/bin/cargo" "+1.100.0-beta.1" "test" "--frozen" "--release", kill_on_drop: false }`
[INFO] [stderr] warning: unused variable: `e`
[INFO] [stderr]    --> src/commands.rs:144:17
[INFO] [stderr]     |
[INFO] [stderr] 144 |             Err(e) => {
[INFO] [stderr]     |                 ^ help: if this is intentional, prefix it with an underscore: `_e`
[INFO] [stderr]     |
[INFO] [stderr]     = note: `#[warn(unused_variables)]` (part of `#[warn(unused)]`) on by default
[INFO] [stderr] 
[INFO] [stderr] warning: `tauri-plugin-shell` (lib) generated 1 warning (run `cargo fix --lib -p tauri-plugin-shell` to apply 1 suggestion)
[INFO] [stderr] warning: `tauri-plugin-shell` (lib test) generated 1 warning (1 duplicate)
[INFO] [stderr]     Finished `release` profile [optimized] target(s) in 0.40s
[INFO] [stderr]      Running unittests src/lib.rs (/opt/rustwide/target/release/build/tauri-plugin-shell/affdae9d10c4d0b4/out/tauri_plugin_shell-affdae9d10c4d0b4)
[INFO] [stdout] 
[INFO] [stdout] running 14 tests
[INFO] [stdout] test process::tests::relative_command_path_resolves ... FAILED
[INFO] [stdout] test process::tests::test_cmd_output_output ... FAILED
[INFO] [stdout] test process::tests::test_cmd_spawn_raw_fail ... FAILED
[INFO] [stdout] test process::tests::test_cmd_output_output_fail ... FAILED
[INFO] [stdout] test process::tests::test_cmd_kill_after_exit ... ok
[INFO] [stdout] test process::tests::test_cmd_spawn_raw_output ... FAILED
[INFO] [stdout] test process::tests::test_process_group_kill_after_leader_exit ... FAILED
[INFO] [stdout] test process::tests::test_cmd_process_group_kill ... FAILED
[INFO] [stdout] test process::tests::test_pyinstaller_simulation_with_process_group ... FAILED
[INFO] [stdout] test process::tests::test_pyinstaller_simulation_without_process_group ... FAILED
[INFO] [stdout] test process::tests::test_cmd_spawn_fail ... FAILED
[INFO] [stdout] test process::tests::test_cmd_process_group_output ... FAILED
[INFO] [stdout] test process::tests::test_cmd_spawn_output ... FAILED
[INFO] [stdout] test process::tests::test_cmd_spawn_process_group_output ... FAILED
[INFO] [stdout] 
[INFO] [stdout] failures:
[INFO] [stdout] 
[INFO] [stdout] ---- process::tests::relative_command_path_resolves stdout ----
[INFO] [stdout] 
[INFO] [stdout] thread 'process::tests::relative_command_path_resolves' (3682) panicked at src/process/mod.rs:585:9:
[INFO] [stdout] assertion `left == right` failed
[INFO] [stdout]   left: "/opt/rustwide/target/release/build/tauri-plugin-shell/affdae9d10c4d0b4/out/Tauri.Example"
[INFO] [stdout]  right: "/opt/rustwide/target/release/build/tauri-plugin-shell/affdae9d10c4d0b4/Tauri.Example"
[INFO] [stdout] stack backtrace:
[INFO] [stdout]    0:     0x5af4538fa3f1 - <<std[617be2ca0a6fd877]::sys::backtrace::BacktraceLock>::print::DisplayBacktrace as core[a373ad73a504971]::fmt::Display>::fmt
[INFO] [stdout]    1:     0x5af45390ebaa - core[a373ad73a504971]::fmt::write
[INFO] [stdout]    2:     0x5af4538fe6cc - <alloc[2e1b2a31b91974c5]::vec::Vec<u8> as core[a373ad73a504971]::io::write::Write>::write_fmt
[INFO] [stdout]    3:     0x5af4538d5846 - std[617be2ca0a6fd877]::panicking::default_hook::{closure#0}
[INFO] [stdout]    4:     0x5af4538f2769 - std[617be2ca0a6fd877]::panicking::default_hook
[INFO] [stdout]    5:     0x5af453872ac0 - test[aada8e7e76ba119b]::test_main_inner::{closure#0}
[INFO] [stdout]    6:     0x5af4538f2a92 - std[617be2ca0a6fd877]::panicking::panic_with_hook
[INFO] [stdout]    7:     0x5af4538d58f2 - std[617be2ca0a6fd877]::panicking::panic_handler::{closure#0}
[INFO] [stdout]    8:     0x5af4538ce609 - std[617be2ca0a6fd877]::sys::backtrace::__rust_end_short_backtrace::<std[617be2ca0a6fd877]::panicking::panic_handler::{closure#0}, !>
[INFO] [stdout]    9:     0x5af4538d64fd - __rustc[ea4f61d10b84890b]::rust_begin_unwind
[INFO] [stdout]   10:     0x5af45390f30c - core[a373ad73a504971]::panicking::panic_fmt
[INFO] [stdout]   11:     0x5af45390f223 - core[a373ad73a504971]::panicking::assert_failed_inner
[INFO] [stdout]   12:     0x5af453865523 - core[a373ad73a504971]::panicking::assert_failed::<std[617be2ca0a6fd877]::path::PathBuf, std[617be2ca0a6fd877]::path::PathBuf>
[INFO] [stdout]   13:     0x5af453863077 - <tauri_plugin_shell[2613ea5ec75fc927]::process::tests::relative_command_path_resolves::{closure#0} as core[a373ad73a504971]::ops::function::FnOnce<()>>::call_once
[INFO] [stdout]   14:     0x5af453865f0b - test[aada8e7e76ba119b]::__rust_begin_short_backtrace::<core[a373ad73a504971]::result::Result<(), alloc[2e1b2a31b91974c5]::string::String>, fn() -> core[a373ad73a504971]::result::Result<(), alloc[2e1b2a31b91974c5]::string::String>>
[INFO] [stdout]   15:     0x5af4538730e5 - test[aada8e7e76ba119b]::run_test::{closure#0}
[INFO] [stdout]   16:     0x5af45386c9d4 - std[617be2ca0a6fd877]::sys::backtrace::__rust_begin_short_backtrace::<test[aada8e7e76ba119b]::run_test::{closure#1}, ()>
[INFO] [stdout]   17:     0x5af453876172 - <std[617be2ca0a6fd877]::thread::lifecycle::spawn_unchecked<test[aada8e7e76ba119b]::run_test::{closure#1}, ()>::{closure#1} as core[a373ad73a504971]::ops::function::FnOnce<()>>::call_once::{shim:vtable#0}
[INFO] [stdout]   18:     0x5af4538f9c3f - <std[617be2ca0a6fd877]::sys::thread::unix::Thread>::new::thread_start
[INFO] [stdout]   19:     0x7c9ded327dfa - <unknown>
[INFO] [stdout]   20:     0x7c9ded3bb3d4 - clone
[INFO] [stdout]   21:                0x0 - <unknown>
[INFO] [stdout] 
[INFO] [stdout] ---- process::tests::test_cmd_output_output stdout ----
[INFO] [stdout] 
[INFO] [stdout] thread 'process::tests::test_cmd_output_output' (3684) panicked at src/process/mod.rs:701:9:
[INFO] [stdout] assertion `left == right` failed
[INFO] [stdout]   left: "cat: test/test.txt: No such file or directory\n\n"
[INFO] [stdout]  right: ""
[INFO] [stdout] stack backtrace:
[INFO] [stdout]    0:     0x5af4538fa3f1 - <<std[617be2ca0a6fd877]::sys::backtrace::BacktraceLock>::print::DisplayBacktrace as core[a373ad73a504971]::fmt::Display>::fmt
[INFO] [stdout]    1:     0x5af45390ebaa - core[a373ad73a504971]::fmt::write
[INFO] [stdout]    2:     0x5af4538fe6cc - <alloc[2e1b2a31b91974c5]::vec::Vec<u8> as core[a373ad73a504971]::io::write::Write>::write_fmt
[INFO] [stdout]    3:     0x5af4538d5846 - std[617be2ca0a6fd877]::panicking::default_hook::{closure#0}
[INFO] [stdout]    4:     0x5af4538f2769 - std[617be2ca0a6fd877]::panicking::default_hook
[INFO] [stdout]    5:     0x5af453872ac0 - test[aada8e7e76ba119b]::test_main_inner::{closure#0}
[INFO] [stdout]    6:     0x5af4538f2a92 - std[617be2ca0a6fd877]::panicking::panic_with_hook
[INFO] [stdout]    7:     0x5af4538d58f2 - std[617be2ca0a6fd877]::panicking::panic_handler::{closure#0}
[INFO] [stdout]    8:     0x5af4538ce609 - std[617be2ca0a6fd877]::sys::backtrace::__rust_end_short_backtrace::<std[617be2ca0a6fd877]::panicking::panic_handler::{closure#0}, !>
[INFO] [stdout]    9:     0x5af4538d64fd - __rustc[ea4f61d10b84890b]::rust_begin_unwind
[INFO] [stdout]   10:     0x5af45390f30c - core[a373ad73a504971]::panicking::panic_fmt
[INFO] [stdout]   11:     0x5af45390f223 - core[a373ad73a504971]::panicking::assert_failed_inner
[INFO] [stdout]   12:     0x5af4538654f0 - core[a373ad73a504971]::panicking::assert_failed::<alloc[2e1b2a31b91974c5]::string::String, &str>
[INFO] [stdout]   13:     0x5af453861961 - <tauri_plugin_shell[2613ea5ec75fc927]::process::tests::test_cmd_output_output::{closure#0} as core[a373ad73a504971]::ops::function::FnOnce<()>>::call_once
[INFO] [stdout]   14:     0x5af453865f0b - test[aada8e7e76ba119b]::__rust_begin_short_backtrace::<core[a373ad73a504971]::result::Result<(), alloc[2e1b2a31b91974c5]::string::String>, fn() -> core[a373ad73a504971]::result::Result<(), alloc[2e1b2a31b91974c5]::string::String>>
[INFO] [stdout]   15:     0x5af4538730e5 - test[aada8e7e76ba119b]::run_test::{closure#0}
[INFO] [stdout]   16:     0x5af45386c9d4 - std[617be2ca0a6fd877]::sys::backtrace::__rust_begin_short_backtrace::<test[aada8e7e76ba119b]::run_test::{closure#1}, ()>
[INFO] [stdout]   17:     0x5af453876172 - <std[617be2ca0a6fd877]::thread::lifecycle::spawn_unchecked<test[aada8e7e76ba119b]::run_test::{closure#1}, ()>::{closure#1} as core[a373ad73a504971]::ops::function::FnOnce<()>>::call_once::{shim:vtable#0}
[INFO] [stdout]   18:     0x5af4538f9c3f - <std[617be2ca0a6fd877]::sys::thread::unix::Thread>::new::thread_start
[INFO] [stdout]   19:     0x7c9ded327dfa - <unknown>
[INFO] [stdout]   20:     0x7c9ded3bb3d4 - clone
[INFO] [stdout]   21:                0x0 - <unknown>
[INFO] [stdout] 
[INFO] [stdout] ---- process::tests::test_cmd_spawn_raw_fail stdout ----
[INFO] [stdout] 
[INFO] [stdout] thread 'process::tests::test_cmd_spawn_raw_fail' (3720) panicked at src/process/mod.rs:684:25:
[INFO] [stdout] assertion `left == right` failed
[INFO] [stdout]   left: "cat: test/: No such file or directory\n"
[INFO] [stdout]  right: "cat: test/: Is a directory\n"
[INFO] [stdout] stack backtrace:
[INFO] [stdout]    0:     0x5af4538fa3f1 - <<std[617be2ca0a6fd877]::sys::backtrace::BacktraceLock>::print::DisplayBacktrace as core[a373ad73a504971]::fmt::Display>::fmt
[INFO] [stdout]    1:     0x5af45390ebaa - core[a373ad73a504971]::fmt::write
[INFO] [stdout]    2:     0x5af4538fe6cc - <alloc[2e1b2a31b91974c5]::vec::Vec<u8> as core[a373ad73a504971]::io::write::Write>::write_fmt
[INFO] [stdout]    3:     0x5af4538d5846 - std[617be2ca0a6fd877]::panicking::default_hook::{closure#0}
[INFO] [stdout]    4:     0x5af4538f2769 - std[617be2ca0a6fd877]::panicking::default_hook
[INFO] [stdout]    5:     0x5af453872ac0 - test[aada8e7e76ba119b]::test_main_inner::{closure#0}
[INFO] [stdout]    6:     0x5af4538f2a92 - std[617be2ca0a6fd877]::panicking::panic_with_hook
[INFO] [stdout]    7:     0x5af4538d58f2 - std[617be2ca0a6fd877]::panicking::panic_handler::{closure#0}
[INFO] [stdout]    8:     0x5af4538ce609 - std[617be2ca0a6fd877]::sys::backtrace::__rust_end_short_backtrace::<std[617be2ca0a6fd877]::panicking::panic_handler::{closure#0}, !>
[INFO] [stdout]    9:     0x5af4538d64fd - __rustc[ea4f61d10b84890b]::rust_begin_unwind
[INFO] [stdout]   10:     0x5af45390f30c - core[a373ad73a504971]::panicking::panic_fmt
[INFO] [stdout]   11:     0x5af45390f223 - core[a373ad73a504971]::panicking::assert_failed_inner
[INFO] [stdout]   12:     0x5af4538654f0 - core[a373ad73a504971]::panicking::assert_failed::<alloc[2e1b2a31b91974c5]::string::String, &str>
[INFO] [stdout]   13:     0x5af45383a6d0 - <tokio[7b274a877c92a204]::runtime::park::CachedParkThread>::block_on::<tauri_plugin_shell[2613ea5ec75fc927]::process::tests::test_cmd_spawn_raw_fail::{closure#0}>
[INFO] [stdout]   14:     0x5af453848732 - tokio[7b274a877c92a204]::runtime::context::runtime::enter_runtime::<<tokio[7b274a877c92a204]::runtime::scheduler::multi_thread::MultiThread>::block_on<tauri_plugin_shell[2613ea5ec75fc927]::process::tests::test_cmd_spawn_raw_fail::{closure#0}>::{closure#0}, ()>
[INFO] [stdout]   15:     0x5af453855f3e - <tokio[7b274a877c92a204]::runtime::runtime::Runtime>::block_on::<tauri_plugin_shell[2613ea5ec75fc927]::process::tests::test_cmd_spawn_raw_fail::{closure#0}>
[INFO] [stdout]   16:     0x5af453861ba9 - <tauri_plugin_shell[2613ea5ec75fc927]::process::tests::test_cmd_spawn_raw_fail::{closure#0} as core[a373ad73a504971]::ops::function::FnOnce<()>>::call_once
[INFO] [stdout]   17:     0x5af453865f0b - test[aada8e7e76ba119b]::__rust_begin_short_backtrace::<core[a373ad73a504971]::result::Result<(), alloc[2e1b2a31b91974c5]::string::String>, fn() -> core[a373ad73a504971]::result::Result<(), alloc[2e1b2a31b91974c5]::string::String>>
[INFO] [stdout]   18:     0x5af4538730e5 - test[aada8e7e76ba119b]::run_test::{closure#0}
[INFO] [stdout]   19:     0x5af45386c9d4 - std[617be2ca0a6fd877]::sys::backtrace::__rust_begin_short_backtrace::<test[aada8e7e76ba119b]::run_test::{closure#1}, ()>
[INFO] [stdout]   20:     0x5af453876172 - <std[617be2ca0a6fd877]::thread::lifecycle::spawn_unchecked<test[aada8e7e76ba119b]::run_test::{closure#1}, ()>::{closure#1} as core[a373ad73a504971]::ops::function::FnOnce<()>>::call_once::{shim:vtable#0}
[INFO] [stdout]   21:     0x5af4538f9c3f - <std[617be2ca0a6fd877]::sys::thread::unix::Thread>::new::thread_start
[INFO] [stdout]   22:     0x7c9ded327dfa - <unknown>
[INFO] [stdout]   23:     0x7c9ded3bb3d4 - clone
[INFO] [stdout]   24:                0x0 - <unknown>
[INFO] [stdout] 
[INFO] [stdout] ---- process::tests::test_cmd_output_output_fail stdout ----
[INFO] [stdout] 
[INFO] [stdout] thread 'process::tests::test_cmd_output_output_fail' (3685) panicked at src/process/mod.rs:715:9:
[INFO] [stdout] assertion `left == right` failed
[INFO] [stdout]   left: "cat: test/: No such file or directory\n\n"
[INFO] [stdout]  right: "cat: test/: Is a directory\n\n"
[INFO] [stdout] stack backtrace:
[INFO] [stdout]    0:     0x5af4538fa3f1 - <<std[617be2ca0a6fd877]::sys::backtrace::BacktraceLock>::print::DisplayBacktrace as core[a373ad73a504971]::fmt::Display>::fmt
[INFO] [stdout]    1:     0x5af45390ebaa - core[a373ad73a504971]::fmt::write
[INFO] [stdout]    2:     0x5af4538fe6cc - <alloc[2e1b2a31b91974c5]::vec::Vec<u8> as core[a373ad73a504971]::io::write::Write>::write_fmt
[INFO] [stdout]    3:     0x5af4538d5846 - std[617be2ca0a6fd877]::panicking::default_hook::{closure#0}
[INFO] [stdout]    4:     0x5af4538f2769 - std[617be2ca0a6fd877]::panicking::default_hook
[INFO] [stdout]    5:     0x5af453872ac0 - test[aada8e7e76ba119b]::test_main_inner::{closure#0}
[INFO] [stdout]    6:     0x5af4538f2a92 - std[617be2ca0a6fd877]::panicking::panic_with_hook
[INFO] [stdout]    7:     0x5af4538d58f2 - std[617be2ca0a6fd877]::panicking::panic_handler::{closure#0}
[INFO] [stdout]    8:     0x5af4538ce609 - std[617be2ca0a6fd877]::sys::backtrace::__rust_end_short_backtrace::<std[617be2ca0a6fd877]::panicking::panic_handler::{closure#0}, !>
[INFO] [stdout]    9:     0x5af4538d64fd - __rustc[ea4f61d10b84890b]::rust_begin_unwind
[INFO] [stdout]   10:     0x5af45390f30c - core[a373ad73a504971]::panicking::panic_fmt
[INFO] [stdout]   11:     0x5af45390f223 - core[a373ad73a504971]::panicking::assert_failed_inner
[INFO] [stdout]   12:     0x5af4538654f0 - core[a373ad73a504971]::panicking::assert_failed::<alloc[2e1b2a31b91974c5]::string::String, &str>
[INFO] [stdout]   13:     0x5af4538623a8 - <tauri_plugin_shell[2613ea5ec75fc927]::process::tests::test_cmd_output_output_fail::{closure#0} as core[a373ad73a504971]::ops::function::FnOnce<()>>::call_once
[INFO] [stdout]   14:     0x5af453865f0b - test[aada8e7e76ba119b]::__rust_begin_short_backtrace::<core[a373ad73a504971]::result::Result<(), alloc[2e1b2a31b91974c5]::string::String>, fn() -> core[a373ad73a504971]::result::Result<(), alloc[2e1b2a31b91974c5]::string::String>>
[INFO] [stdout]   15:     0x5af4538730e5 - test[aada8e7e76ba119b]::run_test::{closure#0}
[INFO] [stdout]   16:     0x5af45386c9d4 - std[617be2ca0a6fd877]::sys::backtrace::__rust_begin_short_backtrace::<test[aada8e7e76ba119b]::run_test::{closure#1}, ()>
[INFO] [stdout]   17:     0x5af453876172 - <std[617be2ca0a6fd877]::thread::lifecycle::spawn_unchecked<test[aada8e7e76ba119b]::run_test::{closure#1}, ()>::{closure#1} as core[a373ad73a504971]::ops::function::FnOnce<()>>::call_once::{shim:vtable#0}
[INFO] [stdout]   18:     0x5af4538f9c3f - <std[617be2ca0a6fd877]::sys::thread::unix::Thread>::new::thread_start
[INFO] [stdout]   19:     0x7c9ded327dfa - <unknown>
[INFO] [stdout]   20:     0x7c9ded3bb3d4 - clone
[INFO] [stdout]   21:                0x0 - <unknown>
[INFO] [stdout] 
[INFO] [stdout] ---- process::tests::test_cmd_spawn_raw_output stdout ----
[INFO] [stdout] 
[INFO] [stdout] thread 'process::tests::test_cmd_spawn_raw_output' (3735) panicked at src/process/mod.rs:634:25:
[INFO] [stdout] assertion `left == right` failed
[INFO] [stdout]   left: Some(1)
[INFO] [stdout]  right: Some(0)
[INFO] [stdout] stack backtrace:
[INFO] [stdout]    0:     0x5af4538fa3f1 - <<std[617be2ca0a6fd877]::sys::backtrace::BacktraceLock>::print::DisplayBacktrace as core[a373ad73a504971]::fmt::Display>::fmt
[INFO] [stdout]    1:     0x5af45390ebaa - core[a373ad73a504971]::fmt::write
[INFO] [stdout]    2:     0x5af4538fe6cc - <alloc[2e1b2a31b91974c5]::vec::Vec<u8> as core[a373ad73a504971]::io::write::Write>::write_fmt
[INFO] [stdout]    3:     0x5af4538d5846 - std[617be2ca0a6fd877]::panicking::default_hook::{closure#0}
[INFO] [stdout]    4:     0x5af4538f2769 - std[617be2ca0a6fd877]::panicking::default_hook
[INFO] [stdout]    5:     0x5af453872ac0 - test[aada8e7e76ba119b]::test_main_inner::{closure#0}
[INFO] [stdout]    6:     0x5af4538f2a92 - std[617be2ca0a6fd877]::panicking::panic_with_hook
[INFO] [stdout]    7:     0x5af4538d58f2 - std[617be2ca0a6fd877]::panicking::panic_handler::{closure#0}
[INFO] [stdout]    8:     0x5af4538ce609 - std[617be2ca0a6fd877]::sys::backtrace::__rust_end_short_backtrace::<std[617be2ca0a6fd877]::panicking::panic_handler::{closure#0}, !>
[INFO] [stdout]    9:     0x5af4538d64fd - __rustc[ea4f61d10b84890b]::rust_begin_unwind
[INFO] [stdout]   10:     0x5af45390f30c - core[a373ad73a504971]::panicking::panic_fmt
[INFO] [stdout]   11:     0x5af45390f223 - core[a373ad73a504971]::panicking::assert_failed_inner
[INFO] [stdout]   12:     0x5af4538654b9 - core[a373ad73a504971]::panicking::assert_failed::<core[a373ad73a504971]::option::Option<i32>, core[a373ad73a504971]::option::Option<i32>>
[INFO] [stdout]   13:     0x5af45383ab06 - <tokio[7b274a877c92a204]::runtime::park::CachedParkThread>::block_on::<tauri_plugin_shell[2613ea5ec75fc927]::process::tests::test_cmd_spawn_raw_output::{closure#0}>
[INFO] [stdout]   14:     0x5af453848932 - tokio[7b274a877c92a204]::runtime::context::runtime::enter_runtime::<<tokio[7b274a877c92a204]::runtime::scheduler::multi_thread::MultiThread>::block_on<tauri_plugin_shell[2613ea5ec75fc927]::process::tests::test_cmd_spawn_raw_output::{closure#0}>::{closure#0}, ()>
[INFO] [stdout]   15:     0x5af4538560be - <tokio[7b274a877c92a204]::runtime::runtime::Runtime>::block_on::<tauri_plugin_shell[2613ea5ec75fc927]::process::tests::test_cmd_spawn_raw_output::{closure#0}>
[INFO] [stdout]   16:     0x5af4538620c9 - <tauri_plugin_shell[2613ea5ec75fc927]::process::tests::test_cmd_spawn_raw_output::{closure#0} as core[a373ad73a504971]::ops::function::FnOnce<()>>::call_once
[INFO] [stdout]   17:     0x5af453865f0b - test[aada8e7e76ba119b]::__rust_begin_short_backtrace::<core[a373ad73a504971]::result::Result<(), alloc[2e1b2a31b91974c5]::string::String>, fn() -> core[a373ad73a504971]::result::Result<(), alloc[2e1b2a31b91974c5]::string::String>>
[INFO] [stdout]   18:     0x5af4538730e5 - test[aada8e7e76ba119b]::run_test::{closure#0}
[INFO] [stdout]   19:     0x5af45386c9d4 - std[617be2ca0a6fd877]::sys::backtrace::__rust_begin_short_backtrace::<test[aada8e7e76ba119b]::run_test::{closure#1}, ()>
[INFO] [stdout]   20:     0x5af453876172 - <std[617be2ca0a6fd877]::thread::lifecycle::spawn_unchecked<test[aada8e7e76ba119b]::run_test::{closure#1}, ()>::{closure#1} as core[a373ad73a504971]::ops::function::FnOnce<()>>::call_once::{shim:vtable#0}
[INFO] [stdout]   21:     0x5af4538f9c3f - <std[617be2ca0a6fd877]::sys::thread::unix::Thread>::new::thread_start
[INFO] [stdout]   22:     0x7c9ded327dfa - <unknown>
[INFO] [stdout]   23:     0x7c9ded3bb3d4 - clone
[INFO] [stdout]   24:                0x0 - <unknown>
[INFO] [stdout] 
[INFO] [stdout] ---- process::tests::test_process_group_kill_after_leader_exit stdout ----
[INFO] [stdout] 
[INFO] [stdout] thread 'process::tests::test_process_group_kill_after_leader_exit' (3737) panicked at src/process/mod.rs:838:17:
[INFO] [stdout] should have received CHILD_PID from script
[INFO] [stdout] stack backtrace:
[INFO] [stdout]    0:     0x5af4538fa3f1 - <<std[617be2ca0a6fd877]::sys::backtrace::BacktraceLock>::print::DisplayBacktrace as core[a373ad73a504971]::fmt::Display>::fmt
[INFO] [stdout]    1:     0x5af45390ebaa - core[a373ad73a504971]::fmt::write
[INFO] [stdout]    2:     0x5af4538fe6cc - <alloc[2e1b2a31b91974c5]::vec::Vec<u8> as core[a373ad73a504971]::io::write::Write>::write_fmt
[INFO] [stdout]    3:     0x5af4538d5846 - std[617be2ca0a6fd877]::panicking::default_hook::{closure#0}
[INFO] [stdout]    4:     0x5af4538f2769 - std[617be2ca0a6fd877]::panicking::default_hook
[INFO] [stdout]    5:     0x5af453872ac0 - test[aada8e7e76ba119b]::test_main_inner::{closure#0}
[INFO] [stdout]    6:     0x5af4538f2a92 - std[617be2ca0a6fd877]::panicking::panic_with_hook
[INFO] [stdout]    7:     0x5af4538d58f2 - std[617be2ca0a6fd877]::panicking::panic_handler::{closure#0}
[INFO] [stdout]    8:     0x5af4538ce609 - std[617be2ca0a6fd877]::sys::backtrace::__rust_end_short_backtrace::<std[617be2ca0a6fd877]::panicking::panic_handler::{closure#0}, !>
[INFO] [stdout]    9:     0x5af4538d64fd - __rustc[ea4f61d10b84890b]::rust_begin_unwind
[INFO] [stdout]   10:     0x5af45390f30c - core[a373ad73a504971]::panicking::panic_fmt
[INFO] [stdout]   11:     0x5af45390f064 - core[a373ad73a504971]::option::expect_failed
[INFO] [stdout]   12:     0x5af4538394d2 - <tokio[7b274a877c92a204]::runtime::park::CachedParkThread>::block_on::<tauri_plugin_shell[2613ea5ec75fc927]::process::tests::read_grandchild_pid::{closure#0}>
[INFO] [stdout]   13:     0x5af453847f23 - tokio[7b274a877c92a204]::runtime::context::runtime::enter_runtime::<<tokio[7b274a877c92a204]::runtime::scheduler::multi_thread::MultiThread>::block_on<tauri_plugin_shell[2613ea5ec75fc927]::process::tests::read_grandchild_pid::{closure#0}>::{closure#0}, u32>
[INFO] [stdout]   14:     0x5af45385596f - <tokio[7b274a877c92a204]::runtime::runtime::Runtime>::block_on::<tauri_plugin_shell[2613ea5ec75fc927]::process::tests::read_grandchild_pid::{closure#0}>
[INFO] [stdout]   15:     0x5af4538634fd - <tauri_plugin_shell[2613ea5ec75fc927]::process::tests::test_process_group_kill_after_leader_exit::{closure#0} as core[a373ad73a504971]::ops::function::FnOnce<()>>::call_once
[INFO] [stdout]   16:     0x5af453865f0b - test[aada8e7e76ba119b]::__rust_begin_short_backtrace::<core[a373ad73a504971]::result::Result<(), alloc[2e1b2a31b91974c5]::string::String>, fn() -> core[a373ad73a504971]::result::Result<(), alloc[2e1b2a31b91974c5]::string::String>>
[INFO] [stdout]   17:     0x5af4538730e5 - test[aada8e7e76ba119b]::run_test::{closure#0}
[INFO] [stdout]   18:     0x5af45386c9d4 - std[617be2ca0a6fd877]::sys::backtrace::__rust_begin_short_backtrace::<test[aada8e7e76ba119b]::run_test::{closure#1}, ()>
[INFO] [stdout]   19:     0x5af453876172 - <std[617be2ca0a6fd877]::thread::lifecycle::spawn_unchecked<test[aada8e7e76ba119b]::run_test::{closure#1}, ()>::{closure#1} as core[a373ad73a504971]::ops::function::FnOnce<()>>::call_once::{shim:vtable#0}
[INFO] [stdout]   20:     0x5af4538f9c3f - <std[617be2ca0a6fd877]::sys::thread::unix::Thread>::new::thread_start
[INFO] [stdout]   21:     0x7c9ded327dfa - <unknown>
[INFO] [stdout]   22:     0x7c9ded3bb3d4 - clone
[INFO] [stdout]   23:                0x0 - <unknown>
[INFO] [stdout] 
[INFO] [stdout] ---- process::tests::test_cmd_process_group_kill stdout ----
[INFO] [stdout] 
[INFO] [stdout] thread 'process::tests::test_cmd_process_group_kill' (3686) panicked at src/process/mod.rs:774:9:
[INFO] [stdout] assertion `left != right` failed: process group should no longer exist
[INFO] [stdout]   left: 0
[INFO] [stdout]  right: 0
[INFO] [stdout] stack backtrace:
[INFO] [stdout]    0:     0x5af4538fa3f1 - <<std[617be2ca0a6fd877]::sys::backtrace::BacktraceLock>::print::DisplayBacktrace as core[a373ad73a504971]::fmt::Display>::fmt
[INFO] [stdout]    1:     0x5af45390ebaa - core[a373ad73a504971]::fmt::write
[INFO] [stdout]    2:     0x5af4538fe6cc - <alloc[2e1b2a31b91974c5]::vec::Vec<u8> as core[a373ad73a504971]::io::write::Write>::write_fmt
[INFO] [stdout]    3:     0x5af4538d5846 - std[617be2ca0a6fd877]::panicking::default_hook::{closure#0}
[INFO] [stdout]    4:     0x5af4538f2769 - std[617be2ca0a6fd877]::panicking::default_hook
[INFO] [stdout]    5:     0x5af453872ac0 - test[aada8e7e76ba119b]::test_main_inner::{closure#0}
[INFO] [stdout]    6:     0x5af4538f2a92 - std[617be2ca0a6fd877]::panicking::panic_with_hook
[INFO] [stdout]    7:     0x5af4538d58f2 - std[617be2ca0a6fd877]::panicking::panic_handler::{closure#0}
[INFO] [stdout]    8:     0x5af4538ce609 - std[617be2ca0a6fd877]::sys::backtrace::__rust_end_short_backtrace::<std[617be2ca0a6fd877]::panicking::panic_handler::{closure#0}, !>
[INFO] [stdout]    9:     0x5af4538d64fd - __rustc[ea4f61d10b84890b]::rust_begin_unwind
[INFO] [stdout]   10:     0x5af45390f30c - core[a373ad73a504971]::panicking::panic_fmt
[INFO] [stdout]   11:     0x5af45390f283 - core[a373ad73a504971]::panicking::assert_failed_inner
[INFO] [stdout]   12:     0x5af4538ce1a5 - core[a373ad73a504971]::panicking::assert_failed::<i32, i32>
[INFO] [stdout]   13:     0x5af453862804 - <tauri_plugin_shell[2613ea5ec75fc927]::process::tests::test_cmd_process_group_kill::{closure#0} as core[a373ad73a504971]::ops::function::FnOnce<()>>::call_once
[INFO] [stdout]   14:     0x5af453865f0b - test[aada8e7e76ba119b]::__rust_begin_short_backtrace::<core[a373ad73a504971]::result::Result<(), alloc[2e1b2a31b91974c5]::string::String>, fn() -> core[a373ad73a504971]::result::Result<(), alloc[2e1b2a31b91974c5]::string::String>>
[INFO] [stdout]   15:     0x5af4538730e5 - test[aada8e7e76ba119b]::run_test::{closure#0}
[INFO] [stdout]   16:     0x5af45386c9d4 - std[617be2ca0a6fd877]::sys::backtrace::__rust_begin_short_backtrace::<test[aada8e7e76ba119b]::run_test::{closure#1}, ()>
[INFO] [stdout]   17:     0x5af453876172 - <std[617be2ca0a6fd877]::thread::lifecycle::spawn_unchecked<test[aada8e7e76ba119b]::run_test::{closure#1}, ()>::{closure#1} as core[a373ad73a504971]::ops::function::FnOnce<()>>::call_once::{shim:vtable#0}
[INFO] [stdout]   18:     0x5af4538f9c3f - <std[617be2ca0a6fd877]::sys::thread::unix::Thread>::new::thread_start
[INFO] [stdout]   19:     0x7c9ded327dfa - <unknown>
[INFO] [stdout]   20:     0x7c9ded3bb3d4 - clone
[INFO] [stdout]   21:                0x0 - <unknown>
[INFO] [stdout] 
[INFO] [stdout] ---- process::tests::test_pyinstaller_simulation_with_process_group stdout ----
[INFO] [stdout] 
[INFO] [stdout] thread 'process::tests::test_pyinstaller_simulation_with_process_group' (3738) panicked at src/process/mod.rs:838:17:
[INFO] [stdout] should have received CHILD_PID from script
[INFO] [stdout] stack backtrace:
[INFO] [stdout]    0:     0x5af4538fa3f1 - <<std[617be2ca0a6fd877]::sys::backtrace::BacktraceLock>::print::DisplayBacktrace as core[a373ad73a504971]::fmt::Display>::fmt
[INFO] [stdout]    1:     0x5af45390ebaa - core[a373ad73a504971]::fmt::write
[INFO] [stdout]    2:     0x5af4538fe6cc - <alloc[2e1b2a31b91974c5]::vec::Vec<u8> as core[a373ad73a504971]::io::write::Write>::write_fmt
[INFO] [stdout]    3:     0x5af4538d5846 - std[617be2ca0a6fd877]::panicking::default_hook::{closure#0}
[INFO] [stdout]    4:     0x5af4538f2769 - std[617be2ca0a6fd877]::panicking::default_hook
[INFO] [stdout]    5:     0x5af453872ac0 - test[aada8e7e76ba119b]::test_main_inner::{closure#0}
[INFO] [stdout]    6:     0x5af4538f2a92 - std[617be2ca0a6fd877]::panicking::panic_with_hook
[INFO] [stdout]    7:     0x5af4538d58f2 - std[617be2ca0a6fd877]::panicking::panic_handler::{closure#0}
[INFO] [stdout]    8:     0x5af4538ce609 - std[617be2ca0a6fd877]::sys::backtrace::__rust_end_short_backtrace::<std[617be2ca0a6fd877]::panicking::panic_handler::{closure#0}, !>
[INFO] [stdout]    9:     0x5af4538d64fd - __rustc[ea4f61d10b84890b]::rust_begin_unwind
[INFO] [stdout]   10:     0x5af45390f30c - core[a373ad73a504971]::panicking::panic_fmt
[INFO] [stdout]   11:     0x5af45390f064 - core[a373ad73a504971]::option::expect_failed
[INFO] [stdout]   12:     0x5af4538394d2 - <tokio[7b274a877c92a204]::runtime::park::CachedParkThread>::block_on::<tauri_plugin_shell[2613ea5ec75fc927]::process::tests::read_grandchild_pid::{closure#0}>
[INFO] [stdout]   13:     0x5af453847f23 - tokio[7b274a877c92a204]::runtime::context::runtime::enter_runtime::<<tokio[7b274a877c92a204]::runtime::scheduler::multi_thread::MultiThread>::block_on<tauri_plugin_shell[2613ea5ec75fc927]::process::tests::read_grandchild_pid::{closure#0}>::{closure#0}, u32>
[INFO] [stdout]   14:     0x5af45385596f - <tokio[7b274a877c92a204]::runtime::runtime::Runtime>::block_on::<tauri_plugin_shell[2613ea5ec75fc927]::process::tests::read_grandchild_pid::{closure#0}>
[INFO] [stdout]   15:     0x5af4538639d0 - <tauri_plugin_shell[2613ea5ec75fc927]::process::tests::test_pyinstaller_simulation_with_process_group::{closure#0} as core[a373ad73a504971]::ops::function::FnOnce<()>>::call_once
[INFO] [stdout]   16:     0x5af453865f0b - test[aada8e7e76ba119b]::__rust_begin_short_backtrace::<core[a373ad73a504971]::result::Result<(), alloc[2e1b2a31b91974c5]::string::String>, fn() -> core[a373ad73a504971]::result::Result<(), alloc[2e1b2a31b91974c5]::string::String>>
[INFO] [stdout]   17:     0x5af4538730e5 - test[aada8e7e76ba119b]::run_test::{closure#0}
[INFO] [stdout]   18:     0x5af45386c9d4 - std[617be2ca0a6fd877]::sys::backtrace::__rust_begin_short_backtrace::<test[aada8e7e76ba119b]::run_test::{closure#1}, ()>
[INFO] [stdout]   19:     0x5af453876172 - <std[617be2ca0a6fd877]::thread::lifecycle::spawn_unchecked<test[aada8e7e76ba119b]::run_test::{closure#1}, ()>::{closure#1} as core[a373ad73a504971]::ops::function::FnOnce<()>>::call_once::{shim:vtable#0}
[INFO] [stdout]   20:     0x5af4538f9c3f - <std[617be2ca0a6fd877]::sys::thread::unix::Thread>::new::thread_start
[INFO] [stdout]   21:     0x7c9ded327dfa - <unknown>
[INFO] [stdout]   22:     0x7c9ded3bb3d4 - clone
[INFO] [stdout]   23:                0x0 - <unknown>
[INFO] [stdout] 
[INFO] [stdout] ---- process::tests::test_pyinstaller_simulation_without_process_group stdout ----
[INFO] [stdout] 
[INFO] [stdout] thread 'process::tests::test_pyinstaller_simulation_without_process_group' (3753) panicked at src/process/mod.rs:838:17:
[INFO] [stdout] should have received CHILD_PID from script
[INFO] [stdout] stack backtrace:
[INFO] [stdout]    0:     0x5af4538fa3f1 - <<std[617be2ca0a6fd877]::sys::backtrace::BacktraceLock>::print::DisplayBacktrace as core[a373ad73a504971]::fmt::Display>::fmt
[INFO] [stdout]    1:     0x5af45390ebaa - core[a373ad73a504971]::fmt::write
[INFO] [stdout]    2:     0x5af4538fe6cc - <alloc[2e1b2a31b91974c5]::vec::Vec<u8> as core[a373ad73a504971]::io::write::Write>::write_fmt
[INFO] [stdout]    3:     0x5af4538d5846 - std[617be2ca0a6fd877]::panicking::default_hook::{closure#0}
[INFO] [stdout]    4:     0x5af4538f2769 - std[617be2ca0a6fd877]::panicking::default_hook
[INFO] [stdout]    5:     0x5af453872ac0 - test[aada8e7e76ba119b]::test_main_inner::{closure#0}
[INFO] [stdout]    6:     0x5af4538f2a92 - std[617be2ca0a6fd877]::panicking::panic_with_hook
[INFO] [stdout]    7:     0x5af4538d58f2 - std[617be2ca0a6fd877]::panicking::panic_handler::{closure#0}
[INFO] [stdout]    8:     0x5af4538ce609 - std[617be2ca0a6fd877]::sys::backtrace::__rust_end_short_backtrace::<std[617be2ca0a6fd877]::panicking::panic_handler::{closure#0}, !>
[INFO] [stdout]    9:     0x5af4538d64fd - __rustc[ea4f61d10b84890b]::rust_begin_unwind
[INFO] [stdout]   10:     0x5af45390f30c - core[a373ad73a504971]::panicking::panic_fmt
[INFO] [stdout]   11:     0x5af45390f064 - core[a373ad73a504971]::option::expect_failed
[INFO] [stdout]   12:     0x5af4538394d2 - <tokio[7b274a877c92a204]::runtime::park::CachedParkThread>::block_on::<tauri_plugin_shell[2613ea5ec75fc927]::process::tests::read_grandchild_pid::{closure#0}>
[INFO] [stdout]   13:     0x5af453847f23 - tokio[7b274a877c92a204]::runtime::context::runtime::enter_runtime::<<tokio[7b274a877c92a204]::runtime::scheduler::multi_thread::MultiThread>::block_on<tauri_plugin_shell[2613ea5ec75fc927]::process::tests::read_grandchild_pid::{closure#0}>::{closure#0}, u32>
[INFO] [stdout]   14:     0x5af45385596f - <tokio[7b274a877c92a204]::runtime::runtime::Runtime>::block_on::<tauri_plugin_shell[2613ea5ec75fc927]::process::tests::read_grandchild_pid::{closure#0}>
[INFO] [stdout]   15:     0x5af453863d61 - <tauri_plugin_shell[2613ea5ec75fc927]::process::tests::test_pyinstaller_simulation_without_process_group::{closure#0} as core[a373ad73a504971]::ops::function::FnOnce<()>>::call_once
[INFO] [stdout]   16:     0x5af453865f0b - test[aada8e7e76ba119b]::__rust_begin_short_backtrace::<core[a373ad73a504971]::result::Result<(), alloc[2e1b2a31b91974c5]::string::String>, fn() -> core[a373ad73a504971]::result::Result<(), alloc[2e1b2a31b91974c5]::string::String>>
[INFO] [stdout]   17:     0x5af4538730e5 - test[aada8e7e76ba119b]::run_test::{closure#0}
[INFO] [stdout]   18:     0x5af45386c9d4 - std[617be2ca0a6fd877]::sys::backtrace::__rust_begin_short_backtrace::<test[aada8e7e76ba119b]::run_test::{closure#1}, ()>
[INFO] [stdout]   19:     0x5af453876172 - <std[617be2ca0a6fd877]::thread::lifecycle::spawn_unchecked<test[aada8e7e76ba119b]::run_test::{closure#1}, ()>::{closure#1} as core[a373ad73a504971]::ops::function::FnOnce<()>>::call_once::{shim:vtable#0}
[INFO] [stdout]   20:     0x5af4538f9c3f - <std[617be2ca0a6fd877]::sys::thread::unix::Thread>::new::thread_start
[INFO] [stdout]   21:     0x7c9ded327dfa - <unknown>
[INFO] [stdout]   22:     0x7c9ded3bb3d4 - clone
[INFO] [stdout]   23:                0x0 - <unknown>
[INFO] [stdout] 
[INFO] [stdout] ---- process::tests::test_cmd_spawn_fail stdout ----
[INFO] [stdout] 
[INFO] [stdout] thread 'process::tests::test_cmd_spawn_fail' (3688) panicked at src/process/mod.rs:659:25:
[INFO] [stdout] assertion `left == right` failed
[INFO] [stdout]   left: "cat: test/: No such file or directory\n"
[INFO] [stdout]  right: "cat: test/: Is a directory\n"
[INFO] [stdout] stack backtrace:
[INFO] [stdout]    0:     0x5af4538fa3f1 - <<std[617be2ca0a6fd877]::sys::backtrace::BacktraceLock>::print::DisplayBacktrace as core[a373ad73a504971]::fmt::Display>::fmt
[INFO] [stdout]    1:     0x5af45390ebaa - core[a373ad73a504971]::fmt::write
[INFO] [stdout]    2:     0x5af4538fe6cc - <alloc[2e1b2a31b91974c5]::vec::Vec<u8> as core[a373ad73a504971]::io::write::Write>::write_fmt
[INFO] [stdout]    3:     0x5af4538d5846 - std[617be2ca0a6fd877]::panicking::default_hook::{closure#0}
[INFO] [stdout]    4:     0x5af4538f2769 - std[617be2ca0a6fd877]::panicking::default_hook
[INFO] [stdout]    5:     0x5af453872ac0 - test[aada8e7e76ba119b]::test_main_inner::{closure#0}
[INFO] [stdout]    6:     0x5af4538f2a92 - std[617be2ca0a6fd877]::panicking::panic_with_hook
[INFO] [stdout]    7:     0x5af4538d58f2 - std[617be2ca0a6fd877]::panicking::panic_handler::{closure#0}
[INFO] [stdout]    8:     0x5af4538ce609 - std[617be2ca0a6fd877]::sys::backtrace::__rust_end_short_backtrace::<std[617be2ca0a6fd877]::panicking::panic_handler::{closure#0}, !>
[INFO] [stdout]    9:     0x5af4538d64fd - __rustc[ea4f61d10b84890b]::rust_begin_unwind
[INFO] [stdout]   10:     0x5af45390f30c - core[a373ad73a504971]::panicking::panic_fmt
[INFO] [stdout]   11:     0x5af45390f223 - core[a373ad73a504971]::panicking::assert_failed_inner
[INFO] [stdout]   12:     0x5af4538654f0 - core[a373ad73a504971]::panicking::assert_failed::<alloc[2e1b2a31b91974c5]::string::String, &str>
[INFO] [stdout]   13:     0x5af453839d00 - <tokio[7b274a877c92a204]::runtime::park::CachedParkThread>::block_on::<tauri_plugin_shell[2613ea5ec75fc927]::process::tests::test_cmd_spawn_fail::{closure#0}>
[INFO] [stdout]   14:     0x5af453848332 - tokio[7b274a877c92a204]::runtime::context::runtime::enter_runtime::<<tokio[7b274a877c92a204]::runtime::scheduler::multi_thread::MultiThread>::block_on<tauri_plugin_shell[2613ea5ec75fc927]::process::tests::test_cmd_spawn_fail::{closure#0}>::{closure#0}, ()>
[INFO] [stdout]   15:     0x5af453855c3e - <tokio[7b274a877c92a204]::runtime::runtime::Runtime>::block_on::<tauri_plugin_shell[2613ea5ec75fc927]::process::tests::test_cmd_spawn_fail::{closure#0}>
[INFO] [stdout]   16:     0x5af4538613c9 - <tauri_plugin_shell[2613ea5ec75fc927]::process::tests::test_cmd_spawn_fail::{closure#0} as core[a373ad73a504971]::ops::function::FnOnce<()>>::call_once
[INFO] [stdout]   17:     0x5af453865f0b - test[aada8e7e76ba119b]::__rust_begin_short_backtrace::<core[a373ad73a504971]::result::Result<(), alloc[2e1b2a31b91974c5]::string::String>, fn() -> core[a373ad73a504971]::result::Result<(), alloc[2e1b2a31b91974c5]::string::String>>
[INFO] [stdout]   18:     0x5af4538730e5 - test[aada8e7e76ba119b]::run_test::{closure#0}
[INFO] [stdout]   19:     0x5af45386c9d4 - std[617be2ca0a6fd877]::sys::backtrace::__rust_begin_short_backtrace::<test[aada8e7e76ba119b]::run_test::{closure#1}, ()>
[INFO] [stdout]   20:     0x5af453876172 - <std[617be2ca0a6fd877]::thread::lifecycle::spawn_unchecked<test[aada8e7e76ba119b]::run_test::{closure#1}, ()>::{closure#1} as core[a373ad73a504971]::ops::function::FnOnce<()>>::call_once::{shim:vtable#0}
[INFO] [stdout]   21:     0x5af4538f9c3f - <std[617be2ca0a6fd877]::sys::thread::unix::Thread>::new::thread_start
[INFO] [stdout]   22:     0x7c9ded327dfa - <unknown>
[INFO] [stdout]   23:     0x7c9ded3bb3d4 - clone
[INFO] [stdout]   24:                0x0 - <unknown>
[INFO] [stdout] 
[INFO] [stdout] ---- process::tests::test_cmd_process_group_output stdout ----
[INFO] [stdout] 
[INFO] [stdout] thread 'process::tests::test_cmd_process_group_output' (3687) panicked at src/process/mod.rs:787:9:
[INFO] [stdout] assertion failed: output.status.success()
[INFO] [stdout] stack backtrace:
[INFO] [stdout]    0:     0x5af4538fa3f1 - <<std[617be2ca0a6fd877]::sys::backtrace::BacktraceLock>::print::DisplayBacktrace as core[a373ad73a504971]::fmt::Display>::fmt
[INFO] [stdout]    1:     0x5af45390ebaa - core[a373ad73a504971]::fmt::write
[INFO] [stdout]    2:     0x5af4538fe6cc - <alloc[2e1b2a31b91974c5]::vec::Vec<u8> as core[a373ad73a504971]::io::write::Write>::write_fmt
[INFO] [stdout]    3:     0x5af4538d5846 - std[617be2ca0a6fd877]::panicking::default_hook::{closure#0}
[INFO] [stdout]    4:     0x5af4538f2769 - std[617be2ca0a6fd877]::panicking::default_hook
[INFO] [stdout]    5:     0x5af453872ac0 - test[aada8e7e76ba119b]::test_main_inner::{closure#0}
[INFO] [stdout]    6:     0x5af4538f2a92 - std[617be2ca0a6fd877]::panicking::panic_with_hook
[INFO] [stdout]    7:     0x5af4538d5924 - std[617be2ca0a6fd877]::panicking::panic_handler::{closure#0}
[INFO] [stdout]    8:     0x5af4538ce609 - std[617be2ca0a6fd877]::sys::backtrace::__rust_end_short_backtrace::<std[617be2ca0a6fd877]::panicking::panic_handler::{closure#0}, !>
[INFO] [stdout]    9:     0x5af4538d64fd - __rustc[ea4f61d10b84890b]::rust_begin_unwind
[INFO] [stdout]   10:     0x5af45390f30c - core[a373ad73a504971]::panicking::panic_fmt
[INFO] [stdout]   11:     0x5af45390f2d2 - core[a373ad73a504971]::panicking::panic
[INFO] [stdout]   12:     0x5af453862b07 - <tauri_plugin_shell[2613ea5ec75fc927]::process::tests::test_cmd_process_group_output::{closure#0} as core[a373ad73a504971]::ops::function::FnOnce<()>>::call_once
[INFO] [stdout]   13:     0x5af453865f0b - test[aada8e7e76ba119b]::__rust_begin_short_backtrace::<core[a373ad73a504971]::result::Result<(), alloc[2e1b2a31b91974c5]::string::String>, fn() -> core[a373ad73a504971]::result::Result<(), alloc[2e1b2a31b91974c5]::string::String>>
[INFO] [stdout]   14:     0x5af4538730e5 - test[aada8e7e76ba119b]::run_test::{closure#0}
[INFO] [stdout]   15:     0x5af45386c9d4 - std[617be2ca0a6fd877]::sys::backtrace::__rust_begin_short_backtrace::<test[aada8e7e76ba119b]::run_test::{closure#1}, ()>
[INFO] [stdout]   16:     0x5af453876172 - <std[617be2ca0a6fd877]::thread::lifecycle::spawn_unchecked<test[aada8e7e76ba119b]::run_test::{closure#1}, ()>::{closure#1} as core[a373ad73a504971]::ops::function::FnOnce<()>>::call_once::{shim:vtable#0}
[INFO] [stdout]   17:     0x5af4538f9c3f - <std[617be2ca0a6fd877]::sys::thread::unix::Thread>::new::thread_start
[INFO] [stdout]   18:     0x7c9ded327dfa - <unknown>
[INFO] [stdout]   19:     0x7c9ded3bb3d4 - clone
[INFO] [stdout]   20:                0x0 - <unknown>
[INFO] [stdout] 
[INFO] [stdout] ---- process::tests::test_cmd_spawn_output stdout ----
[INFO] [stdout] 
[INFO] [stdout] thread 'process::tests::test_cmd_spawn_output' (3689) panicked at src/process/mod.rs:613:25:
[INFO] [stdout] assertion `left == right` failed
[INFO] [stdout]   left: Some(1)
[INFO] [stdout]  right: Some(0)
[INFO] [stdout] stack backtrace:
[INFO] [stdout]    0:     0x5af4538fa3f1 - <<std[617be2ca0a6fd877]::sys::backtrace::BacktraceLock>::print::DisplayBacktrace as core[a373ad73a504971]::fmt::Display>::fmt
[INFO] [stdout]    1:     0x5af45390ebaa - core[a373ad73a504971]::fmt::write
[INFO] [stdout]    2:     0x5af4538fe6cc - <alloc[2e1b2a31b91974c5]::vec::Vec<u8> as core[a373ad73a504971]::io::write::Write>::write_fmt
[INFO] [stdout]    3:     0x5af4538d5846 - std[617be2ca0a6fd877]::panicking::default_hook::{closure#0}
[INFO] [stdout]    4:     0x5af4538f2769 - std[617be2ca0a6fd877]::panicking::default_hook
[INFO] [stdout]    5:     0x5af453872ac0 - test[aada8e7e76ba119b]::test_main_inner::{closure#0}
[INFO] [stdout]    6:     0x5af4538f2a92 - std[617be2ca0a6fd877]::panicking::panic_with_hook
[INFO] [stdout]    7:     0x5af4538d58f2 - std[617be2ca0a6fd877]::panicking::panic_handler::{closure#0}
[INFO] [stdout]    8:     0x5af4538ce609 - std[617be2ca0a6fd877]::sys::backtrace::__rust_end_short_backtrace::<std[617be2ca0a6fd877]::panicking::panic_handler::{closure#0}, !>
[INFO] [stdout]    9:     0x5af4538d64fd - __rustc[ea4f61d10b84890b]::rust_begin_unwind
[INFO] [stdout]   10:     0x5af45390f30c - core[a373ad73a504971]::panicking::panic_fmt
[INFO] [stdout]   11:     0x5af45390f223 - core[a373ad73a504971]::panicking::assert_failed_inner
[INFO] [stdout]   12:     0x5af4538654b9 - core[a373ad73a504971]::panicking::assert_failed::<core[a373ad73a504971]::option::Option<i32>, core[a373ad73a504971]::option::Option<i32>>
[INFO] [stdout]   13:     0x5af45383a136 - <tokio[7b274a877c92a204]::runtime::park::CachedParkThread>::block_on::<tauri_plugin_shell[2613ea5ec75fc927]::process::tests::test_cmd_spawn_output::{closure#0}>
[INFO] [stdout]   14:     0x5af453848532 - tokio[7b274a877c92a204]::runtime::context::runtime::enter_runtime::<<tokio[7b274a877c92a204]::runtime::scheduler::multi_thread::MultiThread>::block_on<tauri_plugin_shell[2613ea5ec75fc927]::process::tests::test_cmd_spawn_output::{closure#0}>::{closure#0}, ()>
[INFO] [stdout]   15:     0x5af453855dbe - <tokio[7b274a877c92a204]::runtime::runtime::Runtime>::block_on::<tauri_plugin_shell[2613ea5ec75fc927]::process::tests::test_cmd_spawn_output::{closure#0}>
[INFO] [stdout]   16:     0x5af4538615c9 - <tauri_plugin_shell[2613ea5ec75fc927]::process::tests::test_cmd_spawn_output::{closure#0} as core[a373ad73a504971]::ops::function::FnOnce<()>>::call_once
[INFO] [stdout]   17:     0x5af453865f0b - test[aada8e7e76ba119b]::__rust_begin_short_backtrace::<core[a373ad73a504971]::result::Result<(), alloc[2e1b2a31b91974c5]::string::String>, fn() -> core[a373ad73a504971]::result::Result<(), alloc[2e1b2a31b91974c5]::string::String>>
[INFO] [stdout]   18:     0x5af4538730e5 - test[aada8e7e76ba119b]::run_test::{closure#0}
[INFO] [stdout]   19:     0x5af45386c9d4 - std[617be2ca0a6fd877]::sys::backtrace::__rust_begin_short_backtrace::<test[aada8e7e76ba119b]::run_test::{closure#1}, ()>
[INFO] [stdout]   20:     0x5af453876172 - <std[617be2ca0a6fd877]::thread::lifecycle::spawn_unchecked<test[aada8e7e76ba119b]::run_test::{closure#1}, ()>::{closure#1} as core[a373ad73a504971]::ops::function::FnOnce<()>>::call_once::{shim:vtable#0}
[INFO] [stdout]   21:     0x5af4538f9c3f - <std[617be2ca0a6fd877]::sys::thread::unix::Thread>::new::thread_start
[INFO] [stdout]   22:     0x7c9ded327dfa - <unknown>
[INFO] [stdout]   23:     0x7c9ded3bb3d4 - clone
[INFO] [stdout]   24:                0x0 - <unknown>
[INFO] [stdout] 
[INFO] [stdout] ---- process::tests::test_cmd_spawn_process_group_output stdout ----
[INFO] [stdout] 
[INFO] [stdout] thread 'process::tests::test_cmd_spawn_process_group_output' (3700) panicked at src/process/mod.rs:733:25:
[INFO] [stdout] assertion `left == right` failed
[INFO] [stdout]   left: Some(1)
[INFO] [stdout]  right: Some(0)
[INFO] [stdout] stack backtrace:
[INFO] [stdout]    0:     0x5af4538fa3f1 - <<std[617be2ca0a6fd877]::sys::backtrace::BacktraceLock>::print::DisplayBacktrace as core[a373ad73a504971]::fmt::Display>::fmt
[INFO] [stdout]    1:     0x5af45390ebaa - core[a373ad73a504971]::fmt::write
[INFO] [stdout]    2:     0x5af4538fe6cc - <alloc[2e1b2a31b91974c5]::vec::Vec<u8> as core[a373ad73a504971]::io::write::Write>::write_fmt
[INFO] [stdout]    3:     0x5af4538d5846 - std[617be2ca0a6fd877]::panicking::default_hook::{closure#0}
[INFO] [stdout]    4:     0x5af4538f2769 - std[617be2ca0a6fd877]::panicking::default_hook
[INFO] [stdout]    5:     0x5af453872ac0 - test[aada8e7e76ba119b]::test_main_inner::{closure#0}
[INFO] [stdout]    6:     0x5af4538f2a92 - std[617be2ca0a6fd877]::panicking::panic_with_hook
[INFO] [stdout]    7:     0x5af4538d58f2 - std[617be2ca0a6fd877]::panicking::panic_handler::{closure#0}
[INFO] [stdout]    8:     0x5af4538ce609 - std[617be2ca0a6fd877]::sys::backtrace::__rust_end_short_backtrace::<std[617be2ca0a6fd877]::panicking::panic_handler::{closure#0}, !>
[INFO] [stdout]    9:     0x5af4538d64fd - __rustc[ea4f61d10b84890b]::rust_begin_unwind
[INFO] [stdout]   10:     0x5af45390f30c - core[a373ad73a504971]::panicking::panic_fmt
[INFO] [stdout]   11:     0x5af45390f223 - core[a373ad73a504971]::panicking::assert_failed_inner
[INFO] [stdout]   12:     0x5af4538654b9 - core[a373ad73a504971]::panicking::assert_failed::<core[a373ad73a504971]::option::Option<i32>, core[a373ad73a504971]::option::Option<i32>>
[INFO] [stdout]   13:     0x5af45383b356 - <tokio[7b274a877c92a204]::runtime::park::CachedParkThread>::block_on::<tauri_plugin_shell[2613ea5ec75fc927]::process::tests::test_cmd_spawn_process_group_output::{closure#0}>
[INFO] [stdout]   14:     0x5af453848d32 - tokio[7b274a877c92a204]::runtime::context::runtime::enter_runtime::<<tokio[7b274a877c92a204]::runtime::scheduler::multi_thread::MultiThread>::block_on<tauri_plugin_shell[2613ea5ec75fc927]::process::tests::test_cmd_spawn_process_group_output::{closure#0}>::{closure#0}, ()>
[INFO] [stdout]   15:     0x5af4538563be - <tokio[7b274a877c92a204]::runtime::runtime::Runtime>::block_on::<tauri_plugin_shell[2613ea5ec75fc927]::process::tests::test_cmd_spawn_process_group_output::{closure#0}>
[INFO] [stdout]   16:     0x5af4538632f1 - <tauri_plugin_shell[2613ea5ec75fc927]::process::tests::test_cmd_spawn_process_group_output::{closure#0} as core[a373ad73a504971]::ops::function::FnOnce<()>>::call_once
[INFO] [stdout]   17:     0x5af453865f0b - test[aada8e7e76ba119b]::__rust_begin_short_backtrace::<core[a373ad73a504971]::result::Result<(), alloc[2e1b2a31b91974c5]::string::String>, fn() -> core[a373ad73a504971]::result::Result<(), alloc[2e1b2a31b91974c5]::string::String>>
[INFO] [stdout]   18:     0x5af4538730e5 - test[aada8e7e76ba119b]::run_test::{closure#0}
[INFO] [stdout]   19:     0x5af45386c9d4 - std[617be2ca0a6fd877]::sys::backtrace::__rust_begin_short_backtrace::<test[aada8e7e76ba119b]::run_test::{closure#1}, ()>
[INFO] [stdout]   20:     0x5af453876172 - <std[617be2ca0a6fd877]::thread::lifecycle::spawn_unchecked<test[aada8e7e76ba119b]::run_test::{closure#1}, ()>::{closure#1} as core[a373ad73a504971]::ops::function::FnOnce<()>>::call_once::{shim:vtable#0}
[INFO] [stdout]   21:     0x5af4538f9c3f - <std[617be2ca0a6fd877]::sys::thread::unix::Thread>::new::thread_start
[INFO] [stdout]   22:     0x7c9ded327dfa - <unknown>
[INFO] [stdout]   23:     0x7c9ded3bb3d4 - clone
[INFO] [stdout]   24:                0x0 - <unknown>
[INFO] [stdout] 
[INFO] [stdout] 
[INFO] [stdout] failures:
[INFO] [stdout]     process::tests::relative_command_path_resolves
[INFO] [stdout]     process::tests::test_cmd_output_output
[INFO] [stdout]     process::tests::test_cmd_output_output_fail
[INFO] [stdout]     process::tests::test_cmd_process_group_kill
[INFO] [stdout]     process::tests::test_cmd_process_group_output
[INFO] [stdout]     process::tests::test_cmd_spawn_fail
[INFO] [stdout]     process::tests::test_cmd_spawn_output
[INFO] [stdout]     process::tests::test_cmd_spawn_process_group_output
[INFO] [stdout]     process::tests::test_cmd_spawn_raw_fail
[INFO] [stdout]     process::tests::test_cmd_spawn_raw_output
[INFO] [stdout]     process::tests::test_process_group_kill_after_leader_exit
[INFO] [stdout]     process::tests::test_pyinstaller_simulation_with_process_group
[INFO] [stdout]     process::tests::test_pyinstaller_simulation_without_process_group
[INFO] [stdout] 
[INFO] [stdout] test result: FAILED. 1 passed; 13 failed; 0 ignored; 0 measured; 0 filtered out; finished in 0.07s
[INFO] [stdout] 
[INFO] [stderr] error: test failed, to rerun pass `--lib`
[INFO] running `Command { std: "docker" "inspect" "e90d4c3d5993b5fb220e16d9d4958fb7bf3456d1f746aaa5aac1260dc37a9034", kill_on_drop: false }`
[INFO] running `Command { std: "docker" "rm" "-f" "e90d4c3d5993b5fb220e16d9d4958fb7bf3456d1f746aaa5aac1260dc37a9034", kill_on_drop: false }`
[INFO] [stdout] e90d4c3d5993b5fb220e16d9d4958fb7bf3456d1f746aaa5aac1260dc37a9034
