[INFO] fetching crate tauri-helper 0.2.1...
[INFO] testing tauri-helper-0.2.1 against 1.100.0-beta.1+cargoflags=--release for beta-release-1.100-2
[INFO] extracting crate tauri-helper 0.2.1 into /workspace/builds/worker-0-tc2/source
[INFO] started tweaking crates.io crate tauri-helper 0.2.1
[INFO] finished tweaking crates.io crate tauri-helper 0.2.1
[INFO] tweaked toml for crates.io crate tauri-helper 0.2.1 written to /workspace/builds/worker-0-tc2/source/Cargo.toml
[INFO] validating manifest of crates.io crate tauri-helper 0.2.1 on toolchain 1.100.0-beta.1
[INFO] running `Command { std: CARGO_HOME="/workspace/cargo-home" RUSTUP_HOME="/workspace/rustup-home" "/workspace/cargo-home/bin/cargo" "+1.100.0-beta.1" "metadata" "--manifest-path" "Cargo.toml" "--no-deps", kill_on_drop: false }`
[INFO] crate crates.io crate tauri-helper 0.2.1 already has a lockfile, it will not be regenerated
[INFO] running `Command { std: CARGO_HOME="/workspace/cargo-home" RUSTUP_HOME="/workspace/rustup-home" "/workspace/cargo-home/bin/cargo" "+1.100.0-beta.1" "fetch" "--manifest-path" "Cargo.toml", kill_on_drop: false }`
[INFO] [stderr] warning: `package.homepage` is redundant with `package.repository`
[INFO] [stderr]   --> Cargo.toml:43:12
[INFO] [stderr]    |
[INFO] [stderr] 43 | homepage = "https://github.com/RiadYan/tauri-helper"
[INFO] [stderr]    |            ^^^^^^^^^^^^^^^^^^^^^^^^^^^^^^^^^^^^^^^^^
[INFO] [stderr] ...
[INFO] [stderr] 48 | repository = "https://github.com/RiadYan/tauri-helper"
[INFO] [stderr]    |              -----------------------------------------
[INFO] [stderr]    |
[INFO] [stderr]    = note: `cargo::redundant_homepage` is set to `warn` by default
[INFO] [stderr] help: consider removing `package.homepage`
[INFO] [stderr] warning: `tauri-helper` (manifest) generated 1 warning
[INFO] running `Command { std: "docker" "create" "-v" "/var/lib/crater-agent-workspace/builds/worker-0-tc2/source:/opt/rustwide/workdir:ro,Z" "-v" "/var/lib/crater-agent-workspace/builds/worker-0-tc2/target:/opt/rustwide/target:rw,Z" "-v" "/var/lib/crater-agent-workspace/cargo-home:/opt/rustwide/cargo-home:ro,Z" "-v" "/var/lib/crater-agent-workspace/rustup-home:/opt/rustwide/rustup-home:ro,Z" "-m" "1610612736" "--network" "none" "ghcr.io/rust-lang/crates-build-env/linux@sha256:77db811e55d90add9212f6832c23229e3de5f1c1f9905e8cb07319ea15df73ac" "sleep" "infinity", kill_on_drop: false }`
[INFO] [stdout] 2ef42932a985ed58748bb459ff88d701bf9ac9474ab931f81962c5658098322e
[INFO] running `Command { std: "docker" "start" "2ef42932a985ed58748bb459ff88d701bf9ac9474ab931f81962c5658098322e", kill_on_drop: false }`
[INFO] running `Command { std: "docker" "inspect" "2ef42932a985ed58748bb459ff88d701bf9ac9474ab931f81962c5658098322e", kill_on_drop: false }`
[INFO] running `Command { std: "docker" "exec" "-e" "SOURCE_DIR=/opt/rustwide/workdir" "-e" "CARGO_HOME=/opt/rustwide/cargo-home" "-e" "RUSTUP_HOME=/opt/rustwide/rustup-home" "-e" "CARGO_TARGET_DIR=/opt/rustwide/target" "-w" "/opt/rustwide/workdir" "--user" "0:0" "2ef42932a985ed58748bb459ff88d701bf9ac9474ab931f81962c5658098322e" "/opt/rustwide/cargo-home/bin/cargo" "+1.100.0-beta.1" "metadata" "--no-deps" "--format-version=1", kill_on_drop: false }`
[INFO] running `Command { std: "docker" "inspect" "2ef42932a985ed58748bb459ff88d701bf9ac9474ab931f81962c5658098322e", kill_on_drop: false }`
[INFO] running `Command { std: "docker" "exec" "-e" "SOURCE_DIR=/opt/rustwide/workdir" "-e" "CARGO_HOME=/opt/rustwide/cargo-home" "-e" "RUSTUP_HOME=/opt/rustwide/rustup-home" "-e" "CARGO_TARGET_DIR=/opt/rustwide/target" "-e" "CARGO_INCREMENTAL=0" "-e" "RUST_BACKTRACE=full" "-e" "RUSTFLAGS=--cap-lints=warn" "-e" "RUSTDOCFLAGS=--cap-lints=warn" "-w" "/opt/rustwide/workdir" "--user" "0:0" "2ef42932a985ed58748bb459ff88d701bf9ac9474ab931f81962c5658098322e" "/opt/rustwide/cargo-home/bin/cargo" "+1.100.0-beta.1" "build" "--frozen" "--message-format=json" "--release", kill_on_drop: false }`
[INFO] [stderr] warning: `package.homepage` is redundant with `package.repository`
[INFO] [stderr]   --> Cargo.toml:43:12
[INFO] [stderr]    |
[INFO] [stderr] 43 | homepage = "https://github.com/RiadYan/tauri-helper"
[INFO] [stderr]    |            ^^^^^^^^^^^^^^^^^^^^^^^^^^^^^^^^^^^^^^^^^
[INFO] [stderr] ...
[INFO] [stderr] 48 | repository = "https://github.com/RiadYan/tauri-helper"
[INFO] [stderr]    |              -----------------------------------------
[INFO] [stderr]    |
[INFO] [stderr]    = note: `cargo::redundant_homepage` is set to `warn` by default
[INFO] [stderr] help: consider removing `package.homepage`
[INFO] [stderr] warning: `tauri-helper` (manifest) generated 1 warning
[INFO] [stderr]    Compiling serde_core v1.0.228
[INFO] [stderr]    Compiling proc-macro2 v1.0.95
[INFO] [stderr]    Compiling unicode-ident v1.0.18
[INFO] [stderr]    Compiling winnow v0.7.13
[INFO] [stderr]    Compiling syn v1.0.109
[INFO] [stderr]    Compiling thiserror v2.0.12
[INFO] [stderr]    Compiling toml_writer v1.0.4
[INFO] [stderr]    Compiling proc-macro-error-attr v1.0.4
[INFO] [stderr]    Compiling proc-macro-error v1.0.4
[INFO] [stderr]    Compiling crossbeam-epoch v0.9.18
[INFO] [stderr]    Compiling either v1.15.0
[INFO] [stderr]    Compiling crossbeam-deque v0.8.6
[INFO] [stderr]    Compiling rayon-core v1.13.0
[INFO] [stderr]    Compiling quote v1.0.40
[INFO] [stderr]    Compiling syn v2.0.110
[INFO] [stderr]    Compiling rayon v1.11.0
[INFO] [stderr]    Compiling toml_parser v1.0.4
[INFO] [stderr]    Compiling toml_datetime v0.7.3
[INFO] [stderr]    Compiling serde_spanned v1.0.3
[INFO] [stderr]    Compiling toml v0.9.8
[INFO] [stderr]    Compiling serde_derive v1.0.228
[INFO] [stderr]    Compiling thiserror-impl v2.0.12
[INFO] [stderr]    Compiling serde v1.0.228
[INFO] [stderr]    Compiling tauri_helper_core v0.2.1
[INFO] [stderr]    Compiling tauri_helper_macros v0.1.4
[INFO] [stderr]    Compiling tauri-helper v0.2.1 (/opt/rustwide/workdir)
[INFO] [stderr]     Finished `release` profile [optimized] target(s) in 35.93s
[INFO] running `Command { std: "docker" "inspect" "2ef42932a985ed58748bb459ff88d701bf9ac9474ab931f81962c5658098322e", kill_on_drop: false }`
[INFO] running `Command { std: "docker" "exec" "-e" "SOURCE_DIR=/opt/rustwide/workdir" "-e" "CARGO_HOME=/opt/rustwide/cargo-home" "-e" "RUSTUP_HOME=/opt/rustwide/rustup-home" "-e" "CARGO_TARGET_DIR=/opt/rustwide/target" "-e" "CARGO_INCREMENTAL=0" "-e" "RUST_BACKTRACE=full" "-e" "RUSTFLAGS=--cap-lints=warn" "-e" "RUSTDOCFLAGS=--cap-lints=warn" "-w" "/opt/rustwide/workdir" "--user" "0:0" "2ef42932a985ed58748bb459ff88d701bf9ac9474ab931f81962c5658098322e" "/opt/rustwide/cargo-home/bin/cargo" "+1.100.0-beta.1" "test" "--frozen" "--no-run" "--message-format=json" "--release", kill_on_drop: false }`
[INFO] [stderr] warning: `package.homepage` is redundant with `package.repository`
[INFO] [stderr]   --> Cargo.toml:43:12
[INFO] [stderr]    |
[INFO] [stderr] 43 | homepage = "https://github.com/RiadYan/tauri-helper"
[INFO] [stderr]    |            ^^^^^^^^^^^^^^^^^^^^^^^^^^^^^^^^^^^^^^^^^
[INFO] [stderr] ...
[INFO] [stderr] 48 | repository = "https://github.com/RiadYan/tauri-helper"
[INFO] [stderr]    |              -----------------------------------------
[INFO] [stderr]    |
[INFO] [stderr]    = note: `cargo::redundant_homepage` is set to `warn` by default
[INFO] [stderr] help: consider removing `package.homepage`
[INFO] [stderr] warning: `tauri-helper` (manifest) generated 1 warning
[INFO] [stderr]    Compiling tauri-helper v0.2.1 (/opt/rustwide/workdir)
[INFO] [stderr]     Finished `release` profile [optimized] target(s) in 0.36s
[INFO] running `Command { std: "docker" "inspect" "2ef42932a985ed58748bb459ff88d701bf9ac9474ab931f81962c5658098322e", kill_on_drop: false }`
[INFO] running `Command { std: "docker" "exec" "-e" "SOURCE_DIR=/opt/rustwide/workdir" "-e" "CARGO_HOME=/opt/rustwide/cargo-home" "-e" "RUSTUP_HOME=/opt/rustwide/rustup-home" "-e" "CARGO_TARGET_DIR=/opt/rustwide/target" "-e" "CARGO_INCREMENTAL=0" "-e" "RUST_BACKTRACE=full" "-e" "RUSTFLAGS=--cap-lints=warn" "-e" "RUSTDOCFLAGS=--cap-lints=warn" "-w" "/opt/rustwide/workdir" "--user" "0:0" "2ef42932a985ed58748bb459ff88d701bf9ac9474ab931f81962c5658098322e" "/opt/rustwide/cargo-home/bin/cargo" "+1.100.0-beta.1" "test" "--frozen" "--release", kill_on_drop: false }`
[INFO] [stderr] warning: `package.homepage` is redundant with `package.repository`
[INFO] [stderr]   --> Cargo.toml:43:12
[INFO] [stderr]    |
[INFO] [stderr] 43 | homepage = "https://github.com/RiadYan/tauri-helper"
[INFO] [stderr]    |            ^^^^^^^^^^^^^^^^^^^^^^^^^^^^^^^^^^^^^^^^^
[INFO] [stderr] ...
[INFO] [stderr] 48 | repository = "https://github.com/RiadYan/tauri-helper"
[INFO] [stderr]    |              -----------------------------------------
[INFO] [stderr]    |
[INFO] [stderr]    = note: `cargo::redundant_homepage` is set to `warn` by default
[INFO] [stderr] help: consider removing `package.homepage`
[INFO] [stderr] warning: `tauri-helper` (manifest) generated 1 warning
[INFO] [stderr]     Finished `release` profile [optimized] target(s) in 0.08s
[INFO] [stderr]      Running unittests src/lib.rs (/opt/rustwide/target/release/build/tauri-helper/ef5ad879b2608eeb/out/tauri_helper-ef5ad879b2608eeb)
[INFO] [stdout] 
[INFO] [stderr]    Doc-tests tauri_helper
[INFO] [stdout] running 0 tests
[INFO] [stdout] 
[INFO] [stdout] test result: ok. 0 passed; 0 failed; 0 ignored; 0 measured; 0 filtered out; finished in 0.00s
[INFO] [stdout] 
[INFO] [stdout] 
[INFO] [stdout] running 3 tests
[INFO] [stdout] test src/lib.rs - generate_command_file (line 78) ... FAILED
[INFO] [stdout] test src/lib.rs - generate_command_file (line 40) ... FAILED
[INFO] [stdout] test src/lib.rs - generate_command_file (line 25) ... FAILED
[INFO] [stdout] 
[INFO] [stdout] failures:
[INFO] [stdout] 
[INFO] [stdout] ---- src/lib.rs - generate_command_file (line 78) stdout ----
[INFO] [stdout] error[E0433]: cannot find module or crate `tauri` in this scope
[INFO] [stdout]   --> src/lib.rs:85:3
[INFO] [stdout]    |
[INFO] [stdout] 85 | #[tauri::command]
[INFO] [stdout]    |   ^^^^^ use of unresolved module or unlinked crate `tauri`
[INFO] [stdout] 
[INFO] [stdout] error[E0433]: cannot find module or crate `tauri` in this scope
[INFO] [stdout]   --> src/lib.rs:79:3
[INFO] [stdout]    |
[INFO] [stdout] 79 | #[tauri::command]
[INFO] [stdout]    |   ^^^^^ use of unresolved module or unlinked crate `tauri`
[INFO] [stdout] 
[INFO] [stdout] error: cannot find attribute `auto_collect_command` in this scope
[INFO] [stdout]   --> src/lib.rs:80:3
[INFO] [stdout]    |
[INFO] [stdout] 80 | #[auto_collect_command]
[INFO] [stdout]    |   ^^^^^^^^^^^^^^^^^^^^
[INFO] [stdout] 
[INFO] [stdout] error: aborting due to 3 previous errors
[INFO] [stdout] 
[INFO] [stdout] For more information about this error, try `rustc --explain E0433`.
[INFO] [stdout] Couldn't compile the test.
[INFO] [stdout] ---- src/lib.rs - generate_command_file (line 40) stdout ----
[INFO] [stdout] error[E0433]: cannot find module or crate `tauri` in this scope
[INFO] [stdout]   --> src/lib.rs:41:3
[INFO] [stdout]    |
[INFO] [stdout] 41 | #[tauri::command]
[INFO] [stdout]    |   ^^^^^ use of unresolved module or unlinked crate `tauri`
[INFO] [stdout] 
[INFO] [stdout] error: cannot find attribute `auto_collect_command` in this scope
[INFO] [stdout]   --> src/lib.rs:42:3
[INFO] [stdout]    |
[INFO] [stdout] 42 | #[auto_collect_command]
[INFO] [stdout]    |   ^^^^^^^^^^^^^^^^^^^^
[INFO] [stdout] 
[INFO] [stdout] error: aborting due to 2 previous errors
[INFO] [stdout] 
[INFO] [stdout] For more information about this error, try `rustc --explain E0433`.
[INFO] [stdout] Couldn't compile the test.
[INFO] [stdout] ---- src/lib.rs - generate_command_file (line 25) stdout ----
[INFO] [stdout] error[E0433]: cannot find module or crate `tauri_build` in this scope
[INFO] [stdout]   --> src/lib.rs:32:5
[INFO] [stdout]    |
[INFO] [stdout] 32 |     tauri_build::build();
[INFO] [stdout]    |     ^^^^^^^^^^^ use of unresolved module or unlinked crate `tauri_build`
[INFO] [stdout]    |
[INFO] [stdout]    = help: if you wanted to use a crate named `tauri_build`, use `cargo add tauri_build` to add it to your `Cargo.toml`
[INFO] [stdout] 
[INFO] [stdout] error: aborting due to 1 previous error
[INFO] [stdout] 
[INFO] [stdout] For more information about this error, try `rustc --explain E0433`.
[INFO] [stdout] Couldn't compile the test.
[INFO] [stdout] 
[INFO] [stdout] failures:
[INFO] [stdout]     src/lib.rs - generate_command_file (line 25)
[INFO] [stdout]     src/lib.rs - generate_command_file (line 40)
[INFO] [stdout]     src/lib.rs - generate_command_file (line 78)
[INFO] [stdout] 
[INFO] [stdout] test result: FAILED. 0 passed; 3 failed; 0 ignored; 0 measured; 0 filtered out; finished in 0.16s
[INFO] [stdout] 
[INFO] [stdout] all doctests ran in 0.26s; merged doctests compilation took 0.10s
[INFO] [stderr] error: doctest failed, to rerun pass `--doc`
[INFO] running `Command { std: "docker" "inspect" "2ef42932a985ed58748bb459ff88d701bf9ac9474ab931f81962c5658098322e", kill_on_drop: false }`
[INFO] running `Command { std: "docker" "rm" "-f" "2ef42932a985ed58748bb459ff88d701bf9ac9474ab931f81962c5658098322e", kill_on_drop: false }`
[INFO] [stdout] 2ef42932a985ed58748bb459ff88d701bf9ac9474ab931f81962c5658098322e
