[INFO] fetching crate taudit-report-json 3.1.0...
[INFO] testing taudit-report-json-3.1.0 against 1.99.0-beta.8+cargoflags=--release for beta-release-1.100-2
[INFO] extracting crate taudit-report-json 3.1.0 into /workspace/builds/worker-3-tc1/source
[INFO] started tweaking crates.io crate taudit-report-json 3.1.0
[INFO] finished tweaking crates.io crate taudit-report-json 3.1.0
[INFO] tweaked toml for crates.io crate taudit-report-json 3.1.0 written to /workspace/builds/worker-3-tc1/source/Cargo.toml
[INFO] validating manifest of crates.io crate taudit-report-json 3.1.0 on toolchain 1.99.0-beta.8
[INFO] running `Command { std: CARGO_HOME="/workspace/cargo-home" RUSTUP_HOME="/workspace/rustup-home" "/workspace/cargo-home/bin/cargo" "+1.99.0-beta.8" "metadata" "--manifest-path" "Cargo.toml" "--no-deps", kill_on_drop: false }`
[INFO] crate crates.io crate taudit-report-json 3.1.0 already has a lockfile, it will not be regenerated
[INFO] running `Command { std: CARGO_HOME="/workspace/cargo-home" RUSTUP_HOME="/workspace/rustup-home" "/workspace/cargo-home/bin/cargo" "+1.99.0-beta.8" "fetch" "--manifest-path" "Cargo.toml", kill_on_drop: false }`
[INFO] [stderr]     Updating crates.io index
[INFO] [stderr]  Downloading crates ...
[INFO] [stderr]   Downloaded axiom-canonical v0.1.0
[INFO] [stderr]   Downloaded axiom-hash v0.1.0
[INFO] [stderr]   Downloaded axiom-audit v0.1.0
[INFO] [stderr]   Downloaded axiom-exit v0.1.0
[INFO] [stderr]   Downloaded axiom-receipt v0.1.0
[INFO] [stderr]   Downloaded taudit-api v3.1.0
[INFO] [stderr]   Downloaded ryu-js v1.0.2
[INFO] [stderr]   Downloaded taudit-core v3.1.0
[INFO] [stderr]   Downloaded jsonschema v0.46.5
[INFO] [stderr]   Downloaded referencing v0.46.5
[INFO] [stderr]   Downloaded fancy-regex v0.18.0
[INFO] running `Command { std: "docker" "create" "-v" "/var/lib/crater-agent-workspace/builds/worker-3-tc1/source:/opt/rustwide/workdir:ro,Z" "-v" "/var/lib/crater-agent-workspace/builds/worker-3-tc1/target:/opt/rustwide/target:rw,Z" "-v" "/var/lib/crater-agent-workspace/cargo-home:/opt/rustwide/cargo-home:ro,Z" "-v" "/var/lib/crater-agent-workspace/rustup-home:/opt/rustwide/rustup-home:ro,Z" "-m" "1610612736" "--network" "none" "ghcr.io/rust-lang/crates-build-env/linux@sha256:77db811e55d90add9212f6832c23229e3de5f1c1f9905e8cb07319ea15df73ac" "sleep" "infinity", kill_on_drop: false }`
[INFO] [stdout] 79a9898859cb0e721ff6b7cd97aee821b9b1a704cec52017ddf4aabf9ab51990
[INFO] running `Command { std: "docker" "start" "79a9898859cb0e721ff6b7cd97aee821b9b1a704cec52017ddf4aabf9ab51990", kill_on_drop: false }`
[INFO] running `Command { std: "docker" "inspect" "79a9898859cb0e721ff6b7cd97aee821b9b1a704cec52017ddf4aabf9ab51990", kill_on_drop: false }`
[INFO] running `Command { std: "docker" "exec" "-e" "SOURCE_DIR=/opt/rustwide/workdir" "-e" "CARGO_HOME=/opt/rustwide/cargo-home" "-e" "RUSTUP_HOME=/opt/rustwide/rustup-home" "-e" "CARGO_TARGET_DIR=/opt/rustwide/target" "-w" "/opt/rustwide/workdir" "--user" "0:0" "79a9898859cb0e721ff6b7cd97aee821b9b1a704cec52017ddf4aabf9ab51990" "/opt/rustwide/cargo-home/bin/cargo" "+1.99.0-beta.8" "metadata" "--no-deps" "--format-version=1", kill_on_drop: false }`
[INFO] running `Command { std: "docker" "inspect" "79a9898859cb0e721ff6b7cd97aee821b9b1a704cec52017ddf4aabf9ab51990", kill_on_drop: false }`
[INFO] running `Command { std: "docker" "exec" "-e" "SOURCE_DIR=/opt/rustwide/workdir" "-e" "CARGO_HOME=/opt/rustwide/cargo-home" "-e" "RUSTUP_HOME=/opt/rustwide/rustup-home" "-e" "CARGO_TARGET_DIR=/opt/rustwide/target" "-e" "CARGO_INCREMENTAL=0" "-e" "RUST_BACKTRACE=full" "-e" "RUSTFLAGS=--cap-lints=warn" "-e" "RUSTDOCFLAGS=--cap-lints=warn" "-w" "/opt/rustwide/workdir" "--user" "0:0" "79a9898859cb0e721ff6b7cd97aee821b9b1a704cec52017ddf4aabf9ab51990" "/opt/rustwide/cargo-home/bin/cargo" "+1.99.0-beta.8" "build" "--frozen" "--message-format=json" "--release", kill_on_drop: false }`
[INFO] [stderr]    Compiling typenum v1.20.0
[INFO] [stderr]    Compiling serde_json v1.0.150
[INFO] [stderr]    Compiling cc v1.2.61
[INFO] [stderr]    Compiling ryu-js v1.0.2
[INFO] [stderr]    Compiling zeroize v1.8.2
[INFO] [stderr]    Compiling curve25519-dalek v4.1.3
[INFO] [stderr]    Compiling curve25519-dalek-derive v0.1.1
[INFO] [stderr]    Compiling signature v2.2.0
[INFO] [stderr]    Compiling const-oid v0.10.2
[INFO] [stderr]    Compiling hex v0.4.3
[INFO] [stderr]    Compiling axiom-exit v0.1.0
[INFO] [stderr]    Compiling serde_yaml v0.9.34+deprecated
[INFO] [stderr]    Compiling chrono v0.4.45
[INFO] [stderr]    Compiling ed25519 v2.2.3
[INFO] [stderr]    Compiling generic-array v0.14.7
[INFO] [stderr]    Compiling hybrid-array v0.4.12
[INFO] [stderr]    Compiling serde_json_canonicalizer v0.3.2
[INFO] [stderr]    Compiling taudit-api v3.1.0
[INFO] [stderr]    Compiling blake3 v1.8.5
[INFO] [stderr]    Compiling axiom-canonical v0.1.0
[INFO] [stderr]    Compiling block-buffer v0.12.0
[INFO] [stderr]    Compiling crypto-common v0.2.1
[INFO] [stderr]    Compiling block-buffer v0.10.4
[INFO] [stderr]    Compiling crypto-common v0.1.7
[INFO] [stderr]    Compiling digest v0.10.7
[INFO] [stderr]    Compiling axiom-hash v0.1.0
[INFO] [stderr]    Compiling sha2 v0.10.9
[INFO] [stderr]    Compiling axiom-audit v0.1.0
[INFO] [stderr]    Compiling digest v0.11.3
[INFO] [stderr]    Compiling sha1 v0.11.0
[INFO] [stderr]    Compiling ed25519-dalek v2.2.0
[INFO] [stderr]    Compiling axiom-receipt v0.1.0
[INFO] [stderr]    Compiling taudit-core v3.1.0
[INFO] [stderr]    Compiling taudit-report-json v3.1.0 (/opt/rustwide/workdir)
[INFO] [stderr]     Finished `release` profile [optimized] target(s) in 45.89s
[INFO] running `Command { std: "docker" "inspect" "79a9898859cb0e721ff6b7cd97aee821b9b1a704cec52017ddf4aabf9ab51990", kill_on_drop: false }`
[INFO] running `Command { std: "docker" "exec" "-e" "SOURCE_DIR=/opt/rustwide/workdir" "-e" "CARGO_HOME=/opt/rustwide/cargo-home" "-e" "RUSTUP_HOME=/opt/rustwide/rustup-home" "-e" "CARGO_TARGET_DIR=/opt/rustwide/target" "-e" "CARGO_INCREMENTAL=0" "-e" "RUST_BACKTRACE=full" "-e" "RUSTFLAGS=--cap-lints=warn" "-e" "RUSTDOCFLAGS=--cap-lints=warn" "-w" "/opt/rustwide/workdir" "--user" "0:0" "79a9898859cb0e721ff6b7cd97aee821b9b1a704cec52017ddf4aabf9ab51990" "/opt/rustwide/cargo-home/bin/cargo" "+1.99.0-beta.8" "test" "--frozen" "--no-run" "--message-format=json" "--release", kill_on_drop: false }`
[INFO] [stderr]    Compiling libc v0.2.186
[INFO] [stderr]    Compiling syn v2.0.117
[INFO] [stderr]    Compiling num-traits v0.2.19
[INFO] [stderr]    Compiling socket2 v0.6.3
[INFO] [stderr]    Compiling mio v1.2.0
[INFO] [stderr]    Compiling rustls-pki-types v1.14.1
[INFO] [stderr]    Compiling serde_json v1.0.150
[INFO] [stderr]    Compiling rustls v0.23.40
[INFO] [stderr]    Compiling tracing v0.1.44
[INFO] [stderr]    Compiling futures-util v0.3.32
[INFO] [stderr]    Compiling ahash v0.8.12
[INFO] [stderr]    Compiling getrandom v0.3.4
[INFO] [stderr]    Compiling regex-automata v0.4.14
[INFO] [stderr]    Compiling parking_lot_core v0.9.12
[INFO] [stderr]    Compiling borrow-or-share v0.2.4
[INFO] [stderr]    Compiling foldhash v0.2.0
[INFO] [stderr]    Compiling bit-vec v0.8.0
[INFO] [stderr]    Compiling unicode-general-category v1.1.0
[INFO] [stderr]    Compiling vsimd v0.8.0
[INFO] [stderr]    Compiling outref v0.5.2
[INFO] [stderr]    Compiling parking_lot v0.12.5
[INFO] [stderr]    Compiling rustls-native-certs v0.8.3
[INFO] [stderr]    Compiling hashbrown v0.16.1
[INFO] [stderr]    Compiling bit-set v0.8.0
[INFO] [stderr]    Compiling micromap v0.3.0
[INFO] [stderr]    Compiling num-cmp v0.1.0
[INFO] [stderr]    Compiling tokio v1.52.3
[INFO] [stderr]    Compiling data-encoding v2.11.0
[INFO] [stderr]    Compiling bytecount v0.6.9
[INFO] [stderr]    Compiling uuid-simd v0.8.0
[INFO] [stderr]    Compiling jobserver v0.1.34
[INFO] [stderr]    Compiling num-integer v0.1.46
[INFO] [stderr]    Compiling num-complex v0.4.6
[INFO] [stderr]    Compiling cc v1.2.61
[INFO] [stderr]    Compiling num-bigint v0.4.6
[INFO] [stderr]    Compiling num-iter v0.1.45
[INFO] [stderr]    Compiling cmake v0.1.58
[INFO] [stderr]    Compiling blake3 v1.8.5
[INFO] [stderr]    Compiling aws-lc-sys v0.40.0
[INFO] [stderr]    Compiling synstructure v0.13.2
[INFO] [stderr]    Compiling num-rational v0.4.2
[INFO] [stderr]    Compiling num v0.4.3
[INFO] [stderr]    Compiling fraction v0.15.4
[INFO] [stderr]    Compiling serde_derive v1.0.228
[INFO] [stderr]    Compiling zerofrom-derive v0.1.7
[INFO] [stderr]    Compiling yoke-derive v0.8.2
[INFO] [stderr]    Compiling zerovec-derive v0.11.3
[INFO] [stderr]    Compiling displaydoc v0.2.5
[INFO] [stderr]    Compiling thiserror-impl v2.0.18
[INFO] [stderr]    Compiling curve25519-dalek-derive v0.1.1
[INFO] [stderr]    Compiling ref-cast-impl v1.0.25
[INFO] [stderr]    Compiling regex v1.12.3
[INFO] [stderr]    Compiling fancy-regex v0.18.0
[INFO] [stderr]    Compiling ref-cast v1.0.25
[INFO] [stderr]    Compiling curve25519-dalek v4.1.3
[INFO] [stderr]    Compiling zerofrom v0.1.7
[INFO] [stderr]    Compiling yoke v0.8.2
[INFO] [stderr]    Compiling zerovec v0.11.6
[INFO] [stderr]    Compiling zerotrie v0.2.4
[INFO] [stderr]    Compiling thiserror v2.0.18
[INFO] [stderr]    Compiling axiom-hash v0.1.0
[INFO] [stderr]    Compiling tokio-util v0.7.18
[INFO] [stderr]    Compiling tower v0.5.3
[INFO] [stderr]    Compiling ed25519-dalek v2.2.0
[INFO] [stderr]    Compiling tinystr v0.8.3
[INFO] [stderr]    Compiling serde v1.0.228
[INFO] [stderr]    Compiling potential_utf v0.1.5
[INFO] [stderr]    Compiling icu_collections v2.2.0
[INFO] [stderr]    Compiling h2 v0.4.14
[INFO] [stderr]    Compiling icu_locale_core v2.2.0
[INFO] [stderr]    Compiling tower-http v0.6.8
[INFO] [stderr]    Compiling serde_json_canonicalizer v0.3.2
[INFO] [stderr]    Compiling chrono v0.4.45
[INFO] [stderr]    Compiling axiom-canonical v0.1.0
[INFO] [stderr]    Compiling axiom-receipt v0.1.0
[INFO] [stderr]    Compiling axiom-audit v0.1.0
[INFO] [stderr]    Compiling fluent-uri v0.4.1
[INFO] [stderr]    Compiling serde_yaml v0.9.34+deprecated
[INFO] [stderr]    Compiling icu_provider v2.2.0
[INFO] [stderr]    Compiling icu_normalizer v2.2.0
[INFO] [stderr]    Compiling icu_properties v2.2.0
[INFO] [stderr]    Compiling taudit-api v3.1.0
[INFO] [stderr]    Compiling email_address v0.2.9
[INFO] [stderr]    Compiling referencing v0.46.5
[INFO] [stderr]    Compiling idna_adapter v1.2.2
[INFO] [stderr]    Compiling taudit-core v3.1.0
[INFO] [stderr]    Compiling idna v1.1.0
[INFO] [stderr]    Compiling url v2.5.8
[INFO] [stderr]    Compiling hyper v1.9.0
[INFO] [stderr]    Compiling hyper-util v0.1.20
[INFO] [stderr]    Compiling taudit-report-json v3.1.0 (/opt/rustwide/workdir)
[INFO] [stderr]    Compiling aws-lc-rs v1.16.3
[INFO] [stderr]    Compiling rustls-webpki v0.103.13
[INFO] [stderr]    Compiling tokio-rustls v0.26.4
[INFO] [stderr]    Compiling rustls-platform-verifier v0.7.0
[INFO] [stderr]    Compiling hyper-rustls v0.27.9
[INFO] [stderr]    Compiling reqwest v0.13.3
[INFO] [stderr]    Compiling jsonschema v0.46.5
[INFO] [stderr]     Finished `release` profile [optimized] target(s) in 2m 53s
[INFO] running `Command { std: "docker" "inspect" "79a9898859cb0e721ff6b7cd97aee821b9b1a704cec52017ddf4aabf9ab51990", kill_on_drop: false }`
[INFO] running `Command { std: "docker" "exec" "-e" "SOURCE_DIR=/opt/rustwide/workdir" "-e" "CARGO_HOME=/opt/rustwide/cargo-home" "-e" "RUSTUP_HOME=/opt/rustwide/rustup-home" "-e" "CARGO_TARGET_DIR=/opt/rustwide/target" "-e" "CARGO_INCREMENTAL=0" "-e" "RUST_BACKTRACE=full" "-e" "RUSTFLAGS=--cap-lints=warn" "-e" "RUSTDOCFLAGS=--cap-lints=warn" "-w" "/opt/rustwide/workdir" "--user" "0:0" "79a9898859cb0e721ff6b7cd97aee821b9b1a704cec52017ddf4aabf9ab51990" "/opt/rustwide/cargo-home/bin/cargo" "+1.99.0-beta.8" "test" "--frozen" "--release", kill_on_drop: false }`
[INFO] [stderr]     Finished `release` profile [optimized] target(s) in 0.25s
[INFO] [stderr]      Running unittests src/lib.rs (/opt/rustwide/target/release/deps/taudit_report_json-0830323d4f94d786)
[INFO] [stdout] 
[INFO] [stdout] running 8 tests
[INFO] [stdout] test tests::each_finding_has_non_null_snake_case_rule_id ... ok
[INFO] [stdout] test tests::json_output_is_byte_deterministic_across_runs ... ok
[INFO] [stdout] test tests::clean_report_example_matches_schema ... FAILED
[INFO] [stdout] test tests::summary_completeness_gaps_serialize_as_kind_reason_objects ... FAILED
[INFO] [stdout] test tests::authority_graph_export_matches_v1_schema ... FAILED
[INFO] [stdout] test tests::every_finding_category_variant_validates_against_report_schema ... FAILED
[INFO] [stdout] test tests::over_privileged_report_example_matches_schema ... FAILED
[INFO] [stdout] test tests::emitted_report_includes_schema_version_and_matches_schema ... FAILED
[INFO] [stdout] 
[INFO] [stdout] failures:
[INFO] [stdout] 
[INFO] [stdout] ---- tests::clean_report_example_matches_schema stdout ----
[INFO] [stdout] 
[INFO] [stdout] thread 'tests::clean_report_example_matches_schema' (3769) panicked at src/lib.rs:322:35:
[INFO] [stdout] failed to read /opt/rustwide/workdir/../../contracts/schemas/taudit-report.schema.json: No such file or directory (os error 2)
[INFO] [stdout] stack backtrace:
[INFO] [stdout]    0:     0x559c2d2011a1 - <<std[70759c8f55707aa4]::sys::backtrace::BacktraceLock>::print::DisplayBacktrace as core[df12db4294e9bfd3]::fmt::Display>::fmt
[INFO] [stdout]    1:     0x559c2d21946a - core[df12db4294e9bfd3]::fmt::write
[INFO] [stdout]    2:     0x559c2d20610c - <alloc[2182bb758b4b3781]::vec::Vec<u8> as core[df12db4294e9bfd3]::io::write::Write>::write_fmt
[INFO] [stdout]    3:     0x559c2d1dba16 - std[70759c8f55707aa4]::panicking::default_hook::{closure#0}
[INFO] [stdout]    4:     0x559c2d1f89b9 - std[70759c8f55707aa4]::panicking::default_hook
[INFO] [stdout]    5:     0x559c2d16cab0 - test[9d35eded1c95d3be]::test_main_inner::<test[9d35eded1c95d3be]::test_main_static::{closure#0}>::{closure#0}
[INFO] [stdout]    6:     0x559c2d1f8ce2 - std[70759c8f55707aa4]::panicking::panic_with_hook
[INFO] [stdout]    7:     0x559c2d1dbac2 - std[70759c8f55707aa4]::panicking::panic_handler::{closure#0}
[INFO] [stdout]    8:     0x559c2d1d4539 - std[70759c8f55707aa4]::sys::backtrace::__rust_end_short_backtrace::<std[70759c8f55707aa4]::panicking::panic_handler::{closure#0}, !>
[INFO] [stdout]    9:     0x559c2d1dc8ad - __rustc[8fa7c3cbc660c2b3]::rust_begin_unwind
[INFO] [stdout]   10:     0x559c2d219c4c - core[df12db4294e9bfd3]::panicking::panic_fmt
[INFO] [stdout]   11:     0x559c2cad2459 - taudit_report_json[42bef0c0cd74d418]::tests::read_json::{closure#0}
[INFO] [stdout]   12:     0x559c2cad2946 - taudit_report_json[42bef0c0cd74d418]::tests::read_json
[INFO] [stdout]   13:     0x559c2cad2563 - taudit_report_json[42bef0c0cd74d418]::tests::assert_schema_validates_instance
[INFO] [stdout]   14:     0x559c2cad0e65 - <taudit_report_json[42bef0c0cd74d418]::tests::clean_report_example_matches_schema::{closure#0} as core[df12db4294e9bfd3]::ops::function::FnOnce<()>>::call_once
[INFO] [stdout]   15:     0x559c2d15fd9b - test[9d35eded1c95d3be]::__rust_begin_short_backtrace::<core[df12db4294e9bfd3]::result::Result<(), alloc[2182bb758b4b3781]::string::String>, fn() -> core[df12db4294e9bfd3]::result::Result<(), alloc[2182bb758b4b3781]::string::String>>
[INFO] [stdout]   16:     0x559c2d16d405 - test[9d35eded1c95d3be]::run_test::{closure#0}
[INFO] [stdout]   17:     0x559c2d166cc4 - std[70759c8f55707aa4]::sys::backtrace::__rust_begin_short_backtrace::<test[9d35eded1c95d3be]::run_test::{closure#1}, ()>
[INFO] [stdout]   18:     0x559c2d170562 - <std[70759c8f55707aa4]::thread::lifecycle::spawn_unchecked<test[9d35eded1c95d3be]::run_test::{closure#1}, ()>::{closure#1} as core[df12db4294e9bfd3]::ops::function::FnOnce<()>>::call_once::{shim:vtable#0}
[INFO] [stdout]   19:     0x559c2d200359 - <std[70759c8f55707aa4]::sys::thread::unix::Thread>::new::thread_start
[INFO] [stdout]   20:     0x70e1ca258dfa - <unknown>
[INFO] [stdout]   21:     0x70e1ca2ec3d4 - clone
[INFO] [stdout]   22:                0x0 - <unknown>
[INFO] [stdout] 
[INFO] [stdout] ---- tests::summary_completeness_gaps_serialize_as_kind_reason_objects stdout ----
[INFO] [stdout] 
[INFO] [stdout] thread 'tests::summary_completeness_gaps_serialize_as_kind_reason_objects' (3775) panicked at src/lib.rs:322:35:
[INFO] [stdout] failed to read /opt/rustwide/workdir/../../contracts/schemas/taudit-report.schema.json: No such file or directory (os error 2)
[INFO] [stdout] stack backtrace:
[INFO] [stdout]    0:     0x559c2d2011a1 - <<std[70759c8f55707aa4]::sys::backtrace::BacktraceLock>::print::DisplayBacktrace as core[df12db4294e9bfd3]::fmt::Display>::fmt
[INFO] [stdout]    1:     0x559c2d21946a - core[df12db4294e9bfd3]::fmt::write
[INFO] [stdout]    2:     0x559c2d20610c - <alloc[2182bb758b4b3781]::vec::Vec<u8> as core[df12db4294e9bfd3]::io::write::Write>::write_fmt
[INFO] [stdout]    3:     0x559c2d1dba16 - std[70759c8f55707aa4]::panicking::default_hook::{closure#0}
[INFO] [stdout]    4:     0x559c2d1f89b9 - std[70759c8f55707aa4]::panicking::default_hook
[INFO] [stdout]    5:     0x559c2d16cab0 - test[9d35eded1c95d3be]::test_main_inner::<test[9d35eded1c95d3be]::test_main_static::{closure#0}>::{closure#0}
[INFO] [stdout]    6:     0x559c2d1f8ce2 - std[70759c8f55707aa4]::panicking::panic_with_hook
[INFO] [stdout]    7:     0x559c2d1dbac2 - std[70759c8f55707aa4]::panicking::panic_handler::{closure#0}
[INFO] [stdout]    8:     0x559c2d1d4539 - std[70759c8f55707aa4]::sys::backtrace::__rust_end_short_backtrace::<std[70759c8f55707aa4]::panicking::panic_handler::{closure#0}, !>
[INFO] [stdout]    9:     0x559c2d1dc8ad - __rustc[8fa7c3cbc660c2b3]::rust_begin_unwind
[INFO] [stdout]   10:     0x559c2d219c4c - core[df12db4294e9bfd3]::panicking::panic_fmt
[INFO] [stdout]   11:     0x559c2cad2459 - taudit_report_json[42bef0c0cd74d418]::tests::read_json::{closure#0}
[INFO] [stdout]   12:     0x559c2cad2946 - taudit_report_json[42bef0c0cd74d418]::tests::read_json
[INFO] [stdout]   13:     0x559c2cad5a1a - taudit_report_json[42bef0c0cd74d418]::tests::summary_completeness_gaps_serialize_as_kind_reason_objects
[INFO] [stdout]   14:     0x559c2cad0f39 - <taudit_report_json[42bef0c0cd74d418]::tests::summary_completeness_gaps_serialize_as_kind_reason_objects::{closure#0} as core[df12db4294e9bfd3]::ops::function::FnOnce<()>>::call_once
[INFO] [stdout]   15:     0x559c2d15fd9b - test[9d35eded1c95d3be]::__rust_begin_short_backtrace::<core[df12db4294e9bfd3]::result::Result<(), alloc[2182bb758b4b3781]::string::String>, fn() -> core[df12db4294e9bfd3]::result::Result<(), alloc[2182bb758b4b3781]::string::String>>
[INFO] [stdout]   16:     0x559c2d16d405 - test[9d35eded1c95d3be]::run_test::{closure#0}
[INFO] [stdout]   17:     0x559c2d166cc4 - std[70759c8f55707aa4]::sys::backtrace::__rust_begin_short_backtrace::<test[9d35eded1c95d3be]::run_test::{closure#1}, ()>
[INFO] [stdout]   18:     0x559c2d170562 - <std[70759c8f55707aa4]::thread::lifecycle::spawn_unchecked<test[9d35eded1c95d3be]::run_test::{closure#1}, ()>::{closure#1} as core[df12db4294e9bfd3]::ops::function::FnOnce<()>>::call_once::{shim:vtable#0}
[INFO] [stdout]   19:     0x559c2d200359 - <std[70759c8f55707aa4]::sys::thread::unix::Thread>::new::thread_start
[INFO] [stdout]   20:     0x70e1ca258dfa - <unknown>
[INFO] [stdout]   21:     0x70e1ca2ec3d4 - clone
[INFO] [stdout]   22:                0x0 - <unknown>
[INFO] [stdout] 
[INFO] [stdout] ---- tests::authority_graph_export_matches_v1_schema stdout ----
[INFO] [stdout] 
[INFO] [stdout] thread 'tests::authority_graph_export_matches_v1_schema' (3768) panicked at src/lib.rs:322:35:
[INFO] [stdout] failed to read /opt/rustwide/workdir/../../schemas/authority-graph.v1.json: No such file or directory (os error 2)
[INFO] [stdout] stack backtrace:
[INFO] [stdout]    0:     0x559c2d2011a1 - <<std[70759c8f55707aa4]::sys::backtrace::BacktraceLock>::print::DisplayBacktrace as core[df12db4294e9bfd3]::fmt::Display>::fmt
[INFO] [stdout]    1:     0x559c2d21946a - core[df12db4294e9bfd3]::fmt::write
[INFO] [stdout]    2:     0x559c2d20610c - <alloc[2182bb758b4b3781]::vec::Vec<u8> as core[df12db4294e9bfd3]::io::write::Write>::write_fmt
[INFO] [stdout]    3:     0x559c2d1dba16 - std[70759c8f55707aa4]::panicking::default_hook::{closure#0}
[INFO] [stdout]    4:     0x559c2d1f89b9 - std[70759c8f55707aa4]::panicking::default_hook
[INFO] [stdout]    5:     0x559c2d16cab0 - test[9d35eded1c95d3be]::test_main_inner::<test[9d35eded1c95d3be]::test_main_static::{closure#0}>::{closure#0}
[INFO] [stdout]    6:     0x559c2d1f8ce2 - std[70759c8f55707aa4]::panicking::panic_with_hook
[INFO] [stdout]    7:     0x559c2d1dbac2 - std[70759c8f55707aa4]::panicking::panic_handler::{closure#0}
[INFO] [stdout]    8:     0x559c2d1d4539 - std[70759c8f55707aa4]::sys::backtrace::__rust_end_short_backtrace::<std[70759c8f55707aa4]::panicking::panic_handler::{closure#0}, !>
[INFO] [stdout]    9:     0x559c2d1dc8ad - __rustc[8fa7c3cbc660c2b3]::rust_begin_unwind
[INFO] [stdout]   10:     0x559c2d219c4c - core[df12db4294e9bfd3]::panicking::panic_fmt
[INFO] [stdout]   11:     0x559c2cad2459 - taudit_report_json[42bef0c0cd74d418]::tests::read_json::{closure#0}
[INFO] [stdout]   12:     0x559c2cad2946 - taudit_report_json[42bef0c0cd74d418]::tests::read_json
[INFO] [stdout]   13:     0x559c2cad2f64 - taudit_report_json[42bef0c0cd74d418]::tests::authority_graph_export_matches_v1_schema
[INFO] [stdout]   14:     0x559c2cad0e89 - <taudit_report_json[42bef0c0cd74d418]::tests::authority_graph_export_matches_v1_schema::{closure#0} as core[df12db4294e9bfd3]::ops::function::FnOnce<()>>::call_once
[INFO] [stdout]   15:     0x559c2d15fd9b - test[9d35eded1c95d3be]::__rust_begin_short_backtrace::<core[df12db4294e9bfd3]::result::Result<(), alloc[2182bb758b4b3781]::string::String>, fn() -> core[df12db4294e9bfd3]::result::Result<(), alloc[2182bb758b4b3781]::string::String>>
[INFO] [stdout]   16:     0x559c2d16d405 - test[9d35eded1c95d3be]::run_test::{closure#0}
[INFO] [stdout]   17:     0x559c2d166cc4 - std[70759c8f55707aa4]::sys::backtrace::__rust_begin_short_backtrace::<test[9d35eded1c95d3be]::run_test::{closure#1}, ()>
[INFO] [stdout]   18:     0x559c2d170562 - <std[70759c8f55707aa4]::thread::lifecycle::spawn_unchecked<test[9d35eded1c95d3be]::run_test::{closure#1}, ()>::{closure#1} as core[df12db4294e9bfd3]::ops::function::FnOnce<()>>::call_once::{shim:vtable#0}
[INFO] [stdout]   19:     0x559c2d200359 - <std[70759c8f55707aa4]::sys::thread::unix::Thread>::new::thread_start
[INFO] [stdout]   20:     0x70e1ca258dfa - <unknown>
[INFO] [stdout]   21:     0x70e1ca2ec3d4 - clone
[INFO] [stdout]   22:                0x0 - <unknown>
[INFO] [stdout] 
[INFO] [stdout] ---- tests::every_finding_category_variant_validates_against_report_schema stdout ----
[INFO] [stdout] 
[INFO] [stdout] thread 'tests::every_finding_category_variant_validates_against_report_schema' (3772) panicked at src/lib.rs:322:35:
[INFO] [stdout] failed to read /opt/rustwide/workdir/../../contracts/schemas/taudit-report.schema.json: No such file or directory (os error 2)
[INFO] [stdout] stack backtrace:
[INFO] [stdout]    0:     0x559c2d2011a1 - <<std[70759c8f55707aa4]::sys::backtrace::BacktraceLock>::print::DisplayBacktrace as core[df12db4294e9bfd3]::fmt::Display>::fmt
[INFO] [stdout]    1:     0x559c2d21946a - core[df12db4294e9bfd3]::fmt::write
[INFO] [stdout]    2:     0x559c2d20610c - <alloc[2182bb758b4b3781]::vec::Vec<u8> as core[df12db4294e9bfd3]::io::write::Write>::write_fmt
[INFO] [stdout]    3:     0x559c2d1dba16 - std[70759c8f55707aa4]::panicking::default_hook::{closure#0}
[INFO] [stdout]    4:     0x559c2d1f89b9 - std[70759c8f55707aa4]::panicking::default_hook
[INFO] [stdout]    5:     0x559c2d16cab0 - test[9d35eded1c95d3be]::test_main_inner::<test[9d35eded1c95d3be]::test_main_static::{closure#0}>::{closure#0}
[INFO] [stdout]    6:     0x559c2d1f8ce2 - std[70759c8f55707aa4]::panicking::panic_with_hook
[INFO] [stdout]    7:     0x559c2d1dbac2 - std[70759c8f55707aa4]::panicking::panic_handler::{closure#0}
[INFO] [stdout]    8:     0x559c2d1d4539 - std[70759c8f55707aa4]::sys::backtrace::__rust_end_short_backtrace::<std[70759c8f55707aa4]::panicking::panic_handler::{closure#0}, !>
[INFO] [stdout]    9:     0x559c2d1dc8ad - __rustc[8fa7c3cbc660c2b3]::rust_begin_unwind
[INFO] [stdout]   10:     0x559c2d219c4c - core[df12db4294e9bfd3]::panicking::panic_fmt
[INFO] [stdout]   11:     0x559c2cad2459 - taudit_report_json[42bef0c0cd74d418]::tests::read_json::{closure#0}
[INFO] [stdout]   12:     0x559c2cad2946 - taudit_report_json[42bef0c0cd74d418]::tests::read_json
[INFO] [stdout]   13:     0x559c2cad5f62 - taudit_report_json[42bef0c0cd74d418]::tests::every_finding_category_variant_validates_against_report_schema
[INFO] [stdout]   14:     0x559c2cad0f59 - <taudit_report_json[42bef0c0cd74d418]::tests::every_finding_category_variant_validates_against_report_schema::{closure#0} as core[df12db4294e9bfd3]::ops::function::FnOnce<()>>::call_once
[INFO] [stdout]   15:     0x559c2d15fd9b - test[9d35eded1c95d3be]::__rust_begin_short_backtrace::<core[df12db4294e9bfd3]::result::Result<(), alloc[2182bb758b4b3781]::string::String>, fn() -> core[df12db4294e9bfd3]::result::Result<(), alloc[2182bb758b4b3781]::string::String>>
[INFO] [stdout]   16:     0x559c2d16d405 - test[9d35eded1c95d3be]::run_test::{closure#0}
[INFO] [stdout]   17:     0x559c2d166cc4 - std[70759c8f55707aa4]::sys::backtrace::__rust_begin_short_backtrace::<test[9d35eded1c95d3be]::run_test::{closure#1}, ()>
[INFO] [stdout]   18:     0x559c2d170562 - <std[70759c8f55707aa4]::thread::lifecycle::spawn_unchecked<test[9d35eded1c95d3be]::run_test::{closure#1}, ()>::{closure#1} as core[df12db4294e9bfd3]::ops::function::FnOnce<()>>::call_once::{shim:vtable#0}
[INFO] [stdout]   19:     0x559c2d200359 - <std[70759c8f55707aa4]::sys::thread::unix::Thread>::new::thread_start
[INFO] [stdout]   20:     0x70e1ca258dfa - <unknown>
[INFO] [stdout]   21:     0x70e1ca2ec3d4 - clone
[INFO] [stdout]   22:                0x0 - <unknown>
[INFO] [stdout] 
[INFO] [stdout] ---- tests::over_privileged_report_example_matches_schema stdout ----
[INFO] [stdout] 
[INFO] [stdout] thread 'tests::over_privileged_report_example_matches_schema' (3774) panicked at src/lib.rs:322:35:
[INFO] [stdout] failed to read /opt/rustwide/workdir/../../contracts/schemas/taudit-report.schema.json: No such file or directory (os error 2)
[INFO] [stdout] stack backtrace:
[INFO] [stdout]    0:     0x559c2d2011a1 - <<std[70759c8f55707aa4]::sys::backtrace::BacktraceLock>::print::DisplayBacktrace as core[df12db4294e9bfd3]::fmt::Display>::fmt
[INFO] [stdout]    1:     0x559c2d21946a - core[df12db4294e9bfd3]::fmt::write
[INFO] [stdout]    2:     0x559c2d20610c - <alloc[2182bb758b4b3781]::vec::Vec<u8> as core[df12db4294e9bfd3]::io::write::Write>::write_fmt
[INFO] [stdout]    3:     0x559c2d1dba16 - std[70759c8f55707aa4]::panicking::default_hook::{closure#0}
[INFO] [stdout]    4:     0x559c2d1f89b9 - std[70759c8f55707aa4]::panicking::default_hook
[INFO] [stdout]    5:     0x559c2d16cab0 - test[9d35eded1c95d3be]::test_main_inner::<test[9d35eded1c95d3be]::test_main_static::{closure#0}>::{closure#0}
[INFO] [stdout]    6:     0x559c2d1f8ce2 - std[70759c8f55707aa4]::panicking::panic_with_hook
[INFO] [stdout]    7:     0x559c2d1dbac2 - std[70759c8f55707aa4]::panicking::panic_handler::{closure#0}
[INFO] [stdout]    8:     0x559c2d1d4539 - std[70759c8f55707aa4]::sys::backtrace::__rust_end_short_backtrace::<std[70759c8f55707aa4]::panicking::panic_handler::{closure#0}, !>
[INFO] [stdout]    9:     0x559c2d1dc8ad - __rustc[8fa7c3cbc660c2b3]::rust_begin_unwind
[INFO] [stdout]   10:     0x559c2d219c4c - core[df12db4294e9bfd3]::panicking::panic_fmt
[INFO] [stdout]   11:     0x559c2cad2459 - taudit_report_json[42bef0c0cd74d418]::tests::read_json::{closure#0}
[INFO] [stdout]   12:     0x559c2cad2946 - taudit_report_json[42bef0c0cd74d418]::tests::read_json
[INFO] [stdout]   13:     0x559c2cad2563 - taudit_report_json[42bef0c0cd74d418]::tests::assert_schema_validates_instance
[INFO] [stdout]   14:     0x559c2cad0ef5 - <taudit_report_json[42bef0c0cd74d418]::tests::over_privileged_report_example_matches_schema::{closure#0} as core[df12db4294e9bfd3]::ops::function::FnOnce<()>>::call_once
[INFO] [stdout]   15:     0x559c2d15fd9b - test[9d35eded1c95d3be]::__rust_begin_short_backtrace::<core[df12db4294e9bfd3]::result::Result<(), alloc[2182bb758b4b3781]::string::String>, fn() -> core[df12db4294e9bfd3]::result::Result<(), alloc[2182bb758b4b3781]::string::String>>
[INFO] [stdout]   16:     0x559c2d16d405 - test[9d35eded1c95d3be]::run_test::{closure#0}
[INFO] [stdout]   17:     0x559c2d166cc4 - std[70759c8f55707aa4]::sys::backtrace::__rust_begin_short_backtrace::<test[9d35eded1c95d3be]::run_test::{closure#1}, ()>
[INFO] [stdout]   18:     0x559c2d170562 - <std[70759c8f55707aa4]::thread::lifecycle::spawn_unchecked<test[9d35eded1c95d3be]::run_test::{closure#1}, ()>::{closure#1} as core[df12db4294e9bfd3]::ops::function::FnOnce<()>>::call_once::{shim:vtable#0}
[INFO] [stdout]   19:     0x559c2d200359 - <std[70759c8f55707aa4]::sys::thread::unix::Thread>::new::thread_start
[INFO] [stdout]   20:     0x70e1ca258dfa - <unknown>
[INFO] [stdout]   21:     0x70e1ca2ec3d4 - clone
[INFO] [stdout]   22:                0x0 - <unknown>
[INFO] [stdout] 
[INFO] [stdout] ---- tests::emitted_report_includes_schema_version_and_matches_schema stdout ----
[INFO] [stdout] 
[INFO] [stdout] thread 'tests::emitted_report_includes_schema_version_and_matches_schema' (3771) panicked at src/lib.rs:322:35:
[INFO] [stdout] failed to read /opt/rustwide/workdir/../../contracts/schemas/taudit-report.schema.json: No such file or directory (os error 2)
[INFO] [stdout] stack backtrace:
[INFO] [stdout]    0:     0x559c2d2011a1 - <<std[70759c8f55707aa4]::sys::backtrace::BacktraceLock>::print::DisplayBacktrace as core[df12db4294e9bfd3]::fmt::Display>::fmt
[INFO] [stdout]    1:     0x559c2d21946a - core[df12db4294e9bfd3]::fmt::write
[INFO] [stdout]    2:     0x559c2d20610c - <alloc[2182bb758b4b3781]::vec::Vec<u8> as core[df12db4294e9bfd3]::io::write::Write>::write_fmt
[INFO] [stdout]    3:     0x559c2d1dba16 - std[70759c8f55707aa4]::panicking::default_hook::{closure#0}
[INFO] [stdout]    4:     0x559c2d1f89b9 - std[70759c8f55707aa4]::panicking::default_hook
[INFO] [stdout]    5:     0x559c2d16cab0 - test[9d35eded1c95d3be]::test_main_inner::<test[9d35eded1c95d3be]::test_main_static::{closure#0}>::{closure#0}
[INFO] [stdout]    6:     0x559c2d1f8ce2 - std[70759c8f55707aa4]::panicking::panic_with_hook
[INFO] [stdout]    7:     0x559c2d1dbac2 - std[70759c8f55707aa4]::panicking::panic_handler::{closure#0}
[INFO] [stdout]    8:     0x559c2d1d4539 - std[70759c8f55707aa4]::sys::backtrace::__rust_end_short_backtrace::<std[70759c8f55707aa4]::panicking::panic_handler::{closure#0}, !>
[INFO] [stdout]    9:     0x559c2d1dc8ad - __rustc[8fa7c3cbc660c2b3]::rust_begin_unwind
[INFO] [stdout]   10:     0x559c2d219c4c - core[df12db4294e9bfd3]::panicking::panic_fmt
[INFO] [stdout]   11:     0x559c2cad2459 - taudit_report_json[42bef0c0cd74d418]::tests::read_json::{closure#0}
[INFO] [stdout]   12:     0x559c2cad2946 - taudit_report_json[42bef0c0cd74d418]::tests::read_json
[INFO] [stdout]   13:     0x559c2cad506a - taudit_report_json[42bef0c0cd74d418]::tests::emitted_report_includes_schema_version_and_matches_schema
[INFO] [stdout]   14:     0x559c2cad0f19 - <taudit_report_json[42bef0c0cd74d418]::tests::emitted_report_includes_schema_version_and_matches_schema::{closure#0} as core[df12db4294e9bfd3]::ops::function::FnOnce<()>>::call_once
[INFO] [stdout]   15:     0x559c2d15fd9b - test[9d35eded1c95d3be]::__rust_begin_short_backtrace::<core[df12db4294e9bfd3]::result::Result<(), alloc[2182bb758b4b3781]::string::String>, fn() -> core[df12db4294e9bfd3]::result::Result<(), alloc[2182bb758b4b3781]::string::String>>
[INFO] [stdout]   16:     0x559c2d16d405 - test[9d35eded1c95d3be]::run_test::{closure#0}
[INFO] [stdout]   17:     0x559c2d166cc4 - std[70759c8f55707aa4]::sys::backtrace::__rust_begin_short_backtrace::<test[9d35eded1c95d3be]::run_test::{closure#1}, ()>
[INFO] [stdout]   18:     0x559c2d170562 - <std[70759c8f55707aa4]::thread::lifecycle::spawn_unchecked<test[9d35eded1c95d3be]::run_test::{closure#1}, ()>::{closure#1} as core[df12db4294e9bfd3]::ops::function::FnOnce<()>>::call_once::{shim:vtable#0}
[INFO] [stdout]   19:     0x559c2d200359 - <std[70759c8f55707aa4]::sys::thread::unix::Thread>::new::thread_start
[INFO] [stdout]   20:     0x70e1ca258dfa - <unknown>
[INFO] [stdout]   21:     0x70e1ca2ec3d4 - clone
[INFO] [stdout]   22:                0x0 - <unknown>
[INFO] [stdout] 
[INFO] [stdout] 
[INFO] [stdout] failures:
[INFO] [stdout]     tests::authority_graph_export_matches_v1_schema
[INFO] [stdout]     tests::clean_report_example_matches_schema
[INFO] [stdout]     tests::emitted_report_includes_schema_version_and_matches_schema
[INFO] [stdout]     tests::every_finding_category_variant_validates_against_report_schema
[INFO] [stdout]     tests::over_privileged_report_example_matches_schema
[INFO] [stdout]     tests::summary_completeness_gaps_serialize_as_kind_reason_objects
[INFO] [stdout] 
[INFO] [stdout] test result: FAILED. 2 passed; 6 failed; 0 ignored; 0 measured; 0 filtered out; finished in 0.01s
[INFO] [stdout] 
[INFO] [stderr] error: test failed, to rerun pass `--lib`
[INFO] running `Command { std: "docker" "inspect" "79a9898859cb0e721ff6b7cd97aee821b9b1a704cec52017ddf4aabf9ab51990", kill_on_drop: false }`
[INFO] running `Command { std: "docker" "rm" "-f" "79a9898859cb0e721ff6b7cd97aee821b9b1a704cec52017ddf4aabf9ab51990", kill_on_drop: false }`
[INFO] [stdout] 79a9898859cb0e721ff6b7cd97aee821b9b1a704cec52017ddf4aabf9ab51990
