[INFO] fetching crate tatara-rust-tlisp 0.1.9...
[INFO] testing tatara-rust-tlisp-0.1.9 against 1.99.0-beta.8+cargoflags=--release for beta-release-1.100-2
[INFO] extracting crate tatara-rust-tlisp 0.1.9 into /workspace/builds/worker-4-tc1/source
[INFO] started tweaking crates.io crate tatara-rust-tlisp 0.1.9
[INFO] finished tweaking crates.io crate tatara-rust-tlisp 0.1.9
[INFO] tweaked toml for crates.io crate tatara-rust-tlisp 0.1.9 written to /workspace/builds/worker-4-tc1/source/Cargo.toml
[INFO] validating manifest of crates.io crate tatara-rust-tlisp 0.1.9 on toolchain 1.99.0-beta.8
[INFO] running `Command { std: CARGO_HOME="/workspace/cargo-home" RUSTUP_HOME="/workspace/rustup-home" "/workspace/cargo-home/bin/cargo" "+1.99.0-beta.8" "metadata" "--manifest-path" "Cargo.toml" "--no-deps", kill_on_drop: false }`
[INFO] crate crates.io crate tatara-rust-tlisp 0.1.9 already has a lockfile, it will not be regenerated
[INFO] running `Command { std: CARGO_HOME="/workspace/cargo-home" RUSTUP_HOME="/workspace/rustup-home" "/workspace/cargo-home/bin/cargo" "+1.99.0-beta.8" "fetch" "--manifest-path" "Cargo.toml", kill_on_drop: false }`
[INFO] [stderr]     Updating crates.io index
[INFO] [stderr]  Downloading crates ...
[INFO] [stderr]   Downloaded tatara-rust-proc-fn v0.1.9
[INFO] [stderr]   Downloaded tatara-rust-ast v0.1.9
[INFO] [stderr]   Downloaded tatara-rust-suite v0.1.9
[INFO] [stderr]   Downloaded tatara-rust-proc-attr v0.1.9
[INFO] [stderr]   Downloaded tatara-rust-macro-rules v0.1.9
[INFO] [stderr]   Downloaded tatara-rust-caixa v0.1.9
[INFO] [stderr]   Downloaded tatara-rust-validate v0.1.9
[INFO] [stderr]   Downloaded tatara-rust-composite v0.1.9
[INFO] [stderr]   Downloaded tatara-rust-flake v0.1.9
[INFO] [stderr]   Downloaded tatara-rust-catalog v0.1.9
[INFO] [stderr]   Downloaded tatara-rust-repo v0.1.9
[INFO] [stderr]   Downloaded tatara-rust-derive v0.1.9
[INFO] running `Command { std: "docker" "create" "-v" "/var/lib/crater-agent-workspace/builds/worker-4-tc1/source:/opt/rustwide/workdir:ro,Z" "-v" "/var/lib/crater-agent-workspace/builds/worker-4-tc1/target:/opt/rustwide/target:rw,Z" "-v" "/var/lib/crater-agent-workspace/cargo-home:/opt/rustwide/cargo-home:ro,Z" "-v" "/var/lib/crater-agent-workspace/rustup-home:/opt/rustwide/rustup-home:ro,Z" "-m" "1610612736" "--network" "none" "ghcr.io/rust-lang/crates-build-env/linux@sha256:77db811e55d90add9212f6832c23229e3de5f1c1f9905e8cb07319ea15df73ac" "sleep" "infinity", kill_on_drop: false }`
[INFO] [stdout] c7dd722f130672efc2a0709f85ce267c58898ce7317d62439feadbe8815e15f1
[INFO] running `Command { std: "docker" "start" "c7dd722f130672efc2a0709f85ce267c58898ce7317d62439feadbe8815e15f1", kill_on_drop: false }`
[INFO] running `Command { std: "docker" "inspect" "c7dd722f130672efc2a0709f85ce267c58898ce7317d62439feadbe8815e15f1", kill_on_drop: false }`
[INFO] running `Command { std: "docker" "exec" "-e" "SOURCE_DIR=/opt/rustwide/workdir" "-e" "CARGO_HOME=/opt/rustwide/cargo-home" "-e" "RUSTUP_HOME=/opt/rustwide/rustup-home" "-e" "CARGO_TARGET_DIR=/opt/rustwide/target" "-w" "/opt/rustwide/workdir" "--user" "0:0" "c7dd722f130672efc2a0709f85ce267c58898ce7317d62439feadbe8815e15f1" "/opt/rustwide/cargo-home/bin/cargo" "+1.99.0-beta.8" "metadata" "--no-deps" "--format-version=1", kill_on_drop: false }`
[INFO] running `Command { std: "docker" "inspect" "c7dd722f130672efc2a0709f85ce267c58898ce7317d62439feadbe8815e15f1", kill_on_drop: false }`
[INFO] running `Command { std: "docker" "exec" "-e" "SOURCE_DIR=/opt/rustwide/workdir" "-e" "CARGO_HOME=/opt/rustwide/cargo-home" "-e" "RUSTUP_HOME=/opt/rustwide/rustup-home" "-e" "CARGO_TARGET_DIR=/opt/rustwide/target" "-e" "CARGO_INCREMENTAL=0" "-e" "RUST_BACKTRACE=full" "-e" "RUSTFLAGS=--cap-lints=warn" "-e" "RUSTDOCFLAGS=--cap-lints=warn" "-w" "/opt/rustwide/workdir" "--user" "0:0" "c7dd722f130672efc2a0709f85ce267c58898ce7317d62439feadbe8815e15f1" "/opt/rustwide/cargo-home/bin/cargo" "+1.99.0-beta.8" "build" "--frozen" "--message-format=json" "--release", kill_on_drop: false }`
[INFO] [stderr]    Compiling quote v1.0.45
[INFO] [stderr]    Compiling serde_core v1.0.228
[INFO] [stderr]    Compiling proc-macro2 v1.0.106
[INFO] [stderr]    Compiling unicode-ident v1.0.24
[INFO] [stderr]    Compiling hashbrown v0.17.1
[INFO] [stderr]    Compiling winnow v0.7.15
[INFO] [stderr]    Compiling toml_write v0.1.2
[INFO] [stderr]    Compiling serde_json v1.0.150
[INFO] [stderr]    Compiling itoa v1.0.18
[INFO] [stderr]    Compiling memchr v2.8.1
[INFO] [stderr]    Compiling prettyplease v0.2.37
[INFO] [stderr]    Compiling syn v2.0.117
[INFO] [stderr]    Compiling serde_derive v1.0.228
[INFO] [stderr]    Compiling thiserror-impl v2.0.18
[INFO] [stderr]    Compiling indexmap v2.14.0
[INFO] [stderr]    Compiling thiserror v2.0.18
[INFO] [stderr]    Compiling serde v1.0.228
[INFO] [stderr]    Compiling toml_datetime v0.6.11
[INFO] [stderr]    Compiling serde_spanned v0.6.9
[INFO] [stderr]    Compiling toml_edit v0.22.27
[INFO] [stderr]    Compiling toml v0.8.23
[INFO] [stderr]    Compiling tatara-rust-ast v0.1.9
[INFO] [stderr]    Compiling tatara-rust-derive v0.1.9
[INFO] [stderr]    Compiling tatara-rust-macro-rules v0.1.9
[INFO] [stderr]    Compiling tatara-rust-proc-attr v0.1.9
[INFO] [stderr]    Compiling tatara-rust-proc-fn v0.1.9
[INFO] [stderr]    Compiling tatara-rust-flake v0.1.9
[INFO] [stderr]    Compiling tatara-rust-caixa v0.1.9
[INFO] [stderr]    Compiling tatara-rust-repo v0.1.9
[INFO] [stderr]    Compiling tatara-rust-composite v0.1.9
[INFO] [stderr]    Compiling tatara-rust-suite v0.1.9
[INFO] [stderr]    Compiling tatara-rust-validate v0.1.9
[INFO] [stderr]    Compiling tatara-rust-catalog v0.1.9
[INFO] [stderr]    Compiling tatara-rust-tlisp v0.1.9 (/opt/rustwide/workdir)
[INFO] [stdout] warning: unused import: `tatara_rust_ast::Ident`
[INFO] [stdout]   --> src/lib.rs:19:5
[INFO] [stdout]    |
[INFO] [stdout] 19 | use tatara_rust_ast::Ident;
[INFO] [stdout]    |     ^^^^^^^^^^^^^^^^^^^^^^
[INFO] [stdout]    |
[INFO] [stdout]    = note: `#[warn(unused_imports)]` (part of `#[warn(unused)]`) on by default
[INFO] [stdout] 
[INFO] [stdout] 
[INFO] [stdout] warning: unused import: `MacroArm`
[INFO] [stdout]   --> src/lib.rs:21:31
[INFO] [stdout]    |
[INFO] [stdout] 21 | use tatara_rust_macro_rules::{MacroArm, MacroRulesSpec};
[INFO] [stdout]    |                               ^^^^^^^^
[INFO] [stdout] 
[INFO] [stdout] 
[INFO] [stderr]     Finished `release` profile [optimized] target(s) in 45.53s
[INFO] running `Command { std: "docker" "inspect" "c7dd722f130672efc2a0709f85ce267c58898ce7317d62439feadbe8815e15f1", kill_on_drop: false }`
[INFO] running `Command { std: "docker" "exec" "-e" "SOURCE_DIR=/opt/rustwide/workdir" "-e" "CARGO_HOME=/opt/rustwide/cargo-home" "-e" "RUSTUP_HOME=/opt/rustwide/rustup-home" "-e" "CARGO_TARGET_DIR=/opt/rustwide/target" "-e" "CARGO_INCREMENTAL=0" "-e" "RUST_BACKTRACE=full" "-e" "RUSTFLAGS=--cap-lints=warn" "-e" "RUSTDOCFLAGS=--cap-lints=warn" "-w" "/opt/rustwide/workdir" "--user" "0:0" "c7dd722f130672efc2a0709f85ce267c58898ce7317d62439feadbe8815e15f1" "/opt/rustwide/cargo-home/bin/cargo" "+1.99.0-beta.8" "test" "--frozen" "--no-run" "--message-format=json" "--release", kill_on_drop: false }`
[INFO] [stderr]    Compiling tatara-rust-tlisp v0.1.9 (/opt/rustwide/workdir)
[INFO] [stdout] warning: unused import: `tatara_rust_ast::Ident`
[INFO] [stdout]   --> src/lib.rs:19:5
[INFO] [stdout]    |
[INFO] [stdout] 19 | use tatara_rust_ast::Ident;
[INFO] [stdout]    |     ^^^^^^^^^^^^^^^^^^^^^^
[INFO] [stdout]    |
[INFO] [stdout]    = note: `#[warn(unused_imports)]` (part of `#[warn(unused)]`) on by default
[INFO] [stdout] 
[INFO] [stdout] 
[INFO] [stdout] warning: unused import: `MacroArm`
[INFO] [stdout]   --> src/lib.rs:21:31
[INFO] [stdout]    |
[INFO] [stdout] 21 | use tatara_rust_macro_rules::{MacroArm, MacroRulesSpec};
[INFO] [stdout]    |                               ^^^^^^^^
[INFO] [stdout] 
[INFO] [stdout] 
[INFO] [stderr]     Finished `release` profile [optimized] target(s) in 1.75s
[INFO] running `Command { std: "docker" "inspect" "c7dd722f130672efc2a0709f85ce267c58898ce7317d62439feadbe8815e15f1", kill_on_drop: false }`
[INFO] running `Command { std: "docker" "exec" "-e" "SOURCE_DIR=/opt/rustwide/workdir" "-e" "CARGO_HOME=/opt/rustwide/cargo-home" "-e" "RUSTUP_HOME=/opt/rustwide/rustup-home" "-e" "CARGO_TARGET_DIR=/opt/rustwide/target" "-e" "CARGO_INCREMENTAL=0" "-e" "RUST_BACKTRACE=full" "-e" "RUSTFLAGS=--cap-lints=warn" "-e" "RUSTDOCFLAGS=--cap-lints=warn" "-w" "/opt/rustwide/workdir" "--user" "0:0" "c7dd722f130672efc2a0709f85ce267c58898ce7317d62439feadbe8815e15f1" "/opt/rustwide/cargo-home/bin/cargo" "+1.99.0-beta.8" "test" "--frozen" "--release", kill_on_drop: false }`
[INFO] [stderr] warning: unused import: `tatara_rust_ast::Ident`
[INFO] [stderr]   --> src/lib.rs:19:5
[INFO] [stderr]    |
[INFO] [stderr] 19 | use tatara_rust_ast::Ident;
[INFO] [stderr]    |     ^^^^^^^^^^^^^^^^^^^^^^
[INFO] [stderr]    |
[INFO] [stderr]    = note: `#[warn(unused_imports)]` (part of `#[warn(unused)]`) on by default
[INFO] [stderr] 
[INFO] [stderr] warning: unused import: `MacroArm`
[INFO] [stderr]   --> src/lib.rs:21:31
[INFO] [stderr]    |
[INFO] [stderr] 21 | use tatara_rust_macro_rules::{MacroArm, MacroRulesSpec};
[INFO] [stderr]    |                               ^^^^^^^^
[INFO] [stderr] 
[INFO] [stderr] warning: `tatara-rust-tlisp` (lib) generated 2 warnings (run `cargo fix --lib -p tatara-rust-tlisp` to apply 2 suggestions)
[INFO] [stderr]     Finished `release` profile [optimized] target(s) in 0.04s
[INFO] [stderr]      Running unittests src/lib.rs (/opt/rustwide/target/release/deps/tatara_rust_tlisp-afb383f0aa68d537)
[INFO] [stdout] 
[INFO] [stdout] running 14 tests
[INFO] [stdout] test catalog::tests::parser_handles_string_escapes ... ok
[INFO] [stdout] test catalog::tests::parser_skips_line_comments ... ok
[INFO] [stdout] test catalog::tests::field_attribute_round_trips ... ok
[INFO] [stdout] test catalog::tests::round_trip_per_field_canonical ... ok
[INFO] [stdout] test catalog::tests::parser_preserves_multibyte_utf8_in_strings ... ok
[INFO] [stdout] test tests::derive_renders ... ok
[INFO] [stdout] test catalog::tests::missing_required_keyword_errors ... ok
[INFO] [stdout] test tests::proc_attr_renders ... ok
[INFO] [stdout] test tests::proc_fn_renders ... ok
[INFO] [stdout] test tests::suite_renders_with_members ... ok
[INFO] [stdout] test catalog::tests::skip_fields_round_trips ... ok
[INFO] [stdout] test catalog::tests::round_trip_full_15_entry_catalog ... ok
[INFO] [stdout] test tests::macro_rules_renders_with_arms ... ok
[INFO] [stdout] test catalog::tests::shipped_pleme_derives_catalog_parses_validates_and_round_trips ... FAILED
[INFO] [stdout] 
[INFO] [stdout] failures:
[INFO] [stdout] 
[INFO] [stdout] ---- catalog::tests::shipped_pleme_derives_catalog_parses_validates_and_round_trips stdout ----
[INFO] [stdout] 
[INFO] [stdout] thread 'catalog::tests::shipped_pleme_derives_catalog_parses_validates_and_round_trips' (836) panicked at src/catalog.rs:1309:33:
[INFO] [stdout] read /opt/rustwide/workdir/../../catalogs/pleme-derives.lisp: No such file or directory (os error 2)
[INFO] [stdout] stack backtrace:
[INFO] [stdout]    0:     0x61f092531721 - <<std[70759c8f55707aa4]::sys::backtrace::BacktraceLock>::print::DisplayBacktrace as core[df12db4294e9bfd3]::fmt::Display>::fmt
[INFO] [stdout]    1:     0x61f0925469ca - core[df12db4294e9bfd3]::fmt::write
[INFO] [stdout]    2:     0x61f092535c0c - <alloc[2182bb758b4b3781]::vec::Vec<u8> as core[df12db4294e9bfd3]::io::write::Write>::write_fmt
[INFO] [stdout]    3:     0x61f09250d7d6 - std[70759c8f55707aa4]::panicking::default_hook::{closure#0}
[INFO] [stdout]    4:     0x61f092529959 - std[70759c8f55707aa4]::panicking::default_hook
[INFO] [stdout]    5:     0x61f092328740 - test[9d35eded1c95d3be]::test_main_inner::<test[9d35eded1c95d3be]::test_main_static::{closure#0}>::{closure#0}
[INFO] [stdout]    6:     0x61f092529c82 - std[70759c8f55707aa4]::panicking::panic_with_hook
[INFO] [stdout]    7:     0x61f09250d882 - std[70759c8f55707aa4]::panicking::panic_handler::{closure#0}
[INFO] [stdout]    8:     0x61f092506479 - std[70759c8f55707aa4]::sys::backtrace::__rust_end_short_backtrace::<std[70759c8f55707aa4]::panicking::panic_handler::{closure#0}, !>
[INFO] [stdout]    9:     0x61f09250e47d - __rustc[8fa7c3cbc660c2b3]::rust_begin_unwind
[INFO] [stdout]   10:     0x61f0925471ac - core[df12db4294e9bfd3]::panicking::panic_fmt
[INFO] [stdout]   11:     0x61f09230b09a - tatara_rust_tlisp[6a6ed3bdcd923226]::catalog::tests::shipped_pleme_derives_catalog_parses_validates_and_round_trips::{closure#0}
[INFO] [stdout]   12:     0x61f09230e101 - tatara_rust_tlisp[6a6ed3bdcd923226]::catalog::tests::shipped_pleme_derives_catalog_parses_validates_and_round_trips
[INFO] [stdout]   13:     0x61f0923112c9 - <tatara_rust_tlisp[6a6ed3bdcd923226]::catalog::tests::shipped_pleme_derives_catalog_parses_validates_and_round_trips::{closure#0} as core[df12db4294e9bfd3]::ops::function::FnOnce<()>>::call_once
[INFO] [stdout]   14:     0x61f09231ba2b - test[9d35eded1c95d3be]::__rust_begin_short_backtrace::<core[df12db4294e9bfd3]::result::Result<(), alloc[2182bb758b4b3781]::string::String>, fn() -> core[df12db4294e9bfd3]::result::Result<(), alloc[2182bb758b4b3781]::string::String>>
[INFO] [stdout]   15:     0x61f092329095 - test[9d35eded1c95d3be]::run_test::{closure#0}
[INFO] [stdout]   16:     0x61f092322954 - std[70759c8f55707aa4]::sys::backtrace::__rust_begin_short_backtrace::<test[9d35eded1c95d3be]::run_test::{closure#1}, ()>
[INFO] [stdout]   17:     0x61f09232c1f2 - <std[70759c8f55707aa4]::thread::lifecycle::spawn_unchecked<test[9d35eded1c95d3be]::run_test::{closure#1}, ()>::{closure#1} as core[df12db4294e9bfd3]::ops::function::FnOnce<()>>::call_once::{shim:vtable#0}
[INFO] [stdout]   18:     0x61f092530c79 - <std[70759c8f55707aa4]::sys::thread::unix::Thread>::new::thread_start
[INFO] [stdout]   19:     0x7eb2f1ec9dfa - <unknown>
[INFO] [stdout]   20:     0x7eb2f1f5d3d4 - clone
[INFO] [stdout]   21:                0x0 - <unknown>
[INFO] [stdout] 
[INFO] [stdout] 
[INFO] [stdout] failures:
[INFO] [stdout]     catalog::tests::shipped_pleme_derives_catalog_parses_validates_and_round_trips
[INFO] [stdout] 
[INFO] [stdout] test result: FAILED. 13 passed; 1 failed; 0 ignored; 0 measured; 0 filtered out; finished in 0.01s
[INFO] [stdout] 
[INFO] [stderr] error: test failed, to rerun pass `--lib`
[INFO] running `Command { std: "docker" "inspect" "c7dd722f130672efc2a0709f85ce267c58898ce7317d62439feadbe8815e15f1", kill_on_drop: false }`
[INFO] running `Command { std: "docker" "rm" "-f" "c7dd722f130672efc2a0709f85ce267c58898ce7317d62439feadbe8815e15f1", kill_on_drop: false }`
[INFO] [stdout] c7dd722f130672efc2a0709f85ce267c58898ce7317d62439feadbe8815e15f1
