[INFO] fetching crate tatara-keywords 0.4.5...
[INFO] testing tatara-keywords-0.4.5 against 1.99.0-beta.8+cargoflags=--release for beta-release-1.100-2
[INFO] extracting crate tatara-keywords 0.4.5 into /workspace/builds/worker-7-tc1/source
[INFO] started tweaking crates.io crate tatara-keywords 0.4.5
[INFO] removed 0 missing tests
[INFO] finished tweaking crates.io crate tatara-keywords 0.4.5
[INFO] tweaked toml for crates.io crate tatara-keywords 0.4.5 written to /workspace/builds/worker-7-tc1/source/Cargo.toml
[INFO] validating manifest of crates.io crate tatara-keywords 0.4.5 on toolchain 1.99.0-beta.8
[INFO] running `Command { std: CARGO_HOME="/workspace/cargo-home" RUSTUP_HOME="/workspace/rustup-home" "/workspace/cargo-home/bin/cargo" "+1.99.0-beta.8" "metadata" "--manifest-path" "Cargo.toml" "--no-deps", kill_on_drop: false }`
[INFO] crate crates.io crate tatara-keywords 0.4.5 already has a lockfile, it will not be regenerated
[INFO] running `Command { std: CARGO_HOME="/workspace/cargo-home" RUSTUP_HOME="/workspace/rustup-home" "/workspace/cargo-home/bin/cargo" "+1.99.0-beta.8" "fetch" "--manifest-path" "Cargo.toml", kill_on_drop: false }`
[INFO] [stderr]     Updating crates.io index
[INFO] [stderr]  Downloading crates ...
[INFO] [stderr]   Downloaded tatara-lisp-derive v0.4.5
[INFO] [stderr]   Downloaded tatara-closed-set-derive v0.4.5
[INFO] [stderr]   Downloaded arrayref v0.3.9
[INFO] [stderr]   Downloaded constant_time_eq v0.4.2
[INFO] [stderr]   Downloaded arrayvec v0.7.8
[INFO] [stderr]   Downloaded blake3 v1.8.6
[INFO] [stderr]   Downloaded tatara-lisp v0.4.5
[INFO] [stderr]   Downloaded tatara-closed-set v0.4.5
[INFO] running `Command { std: "docker" "create" "-v" "/var/lib/crater-agent-workspace/builds/worker-7-tc1/source:/opt/rustwide/workdir:ro,Z" "-v" "/var/lib/crater-agent-workspace/builds/worker-7-tc1/target:/opt/rustwide/target:rw,Z" "-v" "/var/lib/crater-agent-workspace/cargo-home:/opt/rustwide/cargo-home:ro,Z" "-v" "/var/lib/crater-agent-workspace/rustup-home:/opt/rustwide/rustup-home:ro,Z" "-m" "1610612736" "--network" "none" "ghcr.io/rust-lang/crates-build-env/linux@sha256:77db811e55d90add9212f6832c23229e3de5f1c1f9905e8cb07319ea15df73ac" "sleep" "infinity", kill_on_drop: false }`
[INFO] [stdout] fa3067491beb036f3803079aabe74f49b0b1e5557727493981026a70e52ce0c3
[INFO] running `Command { std: "docker" "start" "fa3067491beb036f3803079aabe74f49b0b1e5557727493981026a70e52ce0c3", kill_on_drop: false }`
[INFO] running `Command { std: "docker" "inspect" "fa3067491beb036f3803079aabe74f49b0b1e5557727493981026a70e52ce0c3", kill_on_drop: false }`
[INFO] running `Command { std: "docker" "exec" "-e" "SOURCE_DIR=/opt/rustwide/workdir" "-e" "CARGO_HOME=/opt/rustwide/cargo-home" "-e" "RUSTUP_HOME=/opt/rustwide/rustup-home" "-e" "CARGO_TARGET_DIR=/opt/rustwide/target" "-w" "/opt/rustwide/workdir" "--user" "0:0" "fa3067491beb036f3803079aabe74f49b0b1e5557727493981026a70e52ce0c3" "/opt/rustwide/cargo-home/bin/cargo" "+1.99.0-beta.8" "metadata" "--no-deps" "--format-version=1", kill_on_drop: false }`
[INFO] running `Command { std: "docker" "inspect" "fa3067491beb036f3803079aabe74f49b0b1e5557727493981026a70e52ce0c3", kill_on_drop: false }`
[INFO] running `Command { std: "docker" "exec" "-e" "SOURCE_DIR=/opt/rustwide/workdir" "-e" "CARGO_HOME=/opt/rustwide/cargo-home" "-e" "RUSTUP_HOME=/opt/rustwide/rustup-home" "-e" "CARGO_TARGET_DIR=/opt/rustwide/target" "-e" "CARGO_INCREMENTAL=0" "-e" "RUST_BACKTRACE=full" "-e" "RUSTFLAGS=--cap-lints=warn" "-e" "RUSTDOCFLAGS=--cap-lints=warn" "-w" "/opt/rustwide/workdir" "--user" "0:0" "fa3067491beb036f3803079aabe74f49b0b1e5557727493981026a70e52ce0c3" "/opt/rustwide/cargo-home/bin/cargo" "+1.99.0-beta.8" "build" "--frozen" "--message-format=json" "--release", kill_on_drop: false }`
[INFO] [stderr]    Compiling proc-macro2 v1.0.107
[INFO] [stderr]    Compiling shlex v2.0.1
[INFO] [stderr]    Compiling serde_core v1.0.229
[INFO] [stderr]    Compiling zmij v1.0.23
[INFO] [stderr]    Compiling serde v1.0.229
[INFO] [stderr]    Compiling thiserror v2.0.19
[INFO] [stderr]    Compiling serde_json v1.0.151
[INFO] [stderr]    Compiling cpufeatures v0.3.0
[INFO] [stderr]    Compiling constant_time_eq v0.4.2
[INFO] [stderr]    Compiling memchr v2.8.3
[INFO] [stderr]    Compiling arrayvec v0.7.8
[INFO] [stderr]    Compiling arrayref v0.3.9
[INFO] [stderr]    Compiling cc v1.4.0
[INFO] [stderr]    Compiling quote v1.0.47
[INFO] [stderr]    Compiling syn v3.0.3
[INFO] [stderr]    Compiling syn v2.0.119
[INFO] [stderr]    Compiling blake3 v1.8.6
[INFO] [stderr]    Compiling thiserror-impl v2.0.19
[INFO] [stderr]    Compiling serde_derive v1.0.229
[INFO] [stderr]    Compiling tatara-closed-set-derive v0.4.5
[INFO] [stderr]    Compiling tatara-lisp-derive v0.4.5
[INFO] [stderr]    Compiling tatara-closed-set v0.4.5
[INFO] [stderr]    Compiling tatara-lisp v0.4.5
[INFO] [stderr]    Compiling tatara-keywords v0.4.5 (/opt/rustwide/workdir)
[INFO] [stderr]     Finished `release` profile [optimized] target(s) in 25.23s
[INFO] running `Command { std: "docker" "inspect" "fa3067491beb036f3803079aabe74f49b0b1e5557727493981026a70e52ce0c3", kill_on_drop: false }`
[INFO] running `Command { std: "docker" "exec" "-e" "SOURCE_DIR=/opt/rustwide/workdir" "-e" "CARGO_HOME=/opt/rustwide/cargo-home" "-e" "RUSTUP_HOME=/opt/rustwide/rustup-home" "-e" "CARGO_TARGET_DIR=/opt/rustwide/target" "-e" "CARGO_INCREMENTAL=0" "-e" "RUST_BACKTRACE=full" "-e" "RUSTFLAGS=--cap-lints=warn" "-e" "RUSTDOCFLAGS=--cap-lints=warn" "-w" "/opt/rustwide/workdir" "--user" "0:0" "fa3067491beb036f3803079aabe74f49b0b1e5557727493981026a70e52ce0c3" "/opt/rustwide/cargo-home/bin/cargo" "+1.99.0-beta.8" "test" "--frozen" "--no-run" "--message-format=json" "--release", kill_on_drop: false }`
[INFO] [stderr]    Compiling tatara-keywords v0.4.5 (/opt/rustwide/workdir)
[INFO] [stderr]     Finished `release` profile [optimized] target(s) in 3.52s
[INFO] running `Command { std: "docker" "inspect" "fa3067491beb036f3803079aabe74f49b0b1e5557727493981026a70e52ce0c3", kill_on_drop: false }`
[INFO] running `Command { std: "docker" "exec" "-e" "SOURCE_DIR=/opt/rustwide/workdir" "-e" "CARGO_HOME=/opt/rustwide/cargo-home" "-e" "RUSTUP_HOME=/opt/rustwide/rustup-home" "-e" "CARGO_TARGET_DIR=/opt/rustwide/target" "-e" "CARGO_INCREMENTAL=0" "-e" "RUST_BACKTRACE=full" "-e" "RUSTFLAGS=--cap-lints=warn" "-e" "RUSTDOCFLAGS=--cap-lints=warn" "-w" "/opt/rustwide/workdir" "--user" "0:0" "fa3067491beb036f3803079aabe74f49b0b1e5557727493981026a70e52ce0c3" "/opt/rustwide/cargo-home/bin/cargo" "+1.99.0-beta.8" "test" "--frozen" "--release", kill_on_drop: false }`
[INFO] [stderr]     Finished `release` profile [optimized] target(s) in 0.03s
[INFO] [stderr]      Running unittests src/lib.rs (/opt/rustwide/target/release/deps/tatara_keywords-11b189c817cc0dd6)
[INFO] [stdout] 
[INFO] [stdout] running 34 tests
[INFO] [stdout] test names::tests::a_bare_mention_is_a_citation_but_not_a_link ... ok
[INFO] [stdout] test names::tests::a_doc_without_a_registry_row_is_unregistered ... ok
[INFO] [stdout] test names::tests::a_reserved_word_that_is_already_taken_is_reported ... ok
[INFO] [stdout] test names::tests::folding_unifies_the_fleets_own_disagreeing_spellings ... ok
[INFO] [stdout] test names::tests::only_a_glossed_word_reserves_room_to_grow ... ok
[INFO] [stdout] test names::tests::a_real_stale_reservation_still_reports_after_the_empty_guard ... ok
[INFO] [stdout] test names::tests::the_law_tables_examples_column_is_not_room_to_grow ... ok
[INFO] [stdout] test names::tests::a_rejected_word_is_still_claimed ... ok
[INFO] [stdout] test names::tests::a_url_inside_a_code_fence_is_not_a_link ... ok
[INFO] [stdout] test names::tests::family_columns_split_members_from_room_to_grow ... ok
[INFO] [stdout] test names::tests::only_the_naming_section_registers_a_name ... ok
[INFO] [stdout] test names::tests::an_empty_word_never_enters_the_corpus ... ok
[INFO] [stdout] test names::tests::reordered_columns_do_not_invert_the_verdict ... ok
[INFO] [stdout] test names::tests::cited_repos_are_extracted_from_prose_and_links ... ok
[INFO] [stdout] test names::tests::the_bancada_incident_is_caught_end_to_end ... ok
[INFO] [stdout] test names::tests::a_named_thing_that_does_not_exist_is_a_phantom ... ok
[INFO] [stdout] test names::tests::a_term_row_does_not_count_as_registration ... ok
[INFO] [stdout] test names::tests::an_untaken_reservation_is_not_a_finding ... ok
[INFO] [stdout] test names::tests::backticked_paths_and_phrases_are_not_names ... ok
[INFO] [stdout] test names::tests::is_free_consults_the_whole_corpus_not_just_the_registry ... ok
[INFO] [stdout] test names::tests::room_to_grow_is_reserved_but_is_not_a_thing ... ok
[INFO] [stdout] test names::tests::the_four_non_citation_shapes_are_excluded ... ok
[INFO] [stdout] test names::tests::the_shared_collision_engine_runs_over_names_unchanged ... ok
[INFO] [stdout] test names::tests::the_table_header_is_not_a_family ... ok
[INFO] [stdout] test tests::a_keyword_absent_from_the_ledger_is_free ... ok
[INFO] [stdout] test tests::attribute_shapes_the_derive_actually_emits_are_all_recognised ... ok
[INFO] [stdout] test names::tests::the_registry_row_and_the_ascii_filename_fold_together ... ok
[INFO] [stdout] test tests::declaring_a_keyword_another_repo_reserves_is_a_trespass ... ok
[INFO] [stdout] test tests::the_ledger_round_trips_through_tatara_lisp ... ok
[INFO] [stdout] test tests::the_reserving_tree_does_not_trespass_on_itself ... ok
[INFO] [stdout] test tests::unrelated_attributes_are_not_keyword_declarations ... ok
[INFO] [stdout] test tests::two_files_claiming_one_keyword_is_a_collision ... ok
[INFO] [stdout] test tests::one_file_declaring_a_keyword_twice_is_not_a_collision ... ok
[INFO] [stdout] test names::tests::vocabulary_rows_keep_diacritics_and_drop_glosses ... ok
[INFO] [stdout] 
[INFO] [stdout] test result: ok. 34 passed; 0 failed; 0 ignored; 0 measured; 0 filtered out; finished in 0.02s
[INFO] [stdout] 
[INFO] [stderr]      Running unittests src/main.rs (/opt/rustwide/target/release/deps/tatara_keywords-d66f125e6e059f9e)
[INFO] [stdout] 
[INFO] [stdout] running 0 tests
[INFO] [stdout] 
[INFO] [stdout] test result: ok. 0 passed; 0 failed; 0 ignored; 0 measured; 0 filtered out; finished in 0.00s
[INFO] [stdout] 
[INFO] [stderr]      Running tests/namespace_gate.rs (/opt/rustwide/target/release/deps/namespace_gate-86f4a63406d89ad9)
[INFO] [stdout] 
[INFO] [stdout] running 5 tests
[INFO] [stdout] test every_keyword_this_repo_declares_is_recorded_in_the_ledger ... FAILED
[INFO] [stdout] test a_freshly_added_duplicate_is_caught ... ok
[INFO] [stdout] test no_two_types_in_this_repo_claim_one_keyword ... ok
[INFO] [stderr] error: test failed, to rerun pass `--test namespace_gate`
[INFO] [stdout] test this_repo_claims_no_keyword_the_ledger_reserves_elsewhere ... FAILED
[INFO] [stdout] test the_scan_finds_this_repo_s_own_declarations ... ok
[INFO] [stdout] 
[INFO] [stdout] failures:
[INFO] [stdout] 
[INFO] [stdout] ---- every_keyword_this_repo_declares_is_recorded_in_the_ledger stdout ----
[INFO] [stdout] 
[INFO] [stdout] thread 'every_keyword_this_repo_declares_is_recorded_in_the_ledger' (958) panicked at tests/namespace_gate.rs:27:29:
[INFO] [stdout] the ledger must exist at /opt/rustwide/keywords.tlisp: No such file or directory (os error 2)
[INFO] [stdout] stack backtrace:
[INFO] [stdout]    0:     0x5e44f32cc8e1 - <<std[70759c8f55707aa4]::sys::backtrace::BacktraceLock>::print::DisplayBacktrace as core[df12db4294e9bfd3]::fmt::Display>::fmt
[INFO] [stdout]    1:     0x5e44f32e1aba - core[df12db4294e9bfd3]::fmt::write
[INFO] [stdout]    2:     0x5e44f32d106c - <alloc[2182bb758b4b3781]::vec::Vec<u8> as core[df12db4294e9bfd3]::io::write::Write>::write_fmt
[INFO] [stdout]    3:     0x5e44f32a6cd6 - std[70759c8f55707aa4]::panicking::default_hook::{closure#0}
[INFO] [stdout]    4:     0x5e44f32c4209 - std[70759c8f55707aa4]::panicking::default_hook
[INFO] [stdout]    5:     0x5e44f32404e0 - test[9d35eded1c95d3be]::test_main_inner::<test[9d35eded1c95d3be]::test_main_static::{closure#0}>::{closure#0}
[INFO] [stdout]    6:     0x5e44f32c43c2 - std[70759c8f55707aa4]::panicking::panic_with_hook
[INFO] [stdout]    7:     0x5e44f32a6d82 - std[70759c8f55707aa4]::panicking::panic_handler::{closure#0}
[INFO] [stdout]    8:     0x5e44f329f7b9 - std[70759c8f55707aa4]::sys::backtrace::__rust_end_short_backtrace::<std[70759c8f55707aa4]::panicking::panic_handler::{closure#0}, !>
[INFO] [stdout]    9:     0x5e44f32a797d - __rustc[8fa7c3cbc660c2b3]::rust_begin_unwind
[INFO] [stdout]   10:     0x5e44f32e21ec - core[df12db4294e9bfd3]::panicking::panic_fmt
[INFO] [stdout]   11:     0x5e44f322f839 - namespace_gate[684a2477555b6b93]::ledger::{closure#0}
[INFO] [stdout]   12:     0x5e44f322fb69 - namespace_gate[684a2477555b6b93]::ledger
[INFO] [stdout]   13:     0x5e44f32321e4 - <namespace_gate[684a2477555b6b93]::every_keyword_this_repo_declares_is_recorded_in_the_ledger::{closure#0} as core[df12db4294e9bfd3]::ops::function::FnOnce<()>>::call_once
[INFO] [stdout]   14:     0x5e44f32337cb - test[9d35eded1c95d3be]::__rust_begin_short_backtrace::<core[df12db4294e9bfd3]::result::Result<(), alloc[2182bb758b4b3781]::string::String>, fn() -> core[df12db4294e9bfd3]::result::Result<(), alloc[2182bb758b4b3781]::string::String>>
[INFO] [stdout]   15:     0x5e44f3240e35 - test[9d35eded1c95d3be]::run_test::{closure#0}
[INFO] [stdout]   16:     0x5e44f323a6f4 - std[70759c8f55707aa4]::sys::backtrace::__rust_begin_short_backtrace::<test[9d35eded1c95d3be]::run_test::{closure#1}, ()>
[INFO] [stdout]   17:     0x5e44f3243f92 - <std[70759c8f55707aa4]::thread::lifecycle::spawn_unchecked<test[9d35eded1c95d3be]::run_test::{closure#1}, ()>::{closure#1} as core[df12db4294e9bfd3]::ops::function::FnOnce<()>>::call_once::{shim:vtable#0}
[INFO] [stdout]   18:     0x5e44f32cbc59 - <std[70759c8f55707aa4]::sys::thread::unix::Thread>::new::thread_start
[INFO] [stdout]   19:     0x7d29ce3eddfa - <unknown>
[INFO] [stdout]   20:     0x7d29ce4813d4 - clone
[INFO] [stdout]   21:                0x0 - <unknown>
[INFO] [stdout] 
[INFO] [stdout] ---- this_repo_claims_no_keyword_the_ledger_reserves_elsewhere stdout ----
[INFO] [stdout] 
[INFO] [stdout] thread 'this_repo_claims_no_keyword_the_ledger_reserves_elsewhere' (961) panicked at tests/namespace_gate.rs:27:29:
[INFO] [stdout] the ledger must exist at /opt/rustwide/keywords.tlisp: No such file or directory (os error 2)
[INFO] [stdout] stack backtrace:
[INFO] [stdout]    0:     0x5e44f32cc8e1 - <<std[70759c8f55707aa4]::sys::backtrace::BacktraceLock>::print::DisplayBacktrace as core[df12db4294e9bfd3]::fmt::Display>::fmt
[INFO] [stdout]    1:     0x5e44f32e1aba - core[df12db4294e9bfd3]::fmt::write
[INFO] [stdout]    2:     0x5e44f32d106c - <alloc[2182bb758b4b3781]::vec::Vec<u8> as core[df12db4294e9bfd3]::io::write::Write>::write_fmt
[INFO] [stdout]    3:     0x5e44f32a6cd6 - std[70759c8f55707aa4]::panicking::default_hook::{closure#0}
[INFO] [stdout]    4:     0x5e44f32c4209 - std[70759c8f55707aa4]::panicking::default_hook
[INFO] [stdout]    5:     0x5e44f32404e0 - test[9d35eded1c95d3be]::test_main_inner::<test[9d35eded1c95d3be]::test_main_static::{closure#0}>::{closure#0}
[INFO] [stdout]    6:     0x5e44f32c43c2 - std[70759c8f55707aa4]::panicking::panic_with_hook
[INFO] [stdout]    7:     0x5e44f32a6d82 - std[70759c8f55707aa4]::panicking::panic_handler::{closure#0}
[INFO] [stdout]    8:     0x5e44f329f7b9 - std[70759c8f55707aa4]::sys::backtrace::__rust_end_short_backtrace::<std[70759c8f55707aa4]::panicking::panic_handler::{closure#0}, !>
[INFO] [stdout]    9:     0x5e44f32a797d - __rustc[8fa7c3cbc660c2b3]::rust_begin_unwind
[INFO] [stdout]   10:     0x5e44f32e21ec - core[df12db4294e9bfd3]::panicking::panic_fmt
[INFO] [stdout]   11:     0x5e44f322f839 - namespace_gate[684a2477555b6b93]::ledger::{closure#0}
[INFO] [stdout]   12:     0x5e44f322fb69 - namespace_gate[684a2477555b6b93]::ledger
[INFO] [stdout]   13:     0x5e44f3231fb1 - <namespace_gate[684a2477555b6b93]::this_repo_claims_no_keyword_the_ledger_reserves_elsewhere::{closure#0} as core[df12db4294e9bfd3]::ops::function::FnOnce<()>>::call_once
[INFO] [stdout]   14:     0x5e44f32337cb - test[9d35eded1c95d3be]::__rust_begin_short_backtrace::<core[df12db4294e9bfd3]::result::Result<(), alloc[2182bb758b4b3781]::string::String>, fn() -> core[df12db4294e9bfd3]::result::Result<(), alloc[2182bb758b4b3781]::string::String>>
[INFO] [stdout]   15:     0x5e44f3240e35 - test[9d35eded1c95d3be]::run_test::{closure#0}
[INFO] [stdout]   16:     0x5e44f323a6f4 - std[70759c8f55707aa4]::sys::backtrace::__rust_begin_short_backtrace::<test[9d35eded1c95d3be]::run_test::{closure#1}, ()>
[INFO] [stdout]   17:     0x5e44f3243f92 - <std[70759c8f55707aa4]::thread::lifecycle::spawn_unchecked<test[9d35eded1c95d3be]::run_test::{closure#1}, ()>::{closure#1} as core[df12db4294e9bfd3]::ops::function::FnOnce<()>>::call_once::{shim:vtable#0}
[INFO] [stdout]   18:     0x5e44f32cbc59 - <std[70759c8f55707aa4]::sys::thread::unix::Thread>::new::thread_start
[INFO] [stdout]   19:     0x7d29ce3eddfa - <unknown>
[INFO] [stdout]   20:     0x7d29ce4813d4 - clone
[INFO] [stdout]   21:                0x0 - <unknown>
[INFO] [stdout] 
[INFO] [stdout] 
[INFO] [stdout] failures:
[INFO] [stdout]     every_keyword_this_repo_declares_is_recorded_in_the_ledger
[INFO] [stdout]     this_repo_claims_no_keyword_the_ledger_reserves_elsewhere
[INFO] [stdout] 
[INFO] [stdout] test result: FAILED. 3 passed; 2 failed; 0 ignored; 0 measured; 0 filtered out; finished in 14.58s
[INFO] [stdout] 
[INFO] running `Command { std: "docker" "inspect" "fa3067491beb036f3803079aabe74f49b0b1e5557727493981026a70e52ce0c3", kill_on_drop: false }`
[INFO] running `Command { std: "docker" "rm" "-f" "fa3067491beb036f3803079aabe74f49b0b1e5557727493981026a70e52ce0c3", kill_on_drop: false }`
[INFO] [stdout] fa3067491beb036f3803079aabe74f49b0b1e5557727493981026a70e52ce0c3
